[INFO] cloning repository https://github.com/qltysh/stet
[INFO] running `Command { std: "git" "-c" "credential.helper=" "-c" "credential.helper=/workspace/cargo-home/bin/git-credential-null" "clone" "--bare" "https://github.com/qltysh/stet" "/workspace/cache/git-repos/https%3A%2F%2Fgithub.com%2Fqltysh%2Fstet", kill_on_drop: false }`
[INFO] [stderr] Cloning into bare repository '/workspace/cache/git-repos/https%3A%2F%2Fgithub.com%2Fqltysh%2Fstet'...
[INFO] running `Command { std: "git" "rev-parse" "HEAD", kill_on_drop: false }`
[INFO] [stdout] 35e9b2ffb7ba1cd8ed12def38cb3b121e851628a
[INFO] testing qltysh/stet against 1.100.0-beta.1+cargoflags=--release for beta-release-1.100-2
[INFO] running `Command { std: "git" "clone" "/workspace/cache/git-repos/https%3A%2F%2Fgithub.com%2Fqltysh%2Fstet" "/workspace/builds/worker-7-tc2/source", kill_on_drop: false }`
[INFO] [stderr] Cloning into '/workspace/builds/worker-7-tc2/source'...
[INFO] [stderr] done.
[INFO] removed /workspace/builds/worker-7-tc2/source/rust-toolchain.toml
[INFO] started tweaking git repo https://github.com/qltysh/stet
[INFO] finished tweaking git repo https://github.com/qltysh/stet
[INFO] tweaked toml for git repo https://github.com/qltysh/stet written to /workspace/builds/worker-7-tc2/source/Cargo.toml
[INFO] validating manifest of git repo https://github.com/qltysh/stet on toolchain 1.100.0-beta.1
[INFO] running `Command { std: CARGO_HOME="/workspace/cargo-home" RUSTUP_HOME="/workspace/rustup-home" "/workspace/cargo-home/bin/cargo" "+1.100.0-beta.1" "metadata" "--manifest-path" "Cargo.toml" "--no-deps", kill_on_drop: false }`
[INFO] crate git repo https://github.com/qltysh/stet already has a lockfile, it will not be regenerated
[INFO] running `Command { std: CARGO_HOME="/workspace/cargo-home" RUSTUP_HOME="/workspace/rustup-home" "/workspace/cargo-home/bin/cargo" "+1.100.0-beta.1" "fetch" "--manifest-path" "Cargo.toml", kill_on_drop: false }`
[INFO] [stderr] warning: unused field `edition` in `workspace.package`
[INFO] [stderr]   --> Cargo.toml:35:1
[INFO] [stderr]    |
[INFO] [stderr] 35 | edition = "2024"
[INFO] [stderr]    | ^^^^^^^
[INFO] [stderr]    |
[INFO] [stderr]    = note: `cargo::unused_workspace_package_fields` is set to `warn` by default
[INFO] [stderr] help: consider removing the field `workspace.package.edition`
[INFO] [stderr] warning: workspace (manifest) generated 1 warning
[INFO] running `Command { std: "docker" "create" "-v" "/var/lib/crater-agent-workspace/builds/worker-7-tc2/source:/opt/rustwide/workdir:ro,Z" "-v" "/var/lib/crater-agent-workspace/builds/worker-7-tc2/target:/opt/rustwide/target:rw,Z" "-v" "/var/lib/crater-agent-workspace/cargo-home:/opt/rustwide/cargo-home:ro,Z" "-v" "/var/lib/crater-agent-workspace/rustup-home:/opt/rustwide/rustup-home:ro,Z" "-m" "1610612736" "--network" "none" "ghcr.io/rust-lang/crates-build-env/linux@sha256:77db811e55d90add9212f6832c23229e3de5f1c1f9905e8cb07319ea15df73ac" "sleep" "infinity", kill_on_drop: false }`
[INFO] [stdout] b065ed2d506331642ce32e59dbd3ece8041b990c0811b81c47da4e86bcc20a98
[INFO] running `Command { std: "docker" "start" "b065ed2d506331642ce32e59dbd3ece8041b990c0811b81c47da4e86bcc20a98", kill_on_drop: false }`
[INFO] running `Command { std: "docker" "inspect" "b065ed2d506331642ce32e59dbd3ece8041b990c0811b81c47da4e86bcc20a98", kill_on_drop: false }`
[INFO] running `Command { std: "docker" "exec" "-e" "SOURCE_DIR=/opt/rustwide/workdir" "-e" "CARGO_HOME=/opt/rustwide/cargo-home" "-e" "RUSTUP_HOME=/opt/rustwide/rustup-home" "-e" "CARGO_TARGET_DIR=/opt/rustwide/target" "-w" "/opt/rustwide/workdir" "--user" "0:0" "b065ed2d506331642ce32e59dbd3ece8041b990c0811b81c47da4e86bcc20a98" "/opt/rustwide/cargo-home/bin/cargo" "+1.100.0-beta.1" "metadata" "--no-deps" "--format-version=1", kill_on_drop: false }`
[INFO] running `Command { std: "docker" "inspect" "b065ed2d506331642ce32e59dbd3ece8041b990c0811b81c47da4e86bcc20a98", kill_on_drop: false }`
[INFO] running `Command { std: "docker" "exec" "-e" "SOURCE_DIR=/opt/rustwide/workdir" "-e" "CARGO_HOME=/opt/rustwide/cargo-home" "-e" "RUSTUP_HOME=/opt/rustwide/rustup-home" "-e" "CARGO_TARGET_DIR=/opt/rustwide/target" "-e" "CARGO_INCREMENTAL=0" "-e" "RUST_BACKTRACE=full" "-e" "RUSTFLAGS=--cap-lints=warn" "-e" "RUSTDOCFLAGS=--cap-lints=warn" "-w" "/opt/rustwide/workdir" "--user" "0:0" "b065ed2d506331642ce32e59dbd3ece8041b990c0811b81c47da4e86bcc20a98" "/opt/rustwide/cargo-home/bin/cargo" "+1.100.0-beta.1" "build" "--frozen" "--message-format=json" "--release", kill_on_drop: false }`
[INFO] [stderr] warning: unused field `edition` in `workspace.package`
[INFO] [stderr]   --> Cargo.toml:35:1
[INFO] [stderr]    |
[INFO] [stderr] 35 | edition = "2024"
[INFO] [stderr]    | ^^^^^^^
[INFO] [stderr]    |
[INFO] [stderr]    = note: `cargo::unused_workspace_package_fields` is set to `warn` by default
[INFO] [stderr] help: consider removing the field `workspace.package.edition`
[INFO] [stderr] warning: workspace (manifest) generated 1 warning
[INFO] [stderr]    Compiling libc v0.2.184
[INFO] [stderr]    Compiling memchr v2.8.0
[INFO] [stderr]    Compiling cc v1.2.60
[INFO] [stderr]    Compiling syn v2.0.117
[INFO] [stderr]    Compiling hashbrown v0.17.0
[INFO] [stderr]    Compiling anstyle-parse v1.0.0
[INFO] [stderr]    Compiling winnow v0.7.15
[INFO] [stderr]    Compiling toml_write v0.1.2
[INFO] [stderr]    Compiling rayon-core v1.13.0
[INFO] [stderr]    Compiling colorchoice v1.0.5
[INFO] [stderr]    Compiling anstyle v1.0.14
[INFO] [stderr]    Compiling rustix v1.1.4
[INFO] [stderr]    Compiling bitflags v2.11.0
[INFO] [stderr]    Compiling aho-corasick v1.1.4
[INFO] [stderr]    Compiling bstr v1.12.1
[INFO] [stderr]    Compiling indexmap v2.14.0
[INFO] [stderr]    Compiling anstream v1.0.0
[INFO] [stderr]    Compiling cpufeatures v0.3.0
[INFO] [stderr]    Compiling clap_lex v1.1.0
[INFO] [stderr]    Compiling same-file v1.0.6
[INFO] [stderr]    Compiling bytemuck v1.25.0
[INFO] [stderr]    Compiling constant_time_eq v0.4.2
[INFO] [stderr]    Compiling linux-raw-sys v0.12.1
[INFO] [stderr]    Compiling blake3 v1.8.4
[INFO] [stderr]    Compiling clap_builder v4.6.0
[INFO] [stderr]    Compiling serde_json v1.0.149
[INFO] [stderr]    Compiling walkdir v2.5.0
[INFO] [stderr]    Compiling regex-automata v0.4.14
[INFO] [stderr]    Compiling stet-native-fixtures v0.200.1 (/opt/rustwide/workdir/crates/stet-native-fixtures)
[INFO] [stderr]    Compiling getrandom v0.4.2
[INFO] [stderr]    Compiling fastrand v2.4.1
[INFO] [stderr]    Compiling once_cell v1.21.4
[INFO] [stderr]    Compiling either v1.15.0
[INFO] [stderr]    Compiling tempfile v3.27.0
[INFO] [stderr]    Compiling serde_derive v1.0.228
[INFO] [stderr]    Compiling clap_derive v4.6.0
[INFO] [stderr]    Compiling rayon v1.11.0
[INFO] [stderr]    Compiling stet-interceptor v0.200.1 (/opt/rustwide/workdir/crates/stet-interceptor)
[INFO] [stdout] warning: unused import: `std::ffi::OsStr`
[INFO] [stdout]  --> crates/stet-interceptor/src/logging.rs:1:5
[INFO] [stdout]   |
[INFO] [stdout] 1 | use std::ffi::OsStr;
[INFO] [stdout]   |     ^^^^^^^^^^^^^^^
[INFO] [stdout]   |
[INFO] [stdout]   = note: `#[warn(unused_imports)]` (part of `#[warn(unused)]`) on by default
[INFO] [stdout] 
[INFO] [stdout] 
[INFO] [stdout] warning: unused import: `std::os::unix::ffi::OsStrExt`
[INFO] [stdout]  --> crates/stet-interceptor/src/logging.rs:4:5
[INFO] [stdout]   |
[INFO] [stdout] 4 | use std::os::unix::ffi::OsStrExt;
[INFO] [stdout]   |     ^^^^^^^^^^^^^^^^^^^^^^^^^^^^
[INFO] [stdout] 
[INFO] [stdout] 
[INFO] [stdout] warning: function `stet_execve` is never used
[INFO] [stdout]   --> crates/stet-interceptor/src/spawn.rs:21:26
[INFO] [stdout]    |
[INFO] [stdout] 21 | pub unsafe extern "C" fn stet_execve(
[INFO] [stdout]    |                          ^^^^^^^^^^^
[INFO] [stdout]    |
[INFO] [stdout]    = note: `#[warn(dead_code)]` (part of `#[warn(unused)]`) on by default
[INFO] [stdout] 
[INFO] [stdout] 
[INFO] [stdout] warning: function `stet_execvp` is never used
[INFO] [stdout]   --> crates/stet-interceptor/src/spawn.rs:29:26
[INFO] [stdout]    |
[INFO] [stdout] 29 | pub unsafe extern "C" fn stet_execvp(file: *const c_char, argv: *const *mut c_char) -> c_int {
[INFO] [stdout]    |                          ^^^^^^^^^^^
[INFO] [stdout] 
[INFO] [stdout] 
[INFO] [stdout] warning: function `stet_posix_spawn` is never used
[INFO] [stdout]   --> crates/stet-interceptor/src/spawn.rs:33:26
[INFO] [stdout]    |
[INFO] [stdout] 33 | pub unsafe extern "C" fn stet_posix_spawn(
[INFO] [stdout]    |                          ^^^^^^^^^^^^^^^^
[INFO] [stdout] 
[INFO] [stdout] 
[INFO] [stdout] warning: function `stet_posix_spawnp` is never used
[INFO] [stdout]   --> crates/stet-interceptor/src/spawn.rs:54:26
[INFO] [stdout]    |
[INFO] [stdout] 54 | pub unsafe extern "C" fn stet_posix_spawnp(
[INFO] [stdout]    |                          ^^^^^^^^^^^^^^^^^
[INFO] [stdout] 
[INFO] [stdout] 
[INFO] [stdout] warning: invalid definition of the runtime `open` symbol used by the standard library
[INFO] [stdout]   --> crates/stet-interceptor/src/linux.rs:36:1
[INFO] [stdout]    |
[INFO] [stdout] 36 | pub unsafe extern "C" fn open(path: *const c_char, oflag: c_int, mode: libc::mode_t) -> c_int {
[INFO] [stdout]    | ^^^^^^^^^^^^^^^^^^^^^^^^^^^^^^^^^^^^^^^^^^^^^^^^^^^^^^^^^^^^^^^^^^^^^^^^^^^^^^^^^^^^^^^^^^^^^
[INFO] [stdout]    |
[INFO] [stdout]    = note: expected `unsafe extern "C" fn(*const i8, i32, ...) -> i32` (for the current target)
[INFO] [stdout]            found    `unsafe extern "C" fn(*const i8, i32, u32) -> i32`
[INFO] [stdout]    = help: either fix the signature or remove any attributes like `#[unsafe(no_mangle)]`, `#[unsafe(export_name = "open")]`, or `#[link_name = "open"]`
[INFO] [stdout]    = note: `#[warn(invalid_runtime_symbol_definitions)]` on by default
[INFO] [stdout] 
[INFO] [stdout] 
[INFO] [stderr]    Compiling globset v0.4.18
[INFO] [stderr]    Compiling clap v4.6.0
[INFO] [stderr]    Compiling serde v1.0.228
[INFO] [stderr]    Compiling toml_datetime v0.6.11
[INFO] [stderr]    Compiling serde_spanned v0.6.9
[INFO] [stderr]    Compiling bincode v1.3.3
[INFO] [stderr]    Compiling toml_edit v0.22.27
[INFO] [stderr]    Compiling roaring v0.11.3
[INFO] [stderr]    Compiling toml v0.8.23
[INFO] [stderr]    Compiling stet-core v0.200.1 (/opt/rustwide/workdir/crates/stet-core)
[INFO] [stderr]    Compiling stet-cli v0.200.1 (/opt/rustwide/workdir/crates/stet-cli)
[INFO] [stderr]     Finished `release` profile [optimized] target(s) in 2m 08s
[INFO] running `Command { std: "docker" "inspect" "b065ed2d506331642ce32e59dbd3ece8041b990c0811b81c47da4e86bcc20a98", kill_on_drop: false }`
[INFO] running `Command { std: "docker" "exec" "-e" "SOURCE_DIR=/opt/rustwide/workdir" "-e" "CARGO_HOME=/opt/rustwide/cargo-home" "-e" "RUSTUP_HOME=/opt/rustwide/rustup-home" "-e" "CARGO_TARGET_DIR=/opt/rustwide/target" "-e" "CARGO_INCREMENTAL=0" "-e" "RUST_BACKTRACE=full" "-e" "RUSTFLAGS=--cap-lints=warn" "-e" "RUSTDOCFLAGS=--cap-lints=warn" "-w" "/opt/rustwide/workdir" "--user" "0:0" "b065ed2d506331642ce32e59dbd3ece8041b990c0811b81c47da4e86bcc20a98" "/opt/rustwide/cargo-home/bin/cargo" "+1.100.0-beta.1" "test" "--frozen" "--no-run" "--message-format=json" "--release", kill_on_drop: false }`
[INFO] [stderr] warning: unused field `edition` in `workspace.package`
[INFO] [stderr]   --> Cargo.toml:35:1
[INFO] [stderr]    |
[INFO] [stderr] 35 | edition = "2024"
[INFO] [stderr]    | ^^^^^^^
[INFO] [stderr]    |
[INFO] [stderr]    = note: `cargo::unused_workspace_package_fields` is set to `warn` by default
[INFO] [stderr] help: consider removing the field `workspace.package.edition`
[INFO] [stderr] warning: workspace (manifest) generated 1 warning
[INFO] [stderr]    Compiling aho-corasick v1.1.4
[INFO] [stderr]    Compiling tempfile v3.27.0
[INFO] [stderr]    Compiling serde_json v1.0.149
[INFO] [stderr]    Compiling memchr v2.8.0
[INFO] [stderr]    Compiling ucd-trie v0.1.7
[INFO] [stderr]    Compiling predicates-core v1.0.10
[INFO] [stderr]    Compiling float-cmp v0.10.0
[INFO] [stderr]    Compiling termtree v0.5.1
[INFO] [stderr]    Compiling difflib v0.4.0
[INFO] [stderr]    Compiling assert_cmd v2.2.0
[INFO] [stderr]    Compiling normalize-line-endings v0.3.0
[INFO] [stderr]    Compiling pest v2.8.6
[INFO] [stderr]    Compiling predicates-tree v1.0.13
[INFO] [stderr]    Compiling console v0.16.3
[INFO] [stderr]    Compiling wait-timeout v0.2.1
[INFO] [stderr]    Compiling similar v2.7.0
[INFO] [stderr]    Compiling stet-interceptor v0.200.1 (/opt/rustwide/workdir/crates/stet-interceptor)
[INFO] [stdout] warning: unused import: `std::ffi::OsStr`
[INFO] [stdout]  --> crates/stet-interceptor/src/logging.rs:1:5
[INFO] [stdout]   |
[INFO] [stdout] 1 | use std::ffi::OsStr;
[INFO] [stdout]   |     ^^^^^^^^^^^^^^^
[INFO] [stdout]   |
[INFO] [stdout]   = note: `#[warn(unused_imports)]` (part of `#[warn(unused)]`) on by default
[INFO] [stdout] 
[INFO] [stdout] 
[INFO] [stdout] warning: unused import: `std::os::unix::ffi::OsStrExt`
[INFO] [stdout]  --> crates/stet-interceptor/src/logging.rs:4:5
[INFO] [stdout]   |
[INFO] [stdout] 4 | use std::os::unix::ffi::OsStrExt;
[INFO] [stdout]   |     ^^^^^^^^^^^^^^^^^^^^^^^^^^^^
[INFO] [stdout] 
[INFO] [stdout] 
[INFO] [stdout] warning: function `stet_execve` is never used
[INFO] [stdout]   --> crates/stet-interceptor/src/spawn.rs:21:26
[INFO] [stdout]    |
[INFO] [stdout] 21 | pub unsafe extern "C" fn stet_execve(
[INFO] [stdout]    |                          ^^^^^^^^^^^
[INFO] [stdout]    |
[INFO] [stdout]    = note: `#[warn(dead_code)]` (part of `#[warn(unused)]`) on by default
[INFO] [stdout] 
[INFO] [stdout] 
[INFO] [stdout] warning: function `stet_execvp` is never used
[INFO] [stdout]   --> crates/stet-interceptor/src/spawn.rs:29:26
[INFO] [stdout]    |
[INFO] [stdout] 29 | pub unsafe extern "C" fn stet_execvp(file: *const c_char, argv: *const *mut c_char) -> c_int {
[INFO] [stdout]    |                          ^^^^^^^^^^^
[INFO] [stdout] 
[INFO] [stdout] 
[INFO] [stdout] warning: function `stet_posix_spawn` is never used
[INFO] [stdout]   --> crates/stet-interceptor/src/spawn.rs:33:26
[INFO] [stdout]    |
[INFO] [stdout] 33 | pub unsafe extern "C" fn stet_posix_spawn(
[INFO] [stdout]    |                          ^^^^^^^^^^^^^^^^
[INFO] [stdout] 
[INFO] [stdout] 
[INFO] [stdout] warning: function `stet_posix_spawnp` is never used
[INFO] [stdout]   --> crates/stet-interceptor/src/spawn.rs:54:26
[INFO] [stdout]    |
[INFO] [stdout] 54 | pub unsafe extern "C" fn stet_posix_spawnp(
[INFO] [stdout]    |                          ^^^^^^^^^^^^^^^^^
[INFO] [stdout] 
[INFO] [stdout] 
[INFO] [stdout] warning: invalid definition of the runtime `open` symbol used by the standard library
[INFO] [stdout]   --> crates/stet-interceptor/src/linux.rs:36:1
[INFO] [stdout]    |
[INFO] [stdout] 36 | pub unsafe extern "C" fn open(path: *const c_char, oflag: c_int, mode: libc::mode_t) -> c_int {
[INFO] [stdout]    | ^^^^^^^^^^^^^^^^^^^^^^^^^^^^^^^^^^^^^^^^^^^^^^^^^^^^^^^^^^^^^^^^^^^^^^^^^^^^^^^^^^^^^^^^^^^^^
[INFO] [stdout]    |
[INFO] [stdout]    = note: expected `unsafe extern "C" fn(*const i8, i32, ...) -> i32` (for the current target)
[INFO] [stdout]            found    `unsafe extern "C" fn(*const i8, i32, u32) -> i32`
[INFO] [stdout]    = help: either fix the signature or remove any attributes like `#[unsafe(no_mangle)]`, `#[unsafe(export_name = "open")]`, or `#[link_name = "open"]`
[INFO] [stdout]    = note: `#[warn(invalid_runtime_symbol_definitions)]` on by default
[INFO] [stdout] 
[INFO] [stdout] 
[INFO] [stderr]    Compiling regex-automata v0.4.14
[INFO] [stderr]    Compiling stet-native-fixtures v0.200.1 (/opt/rustwide/workdir/crates/stet-native-fixtures)
[INFO] [stderr]    Compiling pest_meta v2.8.6
[INFO] [stdout] warning: unused import: `std::ffi::OsStr`
[INFO] [stdout]  --> crates/stet-interceptor/src/logging.rs:1:5
[INFO] [stdout]   |
[INFO] [stdout] 1 | use std::ffi::OsStr;
[INFO] [stdout]   |     ^^^^^^^^^^^^^^^
[INFO] [stdout]   |
[INFO] [stdout]   = note: `#[warn(unused_imports)]` (part of `#[warn(unused)]`) on by default
[INFO] [stdout] 
[INFO] [stdout] 
[INFO] [stdout] warning: unused import: `std::os::unix::ffi::OsStrExt`
[INFO] [stdout]  --> crates/stet-interceptor/src/logging.rs:4:5
[INFO] [stdout]   |
[INFO] [stdout] 4 | use std::os::unix::ffi::OsStrExt;
[INFO] [stdout]   |     ^^^^^^^^^^^^^^^^^^^^^^^^^^^^
[INFO] [stdout] 
[INFO] [stdout] 
[INFO] [stdout] warning: function `stet_execve` is never used
[INFO] [stdout]   --> crates/stet-interceptor/src/spawn.rs:21:26
[INFO] [stdout]    |
[INFO] [stdout] 21 | pub unsafe extern "C" fn stet_execve(
[INFO] [stdout]    |                          ^^^^^^^^^^^
[INFO] [stdout]    |
[INFO] [stdout]    = note: `#[warn(dead_code)]` (part of `#[warn(unused)]`) on by default
[INFO] [stdout] 
[INFO] [stdout] 
[INFO] [stdout] warning: function `stet_execvp` is never used
[INFO] [stdout]   --> crates/stet-interceptor/src/spawn.rs:29:26
[INFO] [stdout]    |
[INFO] [stdout] 29 | pub unsafe extern "C" fn stet_execvp(file: *const c_char, argv: *const *mut c_char) -> c_int {
[INFO] [stdout]    |                          ^^^^^^^^^^^
[INFO] [stdout] 
[INFO] [stdout] 
[INFO] [stdout] warning: function `stet_posix_spawn` is never used
[INFO] [stdout]   --> crates/stet-interceptor/src/spawn.rs:33:26
[INFO] [stdout]    |
[INFO] [stdout] 33 | pub unsafe extern "C" fn stet_posix_spawn(
[INFO] [stdout]    |                          ^^^^^^^^^^^^^^^^
[INFO] [stdout] 
[INFO] [stdout] 
[INFO] [stdout] warning: function `stet_posix_spawnp` is never used
[INFO] [stdout]   --> crates/stet-interceptor/src/spawn.rs:54:26
[INFO] [stdout]    |
[INFO] [stdout] 54 | pub unsafe extern "C" fn stet_posix_spawnp(
[INFO] [stdout]    |                          ^^^^^^^^^^^^^^^^^
[INFO] [stdout] 
[INFO] [stdout] 
[INFO] [stdout] warning: invalid definition of the runtime `open` symbol used by the standard library
[INFO] [stdout]   --> crates/stet-interceptor/src/linux.rs:36:1
[INFO] [stdout]    |
[INFO] [stdout] 36 | pub unsafe extern "C" fn open(path: *const c_char, oflag: c_int, mode: libc::mode_t) -> c_int {
[INFO] [stdout]    | ^^^^^^^^^^^^^^^^^^^^^^^^^^^^^^^^^^^^^^^^^^^^^^^^^^^^^^^^^^^^^^^^^^^^^^^^^^^^^^^^^^^^^^^^^^^^^
[INFO] [stdout]    |
[INFO] [stdout]    = note: expected `unsafe extern "C" fn(*const i8, i32, ...) -> i32` (for the current target)
[INFO] [stdout]            found    `unsafe extern "C" fn(*const i8, i32, u32) -> i32`
[INFO] [stdout]    = help: either fix the signature or remove any attributes like `#[unsafe(no_mangle)]`, `#[unsafe(export_name = "open")]`, or `#[link_name = "open"]`
[INFO] [stdout]    = note: `#[warn(invalid_runtime_symbol_definitions)]` on by default
[INFO] [stdout] 
[INFO] [stdout] 
[INFO] [stderr]    Compiling pest_generator v2.8.6
[INFO] [stderr]    Compiling pest_derive v2.8.6
[INFO] [stderr]    Compiling bstr v1.12.1
[INFO] [stderr]    Compiling regex v1.12.3
[INFO] [stderr]    Compiling predicates v3.1.4
[INFO] [stderr]    Compiling insta v1.47.2
[INFO] [stderr]    Compiling globset v0.4.18
[INFO] [stderr]    Compiling stet-core v0.200.1 (/opt/rustwide/workdir/crates/stet-core)
[INFO] [stderr]    Compiling stet-cli v0.200.1 (/opt/rustwide/workdir/crates/stet-cli)
[INFO] [stderr]     Finished `release` profile [optimized] target(s) in 2m 09s
[INFO] running `Command { std: "docker" "inspect" "b065ed2d506331642ce32e59dbd3ece8041b990c0811b81c47da4e86bcc20a98", kill_on_drop: false }`
[INFO] running `Command { std: "docker" "exec" "-e" "SOURCE_DIR=/opt/rustwide/workdir" "-e" "CARGO_HOME=/opt/rustwide/cargo-home" "-e" "RUSTUP_HOME=/opt/rustwide/rustup-home" "-e" "CARGO_TARGET_DIR=/opt/rustwide/target" "-e" "CARGO_INCREMENTAL=0" "-e" "RUST_BACKTRACE=full" "-e" "RUSTFLAGS=--cap-lints=warn" "-e" "RUSTDOCFLAGS=--cap-lints=warn" "-w" "/opt/rustwide/workdir" "--user" "0:0" "b065ed2d506331642ce32e59dbd3ece8041b990c0811b81c47da4e86bcc20a98" "/opt/rustwide/cargo-home/bin/cargo" "+1.100.0-beta.1" "test" "--frozen" "--release", kill_on_drop: false }`
[INFO] [stderr] warning: unused field `edition` in `workspace.package`
[INFO] [stderr]   --> Cargo.toml:35:1
[INFO] [stderr]    |
[INFO] [stderr] 35 | edition = "2024"
[INFO] [stderr]    | ^^^^^^^
[INFO] [stderr]    |
[INFO] [stderr]    = note: `cargo::unused_workspace_package_fields` is set to `warn` by default
[INFO] [stderr] help: consider removing the field `workspace.package.edition`
[INFO] [stderr] warning: workspace (manifest) generated 1 warning
[INFO] [stderr] warning: unused import: `std::ffi::OsStr`
[INFO] [stderr]  --> crates/stet-interceptor/src/logging.rs:1:5
[INFO] [stderr]   |
[INFO] [stderr] 1 | use std::ffi::OsStr;
[INFO] [stderr]   |     ^^^^^^^^^^^^^^^
[INFO] [stderr]   |
[INFO] [stderr]   = note: `#[warn(unused_imports)]` (part of `#[warn(unused)]`) on by default
[INFO] [stderr] 
[INFO] [stderr] warning: unused import: `std::os::unix::ffi::OsStrExt`
[INFO] [stderr]  --> crates/stet-interceptor/src/logging.rs:4:5
[INFO] [stderr]   |
[INFO] [stderr] 4 | use std::os::unix::ffi::OsStrExt;
[INFO] [stderr]   |     ^^^^^^^^^^^^^^^^^^^^^^^^^^^^
[INFO] [stderr] 
[INFO] [stderr] warning: function `stet_execve` is never used
[INFO] [stderr]   --> crates/stet-interceptor/src/spawn.rs:21:26
[INFO] [stderr]    |
[INFO] [stderr] 21 | pub unsafe extern "C" fn stet_execve(
[INFO] [stderr]    |                          ^^^^^^^^^^^
[INFO] [stderr]    |
[INFO] [stderr]    = note: `#[warn(dead_code)]` (part of `#[warn(unused)]`) on by default
[INFO] [stderr] 
[INFO] [stderr] warning: function `stet_execvp` is never used
[INFO] [stderr]   --> crates/stet-interceptor/src/spawn.rs:29:26
[INFO] [stderr]    |
[INFO] [stderr] 29 | pub unsafe extern "C" fn stet_execvp(file: *const c_char, argv: *const *mut c_char) -> c_int {
[INFO] [stderr]    |                          ^^^^^^^^^^^
[INFO] [stderr] 
[INFO] [stderr] warning: function `stet_posix_spawn` is never used
[INFO] [stderr]   --> crates/stet-interceptor/src/spawn.rs:33:26
[INFO] [stderr]    |
[INFO] [stderr] 33 | pub unsafe extern "C" fn stet_posix_spawn(
[INFO] [stderr]    |                          ^^^^^^^^^^^^^^^^
[INFO] [stderr] 
[INFO] [stderr] warning: function `stet_posix_spawnp` is never used
[INFO] [stderr]   --> crates/stet-interceptor/src/spawn.rs:54:26
[INFO] [stderr]    |
[INFO] [stderr] 54 | pub unsafe extern "C" fn stet_posix_spawnp(
[INFO] [stderr]    |                          ^^^^^^^^^^^^^^^^^
[INFO] [stderr] 
[INFO] [stderr] warning: invalid definition of the runtime `open` symbol used by the standard library
[INFO] [stderr]   --> crates/stet-interceptor/src/linux.rs:36:1
[INFO] [stderr]    |
[INFO] [stderr] 36 | pub unsafe extern "C" fn open(path: *const c_char, oflag: c_int, mode: libc::mode_t) -> c_int {
[INFO] [stderr]    | ^^^^^^^^^^^^^^^^^^^^^^^^^^^^^^^^^^^^^^^^^^^^^^^^^^^^^^^^^^^^^^^^^^^^^^^^^^^^^^^^^^^^^^^^^^^^^
[INFO] [stderr]    |
[INFO] [stderr]    = note: expected `unsafe extern "C" fn(*const i8, i32, ...) -> i32` (for the current target)
[INFO] [stderr]            found    `unsafe extern "C" fn(*const i8, i32, u32) -> i32`
[INFO] [stderr]    = help: either fix the signature or remove any attributes like `#[unsafe(no_mangle)]`, `#[unsafe(export_name = "open")]`, or `#[link_name = "open"]`
[INFO] [stderr]    = note: `#[warn(invalid_runtime_symbol_definitions)]` on by default
[INFO] [stderr] 
[INFO] [stderr] warning: `stet-interceptor` (lib) generated 7 warnings (run `cargo fix --lib -p stet-interceptor` to apply 2 suggestions)
[INFO] [stderr] warning: `stet-interceptor` (lib test) generated 7 warnings (7 duplicates)
[INFO] [stderr]     Finished `release` profile [optimized] target(s) in 0.25s
[INFO] [stderr]      Running unittests src/main.rs (/opt/rustwide/target/release/build/stet-cli/31899da10f8f94d8/out/stet-31899da10f8f94d8)
[INFO] [stdout] 
[INFO] [stdout] running 27 tests
[INFO] [stdout] test commands::init::detection::tests::adapt_config_includes_target_when_target_dir_exists ... ok
[INFO] [stdout] test commands::init::detection::tests::adapt_minitest_with_tests_dir ... ok
[INFO] [stdout] test commands::init::detection::tests::adapt_config_always_includes_baseline_excludes ... ok
[INFO] [stdout] test commands::init::detection::tests::adapt_config_uses_conventional_defaults_when_no_test_dir ... ok
[INFO] [stdout] test commands::init::detection::tests::detect_runner_finds_bun_from_package_json_devdeps ... ok
[INFO] [stdout] test commands::init::detection::tests::adapt_config_includes_vendor_only_when_it_exists ... ok
[INFO] [stdout] test commands::init::detection::tests::adapt_pytest_with_test_dir ... ok
[INFO] [stdout] test commands::init::detection::tests::detect_runner_finds_pytest_from_requirements_txt ... ok
[INFO] [stdout] test commands::init::detection::tests::detect_runner_finds_pytest_from_pyproject_and_tests_dir ... ok
[INFO] [stdout] test commands::init::detection::tests::detect_runner_finds_minitest_from_gemfile_and_test_dir ... ok
[INFO] [stdout] test commands::init::detection::tests::adapt_config_includes_target_when_cargo_toml_exists ... ok
[INFO] [stdout] test commands::init::detection::tests::detect_runner_returns_none_for_empty_directory ... ok
[INFO] [stdout] test commands::init::template::tests::generated_bun_toml_passes_structural_validation ... ok
[INFO] [stdout] test commands::init::template::tests::generated_pytest_toml_passes_structural_validation ... ok
[INFO] [stdout] test commands::init::detection::tests::detect_runner_returns_multiple_when_ambiguous ... ok
[INFO] [stdout] test commands::init::detection::tests::detect_runner_finds_bun_test_from_lockfile_and_test_dir ... ok
[INFO] [stdout] test commands::init::template::tests::generated_minitest_toml_passes_structural_validation ... ok
[INFO] [stdout] test commands::init::template::tests::generates_pytest_template ... ok
[INFO] [stdout] test commands::init::template::tests::generated_toml_contains_all_required_fields ... ok
[INFO] [stdout] test commands::init::template::tests::generates_bun_test_template ... ok
[INFO] [stdout] test commands::init::template::tests::generates_minitest_template ... ok
[INFO] [stdout] test runners::bun_test::tests::unit_args_includes_extra_test_flags ... ok
[INFO] [stdout] test runners::pytest::tests::helper_script_is_removed_after_use ... ok
[INFO] [stdout] test runners::bun_test::tests::discover_units_finds_matching_test_files ... ok
[INFO] [stderr]      Running tests/demo_script.rs (/opt/rustwide/target/release/build/stet-cli/0fd512d0e868bd58/out/demo_script-0fd512d0e868bd58)
[INFO] [stdout] test runners::bun_test::tests::unit_args_prepends_test_args_then_file_path ... ok
[INFO] [stdout] test runners::bun_test::tests::discover_units_returns_correct_unit_structure ... ok
[INFO] [stdout] test runners::minitest::tests::helper_script_is_removed_after_use ... ok
[INFO] [stdout] 
[INFO] [stdout] test result: ok. 27 passed; 0 failed; 0 ignored; 0 measured; 0 filtered out; finished in 0.02s
[INFO] [stdout] 
[INFO] [stdout] 
[INFO] [stdout] running 1 test
[INFO] [stdout] test demo_script_runs_full_fixture_walkthrough ... FAILED
[INFO] [stdout] 
[INFO] [stdout] failures:
[INFO] [stdout] 
[INFO] [stdout] ---- demo_script_runs_full_fixture_walkthrough stdout ----
[INFO] [stdout] 
[INFO] [stdout] thread 'demo_script_runs_full_fixture_walkthrough' (2121) panicked at /rustc/e3feeb59cd1bdd011a2bfcc0747b55125d9b8527/library/core/src/ops/function.rs:250:5:
[INFO] [stdout] Unexpected failure.
[INFO] [stdout] code=1
[INFO] [stdout] stderr=``````
[INFO] [stdout] find: \'/opt/rustwide/workdir/target/debug/deps\': No such file or directory
[INFO] [stdout] Unable to find libstet_interceptor.so. Build it with: cargo build -p stet-interceptor
[INFO] [stdout] ```
[INFO] [stdout] ```
[INFO] [stdout] command=`STET_DEMO_SKIP_BUILD="1" STET_TEST_RUBY_BIN="/usr/bin/ruby" "bash" "/opt/rustwide/workdir/scripts/demo-fixture.sh" "--fixture" "ruby"`
[INFO] [stdout] code=1
[INFO] [stdout] stdout=```
[INFO] [stdout] 
[INFO] [stdout] == 1. build prerequisites ==
[INFO] [stdout] skipping cargo build because STET_DEMO_SKIP_BUILD=1
[INFO] [stdout] ```
[INFO] [stdout] 
[INFO] [stdout] stderr=```
[INFO] [stdout] find: \'/opt/rustwide/workdir/target/debug/deps\': No such file or directory
[INFO] [stdout] Unable to find libstet_interceptor.so. Build it with: cargo build -p stet-interceptor
[INFO] [stdout] ```
[INFO] [stdout] 
[INFO] [stdout] 
[INFO] [stdout] stack backtrace:
[INFO] [stdout]    0:     0x627bd86c62b1 - <<std[617be2ca0a6fd877]::sys::backtrace::BacktraceLock>::print::DisplayBacktrace as core[a373ad73a504971]::fmt::Display>::fmt
[INFO] [stdout]    1:     0x627bd86dc15a - core[a373ad73a504971]::fmt::write
[INFO] [stdout]    2:     0x627bd86cb8bc - <alloc[2e1b2a31b91974c5]::vec::Vec<u8> as core[a373ad73a504971]::io::write::Write>::write_fmt
[INFO] [stdout]    3:     0x627bd86a1fa6 - std[617be2ca0a6fd877]::panicking::default_hook::{closure#0}
[INFO] [stdout]    4:     0x627bd86be829 - std[617be2ca0a6fd877]::panicking::default_hook
[INFO] [stdout]    5:     0x627bd864cb40 - test[aada8e7e76ba119b]::test_main_inner::{closure#0}
[INFO] [stdout]    6:     0x627bd86be9e2 - std[617be2ca0a6fd877]::panicking::panic_with_hook
[INFO] [stdout]    7:     0x627bd86a2052 - std[617be2ca0a6fd877]::panicking::panic_handler::{closure#0}
[INFO] [stdout]    8:     0x627bd869ad69 - std[617be2ca0a6fd877]::sys::backtrace::__rust_end_short_backtrace::<std[617be2ca0a6fd877]::panicking::panic_handler::{closure#0}, !>
[INFO] [stdout]    9:     0x627bd86a2c5d - __rustc[ea4f61d10b84890b]::rust_begin_unwind
[INFO] [stdout]   10:     0x627bd86dc90c - core[a373ad73a504971]::panicking::panic_fmt
[INFO] [stdout]   11:     0x627bd86809c3 - <assert_cmd[fd729b48f2df66eb]::assert::AssertError>::panic::<assert_cmd[fd729b48f2df66eb]::assert::Assert>
[INFO] [stdout]   12:     0x627bd8681076 - <assert_cmd[fd729b48f2df66eb]::assert::Assert>::success
[INFO] [stdout]   13:     0x627bd863f04c - <demo_script[3ee36ebcbf6160fa]::demo_script_runs_full_fixture_walkthrough::{closure#0} as core[a373ad73a504971]::ops::function::FnOnce<()>>::call_once
[INFO] [stdout]   14:     0x627bd863ff8b - test[aada8e7e76ba119b]::__rust_begin_short_backtrace::<core[a373ad73a504971]::result::Result<(), alloc[2e1b2a31b91974c5]::string::String>, fn() -> core[a373ad73a504971]::result::Result<(), alloc[2e1b2a31b91974c5]::string::String>>
[INFO] [stdout]   15:     0x627bd864d165 - test[aada8e7e76ba119b]::run_test::{closure#0}
[INFO] [stdout]   16:     0x627bd8646a54 - std[617be2ca0a6fd877]::sys::backtrace::__rust_begin_short_backtrace::<test[aada8e7e76ba119b]::run_test::{closure#1}, ()>
[INFO] [stdout]   17:     0x627bd86501f2 - <std[617be2ca0a6fd877]::thread::lifecycle::spawn_unchecked<test[aada8e7e76ba119b]::run_test::{closure#1}, ()>::{closure#1} as core[a373ad73a504971]::ops::function::FnOnce<()>>::call_once::{shim:vtable#0}
[INFO] [stdout]   18:     0x627bd86c5a8f - <std[617be2ca0a6fd877]::sys::thread::unix::Thread>::new::thread_start
[INFO] [stdout]   19:     0x7f1c78582dfa - <unknown>
[INFO] [stdout]   20:     0x7f1c786163d4 - clone
[INFO] [stdout]   21:                0x0 - <unknown>
[INFO] [stdout] 
[INFO] [stdout] 
[INFO] [stdout] failures:
[INFO] [stdout]     demo_script_runs_full_fixture_walkthrough
[INFO] [stdout] 
[INFO] [stdout] test result: FAILED. 0 passed; 1 failed; 0 ignored; 0 measured; 0 filtered out; finished in 0.19s
[INFO] [stdout] 
[INFO] [stderr] error: test failed, to rerun pass `-p stet-cli --test demo_script`
[INFO] running `Command { std: "docker" "inspect" "b065ed2d506331642ce32e59dbd3ece8041b990c0811b81c47da4e86bcc20a98", kill_on_drop: false }`
[INFO] running `Command { std: "docker" "rm" "-f" "b065ed2d506331642ce32e59dbd3ece8041b990c0811b81c47da4e86bcc20a98", kill_on_drop: false }`
[INFO] [stdout] b065ed2d506331642ce32e59dbd3ece8041b990c0811b81c47da4e86bcc20a98
