[INFO] cloning repository https://github.com/prx0/rocket-pastebin
[INFO] running `Command { std: "git" "-c" "credential.helper=" "-c" "credential.helper=/workspace/cargo-home/bin/git-credential-null" "clone" "--bare" "https://github.com/prx0/rocket-pastebin" "/workspace/cache/git-repos/https%3A%2F%2Fgithub.com%2Fprx0%2Frocket-pastebin", kill_on_drop: false }`
[INFO] [stderr] Cloning into bare repository '/workspace/cache/git-repos/https%3A%2F%2Fgithub.com%2Fprx0%2Frocket-pastebin'...
[INFO] running `Command { std: "git" "rev-parse" "HEAD", kill_on_drop: false }`
[INFO] [stdout] ab8bea393bcbba3fd6976738d74021c9fb117db0
[INFO] testing prx0/rocket-pastebin against 1.100.0-beta.1+cargoflags=--release for beta-release-1.100-2
[INFO] running `Command { std: "git" "clone" "/workspace/cache/git-repos/https%3A%2F%2Fgithub.com%2Fprx0%2Frocket-pastebin" "/workspace/builds/worker-2-tc2/source", kill_on_drop: false }`
[INFO] [stderr] Cloning into '/workspace/builds/worker-2-tc2/source'...
[INFO] [stderr] done.
[INFO] started tweaking git repo https://github.com/prx0/rocket-pastebin
[INFO] finished tweaking git repo https://github.com/prx0/rocket-pastebin
[INFO] tweaked toml for git repo https://github.com/prx0/rocket-pastebin written to /workspace/builds/worker-2-tc2/source/Cargo.toml
[INFO] validating manifest of git repo https://github.com/prx0/rocket-pastebin on toolchain 1.100.0-beta.1
[INFO] running `Command { std: CARGO_HOME="/workspace/cargo-home" RUSTUP_HOME="/workspace/rustup-home" "/workspace/cargo-home/bin/cargo" "+1.100.0-beta.1" "metadata" "--manifest-path" "Cargo.toml" "--no-deps", kill_on_drop: false }`
[INFO] crate git repo https://github.com/prx0/rocket-pastebin already has a lockfile, it will not be regenerated
[INFO] running `Command { std: CARGO_HOME="/workspace/cargo-home" RUSTUP_HOME="/workspace/rustup-home" "/workspace/cargo-home/bin/cargo" "+1.100.0-beta.1" "fetch" "--manifest-path" "Cargo.toml", kill_on_drop: false }`
[INFO] [stderr]     Blocking waiting for file lock on package cache
[INFO] [stderr]     Blocking waiting for file lock on package cache
[INFO] running `Command { std: "docker" "create" "-v" "/var/lib/crater-agent-workspace/builds/worker-2-tc2/source:/opt/rustwide/workdir:ro,Z" "-v" "/var/lib/crater-agent-workspace/builds/worker-2-tc2/target:/opt/rustwide/target:rw,Z" "-v" "/var/lib/crater-agent-workspace/cargo-home:/opt/rustwide/cargo-home:ro,Z" "-v" "/var/lib/crater-agent-workspace/rustup-home:/opt/rustwide/rustup-home:ro,Z" "-m" "1610612736" "--network" "none" "ghcr.io/rust-lang/crates-build-env/linux@sha256:77db811e55d90add9212f6832c23229e3de5f1c1f9905e8cb07319ea15df73ac" "sleep" "infinity", kill_on_drop: false }`
[INFO] [stdout] b7b70102943db94d7ab2716b48301d918e637fa569d7a932a3df41448a505fea
[INFO] running `Command { std: "docker" "start" "b7b70102943db94d7ab2716b48301d918e637fa569d7a932a3df41448a505fea", kill_on_drop: false }`
[INFO] running `Command { std: "docker" "inspect" "b7b70102943db94d7ab2716b48301d918e637fa569d7a932a3df41448a505fea", kill_on_drop: false }`
[INFO] running `Command { std: "docker" "exec" "-e" "SOURCE_DIR=/opt/rustwide/workdir" "-e" "CARGO_HOME=/opt/rustwide/cargo-home" "-e" "RUSTUP_HOME=/opt/rustwide/rustup-home" "-e" "CARGO_TARGET_DIR=/opt/rustwide/target" "-w" "/opt/rustwide/workdir" "--user" "0:0" "b7b70102943db94d7ab2716b48301d918e637fa569d7a932a3df41448a505fea" "/opt/rustwide/cargo-home/bin/cargo" "+1.100.0-beta.1" "metadata" "--no-deps" "--format-version=1", kill_on_drop: false }`
[INFO] running `Command { std: "docker" "inspect" "b7b70102943db94d7ab2716b48301d918e637fa569d7a932a3df41448a505fea", kill_on_drop: false }`
[INFO] running `Command { std: "docker" "exec" "-e" "SOURCE_DIR=/opt/rustwide/workdir" "-e" "CARGO_HOME=/opt/rustwide/cargo-home" "-e" "RUSTUP_HOME=/opt/rustwide/rustup-home" "-e" "CARGO_TARGET_DIR=/opt/rustwide/target" "-e" "CARGO_INCREMENTAL=0" "-e" "RUST_BACKTRACE=full" "-e" "RUSTFLAGS=--cap-lints=warn" "-e" "RUSTDOCFLAGS=--cap-lints=warn" "-w" "/opt/rustwide/workdir" "--user" "0:0" "b7b70102943db94d7ab2716b48301d918e637fa569d7a932a3df41448a505fea" "/opt/rustwide/cargo-home/bin/cargo" "+1.100.0-beta.1" "build" "--frozen" "--message-format=json" "--release", kill_on_drop: false }`
[INFO] [stderr]    Compiling proc-macro2 v1.0.30
[INFO] [stderr]    Compiling syn v1.0.80
[INFO] [stderr]    Compiling libc v0.2.104
[INFO] [stderr]    Compiling autocfg v1.0.1
[INFO] [stderr]    Compiling memchr v2.4.1
[INFO] [stderr]    Compiling serde_derive v1.0.130
[INFO] [stderr]    Compiling serde v1.0.130
[INFO] [stderr]    Compiling log v0.4.14
[INFO] [stderr]    Compiling proc-macro-hack v0.5.19
[INFO] [stderr]    Compiling futures-core v0.3.17
[INFO] [stderr]    Compiling futures-channel v0.3.17
[INFO] [stderr]    Compiling proc-macro-nested v0.1.7
[INFO] [stderr]    Compiling futures-task v0.3.17
[INFO] [stderr]    Compiling uncased v0.9.6
[INFO] [stderr]    Compiling standback v0.2.17
[INFO] [stderr]    Compiling yansi v0.5.0
[INFO] [stderr]    Compiling proc-macro2-diagnostics v0.9.1
[INFO] [stderr]    Compiling pin-project-lite v0.2.7
[INFO] [stderr]    Compiling once_cell v1.8.0
[INFO] [stderr]    Compiling slab v0.4.5
[INFO] [stderr]    Compiling httparse v1.5.1
[INFO] [stderr]    Compiling time v0.2.27
[INFO] [stderr]    Compiling const_fn v0.4.8
[INFO] [stderr]    Compiling parking_lot_core v0.8.5
[INFO] [stderr]    Compiling futures-sink v0.3.17
[INFO] [stderr]    Compiling tokio v1.12.0
[INFO] [stderr]    Compiling futures-macro v0.3.17
[INFO] [stderr]    Compiling futures-util v0.3.17
[INFO] [stderr]    Compiling indexmap v1.7.0
[INFO] [stderr]    Compiling siphasher v0.3.7
[INFO] [stderr]    Compiling ppv-lite86 v0.2.14
[INFO] [stderr]    Compiling quote v1.0.10
[INFO] [stderr]    Compiling cookie v0.15.1
[INFO] [stderr]    Compiling futures-io v0.3.17
[INFO] [stderr]    Compiling ref-cast v1.0.6
[INFO] [stderr]    Compiling regex-syntax v0.6.25
[INFO] [stderr]    Compiling itoa v0.4.8
[INFO] [stderr]    Compiling tracing-core v0.1.21
[INFO] [stderr]    Compiling http v0.2.5
[INFO] [stderr]    Compiling num-traits v0.2.14
[INFO] [stderr]    Compiling aho-corasick v0.7.18
[INFO] [stderr]    Compiling hashbrown v0.11.2
[INFO] [stderr]    Compiling signal-hook-registry v1.4.0
[INFO] [stderr]    Compiling num_cpus v1.13.0
[INFO] [stderr]    Compiling mio v0.7.14
[INFO] [stderr]    Compiling getrandom v0.2.3
[INFO] [stderr]    Compiling ucd-trie v0.1.3
[INFO] [stderr]    Compiling rand_core v0.6.3
[INFO] [stderr]    Compiling pest v2.1.3
[INFO] [stderr]    Compiling rand_chacha v0.3.1
[INFO] [stderr]    Compiling num-integer v0.1.44
[INFO] [stderr]    Compiling smallvec v1.7.0
[INFO] [stderr]    Compiling maplit v1.0.2
[INFO] [stderr]    Compiling rand v0.8.4
[INFO] [stderr]    Compiling try-lock v0.2.3
[INFO] [stderr]    Compiling ryu v1.0.5
[INFO] [stderr]    Compiling crossbeam-utils v0.8.5
[INFO] [stderr]    Compiling lock_api v0.4.5
[INFO] [stderr]    Compiling want v0.3.0
[INFO] [stderr]    Compiling walkdir v2.3.2
[INFO] [stderr]    Compiling pest_meta v2.1.3
[INFO] [stderr]    Compiling bstr v0.2.17
[INFO] [stderr]    Compiling socket2 v0.4.2
[INFO] [stderr]    Compiling regex v1.5.4
[INFO] [stderr]    Compiling serde_json v1.0.68
[INFO] [stderr]    Compiling encoding_rs v0.8.29
[INFO] [stderr]    Compiling percent-encoding v2.1.0
[INFO] [stderr]    Compiling inlinable_string v0.1.14
[INFO] [stderr]    Compiling unic-common v0.9.0
[INFO] [stderr]    Compiling tower-service v0.3.1
[INFO] [stderr]    Compiling unic-char-range v0.9.0
[INFO] [stderr]    Compiling httpdate v1.0.1
[INFO] [stderr]    Compiling http-body v0.4.3
[INFO] [stderr]    Compiling unic-char-property v0.9.0
[INFO] [stderr]    Compiling unic-ucd-version v0.9.0
[INFO] [stderr]    Compiling net2 v0.2.37
[INFO] [stderr]    Compiling parking_lot v0.11.2
[INFO] [stderr]    Compiling iovec v0.1.4
[INFO] [stderr]    Compiling stable-pattern v0.1.0
[INFO] [stderr]    Compiling atomic v0.5.0
[INFO] [stderr]    Compiling thread_local v1.1.3
[INFO] [stderr]    Compiling figment v0.10.6
[INFO] [stderr]    Compiling multer v2.0.1
[INFO] [stderr]    Compiling unchecked-index v0.2.2
[INFO] [stderr]    Compiling async-trait v0.1.51
[INFO] [stderr]    Compiling either v1.6.1
[INFO] [stderr]    Compiling mime v0.3.16
[INFO] [stderr]    Compiling state v0.5.2
[INFO] [stderr]    Compiling twoway v0.2.2
[INFO] [stderr]    Compiling chrono v0.4.19
[INFO] [stderr]    Compiling mio v0.6.23
[INFO] [stderr]    Compiling unic-ucd-segment v0.9.0
[INFO] [stderr]    Compiling inotify-sys v0.1.5
[INFO] [stderr]    Compiling rocket v0.5.0-rc.1
[INFO] [stderr]    Compiling spin v0.9.2
[INFO] [stderr]    Compiling parse-zoneinfo v0.3.0
[INFO] [stderr]    Compiling remove_dir_all v0.5.3
[INFO] [stderr]    Compiling glob v0.3.0
[INFO] [stderr]    Compiling deunicode v0.4.3
[INFO] [stderr]    Compiling slug v0.1.4
[INFO] [stderr]    Compiling tempfile v3.2.0
[INFO] [stderr]    Compiling unic-segment v0.9.0
[INFO] [stderr]    Compiling inotify v0.7.1
[INFO] [stderr]    Compiling atty v0.2.14
[INFO] [stderr]    Compiling mio-extras v2.0.6
[INFO] [stderr]    Compiling filetime v0.2.15
[INFO] [stderr]    Compiling binascii v0.1.4
[INFO] [stderr]    Compiling humansize v1.1.1
[INFO] [stderr]    Compiling normpath v0.3.1
[INFO] [stderr]    Compiling notify v4.0.17
[INFO] [stderr]    Compiling pest_generator v2.1.3
[INFO] [stderr]    Compiling devise_core v0.3.1
[INFO] [stderr]    Compiling globset v0.4.8
[INFO] [stderr]    Compiling ignore v0.4.18
[INFO] [stderr]    Compiling tokio-macros v1.5.0
[INFO] [stderr]    Compiling time-macros-impl v0.1.2
[INFO] [stderr]    Compiling tracing-attributes v0.1.18
[INFO] [stderr]    Compiling pear_codegen v0.2.3
[INFO] [stderr]    Compiling ref-cast-impl v1.0.6
[INFO] [stderr]    Compiling time-macros v0.1.1
[INFO] [stderr]    Compiling devise_codegen v0.3.1
[INFO] [stderr]    Compiling tracing v0.1.29
[INFO] [stderr]    Compiling async-stream-impl v0.3.2
[INFO] [stderr]    Compiling pest_derive v2.1.0
[INFO] [stderr]    Compiling globwalk v0.8.1
[INFO] [stderr]    Compiling pear v0.2.3
[INFO] [stderr]    Compiling devise v0.3.1
[INFO] [stderr]    Compiling async-stream v0.3.2
[INFO] [stderr]    Compiling futures-executor v0.3.17
[INFO] [stderr]    Compiling futures v0.3.17
[INFO] [stderr]    Compiling tokio-util v0.6.8
[INFO] [stderr]    Compiling tokio-stream v0.1.7
[INFO] [stderr]    Compiling phf_shared v0.10.0
[INFO] [stderr]    Compiling toml v0.5.8
[INFO] [stderr]    Compiling ubyte v0.10.1
[INFO] [stderr]    Compiling uuid v0.8.2
[INFO] [stderr]    Compiling phf_generator v0.10.0
[INFO] [stderr]    Compiling phf v0.10.0
[INFO] [stderr]    Compiling phf_codegen v0.10.0
[INFO] [stderr]    Compiling chrono-tz-build v0.0.2
[INFO] [stderr]    Compiling h2 v0.3.6
[INFO] [stderr]    Compiling chrono-tz v0.6.0
[INFO] [stderr]    Compiling handlebars v3.5.5
[INFO] [stderr]    Compiling hyper v0.14.13
[INFO] [stderr]    Compiling tera v1.13.0
[INFO] [stderr]    Compiling rocket_http v0.5.0-rc.1
[INFO] [stderr]    Compiling rocket_codegen v0.5.0-rc.1
[INFO] [stderr]    Compiling rocket_dyn_templates v0.1.0-rc.1
[INFO] [stderr]    Compiling rocket-pastebin v0.1.0 (/opt/rustwide/workdir)
[INFO] [stdout] warning: unused `#[macro_use]` import
[INFO] [stdout]  --> src/main.rs:2:1
[INFO] [stdout]   |
[INFO] [stdout] 2 | #[macro_use] extern crate rocket_dyn_templates;
[INFO] [stdout]   | ^^^^^^^^^^^^
[INFO] [stdout]   |
[INFO] [stdout]   = note: `#[warn(unused_imports)]` (part of `#[warn(unused)]`) on by default
[INFO] [stdout] 
[INFO] [stdout] 
[INFO] [stdout] warning: unused import: `std::env`
[INFO] [stdout]  --> src/pastebin/mod.rs:6:5
[INFO] [stdout]   |
[INFO] [stdout] 6 | use std::env;
[INFO] [stdout]   |     ^^^^^^^^
[INFO] [stdout] 
[INFO] [stdout] 
[INFO] [stdout] warning: variable does not need to be mutable
[INFO] [stdout]   --> src/pastebin/routes.rs:74:26
[INFO] [stdout]    |
[INFO] [stdout] 74 | pub async fn upload_form(mut paste_form: Form<SendPastebin>) -> Result<(ContentType, Redirect), std::io::Error> {
[INFO] [stdout]    |                          ----^^^^^^^^^^
[INFO] [stdout]    |                          |
[INFO] [stdout]    |                          help: remove this `mut`
[INFO] [stdout]    |
[INFO] [stdout]    = note: `#[warn(unused_mut)]` (part of `#[warn(unused)]`) on by default
[INFO] [stdout] 
[INFO] [stdout] 
[INFO] [stderr]     Finished `release` profile [optimized] target(s) in 2m 53s
[INFO] [stderr] warning: the following packages contain code that will be rejected by a future version of Rust: ubyte v0.10.1
[INFO] [stderr] note: to see what the problems were, use the option `--future-incompat-report`, or run `cargo report future-incompatibilities --id 3`
[INFO] running `Command { std: "docker" "inspect" "b7b70102943db94d7ab2716b48301d918e637fa569d7a932a3df41448a505fea", kill_on_drop: false }`
[INFO] running `Command { std: "docker" "exec" "-e" "SOURCE_DIR=/opt/rustwide/workdir" "-e" "CARGO_HOME=/opt/rustwide/cargo-home" "-e" "RUSTUP_HOME=/opt/rustwide/rustup-home" "-e" "CARGO_TARGET_DIR=/opt/rustwide/target" "-e" "CARGO_INCREMENTAL=0" "-e" "RUST_BACKTRACE=full" "-e" "RUSTFLAGS=--cap-lints=warn" "-e" "RUSTDOCFLAGS=--cap-lints=warn" "-w" "/opt/rustwide/workdir" "--user" "0:0" "b7b70102943db94d7ab2716b48301d918e637fa569d7a932a3df41448a505fea" "/opt/rustwide/cargo-home/bin/cargo" "+1.100.0-beta.1" "test" "--frozen" "--no-run" "--message-format=json" "--release", kill_on_drop: false }`
[INFO] [stderr]    Compiling rocket-pastebin v0.1.0 (/opt/rustwide/workdir)
[INFO] [stdout] warning: unused `#[macro_use]` import
[INFO] [stdout]  --> src/main.rs:2:1
[INFO] [stdout]   |
[INFO] [stdout] 2 | #[macro_use] extern crate rocket_dyn_templates;
[INFO] [stdout]   | ^^^^^^^^^^^^
[INFO] [stdout]   |
[INFO] [stdout]   = note: `#[warn(unused_imports)]` (part of `#[warn(unused)]`) on by default
[INFO] [stdout] 
[INFO] [stdout] 
[INFO] [stdout] warning: unused import: `std::env`
[INFO] [stdout]  --> src/pastebin/mod.rs:6:5
[INFO] [stdout]   |
[INFO] [stdout] 6 | use std::env;
[INFO] [stdout]   |     ^^^^^^^^
[INFO] [stdout] 
[INFO] [stdout] 
[INFO] [stdout] warning: variable does not need to be mutable
[INFO] [stdout]   --> src/pastebin/routes.rs:74:26
[INFO] [stdout]    |
[INFO] [stdout] 74 | pub async fn upload_form(mut paste_form: Form<SendPastebin>) -> Result<(ContentType, Redirect), std::io::Error> {
[INFO] [stdout]    |                          ----^^^^^^^^^^
[INFO] [stdout]    |                          |
[INFO] [stdout]    |                          help: remove this `mut`
[INFO] [stdout]    |
[INFO] [stdout]    = note: `#[warn(unused_mut)]` (part of `#[warn(unused)]`) on by default
[INFO] [stdout] 
[INFO] [stdout] 
[INFO] [stderr]     Finished `release` profile [optimized] target(s) in 10.24s
[INFO] [stderr] warning: the following packages contain code that will be rejected by a future version of Rust: ubyte v0.10.1
[INFO] [stderr] note: to see what the problems were, use the option `--future-incompat-report`, or run `cargo report future-incompatibilities --id 3`
[INFO] running `Command { std: "docker" "inspect" "b7b70102943db94d7ab2716b48301d918e637fa569d7a932a3df41448a505fea", kill_on_drop: false }`
[INFO] running `Command { std: "docker" "exec" "-e" "SOURCE_DIR=/opt/rustwide/workdir" "-e" "CARGO_HOME=/opt/rustwide/cargo-home" "-e" "RUSTUP_HOME=/opt/rustwide/rustup-home" "-e" "CARGO_TARGET_DIR=/opt/rustwide/target" "-e" "CARGO_INCREMENTAL=0" "-e" "RUST_BACKTRACE=full" "-e" "RUSTFLAGS=--cap-lints=warn" "-e" "RUSTDOCFLAGS=--cap-lints=warn" "-w" "/opt/rustwide/workdir" "--user" "0:0" "b7b70102943db94d7ab2716b48301d918e637fa569d7a932a3df41448a505fea" "/opt/rustwide/cargo-home/bin/cargo" "+1.100.0-beta.1" "test" "--frozen" "--release", kill_on_drop: false }`
[INFO] [stderr] warning: unused `#[macro_use]` import
[INFO] [stderr]  --> src/main.rs:2:1
[INFO] [stderr]   |
[INFO] [stderr] 2 | #[macro_use] extern crate rocket_dyn_templates;
[INFO] [stderr]   | ^^^^^^^^^^^^
[INFO] [stderr]   |
[INFO] [stderr]   = note: `#[warn(unused_imports)]` (part of `#[warn(unused)]`) on by default
[INFO] [stderr] 
[INFO] [stderr] warning: unused import: `std::env`
[INFO] [stderr]  --> src/pastebin/mod.rs:6:5
[INFO] [stderr]   |
[INFO] [stderr] 6 | use std::env;
[INFO] [stderr]   |     ^^^^^^^^
[INFO] [stderr] 
[INFO] [stderr] warning: variable does not need to be mutable
[INFO] [stderr]   --> src/pastebin/routes.rs:74:26
[INFO] [stderr]    |
[INFO] [stderr] 74 | pub async fn upload_form(mut paste_form: Form<SendPastebin>) -> Result<(ContentType, Redirect), std::io::Error> {
[INFO] [stderr]    |                          ----^^^^^^^^^^
[INFO] [stderr]    |                          |
[INFO] [stderr]    |                          help: remove this `mut`
[INFO] [stderr]    |
[INFO] [stderr]    = note: `#[warn(unused_mut)]` (part of `#[warn(unused)]`) on by default
[INFO] [stderr] 
[INFO] [stderr] warning: `rocket-pastebin` (bin "rocket-pastebin" test) generated 3 warnings (run `cargo fix --bin "rocket-pastebin" -p rocket-pastebin --tests` to apply 2 suggestions)
[INFO] [stderr]     Finished `release` profile [optimized] target(s) in 0.21s
[INFO] [stderr] warning: the following packages contain code that will be rejected by a future version of Rust: ubyte v0.10.1
[INFO] [stderr] note: to see what the problems were, use the option `--future-incompat-report`, or run `cargo report future-incompatibilities --id 3`
[INFO] [stderr]      Running unittests src/main.rs (/opt/rustwide/target/release/build/rocket-pastebin/f7771ff013c6bd60/out/rocket_pastebin-f7771ff013c6bd60)
[INFO] [stdout] 
[INFO] [stdout] running 7 tests
[INFO] [stdout] test pastebin::routes::test::test_get_pastebin_which_not_exist ... ok
[INFO] [stdout] test pastebin::routes::test::test_get_by_id ... FAILED
[INFO] [stdout] test pastebin::routes::test::test_delete_pastebin_which_not_exist ... ok
[INFO] [stdout] test pastebin::routes::test::test_update_by_id_with_bad_id ... ok
[INFO] [stdout] test pastebin::routes::test::test_delete_by_id ... FAILED
[INFO] [stdout] test pastebin::routes::test::test_update_by_id ... FAILED
[INFO] [stdout] test pastebin::routes::test::test_upload ... FAILED
[INFO] [stdout] 
[INFO] [stdout] failures:
[INFO] [stdout] 
[INFO] [stdout] ---- pastebin::routes::test::test_get_by_id stdout ----
[INFO] [stdout] Configured for release.
[INFO] [stdout]    >> address: 127.0.0.1
[INFO] [stdout]    >> port: 8000
[INFO] [stdout]    >> workers: 16
[INFO] [stdout]    >> ident: Rocket
[INFO] [stdout]    >> keep-alive: 5s
[INFO] [stdout]    >> limits: bytes = 8KiB, data-form = 2MiB, file = 1MiB, form = 32KiB, json = 1MiB, msgpack = 1MiB, string = 8KiB
[INFO] [stdout]    >> tls: disabled
[INFO] [stdout]    >> temp dir: /tmp
[INFO] [stdout]    >> log level: critical
[INFO] [stdout]    >> cli colors: true
[INFO] [stdout]    >> shutdown: ctrlc = true, force = true, signals = [SIGTERM], grace = 2s, mercy = 3s
[INFO] [stdout] Routes:
[INFO] [stdout]    >> (index) GET /
[INFO] [stdout]    >> (prism_js) GET /prism.js
[INFO] [stdout]    >> (style) GET /style.css
[INFO] [stdout]    >> (prism_css) GET /prism.css
[INFO] [stdout]    >> (show_pastebin) GET /<id>/<lang>
[INFO] [stdout]    >> (upload) POST /api/pastebin/ [2]
[INFO] [stdout]    >> (upload_form) POST /api/pastebin/
[INFO] [stdout]    >> (get_by_id) GET /api/pastebin/<id>
[INFO] [stdout]    >> (delete_by_id) DELETE /api/pastebin/<id>
[INFO] [stdout]    >> (update_by_id) PUT /api/pastebin/<id>
[INFO] [stdout] Fairings:
[INFO] [stdout]    >> Shield (liftoff, response, singleton)
[INFO] [stdout]    >> Templating (ignite, liftoff)
[INFO] [stdout] Rocket has launched into local orbit
[INFO] [stdout] 
[INFO] [stdout] thread 'pastebin::routes::test::test_get_by_id' (4290) panicked at src/pastebin/routes.rs:149:93:
[INFO] [stdout] unable to write test file: Os { code: 30, kind: ReadOnlyFilesystem, message: "Read-only file system" }
[INFO] [stdout] stack backtrace:
[INFO] [stdout]    0:     0x5df16a1ecb71 - <<std[617be2ca0a6fd877]::sys::backtrace::BacktraceLock>::print::DisplayBacktrace as core[a373ad73a504971]::fmt::Display>::fmt
[INFO] [stdout]    1:     0x5df16a20545a - core[a373ad73a504971]::fmt::write
[INFO] [stdout]    2:     0x5df16a1f133c - <alloc[2e1b2a31b91974c5]::vec::Vec<u8> as core[a373ad73a504971]::io::write::Write>::write_fmt
[INFO] [stdout]    3:     0x5df16a1c74d6 - std[617be2ca0a6fd877]::panicking::default_hook::{closure#0}
[INFO] [stdout]    4:     0x5df16a1e4339 - std[617be2ca0a6fd877]::panicking::default_hook
[INFO] [stdout]    5:     0x5df169e7d690 - test[aada8e7e76ba119b]::test_main_inner::{closure#0}
[INFO] [stdout]    6:     0x5df16a1e4662 - std[617be2ca0a6fd877]::panicking::panic_with_hook
[INFO] [stdout]    7:     0x5df16a1c7582 - std[617be2ca0a6fd877]::panicking::panic_handler::{closure#0}
[INFO] [stdout]    8:     0x5df16a1bfdf9 - std[617be2ca0a6fd877]::sys::backtrace::__rust_end_short_backtrace::<std[617be2ca0a6fd877]::panicking::panic_handler::{closure#0}, !>
[INFO] [stdout]    9:     0x5df16a1c822d - __rustc[ea4f61d10b84890b]::rust_begin_unwind
[INFO] [stdout]   10:     0x5df16a205bfc - core[a373ad73a504971]::panicking::panic_fmt
[INFO] [stdout]   11:     0x5df16a2059d2 - core[a373ad73a504971]::result::unwrap_failed
[INFO] [stdout]   12:     0x5df169e2df36 - <rocket_pastebin[f7d14e681df578f4]::pastebin::routes::test::test_get_by_id::{closure#0} as core[a373ad73a504971]::ops::function::FnOnce<()>>::call_once
[INFO] [stdout]   13:     0x5df169e70adb - test[aada8e7e76ba119b]::__rust_begin_short_backtrace::<core[a373ad73a504971]::result::Result<(), alloc[2e1b2a31b91974c5]::string::String>, fn() -> core[a373ad73a504971]::result::Result<(), alloc[2e1b2a31b91974c5]::string::String>>
[INFO] [stdout]   14:     0x5df169e7dcb5 - test[aada8e7e76ba119b]::run_test::{closure#0}
[INFO] [stdout]   15:     0x5df169e775a4 - std[617be2ca0a6fd877]::sys::backtrace::__rust_begin_short_backtrace::<test[aada8e7e76ba119b]::run_test::{closure#1}, ()>
[INFO] [stdout]   16:     0x5df169e80d42 - <std[617be2ca0a6fd877]::thread::lifecycle::spawn_unchecked<test[aada8e7e76ba119b]::run_test::{closure#1}, ()>::{closure#1} as core[a373ad73a504971]::ops::function::FnOnce<()>>::call_once::{shim:vtable#0}
[INFO] [stdout]   17:     0x5df16a1ebd1f - <std[617be2ca0a6fd877]::sys::thread::unix::Thread>::new::thread_start
[INFO] [stdout]   18:     0x7b9107331dfa - <unknown>
[INFO] [stdout]   19:     0x7b91073c53d4 - clone
[INFO] [stdout]   20:                0x0 - <unknown>
[INFO] [stdout] 
[INFO] [stdout] ---- pastebin::routes::test::test_delete_by_id stdout ----
[INFO] [stdout] Configured for release.
[INFO] [stdout]    >> address: 127.0.0.1
[INFO] [stdout]    >> port: 8000
[INFO] [stdout]    >> workers: 16
[INFO] [stdout]    >> ident: Rocket
[INFO] [stdout]    >> keep-alive: 5s
[INFO] [stdout]    >> limits: bytes = 8KiB, data-form = 2MiB, file = 1MiB, form = 32KiB, json = 1MiB, msgpack = 1MiB, string = 8KiB
[INFO] [stdout]    >> tls: disabled
[INFO] [stdout]    >> temp dir: /tmp
[INFO] [stdout]    >> log level: critical
[INFO] [stdout]    >> cli colors: true
[INFO] [stdout]    >> shutdown: ctrlc = true, force = true, signals = [SIGTERM], grace = 2s, mercy = 3s
[INFO] [stdout] Routes:
[INFO] [stdout]    >> (index) GET /
[INFO] [stdout]    >> (prism_js) GET /prism.js
[INFO] [stdout]    >> (style) GET /style.css
[INFO] [stdout]    >> (prism_css) GET /prism.css
[INFO] [stdout]    >> (show_pastebin) GET /<id>/<lang>
[INFO] [stdout]    >> (upload) POST /api/pastebin/ [2]
[INFO] [stdout]    >> (upload_form) POST /api/pastebin/
[INFO] [stdout]    >> (get_by_id) GET /api/pastebin/<id>
[INFO] [stdout]    >> (delete_by_id) DELETE /api/pastebin/<id>
[INFO] [stdout]    >> (update_by_id) PUT /api/pastebin/<id>
[INFO] [stdout] Fairings:
[INFO] [stdout]    >> Shield (liftoff, response, singleton)
[INFO] [stdout]    >> Templating (ignite, liftoff)
[INFO] [stdout] Rocket has launched into local orbit
[INFO] [stdout] 
[INFO] [stdout] thread 'pastebin::routes::test::test_delete_by_id' (4288) panicked at src/pastebin/routes.rs:168:81:
[INFO] [stdout] unable to write test file: Os { code: 30, kind: ReadOnlyFilesystem, message: "Read-only file system" }
[INFO] [stdout] stack backtrace:
[INFO] [stdout]    0:     0x5df16a1ecb71 - <<std[617be2ca0a6fd877]::sys::backtrace::BacktraceLock>::print::DisplayBacktrace as core[a373ad73a504971]::fmt::Display>::fmt
[INFO] [stdout]    1:     0x5df16a20545a - core[a373ad73a504971]::fmt::write
[INFO] [stdout]    2:     0x5df16a1f133c - <alloc[2e1b2a31b91974c5]::vec::Vec<u8> as core[a373ad73a504971]::io::write::Write>::write_fmt
[INFO] [stdout]    3:     0x5df16a1c74d6 - std[617be2ca0a6fd877]::panicking::default_hook::{closure#0}
[INFO] [stdout]    4:     0x5df16a1e4339 - std[617be2ca0a6fd877]::panicking::default_hook
[INFO] [stdout]    5:     0x5df169e7d690 - test[aada8e7e76ba119b]::test_main_inner::{closure#0}
[INFO] [stdout]    6:     0x5df16a1e4662 - std[617be2ca0a6fd877]::panicking::panic_with_hook
[INFO] [stdout]    7:     0x5df16a1c7582 - std[617be2ca0a6fd877]::panicking::panic_handler::{closure#0}
[INFO] [stdout]    8:     0x5df16a1bfdf9 - std[617be2ca0a6fd877]::sys::backtrace::__rust_end_short_backtrace::<std[617be2ca0a6fd877]::panicking::panic_handler::{closure#0}, !>
[INFO] [stdout]    9:     0x5df16a1c822d - __rustc[ea4f61d10b84890b]::rust_begin_unwind
[INFO] [stdout]   10:     0x5df16a205bfc - core[a373ad73a504971]::panicking::panic_fmt
[INFO] [stdout]   11:     0x5df16a2059d2 - core[a373ad73a504971]::result::unwrap_failed
[INFO] [stdout]   12:     0x5df169e2e229 - <rocket_pastebin[f7d14e681df578f4]::pastebin::routes::test::test_delete_by_id::{closure#0} as core[a373ad73a504971]::ops::function::FnOnce<()>>::call_once
[INFO] [stdout]   13:     0x5df169e70adb - test[aada8e7e76ba119b]::__rust_begin_short_backtrace::<core[a373ad73a504971]::result::Result<(), alloc[2e1b2a31b91974c5]::string::String>, fn() -> core[a373ad73a504971]::result::Result<(), alloc[2e1b2a31b91974c5]::string::String>>
[INFO] [stdout]   14:     0x5df169e7dcb5 - test[aada8e7e76ba119b]::run_test::{closure#0}
[INFO] [stdout]   15:     0x5df169e775a4 - std[617be2ca0a6fd877]::sys::backtrace::__rust_begin_short_backtrace::<test[aada8e7e76ba119b]::run_test::{closure#1}, ()>
[INFO] [stdout]   16:     0x5df169e80d42 - <std[617be2ca0a6fd877]::thread::lifecycle::spawn_unchecked<test[aada8e7e76ba119b]::run_test::{closure#1}, ()>::{closure#1} as core[a373ad73a504971]::ops::function::FnOnce<()>>::call_once::{shim:vtable#0}
[INFO] [stdout]   17:     0x5df16a1ebd1f - <std[617be2ca0a6fd877]::sys::thread::unix::Thread>::new::thread_start
[INFO] [stdout]   18:     0x7b9107331dfa - <unknown>
[INFO] [stdout]   19:     0x7b91073c53d4 - clone
[INFO] [stdout]   20:                0x0 - <unknown>
[INFO] [stdout] 
[INFO] [stdout] ---- pastebin::routes::test::test_update_by_id stdout ----
[INFO] [stdout] Configured for release.
[INFO] [stdout]    >> address: 127.0.0.1
[INFO] [stdout]    >> port: 8000
[INFO] [stdout]    >> workers: 16
[INFO] [stdout]    >> ident: Rocket
[INFO] [stdout]    >> keep-alive: 5s
[INFO] [stdout]    >> limits: bytes = 8KiB, data-form = 2MiB, file = 1MiB, form = 32KiB, json = 1MiB, msgpack = 1MiB, string = 8KiB
[INFO] [stdout]    >> tls: disabled
[INFO] [stdout]    >> temp dir: /tmp
[INFO] [stdout]    >> log level: critical
[INFO] [stdout]    >> cli colors: true
[INFO] [stdout]    >> shutdown: ctrlc = true, force = true, signals = [SIGTERM], grace = 2s, mercy = 3s
[INFO] [stdout] Routes:
[INFO] [stdout]    >> (index) GET /
[INFO] [stdout]    >> (prism_js) GET /prism.js
[INFO] [stdout]    >> (style) GET /style.css
[INFO] [stdout]    >> (prism_css) GET /prism.css
[INFO] [stdout]    >> (show_pastebin) GET /<id>/<lang>
[INFO] [stdout]    >> (upload) POST /api/pastebin/ [2]
[INFO] [stdout]    >> (upload_form) POST /api/pastebin/
[INFO] [stdout]    >> (get_by_id) GET /api/pastebin/<id>
[INFO] [stdout]    >> (delete_by_id) DELETE /api/pastebin/<id>
[INFO] [stdout]    >> (update_by_id) PUT /api/pastebin/<id>
[INFO] [stdout] Fairings:
[INFO] [stdout]    >> Templating (ignite, liftoff)
[INFO] [stdout]    >> Shield (liftoff, response, singleton)
[INFO] [stdout] Rocket has launched into local orbit
[INFO] [stdout] 
[INFO] [stdout] thread 'pastebin::routes::test::test_update_by_id' (4292) panicked at src/pastebin/routes.rs:185:81:
[INFO] [stdout] unable to write test file: Os { code: 30, kind: ReadOnlyFilesystem, message: "Read-only file system" }
[INFO] [stdout] stack backtrace:
[INFO] [stdout]    0:     0x5df16a1ecb71 - <<std[617be2ca0a6fd877]::sys::backtrace::BacktraceLock>::print::DisplayBacktrace as core[a373ad73a504971]::fmt::Display>::fmt
[INFO] [stdout]    1:     0x5df16a20545a - core[a373ad73a504971]::fmt::write
[INFO] [stdout]    2:     0x5df16a1f133c - <alloc[2e1b2a31b91974c5]::vec::Vec<u8> as core[a373ad73a504971]::io::write::Write>::write_fmt
[INFO] [stdout]    3:     0x5df16a1c74d6 - std[617be2ca0a6fd877]::panicking::default_hook::{closure#0}
[INFO] [stdout]    4:     0x5df16a1e4339 - std[617be2ca0a6fd877]::panicking::default_hook
[INFO] [stdout]    5:     0x5df169e7d690 - test[aada8e7e76ba119b]::test_main_inner::{closure#0}
[INFO] [stdout]    6:     0x5df16a1e4662 - std[617be2ca0a6fd877]::panicking::panic_with_hook
[INFO] [stdout]    7:     0x5df16a1c7582 - std[617be2ca0a6fd877]::panicking::panic_handler::{closure#0}
[INFO] [stdout]    8:     0x5df16a1bfdf9 - std[617be2ca0a6fd877]::sys::backtrace::__rust_end_short_backtrace::<std[617be2ca0a6fd877]::panicking::panic_handler::{closure#0}, !>
[INFO] [stdout]    9:     0x5df16a1c822d - __rustc[ea4f61d10b84890b]::rust_begin_unwind
[INFO] [stdout]   10:     0x5df16a205bfc - core[a373ad73a504971]::panicking::panic_fmt
[INFO] [stdout]   11:     0x5df16a2059d2 - core[a373ad73a504971]::result::unwrap_failed
[INFO] [stdout]   12:     0x5df169e2e551 - <rocket_pastebin[f7d14e681df578f4]::pastebin::routes::test::test_update_by_id::{closure#0} as core[a373ad73a504971]::ops::function::FnOnce<()>>::call_once
[INFO] [stdout]   13:     0x5df169e70adb - test[aada8e7e76ba119b]::__rust_begin_short_backtrace::<core[a373ad73a504971]::result::Result<(), alloc[2e1b2a31b91974c5]::string::String>, fn() -> core[a373ad73a504971]::result::Result<(), alloc[2e1b2a31b91974c5]::string::String>>
[INFO] [stdout]   14:     0x5df169e7dcb5 - test[aada8e7e76ba119b]::run_test::{closure#0}
[INFO] [stdout]   15:     0x5df169e775a4 - std[617be2ca0a6fd877]::sys::backtrace::__rust_begin_short_backtrace::<test[aada8e7e76ba119b]::run_test::{closure#1}, ()>
[INFO] [stdout]   16:     0x5df169e80d42 - <std[617be2ca0a6fd877]::thread::lifecycle::spawn_unchecked<test[aada8e7e76ba119b]::run_test::{closure#1}, ()>::{closure#1} as core[a373ad73a504971]::ops::function::FnOnce<()>>::call_once::{shim:vtable#0}
[INFO] [stdout]   17:     0x5df16a1ebd1f - <std[617be2ca0a6fd877]::sys::thread::unix::Thread>::new::thread_start
[INFO] [stdout]   18:     0x7b9107331dfa - <unknown>
[INFO] [stdout]   19:     0x7b91073c53d4 - clone
[INFO] [stdout]   20:                0x0 - <unknown>
[INFO] [stdout] 
[INFO] [stdout] ---- pastebin::routes::test::test_upload stdout ----
[INFO] [stdout] Configured for release.
[INFO] [stdout]    >> address: 127.0.0.1
[INFO] [stdout]    >> port: 8000
[INFO] [stdout]    >> workers: 16
[INFO] [stdout]    >> ident: Rocket
[INFO] [stdout]    >> keep-alive: 5s
[INFO] [stdout]    >> limits: bytes = 8KiB, data-form = 2MiB, file = 1MiB, form = 32KiB, json = 1MiB, msgpack = 1MiB, string = 8KiB
[INFO] [stdout]    >> tls: disabled
[INFO] [stdout]    >> temp dir: /tmp
[INFO] [stdout]    >> log level: critical
[INFO] [stdout]    >> cli colors: true
[INFO] [stdout]    >> shutdown: ctrlc = true, force = true, signals = [SIGTERM], grace = 2s, mercy = 3s
[INFO] [stdout] Routes:
[INFO] [stdout]    >> (index) GET /
[INFO] [stdout]    >> (prism_js) GET /prism.js
[INFO] [stdout]    >> (style) GET /style.css
[INFO] [stdout]    >> (prism_css) GET /prism.css
[INFO] [stdout]    >> (show_pastebin) GET /<id>/<lang>
[INFO] [stdout]    >> (upload) POST /api/pastebin/ [2]
[INFO] [stdout]    >> (upload_form) POST /api/pastebin/
[INFO] [stdout]    >> (get_by_id) GET /api/pastebin/<id>
[INFO] [stdout]    >> (delete_by_id) DELETE /api/pastebin/<id>
[INFO] [stdout]    >> (update_by_id) PUT /api/pastebin/<id>
[INFO] [stdout] Fairings:
[INFO] [stdout]    >> Shield (liftoff, response, singleton)
[INFO] [stdout]    >> Templating (ignite, liftoff)
[INFO] [stdout] Rocket has launched into local orbit
[INFO] [stdout]    >> `Form < SendPastebin >` data guard is forwarding.
[INFO] [stdout] 
[INFO] [stdout] thread 'pastebin::routes::test::test_upload' (4294) panicked at src/pastebin/routes.rs:64:52:
[INFO] [stdout] FILE_SIZE_UPLOAD_LIMIT must be set: NotPresent
[INFO] [stdout] stack backtrace:
[INFO] [stdout]    0:     0x5df16a1ecb71 - <<std[617be2ca0a6fd877]::sys::backtrace::BacktraceLock>::print::DisplayBacktrace as core[a373ad73a504971]::fmt::Display>::fmt
[INFO] [stdout]    1:     0x5df16a20545a - core[a373ad73a504971]::fmt::write
[INFO] [stdout]    2:     0x5df16a1f133c - <alloc[2e1b2a31b91974c5]::vec::Vec<u8> as core[a373ad73a504971]::io::write::Write>::write_fmt
[INFO] [stdout]    3:     0x5df16a1c74d6 - std[617be2ca0a6fd877]::panicking::default_hook::{closure#0}
[INFO] [stdout]    4:     0x5df16a1e4339 - std[617be2ca0a6fd877]::panicking::default_hook
[INFO] [stdout]    5:     0x5df169e7d690 - test[aada8e7e76ba119b]::test_main_inner::{closure#0}
[INFO] [stdout]    6:     0x5df16a1e4662 - std[617be2ca0a6fd877]::panicking::panic_with_hook
[INFO] [stdout]    7:     0x5df16a1c7582 - std[617be2ca0a6fd877]::panicking::panic_handler::{closure#0}
[INFO] [stdout]    8:     0x5df16a1bfdf9 - std[617be2ca0a6fd877]::sys::backtrace::__rust_end_short_backtrace::<std[617be2ca0a6fd877]::panicking::panic_handler::{closure#0}, !>
[INFO] [stdout]    9:     0x5df16a1c822d - __rustc[ea4f61d10b84890b]::rust_begin_unwind
[INFO] [stdout]   10:     0x5df16a205bfc - core[a373ad73a504971]::panicking::panic_fmt
[INFO] [stdout]   11:     0x5df16a2059d2 - core[a373ad73a504971]::result::unwrap_failed
[INFO] [stdout]   12:     0x5df169e19574 - <rocket_pastebin[f7d14e681df578f4]::pastebin::routes::upload>::into_info::monomorphized_function::{closure#0}
[INFO] [stdout]   13:     0x5df16a0dd25a - <rocket[660edf03f359479]::rocket::Rocket<rocket[660edf03f359479]::phase::Orbit>>::route::{closure#0}
[INFO] [stdout]   14:     0x5df16a0d6085 - <std[617be2ca0a6fd877]::thread::local::LocalKey<core[a373ad73a504971]::cell::Cell<tokio[7d28c610afd418d]::coop::Budget>>>::with::<tokio[7d28c610afd418d]::coop::with_budget<core[a373ad73a504971]::task::poll::Poll<rocket[660edf03f359479]::local::asynchronous::response::LocalResponse>, <tokio[7d28c610afd418d]::park::thread::CachedParkThread>::block_on<<rocket[660edf03f359479]::local::asynchronous::request::LocalRequest>::dispatch::{closure#0}>::{closure#0}>::{closure#0}, core[a373ad73a504971]::task::poll::Poll<rocket[660edf03f359479]::local::asynchronous::response::LocalResponse>>
[INFO] [stdout]   15:     0x5df16a0ce498 - <rocket[660edf03f359479]::local::blocking::request::LocalRequest>::_dispatch
[INFO] [stdout]   16:     0x5df169e2d9c5 - <rocket_pastebin[f7d14e681df578f4]::pastebin::routes::test::test_upload::{closure#0} as core[a373ad73a504971]::ops::function::FnOnce<()>>::call_once
[INFO] [stdout]   17:     0x5df169e70adb - test[aada8e7e76ba119b]::__rust_begin_short_backtrace::<core[a373ad73a504971]::result::Result<(), alloc[2e1b2a31b91974c5]::string::String>, fn() -> core[a373ad73a504971]::result::Result<(), alloc[2e1b2a31b91974c5]::string::String>>
[INFO] [stdout]   18:     0x5df169e7dcb5 - test[aada8e7e76ba119b]::run_test::{closure#0}
[INFO] [stdout]   19:     0x5df169e775a4 - std[617be2ca0a6fd877]::sys::backtrace::__rust_begin_short_backtrace::<test[aada8e7e76ba119b]::run_test::{closure#1}, ()>
[INFO] [stdout]   20:     0x5df169e80d42 - <std[617be2ca0a6fd877]::thread::lifecycle::spawn_unchecked<test[aada8e7e76ba119b]::run_test::{closure#1}, ()>::{closure#1} as core[a373ad73a504971]::ops::function::FnOnce<()>>::call_once::{shim:vtable#0}
[INFO] [stdout]   21:     0x5df16a1ebd1f - <std[617be2ca0a6fd877]::sys::thread::unix::Thread>::new::thread_start
[INFO] [stdout]   22:     0x7b9107331dfa - <unknown>
[INFO] [stdout]   23:     0x7b91073c53d4 - clone
[INFO] [stdout]   24:                0x0 - <unknown>
[INFO] [stdout]    >> Handler upload panicked.
[INFO] [stdout]    >> A panic is treated as an internal server error.
[INFO] [stdout]    >> No 500 catcher registered. Using Rocket default.
[INFO] [stdout] 
[INFO] [stdout] thread 'pastebin::routes::test::test_upload' (4294) panicked at src/pastebin/routes.rs:143:9:
[INFO] [stdout] assertion `left == right` failed
[INFO] [stdout]   left: Status { code: 500 }
[INFO] [stdout]  right: Status { code: 200 }
[INFO] [stdout] stack backtrace:
[INFO] [stdout]    0:     0x5df16a1ecb71 - <<std[617be2ca0a6fd877]::sys::backtrace::BacktraceLock>::print::DisplayBacktrace as core[a373ad73a504971]::fmt::Display>::fmt
[INFO] [stdout]    1:     0x5df16a20545a - core[a373ad73a504971]::fmt::write
[INFO] [stdout]    2:     0x5df16a1f133c - <alloc[2e1b2a31b91974c5]::vec::Vec<u8> as core[a373ad73a504971]::io::write::Write>::write_fmt
[INFO] [stdout]    3:     0x5df16a1c74d6 - std[617be2ca0a6fd877]::panicking::default_hook::{closure#0}
[INFO] [stdout]    4:     0x5df16a1e4339 - std[617be2ca0a6fd877]::panicking::default_hook
[INFO] [stdout]    5:     0x5df169e7d690 - test[aada8e7e76ba119b]::test_main_inner::{closure#0}
[INFO] [stdout]    6:     0x5df16a1e4662 - std[617be2ca0a6fd877]::panicking::panic_with_hook
[INFO] [stdout]    7:     0x5df16a1c7582 - std[617be2ca0a6fd877]::panicking::panic_handler::{closure#0}
[INFO] [stdout]    8:     0x5df16a1bfdf9 - std[617be2ca0a6fd877]::sys::backtrace::__rust_end_short_backtrace::<std[617be2ca0a6fd877]::panicking::panic_handler::{closure#0}, !>
[INFO] [stdout]    9:     0x5df16a1c822d - __rustc[ea4f61d10b84890b]::rust_begin_unwind
[INFO] [stdout]   10:     0x5df16a205bfc - core[a373ad73a504971]::panicking::panic_fmt
[INFO] [stdout]   11:     0x5df16a205b13 - core[a373ad73a504971]::panicking::assert_failed_inner
[INFO] [stdout]   12:     0x5df169e5d6b8 - core[a373ad73a504971]::panicking::assert_failed::<rocket_http[df179c5305bb6fa4]::status::Status, rocket_http[df179c5305bb6fa4]::status::Status>
[INFO] [stdout]   13:     0x5df169e2dad9 - <rocket_pastebin[f7d14e681df578f4]::pastebin::routes::test::test_upload::{closure#0} as core[a373ad73a504971]::ops::function::FnOnce<()>>::call_once
[INFO] [stdout]   14:     0x5df169e70adb - test[aada8e7e76ba119b]::__rust_begin_short_backtrace::<core[a373ad73a504971]::result::Result<(), alloc[2e1b2a31b91974c5]::string::String>, fn() -> core[a373ad73a504971]::result::Result<(), alloc[2e1b2a31b91974c5]::string::String>>
[INFO] [stdout]   15:     0x5df169e7dcb5 - test[aada8e7e76ba119b]::run_test::{closure#0}
[INFO] [stdout]   16:     0x5df169e775a4 - std[617be2ca0a6fd877]::sys::backtrace::__rust_begin_short_backtrace::<test[aada8e7e76ba119b]::run_test::{closure#1}, ()>
[INFO] [stdout]   17:     0x5df169e80d42 - <std[617be2ca0a6fd877]::thread::lifecycle::spawn_unchecked<test[aada8e7e76ba119b]::run_test::{closure#1}, ()>::{closure#1} as core[a373ad73a504971]::ops::function::FnOnce<()>>::call_once::{shim:vtable#0}
[INFO] [stdout]   18:     0x5df16a1ebd1f - <std[617be2ca0a6fd877]::sys::thread::unix::Thread>::new::thread_start
[INFO] [stdout]   19:     0x7b9107331dfa - <unknown>
[INFO] [stdout]   20:     0x7b91073c53d4 - clone
[INFO] [stdout]   21:                0x0 - <unknown>
[INFO] [stdout] 
[INFO] [stdout] 
[INFO] [stdout] failures:
[INFO] [stdout]     pastebin::routes::test::test_delete_by_id
[INFO] [stdout]     pastebin::routes::test::test_get_by_id
[INFO] [stdout]     pastebin::routes::test::test_update_by_id
[INFO] [stdout]     pastebin::routes::test::test_upload
[INFO] [stdout] 
[INFO] [stdout] test result: FAILED. 3 passed; 4 failed; 0 ignored; 0 measured; 0 filtered out; finished in 0.07s
[INFO] [stdout] 
[INFO] [stderr] error: test failed, to rerun pass `--bin rocket-pastebin`
[INFO] running `Command { std: "docker" "inspect" "b7b70102943db94d7ab2716b48301d918e637fa569d7a932a3df41448a505fea", kill_on_drop: false }`
[INFO] running `Command { std: "docker" "rm" "-f" "b7b70102943db94d7ab2716b48301d918e637fa569d7a932a3df41448a505fea", kill_on_drop: false }`
[INFO] [stdout] b7b70102943db94d7ab2716b48301d918e637fa569d7a932a3df41448a505fea
