[INFO] cloning repository https://github.com/powerAn2020/RcloneMagiskManage
[INFO] running `Command { std: "git" "-c" "credential.helper=" "-c" "credential.helper=/workspace/cargo-home/bin/git-credential-null" "clone" "--bare" "https://github.com/powerAn2020/RcloneMagiskManage" "/workspace/cache/git-repos/https%3A%2F%2Fgithub.com%2FpowerAn2020%2FRcloneMagiskManage", kill_on_drop: false }`
[INFO] [stderr] Cloning into bare repository '/workspace/cache/git-repos/https%3A%2F%2Fgithub.com%2FpowerAn2020%2FRcloneMagiskManage'...
[INFO] running `Command { std: "git" "rev-parse" "HEAD", kill_on_drop: false }`
[INFO] [stdout] 25c070f14935403a22e43685ccaf81cd92aee649
[INFO] testing powerAn2020/RcloneMagiskManage against 1.99.0-beta.8+cargoflags=--release for beta-release-1.100-2
[INFO] running `Command { std: "git" "clone" "/workspace/cache/git-repos/https%3A%2F%2Fgithub.com%2FpowerAn2020%2FRcloneMagiskManage" "/workspace/builds/worker-1-tc1/source", kill_on_drop: false }`
[INFO] [stderr] Cloning into '/workspace/builds/worker-1-tc1/source'...
[INFO] [stderr] done.
[INFO] removed /workspace/builds/worker-1-tc1/source/.cargo/config.toml
[INFO] started tweaking git repo https://github.com/powerAn2020/RcloneMagiskManage
[INFO] finished tweaking git repo https://github.com/powerAn2020/RcloneMagiskManage
[INFO] tweaked toml for git repo https://github.com/powerAn2020/RcloneMagiskManage written to /workspace/builds/worker-1-tc1/source/Cargo.toml
[INFO] validating manifest of git repo https://github.com/powerAn2020/RcloneMagiskManage on toolchain 1.99.0-beta.8
[INFO] running `Command { std: CARGO_HOME="/workspace/cargo-home" RUSTUP_HOME="/workspace/rustup-home" "/workspace/cargo-home/bin/cargo" "+1.99.0-beta.8" "metadata" "--manifest-path" "Cargo.toml" "--no-deps", kill_on_drop: false }`
[INFO] crate git repo https://github.com/powerAn2020/RcloneMagiskManage already has a lockfile, it will not be regenerated
[INFO] running `Command { std: CARGO_HOME="/workspace/cargo-home" RUSTUP_HOME="/workspace/rustup-home" "/workspace/cargo-home/bin/cargo" "+1.99.0-beta.8" "fetch" "--manifest-path" "Cargo.toml", kill_on_drop: false }`
[INFO] running `Command { std: "docker" "create" "-v" "/var/lib/crater-agent-workspace/builds/worker-1-tc1/source:/opt/rustwide/workdir:ro,Z" "-v" "/var/lib/crater-agent-workspace/builds/worker-1-tc1/target:/opt/rustwide/target:rw,Z" "-v" "/var/lib/crater-agent-workspace/cargo-home:/opt/rustwide/cargo-home:ro,Z" "-v" "/var/lib/crater-agent-workspace/rustup-home:/opt/rustwide/rustup-home:ro,Z" "-m" "1610612736" "--network" "none" "ghcr.io/rust-lang/crates-build-env/linux@sha256:77db811e55d90add9212f6832c23229e3de5f1c1f9905e8cb07319ea15df73ac" "sleep" "infinity", kill_on_drop: false }`
[INFO] [stdout] 38d58bba8ce991a70c787afb434d09eb43445f6d5f77f3bedcda7776b538f824
[INFO] running `Command { std: "docker" "start" "38d58bba8ce991a70c787afb434d09eb43445f6d5f77f3bedcda7776b538f824", kill_on_drop: false }`
[INFO] running `Command { std: "docker" "inspect" "38d58bba8ce991a70c787afb434d09eb43445f6d5f77f3bedcda7776b538f824", kill_on_drop: false }`
[INFO] running `Command { std: "docker" "exec" "-e" "SOURCE_DIR=/opt/rustwide/workdir" "-e" "CARGO_HOME=/opt/rustwide/cargo-home" "-e" "RUSTUP_HOME=/opt/rustwide/rustup-home" "-e" "CARGO_TARGET_DIR=/opt/rustwide/target" "-w" "/opt/rustwide/workdir" "--user" "0:0" "38d58bba8ce991a70c787afb434d09eb43445f6d5f77f3bedcda7776b538f824" "/opt/rustwide/cargo-home/bin/cargo" "+1.99.0-beta.8" "metadata" "--no-deps" "--format-version=1", kill_on_drop: false }`
[INFO] running `Command { std: "docker" "inspect" "38d58bba8ce991a70c787afb434d09eb43445f6d5f77f3bedcda7776b538f824", kill_on_drop: false }`
[INFO] running `Command { std: "docker" "exec" "-e" "SOURCE_DIR=/opt/rustwide/workdir" "-e" "CARGO_HOME=/opt/rustwide/cargo-home" "-e" "RUSTUP_HOME=/opt/rustwide/rustup-home" "-e" "CARGO_TARGET_DIR=/opt/rustwide/target" "-e" "CARGO_INCREMENTAL=0" "-e" "RUST_BACKTRACE=full" "-e" "RUSTFLAGS=--cap-lints=warn" "-e" "RUSTDOCFLAGS=--cap-lints=warn" "-w" "/opt/rustwide/workdir" "--user" "0:0" "38d58bba8ce991a70c787afb434d09eb43445f6d5f77f3bedcda7776b538f824" "/opt/rustwide/cargo-home/bin/cargo" "+1.99.0-beta.8" "build" "--frozen" "--message-format=json" "--release", kill_on_drop: false }`
[INFO] [stderr]    Compiling rand_core v0.6.4
[INFO] [stderr]    Compiling find-msvc-tools v0.1.11
[INFO] [stderr]    Compiling serde_core v1.0.229
[INFO] [stderr]    Compiling subtle v2.6.1
[INFO] [stderr]    Compiling errno v0.3.14
[INFO] [stderr]    Compiling inout v0.1.4
[INFO] [stderr]    Compiling syn v3.0.4
[INFO] [stderr]    Compiling getrandom v0.3.4
[INFO] [stderr]    Compiling tracing v0.1.44
[INFO] [stderr]    Compiling futures-channel v0.3.34
[INFO] [stderr]    Compiling rustls v0.23.43
[INFO] [stderr]    Compiling serde_json v1.0.151
[INFO] [stderr]    Compiling slab v0.4.12
[INFO] [stderr]    Compiling futures-task v0.3.34
[INFO] [stderr]    Compiling ppv-lite86 v0.2.21
[INFO] [stderr]    Compiling signal-hook-registry v1.4.8
[INFO] [stderr]    Compiling cc v1.4.4
[INFO] [stderr]    Compiling rand_core v0.9.5
[INFO] [stderr]    Compiling crypto-common v0.1.7
[INFO] [stderr]    Compiling futures-util v0.3.34
[INFO] [stderr]    Compiling cipher v0.4.4
[INFO] [stderr]    Compiling aead v0.5.2
[INFO] [stderr]    Compiling digest v0.10.7
[INFO] [stderr]    Compiling universal-hash v0.5.1
[INFO] [stderr]    Compiling axum-core v0.5.6
[INFO] [stderr]    Compiling poly1305 v0.8.0
[INFO] [stderr]    Compiling rand_chacha v0.9.0
[INFO] [stderr]    Compiling chacha20 v0.9.1
[INFO] [stderr]    Compiling aes v0.8.4
[INFO] [stderr]    Compiling ctr v0.9.2
[INFO] [stderr]    Compiling hmac v0.12.1
[INFO] [stderr]    Compiling sha2 v0.10.9
[INFO] [stderr]    Compiling chacha20poly1305 v0.10.1
[INFO] [stderr]    Compiling rand v0.9.5
[INFO] [stderr]    Compiling ring v0.17.14
[INFO] [stderr]    Compiling libsqlite3-sys v0.35.0
[INFO] [stderr]    Compiling tokio-macros v2.7.2
[INFO] [stderr]    Compiling serde_derive v1.0.229
[INFO] [stderr]    Compiling thiserror-impl v2.0.20
[INFO] [stderr]    Compiling serde_path_to_error v0.1.20
[INFO] [stderr]    Compiling uuid v1.26.0
[INFO] [stderr]    Compiling tokio v1.53.1
[INFO] [stderr]    Compiling thiserror v2.0.20
[INFO] [stderr]    Compiling serde v1.0.229
[INFO] [stderr]    Compiling serde_urlencoded v0.7.1
[INFO] [stderr]    Compiling hyper v1.11.1
[INFO] [stderr]    Compiling tower v0.5.3
[INFO] [stderr]    Compiling hyper-util v0.1.20
[INFO] [stderr]    Compiling axum v0.8.9
[INFO] [stderr]    Compiling rustls-webpki v0.103.15
[INFO] [stderr]    Compiling tokio-rustls v0.26.4
[INFO] [stderr]    Compiling rusqlite v0.37.0
[INFO] [stderr]    Compiling rclone-gateway v1.2.0 (/opt/rustwide/workdir/gateway)
[INFO] [stderr]     Finished `release` profile [optimized] target(s) in 2m 36s
[INFO] running `Command { std: "docker" "inspect" "38d58bba8ce991a70c787afb434d09eb43445f6d5f77f3bedcda7776b538f824", kill_on_drop: false }`
[INFO] running `Command { std: "docker" "exec" "-e" "SOURCE_DIR=/opt/rustwide/workdir" "-e" "CARGO_HOME=/opt/rustwide/cargo-home" "-e" "RUSTUP_HOME=/opt/rustwide/rustup-home" "-e" "CARGO_TARGET_DIR=/opt/rustwide/target" "-e" "CARGO_INCREMENTAL=0" "-e" "RUST_BACKTRACE=full" "-e" "RUSTFLAGS=--cap-lints=warn" "-e" "RUSTDOCFLAGS=--cap-lints=warn" "-w" "/opt/rustwide/workdir" "--user" "0:0" "38d58bba8ce991a70c787afb434d09eb43445f6d5f77f3bedcda7776b538f824" "/opt/rustwide/cargo-home/bin/cargo" "+1.99.0-beta.8" "test" "--frozen" "--no-run" "--message-format=json" "--release", kill_on_drop: false }`
[INFO] [stderr]    Compiling rclone-gateway v1.2.0 (/opt/rustwide/workdir/gateway)
[INFO] [stderr]     Finished `release` profile [optimized] target(s) in 25.61s
[INFO] running `Command { std: "docker" "inspect" "38d58bba8ce991a70c787afb434d09eb43445f6d5f77f3bedcda7776b538f824", kill_on_drop: false }`
[INFO] running `Command { std: "docker" "exec" "-e" "SOURCE_DIR=/opt/rustwide/workdir" "-e" "CARGO_HOME=/opt/rustwide/cargo-home" "-e" "RUSTUP_HOME=/opt/rustwide/rustup-home" "-e" "CARGO_TARGET_DIR=/opt/rustwide/target" "-e" "CARGO_INCREMENTAL=0" "-e" "RUST_BACKTRACE=full" "-e" "RUSTFLAGS=--cap-lints=warn" "-e" "RUSTDOCFLAGS=--cap-lints=warn" "-w" "/opt/rustwide/workdir" "--user" "0:0" "38d58bba8ce991a70c787afb434d09eb43445f6d5f77f3bedcda7776b538f824" "/opt/rustwide/cargo-home/bin/cargo" "+1.99.0-beta.8" "test" "--frozen" "--release", kill_on_drop: false }`
[INFO] [stderr]     Finished `release` profile [optimized] target(s) in 0.12s
[INFO] [stderr]      Running unittests src/main.rs (/opt/rustwide/target/release/deps/rclone_gateway-465b1770a6b50a9c)
[INFO] [stdout] 
[INFO] [stdout] running 43 tests
[INFO] [stdout] test tests::delete_job_acl_uses_delete_permission_for_source ... ok
[INFO] [stdout] test tests::encrypted_secret_blob_is_not_plaintext ... ok
[INFO] [stdout] test tests::crypt_profile_name_cannot_shadow_parent_remote ... ok
[INFO] [stdout] test tests::derived_bind_target_is_strictly_scoped ... ok
[INFO] [stdout] test tests::lan_paths_require_tls_and_parse_socket_address ... ok
[INFO] [stdout] test tests::local_path_guard_blocks_protected_trees ... ok
[INFO] [stdout] test tests::cache_path_check_is_component_aware ... ok
[INFO] [stdout] test tests::local_path_guard_resolves_symlinked_protected_tree ... ok
[INFO] [stdout] test tests::job_log_redaction_removes_credential_lines ... ok
[INFO] [stdout] test tests::config_section_names_reject_ini_injection ... ok
[INFO] [stdout] test tests::mount_guard_allows_only_documented_roots ... ok
[INFO] [stdout] test tests::path_guard_rejects_traversal_and_prefix_escape ... ok
[INFO] [stdout] test tests::rclone_obscure_has_random_iv_and_expected_shape ... ok
[INFO] [stdout] test tests::log_rotation_moves_oversized_logs_to_restricted_suffix ... ok
[INFO] [stdout] test tests::hmac_rejects_unbounded_or_invalid_nonce_headers ... ok
[INFO] [stdout] test tests::adhoc_remote_config_materialization_and_validation ... ok
[INFO] [stdout] test tests::audit_persists_uid_path_hash_and_latency_shape_without_plaintext_path_hash ... ok
[INFO] [stdout] test tests::request_allowlist_includes_file_transfer_directions ... ok
[INFO] [stdout] test tests::request_cli_path_allowlist_blocks_raw_rc_and_shell ... ok
[INFO] [stdout] test tests::schedule_parser_accepts_interval_forms_only ... ok
[INFO] [stdout] test tests::secret_validation_rejects_structured_or_multiline_values ... ok
[INFO] [stdout] test tests::hmac_signature_binds_method_path_body_and_nonce ... ok
[INFO] [stdout] test tests::destructive_confirmation_is_single_use ... ok
[INFO] [stdout] test tests::stats_parser_reads_rclone_json_progress ... ok
[INFO] [stdout] test tests::crypt_config_materialization_keeps_password_out_of_api_shape ... ok
[INFO] [stdout] test tests::token_hash_is_not_plaintext ... ok
[INFO] [stdout] test tests::backup_restore_validates_name_and_restores_integrity_checked_db ... ok
[INFO] [stdout] test tests::typed_option_bounds_and_remote_acl_tokens_are_not_shell_parsed ... ok
[INFO] [stdout] test tests::job_slot_claim_is_bounded_atomically ... ok
[INFO] [stdout] test tests::late_worker_exit_cannot_overwrite_cancellation ... ok
[INFO] [stdout] test tests::migration_errors_do_not_persist_malformed_values ... ok
[INFO] [stdout] test tests::remote_delete_empty_body_returns_confirmation ... ok
[INFO] [stdout] test tests::remote_delete_rejected_if_mount_referenced ... ok
[INFO] [stderr] umount: /data/media/0/updated: must be superuser to unmount.
[INFO] [stdout] test tests::job_lifecycle_create_update_get_delete ... ok
[INFO] [stdout] test tests::lan_pairing_routes_and_least_privilege ... ok
[INFO] [stdout] test tests::mount_lifecycle_get_update_delete ... ok
[INFO] [stdout] test tests::size_parser_and_settings_defaults_are_bounded ... ok
[INFO] [stdout] test tests::remote_import_parses_ini_and_encrypts_secrets ... ok
[INFO] [stdout] test tests::system_backups_restore_delete_and_migration_api ... ok
[INFO] [stdout] test tests::system_logs_clear_clears_files_and_audit ... ok
[INFO] [stdout] test tests::typed_job_executes_allowlisted_mock_rclone ... FAILED
[INFO] [stdout] test tests::remote_get_and_update_retains_password_and_echoes_options ... ok
[INFO] [stdout] test tests::pairing_lifecycle_start_cancel_and_complete ... ok
[INFO] [stdout] 
[INFO] [stdout] failures:
[INFO] [stdout] 
[INFO] [stdout] ---- tests::typed_job_executes_allowlisted_mock_rclone stdout ----
[INFO] [stdout] 
[INFO] [stdout] thread 'tests::typed_job_executes_allowlisted_mock_rclone' (1257) panicked at gateway/src/tests.rs:606:9:
[INFO] [stdout] assertion failed: args.lines().any(|v| v == "copy")
[INFO] [stdout] stack backtrace:
[INFO] [stdout]    0:     0x5b6ed70a17f1 - <<std[70759c8f55707aa4]::sys::backtrace::BacktraceLock>::print::DisplayBacktrace as core[df12db4294e9bfd3]::fmt::Display>::fmt
[INFO] [stdout]    1:     0x5b6ed70b854a - core[df12db4294e9bfd3]::fmt::write
[INFO] [stdout]    2:     0x5b6ed70a611c - <alloc[2182bb758b4b3781]::vec::Vec<u8> as core[df12db4294e9bfd3]::io::write::Write>::write_fmt
[INFO] [stdout]    3:     0x5b6ed70791b6 - std[70759c8f55707aa4]::panicking::default_hook::{closure#0}
[INFO] [stdout]    4:     0x5b6ed70975c9 - std[70759c8f55707aa4]::panicking::default_hook
[INFO] [stdout]    5:     0x5b6ed6e4bc30 - test[9d35eded1c95d3be]::test_main_inner::<test[9d35eded1c95d3be]::test_main_static::{closure#0}>::{closure#0}
[INFO] [stdout]    6:     0x5b6ed70978f2 - std[70759c8f55707aa4]::panicking::panic_with_hook
[INFO] [stdout]    7:     0x5b6ed7079294 - std[70759c8f55707aa4]::panicking::panic_handler::{closure#0}
[INFO] [stdout]    8:     0x5b6ed7071a49 - std[70759c8f55707aa4]::sys::backtrace::__rust_end_short_backtrace::<std[70759c8f55707aa4]::panicking::panic_handler::{closure#0}, !>
[INFO] [stdout]    9:     0x5b6ed707a31d - __rustc[8fa7c3cbc660c2b3]::rust_begin_unwind
[INFO] [stdout]   10:     0x5b6ed70b8cac - core[df12db4294e9bfd3]::panicking::panic_fmt
[INFO] [stdout]   11:     0x5b6ed70b8c72 - core[df12db4294e9bfd3]::panicking::panic
[INFO] [stdout]   12:     0x5b6ed6d93842 - rclone_gateway[6e10344c6e9042da]::tests::typed_job_executes_allowlisted_mock_rclone::{closure#0}
[INFO] [stdout]   13:     0x5b6ed6e29c13 - <tokio[53a3963acd01ffb5]::runtime::scheduler::current_thread::Context>::enter::<core[df12db4294e9bfd3]::task::poll::Poll<()>, <tokio[53a3963acd01ffb5]::runtime::scheduler::current_thread::CoreGuard>::block_on<core[df12db4294e9bfd3]::pin::Pin<&mut core[df12db4294e9bfd3]::pin::Pin<&mut dyn core[df12db4294e9bfd3]::future::future::Future<Output = ()>>>>::{closure#0}::{closure#0}>
[INFO] [stdout]   14:     0x5b6ed6e13b29 - <std[70759c8f55707aa4]::thread::local::LocalKey<tokio[53a3963acd01ffb5]::runtime::context::Context>>::with::<tokio[53a3963acd01ffb5]::runtime::context::set_scheduler<(alloc[2182bb758b4b3781]::boxed::Box<tokio[53a3963acd01ffb5]::runtime::scheduler::current_thread::Core>, core[df12db4294e9bfd3]::option::Option<()>), <tokio[53a3963acd01ffb5]::runtime::scheduler::current_thread::CoreGuard>::enter<<tokio[53a3963acd01ffb5]::runtime::scheduler::current_thread::CoreGuard>::block_on<core[df12db4294e9bfd3]::pin::Pin<&mut core[df12db4294e9bfd3]::pin::Pin<&mut dyn core[df12db4294e9bfd3]::future::future::Future<Output = ()>>>>::{closure#0}, core[df12db4294e9bfd3]::option::Option<()>>::{closure#0}>::{closure#0}, (alloc[2182bb758b4b3781]::boxed::Box<tokio[53a3963acd01ffb5]::runtime::scheduler::current_thread::Core>, core[df12db4294e9bfd3]::option::Option<()>)>
[INFO] [stdout]   15:     0x5b6ed6e298d2 - <tokio[53a3963acd01ffb5]::runtime::scheduler::current_thread::CurrentThread>::block_on::<core[df12db4294e9bfd3]::pin::Pin<&mut dyn core[df12db4294e9bfd3]::future::future::Future<Output = ()>>>
[INFO] [stdout]   16:     0x5b6ed6e3c242 - <tokio[53a3963acd01ffb5]::runtime::runtime::Runtime>::block_on::<core[df12db4294e9bfd3]::pin::Pin<&mut dyn core[df12db4294e9bfd3]::future::future::Future<Output = ()>>>
[INFO] [stdout]   17:     0x5b6ed6dc9d4b - rclone_gateway[6e10344c6e9042da]::tests::typed_job_executes_allowlisted_mock_rclone
[INFO] [stdout]   18:     0x5b6ed6e136a9 - <rclone_gateway[6e10344c6e9042da]::tests::typed_job_executes_allowlisted_mock_rclone::{closure#0} as core[df12db4294e9bfd3]::ops::function::FnOnce<()>>::call_once
[INFO] [stdout]   19:     0x5b6ed6e3ef1b - test[9d35eded1c95d3be]::__rust_begin_short_backtrace::<core[df12db4294e9bfd3]::result::Result<(), alloc[2182bb758b4b3781]::string::String>, fn() -> core[df12db4294e9bfd3]::result::Result<(), alloc[2182bb758b4b3781]::string::String>>
[INFO] [stdout]   20:     0x5b6ed6e4c585 - test[9d35eded1c95d3be]::run_test::{closure#0}
[INFO] [stdout]   21:     0x5b6ed6e45e44 - std[70759c8f55707aa4]::sys::backtrace::__rust_begin_short_backtrace::<test[9d35eded1c95d3be]::run_test::{closure#1}, ()>
[INFO] [stdout]   22:     0x5b6ed6e4f6e2 - <std[70759c8f55707aa4]::thread::lifecycle::spawn_unchecked<test[9d35eded1c95d3be]::run_test::{closure#1}, ()>::{closure#1} as core[df12db4294e9bfd3]::ops::function::FnOnce<()>>::call_once::{shim:vtable#0}
[INFO] [stdout]   23:     0x5b6ed70a0779 - <std[70759c8f55707aa4]::sys::thread::unix::Thread>::new::thread_start
[INFO] [stdout]   24:     0x726990aeddfa - <unknown>
[INFO] [stdout]   25:     0x726990b813d4 - clone
[INFO] [stdout]   26:                0x0 - <unknown>
[INFO] [stdout] 
[INFO] [stdout] 
[INFO] [stdout] failures:
[INFO] [stdout]     tests::typed_job_executes_allowlisted_mock_rclone
[INFO] [stdout] 
[INFO] [stdout] test result: FAILED. 42 passed; 1 failed; 0 ignored; 0 measured; 0 filtered out; finished in 1.82s
[INFO] [stdout] 
[INFO] [stderr] error: test failed, to rerun pass `--bin rclone-gateway`
[INFO] running `Command { std: "docker" "inspect" "38d58bba8ce991a70c787afb434d09eb43445f6d5f77f3bedcda7776b538f824", kill_on_drop: false }`
[INFO] running `Command { std: "docker" "rm" "-f" "38d58bba8ce991a70c787afb434d09eb43445f6d5f77f3bedcda7776b538f824", kill_on_drop: false }`
[INFO] [stdout] 38d58bba8ce991a70c787afb434d09eb43445f6d5f77f3bedcda7776b538f824
