[INFO] cloning repository https://github.com/portwatcher/rust-blind-watermark
[INFO] running `Command { std: "git" "-c" "credential.helper=" "-c" "credential.helper=/workspace/cargo-home/bin/git-credential-null" "clone" "--bare" "https://github.com/portwatcher/rust-blind-watermark" "/workspace/cache/git-repos/https%3A%2F%2Fgithub.com%2Fportwatcher%2Frust-blind-watermark", kill_on_drop: false }`
[INFO] [stderr] Cloning into bare repository '/workspace/cache/git-repos/https%3A%2F%2Fgithub.com%2Fportwatcher%2Frust-blind-watermark'...
[INFO] running `Command { std: "git" "rev-parse" "HEAD", kill_on_drop: false }`
[INFO] [stdout] 8e4af93d2de68e7b9b32b84773487242466e5fee
[INFO] testing portwatcher/rust-blind-watermark against 1.99.0-beta.8+cargoflags=--release for beta-release-1.100-2
[INFO] running `Command { std: "git" "clone" "/workspace/cache/git-repos/https%3A%2F%2Fgithub.com%2Fportwatcher%2Frust-blind-watermark" "/workspace/builds/worker-4-tc1/source", kill_on_drop: false }`
[INFO] [stderr] Cloning into '/workspace/builds/worker-4-tc1/source'...
[INFO] [stderr] done.
[INFO] started tweaking git repo https://github.com/portwatcher/rust-blind-watermark
[INFO] finished tweaking git repo https://github.com/portwatcher/rust-blind-watermark
[INFO] tweaked toml for git repo https://github.com/portwatcher/rust-blind-watermark written to /workspace/builds/worker-4-tc1/source/Cargo.toml
[INFO] validating manifest of git repo https://github.com/portwatcher/rust-blind-watermark on toolchain 1.99.0-beta.8
[INFO] running `Command { std: CARGO_HOME="/workspace/cargo-home" RUSTUP_HOME="/workspace/rustup-home" "/workspace/cargo-home/bin/cargo" "+1.99.0-beta.8" "metadata" "--manifest-path" "Cargo.toml" "--no-deps", kill_on_drop: false }`
[INFO] crate git repo https://github.com/portwatcher/rust-blind-watermark already has a lockfile, it will not be regenerated
[INFO] running `Command { std: CARGO_HOME="/workspace/cargo-home" RUSTUP_HOME="/workspace/rustup-home" "/workspace/cargo-home/bin/cargo" "+1.99.0-beta.8" "fetch" "--manifest-path" "Cargo.toml", kill_on_drop: false }`
[INFO] running `Command { std: "docker" "create" "-v" "/var/lib/crater-agent-workspace/builds/worker-4-tc1/source:/opt/rustwide/workdir:ro,Z" "-v" "/var/lib/crater-agent-workspace/builds/worker-4-tc1/target:/opt/rustwide/target:rw,Z" "-v" "/var/lib/crater-agent-workspace/cargo-home:/opt/rustwide/cargo-home:ro,Z" "-v" "/var/lib/crater-agent-workspace/rustup-home:/opt/rustwide/rustup-home:ro,Z" "-m" "1610612736" "--network" "none" "ghcr.io/rust-lang/crates-build-env/linux@sha256:77db811e55d90add9212f6832c23229e3de5f1c1f9905e8cb07319ea15df73ac" "sleep" "infinity", kill_on_drop: false }`
[INFO] [stdout] 43649903ef58b5b378871f08a1654f184c8d6d57f2fa16349d4a61bf6c91e617
[INFO] running `Command { std: "docker" "start" "43649903ef58b5b378871f08a1654f184c8d6d57f2fa16349d4a61bf6c91e617", kill_on_drop: false }`
[INFO] running `Command { std: "docker" "inspect" "43649903ef58b5b378871f08a1654f184c8d6d57f2fa16349d4a61bf6c91e617", kill_on_drop: false }`
[INFO] running `Command { std: "docker" "exec" "-e" "SOURCE_DIR=/opt/rustwide/workdir" "-e" "CARGO_HOME=/opt/rustwide/cargo-home" "-e" "RUSTUP_HOME=/opt/rustwide/rustup-home" "-e" "CARGO_TARGET_DIR=/opt/rustwide/target" "-w" "/opt/rustwide/workdir" "--user" "0:0" "43649903ef58b5b378871f08a1654f184c8d6d57f2fa16349d4a61bf6c91e617" "/opt/rustwide/cargo-home/bin/cargo" "+1.99.0-beta.8" "metadata" "--no-deps" "--format-version=1", kill_on_drop: false }`
[INFO] running `Command { std: "docker" "inspect" "43649903ef58b5b378871f08a1654f184c8d6d57f2fa16349d4a61bf6c91e617", kill_on_drop: false }`
[INFO] running `Command { std: "docker" "exec" "-e" "SOURCE_DIR=/opt/rustwide/workdir" "-e" "CARGO_HOME=/opt/rustwide/cargo-home" "-e" "RUSTUP_HOME=/opt/rustwide/rustup-home" "-e" "CARGO_TARGET_DIR=/opt/rustwide/target" "-e" "CARGO_INCREMENTAL=0" "-e" "RUST_BACKTRACE=full" "-e" "RUSTFLAGS=--cap-lints=warn" "-e" "RUSTDOCFLAGS=--cap-lints=warn" "-w" "/opt/rustwide/workdir" "--user" "0:0" "43649903ef58b5b378871f08a1654f184c8d6d57f2fa16349d4a61bf6c91e617" "/opt/rustwide/cargo-home/bin/cargo" "+1.99.0-beta.8" "build" "--frozen" "--message-format=json" "--release", kill_on_drop: false }`
[INFO] [stderr]    Compiling pxfm v0.1.29
[INFO] [stderr]    Compiling zune-core v0.5.1
[INFO] [stderr]    Compiling bytemuck v1.25.0
[INFO] [stderr]    Compiling arrayvec v0.7.6
[INFO] [stderr]    Compiling blake3 v1.8.5
[INFO] [stderr]    Compiling syn v2.0.118
[INFO] [stderr]    Compiling zune-jpeg v0.5.15
[INFO] [stderr]    Compiling thiserror-impl v1.0.69
[INFO] [stderr]    Compiling thiserror v1.0.69
[INFO] [stderr]    Compiling moxcms v0.8.1
[INFO] [stderr]    Compiling image v0.25.10
[INFO] [stderr]    Compiling bwm v0.1.0 (/opt/rustwide/workdir)
[INFO] [stderr]     Finished `release` profile [optimized] target(s) in 47.04s
[INFO] running `Command { std: "docker" "inspect" "43649903ef58b5b378871f08a1654f184c8d6d57f2fa16349d4a61bf6c91e617", kill_on_drop: false }`
[INFO] running `Command { std: "docker" "exec" "-e" "SOURCE_DIR=/opt/rustwide/workdir" "-e" "CARGO_HOME=/opt/rustwide/cargo-home" "-e" "RUSTUP_HOME=/opt/rustwide/rustup-home" "-e" "CARGO_TARGET_DIR=/opt/rustwide/target" "-e" "CARGO_INCREMENTAL=0" "-e" "RUST_BACKTRACE=full" "-e" "RUSTFLAGS=--cap-lints=warn" "-e" "RUSTDOCFLAGS=--cap-lints=warn" "-w" "/opt/rustwide/workdir" "--user" "0:0" "43649903ef58b5b378871f08a1654f184c8d6d57f2fa16349d4a61bf6c91e617" "/opt/rustwide/cargo-home/bin/cargo" "+1.99.0-beta.8" "test" "--frozen" "--no-run" "--message-format=json" "--release", kill_on_drop: false }`
[INFO] [stderr]    Compiling bwm v0.1.0 (/opt/rustwide/workdir)
[INFO] [stderr]     Finished `release` profile [optimized] target(s) in 2.82s
[INFO] running `Command { std: "docker" "inspect" "43649903ef58b5b378871f08a1654f184c8d6d57f2fa16349d4a61bf6c91e617", kill_on_drop: false }`
[INFO] running `Command { std: "docker" "exec" "-e" "SOURCE_DIR=/opt/rustwide/workdir" "-e" "CARGO_HOME=/opt/rustwide/cargo-home" "-e" "RUSTUP_HOME=/opt/rustwide/rustup-home" "-e" "CARGO_TARGET_DIR=/opt/rustwide/target" "-e" "CARGO_INCREMENTAL=0" "-e" "RUST_BACKTRACE=full" "-e" "RUSTFLAGS=--cap-lints=warn" "-e" "RUSTDOCFLAGS=--cap-lints=warn" "-w" "/opt/rustwide/workdir" "--user" "0:0" "43649903ef58b5b378871f08a1654f184c8d6d57f2fa16349d4a61bf6c91e617" "/opt/rustwide/cargo-home/bin/cargo" "+1.99.0-beta.8" "test" "--frozen" "--release", kill_on_drop: false }`
[INFO] [stderr]     Finished `release` profile [optimized] target(s) in 0.05s
[INFO] [stderr]      Running unittests src/lib.rs (/opt/rustwide/target/release/deps/bwm-e38dc7137625afc3)
[INFO] [stdout] 
[INFO] [stdout] running 2 tests
[INFO] [stdout] test dct::tests::dct_round_trips_block ... ok
[INFO] [stdout] test haar::tests::haar_round_trips_tile ... ok
[INFO] [stdout] 
[INFO] [stdout] test result: ok. 2 passed; 0 failed; 0 ignored; 0 measured; 0 filtered out; finished in 0.01s
[INFO] [stdout] 
[INFO] [stderr]      Running unittests src/bin/bwm.rs (/opt/rustwide/target/release/deps/bwm-8ef22da51e9ddb24)
[INFO] [stdout] 
[INFO] [stdout] running 0 tests
[INFO] [stdout] 
[INFO] [stdout] test result: ok. 0 passed; 0 failed; 0 ignored; 0 measured; 0 filtered out; finished in 0.00s
[INFO] [stdout] 
[INFO] [stderr]      Running tests/jpeg_cli.rs (/opt/rustwide/target/release/deps/jpeg_cli-516287922fe9460f)
[INFO] [stdout] 
[INFO] [stdout] running 1 test
[INFO] [stdout] test binary_embeds_edits_and_extracts_fixture_jpeg ... FAILED
[INFO] [stdout] 
[INFO] [stdout] failures:
[INFO] [stdout] 
[INFO] [stdout] ---- binary_embeds_edits_and_extracts_fixture_jpeg stdout ----
[INFO] [stdout] 
[INFO] [stdout] thread 'binary_embeds_edits_and_extracts_fixture_jpeg' (619) panicked at tests/jpeg_cli.rs:27:36:
[INFO] [stdout] create artifact dir: Os { code: 30, kind: ReadOnlyFilesystem, message: "Read-only file system" }
[INFO] [stdout] stack backtrace:
[INFO] [stdout]    0:     0x597c120edc81 - <<std[70759c8f55707aa4]::sys::backtrace::BacktraceLock>::print::DisplayBacktrace as core[df12db4294e9bfd3]::fmt::Display>::fmt
[INFO] [stdout]    1:     0x597c12102b2a - core[df12db4294e9bfd3]::fmt::write
[INFO] [stdout]    2:     0x597c120f220c - <alloc[2182bb758b4b3781]::vec::Vec<u8> as core[df12db4294e9bfd3]::io::write::Write>::write_fmt
[INFO] [stdout]    3:     0x597c120c93d6 - std[70759c8f55707aa4]::panicking::default_hook::{closure#0}
[INFO] [stdout]    4:     0x597c120e63e9 - std[70759c8f55707aa4]::panicking::default_hook
[INFO] [stdout]    5:     0x597c12053dd0 - test[9d35eded1c95d3be]::test_main_inner::<test[9d35eded1c95d3be]::test_main_static::{closure#0}>::{closure#0}
[INFO] [stdout]    6:     0x597c120e65a2 - std[70759c8f55707aa4]::panicking::panic_with_hook
[INFO] [stdout]    7:     0x597c120c9482 - std[70759c8f55707aa4]::panicking::panic_handler::{closure#0}
[INFO] [stdout]    8:     0x597c120c20e9 - std[70759c8f55707aa4]::sys::backtrace::__rust_end_short_backtrace::<std[70759c8f55707aa4]::panicking::panic_handler::{closure#0}, !>
[INFO] [stdout]    9:     0x597c120ca07d - __rustc[8fa7c3cbc660c2b3]::rust_begin_unwind
[INFO] [stdout]   10:     0x597c1210325c - core[df12db4294e9bfd3]::panicking::panic_fmt
[INFO] [stdout]   11:     0x597c12103032 - core[df12db4294e9bfd3]::result::unwrap_failed
[INFO] [stdout]   12:     0x597c12040ff8 - <jpeg_cli[fdfd8ad686aa8716]::binary_embeds_edits_and_extracts_fixture_jpeg::{closure#0} as core[df12db4294e9bfd3]::ops::function::FnOnce<()>>::call_once
[INFO] [stdout]   13:     0x597c120470bb - test[9d35eded1c95d3be]::__rust_begin_short_backtrace::<core[df12db4294e9bfd3]::result::Result<(), alloc[2182bb758b4b3781]::string::String>, fn() -> core[df12db4294e9bfd3]::result::Result<(), alloc[2182bb758b4b3781]::string::String>>
[INFO] [stdout]   14:     0x597c12054725 - test[9d35eded1c95d3be]::run_test::{closure#0}
[INFO] [stdout]   15:     0x597c1204dfe4 - std[70759c8f55707aa4]::sys::backtrace::__rust_begin_short_backtrace::<test[9d35eded1c95d3be]::run_test::{closure#1}, ()>
[INFO] [stdout]   16:     0x597c12057882 - <std[70759c8f55707aa4]::thread::lifecycle::spawn_unchecked<test[9d35eded1c95d3be]::run_test::{closure#1}, ()>::{closure#1} as core[df12db4294e9bfd3]::ops::function::FnOnce<()>>::call_once::{shim:vtable#0}
[INFO] [stdout]   17:     0x597c120ed559 - <std[70759c8f55707aa4]::sys::thread::unix::Thread>::new::thread_start
[INFO] [stdout]   18:     0x7cb5c67f6dfa - <unknown>
[INFO] [stdout]   19:     0x7cb5c688a3d4 - clone
[INFO] [stdout]   20:                0x0 - <unknown>
[INFO] [stdout] 
[INFO] [stdout] 
[INFO] [stdout] failures:
[INFO] [stdout]     binary_embeds_edits_and_extracts_fixture_jpeg
[INFO] [stdout] 
[INFO] [stdout] test result: FAILED. 0 passed; 1 failed; 0 ignored; 0 measured; 0 filtered out; finished in 0.01s
[INFO] [stdout] 
[INFO] [stderr] error: test failed, to rerun pass `--test jpeg_cli`
[INFO] running `Command { std: "docker" "inspect" "43649903ef58b5b378871f08a1654f184c8d6d57f2fa16349d4a61bf6c91e617", kill_on_drop: false }`
[INFO] running `Command { std: "docker" "rm" "-f" "43649903ef58b5b378871f08a1654f184c8d6d57f2fa16349d4a61bf6c91e617", kill_on_drop: false }`
[INFO] [stdout] 43649903ef58b5b378871f08a1654f184c8d6d57f2fa16349d4a61bf6c91e617
