[INFO] cloning repository https://github.com/philippbaumm/snekwest
[INFO] running `Command { std: "git" "-c" "credential.helper=" "-c" "credential.helper=/workspace/cargo-home/bin/git-credential-null" "clone" "--bare" "https://github.com/philippbaumm/snekwest" "/workspace/cache/git-repos/https%3A%2F%2Fgithub.com%2Fphilippbaumm%2Fsnekwest", kill_on_drop: false }`
[INFO] [stderr] Cloning into bare repository '/workspace/cache/git-repos/https%3A%2F%2Fgithub.com%2Fphilippbaumm%2Fsnekwest'...
[INFO] running `Command { std: "git" "rev-parse" "HEAD", kill_on_drop: false }`
[INFO] [stdout] ce3bb803dfb3082b9a45c9342a2984ee42e766f6
[INFO] testing philippbaumm/snekwest against 1.100.0-beta.1+cargoflags=--release for beta-release-1.100-2
[INFO] running `Command { std: "git" "clone" "/workspace/cache/git-repos/https%3A%2F%2Fgithub.com%2Fphilippbaumm%2Fsnekwest" "/workspace/builds/worker-6-tc2/source", kill_on_drop: false }`
[INFO] [stderr] Cloning into '/workspace/builds/worker-6-tc2/source'...
[INFO] [stderr] done.
[INFO] started tweaking git repo https://github.com/philippbaumm/snekwest
[INFO] finished tweaking git repo https://github.com/philippbaumm/snekwest
[INFO] tweaked toml for git repo https://github.com/philippbaumm/snekwest written to /workspace/builds/worker-6-tc2/source/Cargo.toml
[INFO] validating manifest of git repo https://github.com/philippbaumm/snekwest on toolchain 1.100.0-beta.1
[INFO] running `Command { std: CARGO_HOME="/workspace/cargo-home" RUSTUP_HOME="/workspace/rustup-home" "/workspace/cargo-home/bin/cargo" "+1.100.0-beta.1" "metadata" "--manifest-path" "Cargo.toml" "--no-deps", kill_on_drop: false }`
[INFO] crate git repo https://github.com/philippbaumm/snekwest already has a lockfile, it will not be regenerated
[INFO] running `Command { std: CARGO_HOME="/workspace/cargo-home" RUSTUP_HOME="/workspace/rustup-home" "/workspace/cargo-home/bin/cargo" "+1.100.0-beta.1" "fetch" "--manifest-path" "Cargo.toml", kill_on_drop: false }`
[INFO] running `Command { std: "docker" "create" "-v" "/var/lib/crater-agent-workspace/builds/worker-6-tc2/source:/opt/rustwide/workdir:ro,Z" "-v" "/var/lib/crater-agent-workspace/builds/worker-6-tc2/target:/opt/rustwide/target:rw,Z" "-v" "/var/lib/crater-agent-workspace/cargo-home:/opt/rustwide/cargo-home:ro,Z" "-v" "/var/lib/crater-agent-workspace/rustup-home:/opt/rustwide/rustup-home:ro,Z" "-m" "1610612736" "--network" "none" "ghcr.io/rust-lang/crates-build-env/linux@sha256:77db811e55d90add9212f6832c23229e3de5f1c1f9905e8cb07319ea15df73ac" "sleep" "infinity", kill_on_drop: false }`
[INFO] [stdout] a8ef8426fea23c1e9a57c2a9ac986355979cd192d778271faf98db9dbc53e0cb
[INFO] running `Command { std: "docker" "start" "a8ef8426fea23c1e9a57c2a9ac986355979cd192d778271faf98db9dbc53e0cb", kill_on_drop: false }`
[INFO] running `Command { std: "docker" "inspect" "a8ef8426fea23c1e9a57c2a9ac986355979cd192d778271faf98db9dbc53e0cb", kill_on_drop: false }`
[INFO] running `Command { std: "docker" "exec" "-e" "SOURCE_DIR=/opt/rustwide/workdir" "-e" "CARGO_HOME=/opt/rustwide/cargo-home" "-e" "RUSTUP_HOME=/opt/rustwide/rustup-home" "-e" "CARGO_TARGET_DIR=/opt/rustwide/target" "-w" "/opt/rustwide/workdir" "--user" "0:0" "a8ef8426fea23c1e9a57c2a9ac986355979cd192d778271faf98db9dbc53e0cb" "/opt/rustwide/cargo-home/bin/cargo" "+1.100.0-beta.1" "metadata" "--no-deps" "--format-version=1", kill_on_drop: false }`
[INFO] running `Command { std: "docker" "inspect" "a8ef8426fea23c1e9a57c2a9ac986355979cd192d778271faf98db9dbc53e0cb", kill_on_drop: false }`
[INFO] running `Command { std: "docker" "exec" "-e" "SOURCE_DIR=/opt/rustwide/workdir" "-e" "CARGO_HOME=/opt/rustwide/cargo-home" "-e" "RUSTUP_HOME=/opt/rustwide/rustup-home" "-e" "CARGO_TARGET_DIR=/opt/rustwide/target" "-e" "CARGO_INCREMENTAL=0" "-e" "RUST_BACKTRACE=full" "-e" "RUSTFLAGS=--cap-lints=warn" "-e" "RUSTDOCFLAGS=--cap-lints=warn" "-w" "/opt/rustwide/workdir" "--user" "0:0" "a8ef8426fea23c1e9a57c2a9ac986355979cd192d778271faf98db9dbc53e0cb" "/opt/rustwide/cargo-home/bin/cargo" "+1.100.0-beta.1" "build" "--frozen" "--message-format=json" "--release", kill_on_drop: false }`
[INFO] [stderr]    Compiling unicode-ident v1.0.23
[INFO] [stderr]    Compiling target-lexicon v0.13.4
[INFO] [stderr]    Compiling tokio v1.49.0
[INFO] [stderr]    Compiling alloc-no-stdlib v2.0.4
[INFO] [stderr]    Compiling serde v1.0.228
[INFO] [stderr]    Compiling simd-adler32 v0.3.8
[INFO] [stderr]    Compiling futures-util v0.3.31
[INFO] [stderr]    Compiling rustls v0.23.36
[INFO] [stderr]    Compiling proc-macro2 v1.0.106
[INFO] [stderr]    Compiling alloc-stdlib v0.2.2
[INFO] [stderr]    Compiling rustls-webpki v0.103.9
[INFO] [stderr]    Compiling brotli-decompressor v5.0.0
[INFO] [stderr]    Compiling miniz_oxide v0.8.9
[INFO] [stderr]    Compiling quote v1.0.44
[INFO] [stderr]    Compiling pyo3-build-config v0.27.2
[INFO] [stderr]    Compiling syn v2.0.115
[INFO] [stderr]    Compiling flate2 v1.1.9
[INFO] [stderr]    Compiling brotli v8.0.2
[INFO] [stderr]    Compiling pyo3-ffi v0.27.2
[INFO] [stderr]    Compiling pyo3-macros-backend v0.27.2
[INFO] [stderr]    Compiling tracing-core v0.1.36
[INFO] [stderr]    Compiling unicase v2.9.0
[INFO] [stderr]    Compiling num-conv v0.2.0
[INFO] [stderr]    Compiling compression-core v0.4.31
[INFO] [stderr]    Compiling powerfmt v0.2.0
[INFO] [stderr]    Compiling time-core v0.1.8
[INFO] [stderr]    Compiling cookie v0.18.1
[INFO] [stderr]    Compiling time-macros v0.2.27
[INFO] [stderr]    Compiling deranged v0.5.6
[INFO] [stderr]    Compiling tracing v0.1.44
[INFO] [stderr]    Compiling mime_guess v2.0.5
[INFO] [stderr]    Compiling pyo3 v0.27.2
[INFO] [stderr]    Compiling serde_json v1.0.149
[INFO] [stderr]    Compiling http-body-util v0.1.3
[INFO] [stderr]    Compiling webpki-roots v1.0.6
[INFO] [stderr]    Compiling time v0.3.47
[INFO] [stderr]    Compiling indoc v2.0.7
[INFO] [stderr]    Compiling psl-types v2.0.11
[INFO] [stderr]    Compiling log v0.4.29
[INFO] [stderr]    Compiling bitflags v2.11.0
[INFO] [stderr]    Compiling hyper v1.8.1
[INFO] [stderr]    Compiling tower v0.5.3
[INFO] [stderr]    Compiling synstructure v0.13.2
[INFO] [stderr]    Compiling compression-codecs v0.4.36
[INFO] [stderr]    Compiling zerofrom-derive v0.1.6
[INFO] [stderr]    Compiling yoke-derive v0.8.1
[INFO] [stderr]    Compiling zerofrom v0.1.6
[INFO] [stderr]    Compiling zerovec-derive v0.11.2
[INFO] [stderr]    Compiling yoke v0.8.1
[INFO] [stderr]    Compiling displaydoc v0.2.5
[INFO] [stderr]    Compiling tokio-rustls v0.26.4
[INFO] [stderr]    Compiling async-compression v0.4.39
[INFO] [stderr]    Compiling hyper-util v0.1.20
[INFO] [stderr]    Compiling zerotrie v0.2.3
[INFO] [stderr]    Compiling zerovec v0.11.5
[INFO] [stderr]    Compiling tokio-util v0.7.18
[INFO] [stderr]    Compiling litrs v1.0.0
[INFO] [stderr]    Compiling unindent v0.2.4
[INFO] [stderr]    Compiling document-features v0.2.12
[INFO] [stderr]    Compiling tinystr v0.8.2
[INFO] [stderr]    Compiling potential_utf v0.1.4
[INFO] [stderr]    Compiling tower-http v0.6.8
[INFO] [stderr]    Compiling icu_collections v2.1.1
[INFO] [stderr]    Compiling icu_locale_core v2.1.1
[INFO] [stderr]    Compiling serde_derive v1.0.228
[INFO] [stderr]    Compiling hyper-rustls v0.27.7
[INFO] [stderr]    Compiling pyo3-macros v0.27.2
[INFO] [stderr]    Compiling icu_provider v2.1.1
[INFO] [stderr]    Compiling icu_properties v2.1.2
[INFO] [stderr]    Compiling icu_normalizer v2.1.1
[INFO] [stderr]    Compiling idna_adapter v1.2.1
[INFO] [stderr]    Compiling idna v1.1.0
[INFO] [stderr]    Compiling serde_urlencoded v0.7.1
[INFO] [stderr]    Compiling url v2.5.8
[INFO] [stderr]    Compiling publicsuffix v2.3.0
[INFO] [stderr]    Compiling reqwest v0.12.28
[INFO] [stderr]    Compiling cookie_store v0.21.1
[INFO] [stderr]    Compiling pythonize v0.27.0
[INFO] [stderr]    Compiling _bindings v0.1.0 (/opt/rustwide/workdir)
[INFO] [stderr]     Finished `release` profile [optimized] target(s) in 2m 54s
[INFO] running `Command { std: "docker" "inspect" "a8ef8426fea23c1e9a57c2a9ac986355979cd192d778271faf98db9dbc53e0cb", kill_on_drop: false }`
[INFO] running `Command { std: "docker" "exec" "-e" "SOURCE_DIR=/opt/rustwide/workdir" "-e" "CARGO_HOME=/opt/rustwide/cargo-home" "-e" "RUSTUP_HOME=/opt/rustwide/rustup-home" "-e" "CARGO_TARGET_DIR=/opt/rustwide/target" "-e" "CARGO_INCREMENTAL=0" "-e" "RUST_BACKTRACE=full" "-e" "RUSTFLAGS=--cap-lints=warn" "-e" "RUSTDOCFLAGS=--cap-lints=warn" "-w" "/opt/rustwide/workdir" "--user" "0:0" "a8ef8426fea23c1e9a57c2a9ac986355979cd192d778271faf98db9dbc53e0cb" "/opt/rustwide/cargo-home/bin/cargo" "+1.100.0-beta.1" "test" "--frozen" "--no-run" "--message-format=json" "--release", kill_on_drop: false }`
[INFO] [stderr]    Compiling _bindings v0.1.0 (/opt/rustwide/workdir)
[INFO] [stdout] warning: value assigned to `state` is never read
[INFO] [stdout]     --> src/response.rs:1481:25
[INFO] [stdout]      |
[INFO] [stdout] 1481 |         let mut state = ResponseBodyState::Pending;
[INFO] [stdout]      |                         ^^^^^^^^^^^^^^^^^^^^^^^^^^ this value is reassigned later and never used
[INFO] [stdout] 1482 |         // Pending -> Streaming
[INFO] [stdout] 1483 |         state = ResponseBodyState::Streaming;
[INFO] [stdout]      |         ------------------------------------ `state` is overwritten here before the previous value is read
[INFO] [stdout]      |
[INFO] [stdout]      = note: `#[warn(unused_assignments)]` (part of `#[warn(unused)]`) on by default
[INFO] [stdout] 
[INFO] [stdout] 
[INFO] [stdout] warning: variable does not need to be mutable
[INFO] [stdout]     --> src/response.rs:1544:17
[INFO] [stdout]      |
[INFO] [stdout] 1544 |             let mut resp = make_response_with_content(py, vec![0x68, 0x65, 0x6C, 0xFF]);
[INFO] [stdout]      |                 ----^^^^
[INFO] [stdout]      |                 |
[INFO] [stdout]      |                 help: remove this `mut`
[INFO] [stdout]      |
[INFO] [stdout]      = note: `#[warn(unused_mut)]` (part of `#[warn(unused)]`) on by default
[INFO] [stdout] 
[INFO] [stdout] 
[INFO] [stderr]     Finished `release` profile [optimized] target(s) in 21.03s
[INFO] running `Command { std: "docker" "inspect" "a8ef8426fea23c1e9a57c2a9ac986355979cd192d778271faf98db9dbc53e0cb", kill_on_drop: false }`
[INFO] running `Command { std: "docker" "exec" "-e" "SOURCE_DIR=/opt/rustwide/workdir" "-e" "CARGO_HOME=/opt/rustwide/cargo-home" "-e" "RUSTUP_HOME=/opt/rustwide/rustup-home" "-e" "CARGO_TARGET_DIR=/opt/rustwide/target" "-e" "CARGO_INCREMENTAL=0" "-e" "RUST_BACKTRACE=full" "-e" "RUSTFLAGS=--cap-lints=warn" "-e" "RUSTDOCFLAGS=--cap-lints=warn" "-w" "/opt/rustwide/workdir" "--user" "0:0" "a8ef8426fea23c1e9a57c2a9ac986355979cd192d778271faf98db9dbc53e0cb" "/opt/rustwide/cargo-home/bin/cargo" "+1.100.0-beta.1" "test" "--frozen" "--release", kill_on_drop: false }`
[INFO] [stderr] warning: value assigned to `state` is never read
[INFO] [stderr]     --> src/response.rs:1481:25
[INFO] [stderr]      |
[INFO] [stderr] 1481 |         let mut state = ResponseBodyState::Pending;
[INFO] [stderr]      |                         ^^^^^^^^^^^^^^^^^^^^^^^^^^ this value is reassigned later and never used
[INFO] [stderr] 1482 |         // Pending -> Streaming
[INFO] [stderr] 1483 |         state = ResponseBodyState::Streaming;
[INFO] [stderr]      |         ------------------------------------ `state` is overwritten here before the previous value is read
[INFO] [stderr]      |
[INFO] [stderr]      = note: `#[warn(unused_assignments)]` (part of `#[warn(unused)]`) on by default
[INFO] [stderr] 
[INFO] [stderr] warning: variable does not need to be mutable
[INFO] [stderr]     --> src/response.rs:1544:17
[INFO] [stderr]      |
[INFO] [stderr] 1544 |             let mut resp = make_response_with_content(py, vec![0x68, 0x65, 0x6C, 0xFF]);
[INFO] [stderr]      |                 ----^^^^
[INFO] [stderr]      |                 |
[INFO] [stderr]      |                 help: remove this `mut`
[INFO] [stderr]      |
[INFO] [stderr]      = note: `#[warn(unused_mut)]` (part of `#[warn(unused)]`) on by default
[INFO] [stderr] 
[INFO] [stderr] warning: `_bindings` (lib test) generated 2 warnings (run `cargo fix --lib -p _bindings --tests` to apply 1 suggestion)
[INFO] [stderr]     Finished `release` profile [optimized] target(s) in 0.20s
[INFO] [stderr]      Running unittests src/lib.rs (/opt/rustwide/target/release/build/_bindings/d67dba2d9666b1a4/out/_bindings-d67dba2d9666b1a4)
[INFO] [stdout] 
[INFO] [stdout] running 222 tests
[INFO] [stdout] test case_insensitive_dict::tests::test_new_empty ... ok
[INFO] [stdout] test case_insensitive_dict::tests::test_contains_int_key_returns_false ... ok
[INFO] [stdout] test case_insensitive_dict::tests::test_copy_independence ... ok
[INFO] [stdout] test case_insensitive_dict::tests::test_contains_bytes_key_returns_false ... ok
[INFO] [stdout] test case_insensitive_dict::tests::test_set_and_get ... ok
[INFO] [stdout] test case_insensitive_dict::tests::test_clear ... ok
[INFO] [stdout] test case_insensitive_dict::tests::test_case_insensitive_contains ... ok
[INFO] [stdout] test case_insensitive_dict::tests::test_iter_items ... ok
[INFO] [stdout] test case_insensitive_dict::tests::test_last_key_wins ... ok
[INFO] [stdout] test exceptions::tests::test_make_exception_message ... ok
[INFO] [stdout] test exceptions::tests::test_make_exception_creates_correct_type ... ok
[INFO] [stdout] test prepared_request::tests::test_cookie_matches_domain_suffix ... ok
[INFO] [stdout] test prepared_request::tests::test_cookie_matches_exact_domain ... ok
[INFO] [stdout] test exceptions::tests::test_make_exception_without_request_has_none ... ok
[INFO] [stdout] test exceptions::tests::test_all_known_exceptions_resolve ... ok
[INFO] [stdout] test prepared_request::tests::test_cookie_matches_path ... ok
[INFO] [stdout] test prepared_request::tests::test_cookie_matches_expired ... ok
[INFO] [stdout] test prepared_request::tests::test_cookie_matches_secure_scheme ... ok
[INFO] [stdout] test prepared_request::tests::test_generate_boundary_hex_chars ... ok
[INFO] [stdout] test prepared_request::tests::test_error_messages_for_uninitialized_state ... ok
[INFO] [stdout] test prepared_request::tests::test_generate_boundary_unique ... ok
[INFO] [stdout] test prepared_request::tests::test_parse_netloc_auth_host_port ... ok
[INFO] [stdout] test prepared_request::tests::test_parse_netloc_auth_ipv6_port ... ok
[INFO] [stdout] test prepared_request::tests::test_parse_netloc_empty ... ok
[INFO] [stdout] test prepared_request::tests::test_parse_netloc_host_with_port ... ok
[INFO] [stdout] test exceptions::tests::test_raise_nested_exception_args_structure ... ok
[INFO] [stdout] test prepared_request::tests::test_generate_boundary_length ... ok
[INFO] [stdout] test prepared_request::tests::test_parse_netloc_auth_host ... ok
[INFO] [stdout] test prepared_request::tests::test_parse_netloc_ipv6_with_port ... ok
[INFO] [stdout] test prepared_request::tests::test_parse_netloc_plain_host ... ok
[INFO] [stdout] test prepared_request::tests::test_parse_url_raw_full ... ok
[INFO] [stdout] test prepared_request::tests::test_parse_url_raw_ipv6_preserves_original ... ok
[INFO] [stdout] test prepared_request::tests::test_parse_url_raw_no_path ... ok
[INFO] [stdout] test prepared_request::tests::test_parse_url_raw_no_scheme ... ok
[INFO] [stdout] test prepared_request::tests::test_parse_url_raw_query_no_path ... ok
[INFO] [stdout] test prepared_request::tests::test_parse_url_raw_simple ... ok
[INFO] [stdout] test prepared_request::tests::test_path_url_invalid ... ok
[INFO] [stdout] test prepared_request::tests::test_parse_netloc_ipv6_full_with_port ... ok
[INFO] [stdout] test prepared_request::tests::test_parse_netloc_ipv6 ... ok
[INFO] [stdout] test prepared_request::tests::test_cookie_matches_supercookie ... ok
[INFO] [stdout] test prepared_request::tests::test_parse_netloc_user_only_auth ... ok
[INFO] [stdout] test prepared_request::tests::test_path_url_with_query ... ok
[INFO] [stdout] test prepared_request::tests::test_prepared_request_fields_default_to_none ... ok
[INFO] [stdout] test request_params::tests::test_cert_invalid_type ... ok
[INFO] [stdout] test request_params::tests::test_cert_pair ... ok
[INFO] [stdout] test prepared_request::tests::test_path_url_no_query ... ok
[INFO] [stdout] test prepared_request::tests::test_path_url_root ... ok
[INFO] [stdout] test request_params::tests::test_cert_single ... ok
[INFO] [stdout] test request_params::tests::test_data_dict ... ok
[INFO] [stdout] test exceptions::tests::test_exception_cache_returns_same_class ... ok
[INFO] [stdout] test request_params::tests::test_data_bytes ... ok
[INFO] [stdout] test request_params::tests::test_data_string ... ok
[INFO] [stdout] test prepared_request::tests::test_path_url_no_path ... ok
[INFO] [stdout] test request_params::tests::test_timeout_1_element_tuple ... ok
[INFO] [stdout] test request_params::tests::test_timeout_pair ... ok
[INFO] [stdout] test request_params::tests::test_timeout_pair_with_none_connect ... ok
[INFO] [stdout] test request_params::tests::test_timeout_pair_with_none_read ... ok
[INFO] [stdout] test exceptions::tests::test_make_exception_with_request_sets_attribute ... ok
[INFO] [stdout] test request_params::tests::test_data_list_of_tuples ... ok
[INFO] [stdout] test request_params::tests::test_verify_false ... ok
[INFO] [stdout] test request_params::tests::test_data_invalid_type ... ok
[INFO] [stdout] test request_params::tests::test_verify_string ... ok
[INFO] [stdout] test request_params::tests::test_timeout_string_invalid ... ok
[INFO] [stdout] test request_params::tests::test_verify_true ... ok
[INFO] [stdout] test response::tests::test_body_state_clone ... ok
[INFO] [stdout] test response::tests::test_body_state_default_is_pending ... ok
[INFO] [stdout] test response::tests::test_content_iterator_empty_content ... ok
[INFO] [stdout] test response::tests::test_content_iterator_no_content_no_raw ... ok
[INFO] [stdout] test request_params::tests::test_timeout_int ... ok
[INFO] [stdout] test response::tests::test_body_state_transitions ... ok
[INFO] [stdout] test response::tests::test_content_iterator_chunk_all_at_once ... ok
[INFO] [stdout] test exceptions::tests::test_make_exception_invalid_class_name ... ok
[INFO] [stdout] test request_params::tests::test_timeout_3_element_tuple ... ok
[INFO] [stdout] test response::tests::test_content_iterator_chunk_size_2 ... ok
[INFO] [stdout] test request_params::tests::test_timeout_float ... ok
[INFO] [stdout] test response::tests::test_decode_text_explicit_latin1 ... FAILED
[INFO] [stdout] test response::tests::test_decode_text_empty_content_returns_empty_string ... FAILED
[INFO] [stdout] test response::tests::test_decode_text_explicit_utf8_invalid_raises ... FAILED
[INFO] [stdout] test response::tests::test_decode_text_explicit_utf8_valid ... FAILED
[INFO] [stdout] test response::tests::test_latin1_to_utf8_above_ff_error ... ok
[INFO] [stdout] test response::tests::test_latin1_to_utf8_empty ... ok
[INFO] [stdout] test response::tests::test_latin1_to_utf8_mixed_with_invalid ... ok
[INFO] [stdout] test response::tests::test_latin1_to_utf8_multibyte_utf8 ... ok
[INFO] [stdout] test response::tests::test_latin1_to_utf8_boundary_ff ... ok
[INFO] [stdout] test response::tests::test_latin1_to_utf8_ascii ... ok
[INFO] [stdout] test response::tests::test_raw_response_data_force_eager_false ... ok
[INFO] [stdout] test response::tests::test_latin1_to_utf8_non_ascii ... ok
[INFO] [stdout] test response::tests::test_redirect_stati_completeness ... ok
[INFO] [stdout] test session::tests::test_cookie_store_domain_matching ... ok
[INFO] [stdout] test response::tests::test_decode_text_no_explicit_encoding_uses_replace ... FAILED
[INFO] [stdout] test session::tests::test_cookie_store_expiry_max_age_zero ... ok
[INFO] [stdout] test response::tests::test_redirect_stati_non_redirect ... ok
[INFO] [stdout] test session::tests::test_cookie_store_httponly ... ok
[INFO] [stdout] test session::tests::test_cookie_store_different_domains ... ok
[INFO] [stdout] test response::tests::test_raw_response_data_force_eager_true ... ok
[INFO] [stdout] test response::tests::test_decode_text_no_content_returns_empty_string ... FAILED
[INFO] [stdout] test response::tests::test_decode_text_explicit_ascii_with_non_ascii_raises ... FAILED
[INFO] [stdout] test response::tests::test_decode_text_explicit_invalid_encoding_name_raises ... FAILED
[INFO] [stdout] test session::tests::test_cookie_store_secure_flag ... ok
[INFO] [stdout] test session::tests::test_cookie_store_update_existing ... ok
[INFO] [stdout] test session::tests::test_cookie_store_multiple_cookies ... ok
[INFO] [stdout] test session::tests::test_cookie_store_path_matching ... ok
[INFO] [stdout] test session::tests::test_cookie_store_parse_with_domain ... ok
[INFO] [stdout] test session::tests::test_cookie_store_parse_simple ... ok
[INFO] [stdout] test session::tests::test_is_redirect_status_false ... ok
[INFO] [stdout] test session::tests::test_is_redirect_status_true ... ok
[INFO] [stdout] test session::tests::test_rebuild_method_301_post_to_get ... ok
[INFO] [stdout] test session::tests::test_reason_phrase_all_redirect_codes ... ok
[INFO] [stdout] test session::tests::test_reason_phrase_common_codes ... ok
[INFO] [stdout] test session::tests::test_rebuild_method_302_head_passthrough ... ok
[INFO] [stdout] test session::tests::test_rebuild_method_302_get ... ok
[INFO] [stdout] test session::tests::test_rebuild_method_303_head_passthrough ... ok
[INFO] [stdout] test session::tests::test_rebuild_method_303_get ... ok
[INFO] [stdout] test session::tests::test_reason_phrase_unknown_code ... ok
[INFO] [stdout] test session::tests::test_rebuild_method_301_non_post_passthrough ... ok
[INFO] [stdout] test session::tests::test_strip_auth_explicit_non_default_port ... ok
[INFO] [stdout] test session::tests::test_strip_auth_http_to_https_default_ports ... ok
[INFO] [stdout] test session::tests::test_rebuild_method_307_passthrough ... ok
[INFO] [stdout] test session::tests::test_rebuild_method_308_passthrough ... ok
[INFO] [stdout] test session::tests::test_strip_auth_explicit_default_port_to_implicit ... ok
[INFO] [stdout] test session::tests::test_strip_auth_same_host_same_scheme ... ok
[INFO] [stdout] test session::tests::test_strip_auth_https_to_http ... ok
[INFO] [stdout] test session::tests::test_strip_auth_invalid_url ... ok
[INFO] [stdout] test session::tests::test_strip_auth_port_change ... ok
[INFO] [stdout] test session::tests::test_strip_auth_https_explicit_443_to_implicit ... ok
[INFO] [stdout] test utils::tests::test_build_status_map_keys ... ok
[INFO] [stdout] test utils::tests::test_build_status_map_values ... ok
[INFO] [stdout] test utils::tests::test_bypass_proxies_exact_ip_match ... ok
[INFO] [stdout] test utils::tests::test_bypass_proxies_hostname_no_match ... ok
[INFO] [stdout] test utils::tests::test_bypass_proxies_hostname_suffix_dotted ... ok
[INFO] [stdout] test utils::tests::test_bypass_proxies_hostname_with_port ... ok
[INFO] [stdout] test utils::tests::test_bypass_proxies_ip_no_match ... ok
[INFO] [stdout] test utils::tests::test_bypass_proxies_multiple_cidrs_match ... ok
[INFO] [stdout] test tests::test_all_exports_accessible_from_bindings ... ok
[INFO] [stdout] test utils::tests::test_address_in_network ... ok
[INFO] [stdout] test utils::tests::test_bypass_proxies_empty_no_proxy ... ok
[INFO] [stdout] test utils::tests::test_bypass_proxies_cidr_match ... ok
[INFO] [stdout] test utils::tests::test_bypass_proxies_spaces_in_entries ... ok
[INFO] [stdout] test session::tests::test_strip_auth_http_to_https_non_default_ports ... ok
[INFO] [stdout] test session::tests::test_strip_auth_different_host ... ok
[INFO] [stdout] test utils::tests::test_dotted_netmask_inner_boundary_32 ... ok
[INFO] [stdout] test utils::tests::test_bypass_proxies_hostname_suffix ... ok
[INFO] [stdout] test utils::tests::test_dotted_netmask_invalid ... ok
[INFO] [stdout] test utils::tests::test_dotted_netmask_inner_rejects_large_values ... ok
[INFO] [stdout] test utils::tests::test_dotted_netmask_inner_valid ... ok
[INFO] [stdout] test utils::tests::test_guess_json_utf_bom ... ok
[INFO] [stdout] test utils::tests::test_bypass_proxies_multiple_cidrs_no_match ... ok
[INFO] [stdout] test utils::tests::test_dotted_netmask_inner_boundary_zero ... ok
[INFO] [stdout] test utils::tests::test_dotted_netmask_32 ... ok
[INFO] [stdout] test utils::tests::test_get_auth_from_url ... ok
[INFO] [stdout] test utils::tests::test_guess_json_utf_basic ... ok
[INFO] [stdout] test utils::tests::test_guess_json_utf_bom_utf8 ... ok
[INFO] [stdout] test utils::tests::test_guess_json_utf_empty ... ok
[INFO] [stdout] test utils::tests::test_dotted_netmask_inner_rejects_33 ... ok
[INFO] [stdout] test utils::tests::test_dotted_netmask_zero ... ok
[INFO] [stdout] test utils::tests::test_header_name_bytes_rejects_vertical_tab ... ok
[INFO] [stdout] test utils::tests::test_invalid_header_name_str ... ok
[INFO] [stdout] test utils::tests::test_invalid_header_value_bytes ... ok
[INFO] [stdout] test utils::tests::test_header_value_bytes_rejects_vertical_tab ... ok
[INFO] [stdout] test utils::tests::test_header_value_str_rejects_vertical_tab ... ok
[INFO] [stdout] test utils::tests::test_guess_json_utf_null_byte_pattern ... ok
[INFO] [stdout] test utils::tests::test_guess_json_utf_pure_ascii ... ok
[INFO] [stdout] test utils::tests::test_header_name_str_rejects_vertical_tab ... ok
[INFO] [stdout] test utils::tests::test_guess_json_utf_nulls ... ok
[INFO] [stdout] test utils::tests::test_invalid_header_name_bytes ... ok
[INFO] [stdout] test utils::tests::test_invalid_header_value_str ... ok
[INFO] [stdout] test utils::tests::test_parse_content_type_header ... ok
[INFO] [stdout] test utils::tests::test_parse_content_type_header_no_params ... ok
[INFO] [stdout] test utils::tests::test_parse_header_links_valid_params_still_work ... ok
[INFO] [stdout] test utils::tests::test_parse_http_list_empty ... ok
[INFO] [stdout] test utils::tests::test_is_ipv4_address_invalid ... ok
[INFO] [stdout] test utils::tests::test_parse_http_list_escaped ... ok
[INFO] [stdout] test utils::tests::test_is_valid_cidr ... ok
[INFO] [stdout] test utils::tests::test_parse_http_list_quoted ... ok
[INFO] [stdout] test utils::tests::test_is_ipv4_address_valid ... ok
[INFO] [stdout] test utils::tests::test_parse_header_links ... ok
[INFO] [stdout] test utils::tests::test_parse_http_list_simple ... ok
[INFO] [stdout] test utils::tests::test_parse_list_header_empty ... ok
[INFO] [stdout] test utils::tests::test_prepend_scheme_if_needed_port_with_path ... ok
[INFO] [stdout] test utils::tests::test_prepend_scheme_if_needed_port_without_scheme ... ok
[INFO] [stdout] test utils::tests::test_prepend_scheme_if_needed_protocol_relative ... ok
[INFO] [stdout] test utils::tests::test_prepend_scheme_if_needed_with_auth ... ok
[INFO] [stdout] test utils::tests::test_quote_str_ascii_special_encoded ... ok
[INFO] [stdout] test utils::tests::test_quote_str_ascii_unchanged ... ok
[INFO] [stdout] test utils::tests::test_quote_str_cjk_characters ... ok
[INFO] [stdout] test utils::tests::test_quote_str_cjk_in_safe_set ... ok
[INFO] [stdout] test utils::tests::test_quote_str_emoji_4byte_utf8 ... ok
[INFO] [stdout] test utils::tests::test_quote_str_mixed_ascii_and_multibyte ... ok
[INFO] [stdout] test utils::tests::test_quote_str_multibyte_utf8_encoded ... ok
[INFO] [stdout] test utils::tests::test_is_valid_cidr_invalid ... ok
[INFO] [stdout] test utils::tests::test_parse_list_header ... ok
[INFO] [stdout] test utils::tests::test_parse_header_links_breaks_on_malformed_param ... ok
[INFO] [stdout] test utils::tests::test_quote_str_unreserved_set_passthrough ... ok
[INFO] [stdout] test utils::tests::test_quote_str_multibyte_utf8_safe_set_char_match ... ok
[INFO] [stdout] test utils::tests::test_request_url_leading_quad_slash ... ok
[INFO] [stdout] test utils::tests::test_quote_str_multibyte_utf8_safe_set_no_false_match ... ok
[INFO] [stdout] test utils::tests::test_request_url_http_proxy ... ok
[INFO] [stdout] test utils::tests::test_quote_str_safe_set_ascii ... ok
[INFO] [stdout] test utils::tests::test_prepend_scheme_if_needed ... ok
[INFO] [stdout] test utils::tests::test_request_url_https_no_proxy_override ... ok
[INFO] [stdout] test utils::tests::test_prepend_scheme_if_needed_already_has_https ... ok
[INFO] [stdout] test utils::tests::test_request_url_no_proxy ... ok
[INFO] [stdout] test utils::tests::test_request_url_socks_proxy ... ok
[INFO] [stdout] test utils::tests::test_split_comma_angle_comma_inside_angles ... ok
[INFO] [stdout] test utils::tests::test_split_comma_angle_empty ... ok
[INFO] [stdout] test utils::tests::test_request_url_only_double_slash ... ok
[INFO] [stdout] test utils::tests::test_request_url_leading_triple_slash ... ok
[INFO] [stdout] test utils::tests::test_select_proxy_hostname_specific ... ok
[INFO] [stdout] test utils::tests::test_select_proxy_basic ... ok
[INFO] [stdout] test utils::tests::test_unquote_header_value_escaped_quote ... ok
[INFO] [stdout] test utils::tests::test_unquote_header_value_filename_unc ... ok
[INFO] [stdout] test utils::tests::test_urldefragauth ... ok
[INFO] [stdout] test utils::tests::test_unquote_header_value_escaped_backslash ... ok
[INFO] [stdout] test utils::tests::test_request_url_leading_double_slash ... ok
[INFO] [stdout] test utils::tests::test_valid_header_value_bytes ... ok
[INFO] [stdout] test utils::tests::test_unquote_header_value_unquoted ... ok
[INFO] [stdout] test utils::tests::test_valid_header_name_bytes ... ok
[INFO] [stdout] test utils::tests::test_valid_header_value_str ... ok
[INFO] [stdout] test utils::tests::test_select_proxy_none ... ok
[INFO] [stdout] test utils::tests::test_unquote_header_value_quoted ... ok
[INFO] [stdout] test utils::tests::test_valid_header_name_str ... ok
[INFO] [stdout] test utils::tests::test_unicode_is_ascii ... ok
[INFO] [stdout] 
[INFO] [stdout] failures:
[INFO] [stdout] 
[INFO] [stdout] ---- response::tests::test_decode_text_explicit_latin1 stdout ----
[INFO] [stdout] 
[INFO] [stdout] thread 'response::tests::test_decode_text_explicit_latin1' (1702) panicked at src/response.rs:1531:45:
[INFO] [stdout] called `Result::unwrap()` on an `Err` value: PyErr { type: <class 'ModuleNotFoundError'>, value: ModuleNotFoundError("No module named 'urllib3'"), traceback: Some("Traceback (most recent call last):\n  File \"/opt/rustwide/workdir/python/snekwest/__init__.py\", line 7, in <module>\n    from . import packages, utils  # noqa: F401\n  File \"/opt/rustwide/workdir/python/snekwest/packages.py\", line 9, in <module>\n    import urllib3  # noqa: F401\n") }
[INFO] [stdout] stack backtrace:
[INFO] [stdout]    0:     0x5f4cbc998091 - <<std[617be2ca0a6fd877]::sys::backtrace::BacktraceLock>::print::DisplayBacktrace as core[a373ad73a504971]::fmt::Display>::fmt
[INFO] [stdout]    1:     0x5f4cbc9ae19a - core[a373ad73a504971]::fmt::write
[INFO] [stdout]    2:     0x5f4cbc99c2fc - <alloc[2e1b2a31b91974c5]::vec::Vec<u8> as core[a373ad73a504971]::io::write::Write>::write_fmt
[INFO] [stdout]    3:     0x5f4cbc9741b6 - std[617be2ca0a6fd877]::panicking::default_hook::{closure#0}
[INFO] [stdout]    4:     0x5f4cbc9903f9 - std[617be2ca0a6fd877]::panicking::default_hook
[INFO] [stdout]    5:     0x5f4cbc8ef9e0 - test[aada8e7e76ba119b]::test_main_inner::{closure#0}
[INFO] [stdout]    6:     0x5f4cbc990722 - std[617be2ca0a6fd877]::panicking::panic_with_hook
[INFO] [stdout]    7:     0x5f4cbc974262 - std[617be2ca0a6fd877]::panicking::panic_handler::{closure#0}
[INFO] [stdout]    8:     0x5f4cbc96cf79 - std[617be2ca0a6fd877]::sys::backtrace::__rust_end_short_backtrace::<std[617be2ca0a6fd877]::panicking::panic_handler::{closure#0}, !>
[INFO] [stdout]    9:     0x5f4cbc974e6d - __rustc[ea4f61d10b84890b]::rust_begin_unwind
[INFO] [stdout]   10:     0x5f4cbc9ae8cc - core[a373ad73a504971]::panicking::panic_fmt
[INFO] [stdout]   11:     0x5f4cbc9ae6a2 - core[a373ad73a504971]::result::unwrap_failed
[INFO] [stdout]   12:     0x5f4cbc8d0d85 - _bindings[ac154ac3dee0b687]::response::tests::make_response_with_content
[INFO] [stdout]   13:     0x5f4cbc8d1929 - <_bindings[ac154ac3dee0b687]::response::tests::test_decode_text_explicit_latin1::{closure#0} as core[a373ad73a504971]::ops::function::FnOnce<()>>::call_once
[INFO] [stdout]   14:     0x5f4cbc8e2e2b - test[aada8e7e76ba119b]::__rust_begin_short_backtrace::<core[a373ad73a504971]::result::Result<(), alloc[2e1b2a31b91974c5]::string::String>, fn() -> core[a373ad73a504971]::result::Result<(), alloc[2e1b2a31b91974c5]::string::String>>
[INFO] [stdout]   15:     0x5f4cbc8f0005 - test[aada8e7e76ba119b]::run_test::{closure#0}
[INFO] [stdout]   16:     0x5f4cbc8e98f4 - std[617be2ca0a6fd877]::sys::backtrace::__rust_begin_short_backtrace::<test[aada8e7e76ba119b]::run_test::{closure#1}, ()>
[INFO] [stdout]   17:     0x5f4cbc8f3092 - <std[617be2ca0a6fd877]::thread::lifecycle::spawn_unchecked<test[aada8e7e76ba119b]::run_test::{closure#1}, ()>::{closure#1} as core[a373ad73a504971]::ops::function::FnOnce<()>>::call_once::{shim:vtable#0}
[INFO] [stdout]   18:     0x5f4cbc9978af - <std[617be2ca0a6fd877]::sys::thread::unix::Thread>::new::thread_start
[INFO] [stdout]   19:     0x7cb8232e7dfa - <unknown>
[INFO] [stdout]   20:     0x7cb82337b3d4 - clone
[INFO] [stdout]   21:                0x0 - <unknown>
[INFO] [stdout] 
[INFO] [stdout] ---- response::tests::test_decode_text_empty_content_returns_empty_string stdout ----
[INFO] [stdout] 
[INFO] [stdout] thread 'response::tests::test_decode_text_empty_content_returns_empty_string' (1699) panicked at src/response.rs:1531:45:
[INFO] [stdout] called `Result::unwrap()` on an `Err` value: PyErr { type: <class 'ModuleNotFoundError'>, value: ModuleNotFoundError("No module named 'urllib3'"), traceback: Some("Traceback (most recent call last):\n  File \"/opt/rustwide/workdir/python/snekwest/__init__.py\", line 7, in <module>\n    from . import packages, utils  # noqa: F401\n  File \"/opt/rustwide/workdir/python/snekwest/packages.py\", line 9, in <module>\n    import urllib3  # noqa: F401\n") }
[INFO] [stdout] stack backtrace:
[INFO] [stdout]    0:     0x5f4cbc998091 - <<std[617be2ca0a6fd877]::sys::backtrace::BacktraceLock>::print::DisplayBacktrace as core[a373ad73a504971]::fmt::Display>::fmt
[INFO] [stdout]    1:     0x5f4cbc9ae19a - core[a373ad73a504971]::fmt::write
[INFO] [stdout]    2:     0x5f4cbc99c2fc - <alloc[2e1b2a31b91974c5]::vec::Vec<u8> as core[a373ad73a504971]::io::write::Write>::write_fmt
[INFO] [stdout]    3:     0x5f4cbc9741b6 - std[617be2ca0a6fd877]::panicking::default_hook::{closure#0}
[INFO] [stdout]    4:     0x5f4cbc9903f9 - std[617be2ca0a6fd877]::panicking::default_hook
[INFO] [stdout]    5:     0x5f4cbc8ef9e0 - test[aada8e7e76ba119b]::test_main_inner::{closure#0}
[INFO] [stdout]    6:     0x5f4cbc990722 - std[617be2ca0a6fd877]::panicking::panic_with_hook
[INFO] [stdout]    7:     0x5f4cbc974262 - std[617be2ca0a6fd877]::panicking::panic_handler::{closure#0}
[INFO] [stdout]    8:     0x5f4cbc96cf79 - std[617be2ca0a6fd877]::sys::backtrace::__rust_end_short_backtrace::<std[617be2ca0a6fd877]::panicking::panic_handler::{closure#0}, !>
[INFO] [stdout]    9:     0x5f4cbc974e6d - __rustc[ea4f61d10b84890b]::rust_begin_unwind
[INFO] [stdout]   10:     0x5f4cbc9ae8cc - core[a373ad73a504971]::panicking::panic_fmt
[INFO] [stdout]   11:     0x5f4cbc9ae6a2 - core[a373ad73a504971]::result::unwrap_failed
[INFO] [stdout]   12:     0x5f4cbc8d0d85 - _bindings[ac154ac3dee0b687]::response::tests::make_response_with_content
[INFO] [stdout]   13:     0x5f4cbc8d3ec8 - <_bindings[ac154ac3dee0b687]::response::tests::test_decode_text_empty_content_returns_empty_string::{closure#0} as core[a373ad73a504971]::ops::function::FnOnce<()>>::call_once
[INFO] [stdout]   14:     0x5f4cbc8e2e2b - test[aada8e7e76ba119b]::__rust_begin_short_backtrace::<core[a373ad73a504971]::result::Result<(), alloc[2e1b2a31b91974c5]::string::String>, fn() -> core[a373ad73a504971]::result::Result<(), alloc[2e1b2a31b91974c5]::string::String>>
[INFO] [stdout]   15:     0x5f4cbc8f0005 - test[aada8e7e76ba119b]::run_test::{closure#0}
[INFO] [stdout]   16:     0x5f4cbc8e98f4 - std[617be2ca0a6fd877]::sys::backtrace::__rust_begin_short_backtrace::<test[aada8e7e76ba119b]::run_test::{closure#1}, ()>
[INFO] [stdout]   17:     0x5f4cbc8f3092 - <std[617be2ca0a6fd877]::thread::lifecycle::spawn_unchecked<test[aada8e7e76ba119b]::run_test::{closure#1}, ()>::{closure#1} as core[a373ad73a504971]::ops::function::FnOnce<()>>::call_once::{shim:vtable#0}
[INFO] [stdout]   18:     0x5f4cbc9978af - <std[617be2ca0a6fd877]::sys::thread::unix::Thread>::new::thread_start
[INFO] [stdout]   19:     0x7cb8232e7dfa - <unknown>
[INFO] [stdout]   20:     0x7cb82337b3d4 - clone
[INFO] [stdout]   21:                0x0 - <unknown>
[INFO] [stdout] 
[INFO] [stdout] ---- response::tests::test_decode_text_explicit_utf8_invalid_raises stdout ----
[INFO] [stdout] 
[INFO] [stdout] thread 'response::tests::test_decode_text_explicit_utf8_invalid_raises' (1703) panicked at src/response.rs:1531:45:
[INFO] [stdout] called `Result::unwrap()` on an `Err` value: PyErr { type: <class 'ModuleNotFoundError'>, value: ModuleNotFoundError("No module named 'urllib3'"), traceback: Some("Traceback (most recent call last):\n  File \"/opt/rustwide/workdir/python/snekwest/__init__.py\", line 7, in <module>\n    from . import packages, utils  # noqa: F401\n  File \"/opt/rustwide/workdir/python/snekwest/packages.py\", line 9, in <module>\n    import urllib3  # noqa: F401\n") }
[INFO] [stdout] stack backtrace:
[INFO] [stdout]    0:     0x5f4cbc998091 - <<std[617be2ca0a6fd877]::sys::backtrace::BacktraceLock>::print::DisplayBacktrace as core[a373ad73a504971]::fmt::Display>::fmt
[INFO] [stdout]    1:     0x5f4cbc9ae19a - core[a373ad73a504971]::fmt::write
[INFO] [stdout]    2:     0x5f4cbc99c2fc - <alloc[2e1b2a31b91974c5]::vec::Vec<u8> as core[a373ad73a504971]::io::write::Write>::write_fmt
[INFO] [stdout]    3:     0x5f4cbc9741b6 - std[617be2ca0a6fd877]::panicking::default_hook::{closure#0}
[INFO] [stdout]    4:     0x5f4cbc9903f9 - std[617be2ca0a6fd877]::panicking::default_hook
[INFO] [stdout]    5:     0x5f4cbc8ef9e0 - test[aada8e7e76ba119b]::test_main_inner::{closure#0}
[INFO] [stdout]    6:     0x5f4cbc990722 - std[617be2ca0a6fd877]::panicking::panic_with_hook
[INFO] [stdout]    7:     0x5f4cbc974262 - std[617be2ca0a6fd877]::panicking::panic_handler::{closure#0}
[INFO] [stdout]    8:     0x5f4cbc96cf79 - std[617be2ca0a6fd877]::sys::backtrace::__rust_end_short_backtrace::<std[617be2ca0a6fd877]::panicking::panic_handler::{closure#0}, !>
[INFO] [stdout]    9:     0x5f4cbc974e6d - __rustc[ea4f61d10b84890b]::rust_begin_unwind
[INFO] [stdout]   10:     0x5f4cbc9ae8cc - core[a373ad73a504971]::panicking::panic_fmt
[INFO] [stdout]   11:     0x5f4cbc9ae6a2 - core[a373ad73a504971]::result::unwrap_failed
[INFO] [stdout]   12:     0x5f4cbc8d0d85 - _bindings[ac154ac3dee0b687]::response::tests::make_response_with_content
[INFO] [stdout]   13:     0x5f4cbc8d3856 - <_bindings[ac154ac3dee0b687]::response::tests::test_decode_text_explicit_utf8_invalid_raises::{closure#0} as core[a373ad73a504971]::ops::function::FnOnce<()>>::call_once
[INFO] [stdout]   14:     0x5f4cbc8e2e2b - test[aada8e7e76ba119b]::__rust_begin_short_backtrace::<core[a373ad73a504971]::result::Result<(), alloc[2e1b2a31b91974c5]::string::String>, fn() -> core[a373ad73a504971]::result::Result<(), alloc[2e1b2a31b91974c5]::string::String>>
[INFO] [stdout]   15:     0x5f4cbc8f0005 - test[aada8e7e76ba119b]::run_test::{closure#0}
[INFO] [stdout]   16:     0x5f4cbc8e98f4 - std[617be2ca0a6fd877]::sys::backtrace::__rust_begin_short_backtrace::<test[aada8e7e76ba119b]::run_test::{closure#1}, ()>
[INFO] [stdout]   17:     0x5f4cbc8f3092 - <std[617be2ca0a6fd877]::thread::lifecycle::spawn_unchecked<test[aada8e7e76ba119b]::run_test::{closure#1}, ()>::{closure#1} as core[a373ad73a504971]::ops::function::FnOnce<()>>::call_once::{shim:vtable#0}
[INFO] [stdout]   18:     0x5f4cbc9978af - <std[617be2ca0a6fd877]::sys::thread::unix::Thread>::new::thread_start
[INFO] [stdout]   19:     0x7cb8232e7dfa - <unknown>
[INFO] [stdout]   20:     0x7cb82337b3d4 - clone
[INFO] [stdout]   21:                0x0 - <unknown>
[INFO] [stdout] 
[INFO] [stdout] ---- response::tests::test_decode_text_explicit_utf8_valid stdout ----
[INFO] [stdout] 
[INFO] [stdout] thread 'response::tests::test_decode_text_explicit_utf8_valid' (1704) panicked at src/response.rs:1531:45:
[INFO] [stdout] called `Result::unwrap()` on an `Err` value: PyErr { type: <class 'ModuleNotFoundError'>, value: ModuleNotFoundError("No module named 'urllib3'"), traceback: Some("Traceback (most recent call last):\n  File \"/opt/rustwide/workdir/python/snekwest/__init__.py\", line 7, in <module>\n    from . import packages, utils  # noqa: F401\n  File \"/opt/rustwide/workdir/python/snekwest/packages.py\", line 9, in <module>\n    import urllib3  # noqa: F401\n") }
[INFO] [stdout] stack backtrace:
[INFO] [stdout]    0:     0x5f4cbc998091 - <<std[617be2ca0a6fd877]::sys::backtrace::BacktraceLock>::print::DisplayBacktrace as core[a373ad73a504971]::fmt::Display>::fmt
[INFO] [stdout]    1:     0x5f4cbc9ae19a - core[a373ad73a504971]::fmt::write
[INFO] [stdout]    2:     0x5f4cbc99c2fc - <alloc[2e1b2a31b91974c5]::vec::Vec<u8> as core[a373ad73a504971]::io::write::Write>::write_fmt
[INFO] [stdout]    3:     0x5f4cbc9741b6 - std[617be2ca0a6fd877]::panicking::default_hook::{closure#0}
[INFO] [stdout]    4:     0x5f4cbc9903f9 - std[617be2ca0a6fd877]::panicking::default_hook
[INFO] [stdout]    5:     0x5f4cbc8ef9e0 - test[aada8e7e76ba119b]::test_main_inner::{closure#0}
[INFO] [stdout]    6:     0x5f4cbc990722 - std[617be2ca0a6fd877]::panicking::panic_with_hook
[INFO] [stdout]    7:     0x5f4cbc974262 - std[617be2ca0a6fd877]::panicking::panic_handler::{closure#0}
[INFO] [stdout]    8:     0x5f4cbc96cf79 - std[617be2ca0a6fd877]::sys::backtrace::__rust_end_short_backtrace::<std[617be2ca0a6fd877]::panicking::panic_handler::{closure#0}, !>
[INFO] [stdout]    9:     0x5f4cbc974e6d - __rustc[ea4f61d10b84890b]::rust_begin_unwind
[INFO] [stdout]   10:     0x5f4cbc9ae8cc - core[a373ad73a504971]::panicking::panic_fmt
[INFO] [stdout]   11:     0x5f4cbc9ae6a2 - core[a373ad73a504971]::result::unwrap_failed
[INFO] [stdout]   12:     0x5f4cbc8d0d85 - _bindings[ac154ac3dee0b687]::response::tests::make_response_with_content
[INFO] [stdout]   13:     0x5f4cbc8d27a9 - <_bindings[ac154ac3dee0b687]::response::tests::test_decode_text_explicit_utf8_valid::{closure#0} as core[a373ad73a504971]::ops::function::FnOnce<()>>::call_once
[INFO] [stdout]   14:     0x5f4cbc8e2e2b - test[aada8e7e76ba119b]::__rust_begin_short_backtrace::<core[a373ad73a504971]::result::Result<(), alloc[2e1b2a31b91974c5]::string::String>, fn() -> core[a373ad73a504971]::result::Result<(), alloc[2e1b2a31b91974c5]::string::String>>
[INFO] [stdout]   15:     0x5f4cbc8f0005 - test[aada8e7e76ba119b]::run_test::{closure#0}
[INFO] [stdout]   16:     0x5f4cbc8e98f4 - std[617be2ca0a6fd877]::sys::backtrace::__rust_begin_short_backtrace::<test[aada8e7e76ba119b]::run_test::{closure#1}, ()>
[INFO] [stdout]   17:     0x5f4cbc8f3092 - <std[617be2ca0a6fd877]::thread::lifecycle::spawn_unchecked<test[aada8e7e76ba119b]::run_test::{closure#1}, ()>::{closure#1} as core[a373ad73a504971]::ops::function::FnOnce<()>>::call_once::{shim:vtable#0}
[INFO] [stdout]   18:     0x5f4cbc9978af - <std[617be2ca0a6fd877]::sys::thread::unix::Thread>::new::thread_start
[INFO] [stdout]   19:     0x7cb8232e7dfa - <unknown>
[INFO] [stdout]   20:     0x7cb82337b3d4 - clone
[INFO] [stdout]   21:                0x0 - <unknown>
[INFO] [stdout] 
[INFO] [stdout] ---- response::tests::test_decode_text_no_explicit_encoding_uses_replace stdout ----
[INFO] [stdout] 
[INFO] [stdout] thread 'response::tests::test_decode_text_no_explicit_encoding_uses_replace' (1706) panicked at src/response.rs:1531:45:
[INFO] [stdout] called `Result::unwrap()` on an `Err` value: PyErr { type: <class 'ModuleNotFoundError'>, value: ModuleNotFoundError("No module named 'urllib3'"), traceback: Some("Traceback (most recent call last):\n  File \"/opt/rustwide/workdir/python/snekwest/__init__.py\", line 7, in <module>\n    from . import packages, utils  # noqa: F401\n  File \"/opt/rustwide/workdir/python/snekwest/packages.py\", line 9, in <module>\n    import urllib3  # noqa: F401\n") }
[INFO] [stdout] stack backtrace:
[INFO] [stdout]    0:     0x5f4cbc998091 - <<std[617be2ca0a6fd877]::sys::backtrace::BacktraceLock>::print::DisplayBacktrace as core[a373ad73a504971]::fmt::Display>::fmt
[INFO] [stdout]    1:     0x5f4cbc9ae19a - core[a373ad73a504971]::fmt::write
[INFO] [stdout]    2:     0x5f4cbc99c2fc - <alloc[2e1b2a31b91974c5]::vec::Vec<u8> as core[a373ad73a504971]::io::write::Write>::write_fmt
[INFO] [stdout]    3:     0x5f4cbc9741b6 - std[617be2ca0a6fd877]::panicking::default_hook::{closure#0}
[INFO] [stdout]    4:     0x5f4cbc9903f9 - std[617be2ca0a6fd877]::panicking::default_hook
[INFO] [stdout]    5:     0x5f4cbc8ef9e0 - test[aada8e7e76ba119b]::test_main_inner::{closure#0}
[INFO] [stdout]    6:     0x5f4cbc990722 - std[617be2ca0a6fd877]::panicking::panic_with_hook
[INFO] [stdout]    7:     0x5f4cbc974262 - std[617be2ca0a6fd877]::panicking::panic_handler::{closure#0}
[INFO] [stdout]    8:     0x5f4cbc96cf79 - std[617be2ca0a6fd877]::sys::backtrace::__rust_end_short_backtrace::<std[617be2ca0a6fd877]::panicking::panic_handler::{closure#0}, !>
[INFO] [stdout]    9:     0x5f4cbc974e6d - __rustc[ea4f61d10b84890b]::rust_begin_unwind
[INFO] [stdout]   10:     0x5f4cbc9ae8cc - core[a373ad73a504971]::panicking::panic_fmt
[INFO] [stdout]   11:     0x5f4cbc9ae6a2 - core[a373ad73a504971]::result::unwrap_failed
[INFO] [stdout]   12:     0x5f4cbc8d0d85 - _bindings[ac154ac3dee0b687]::response::tests::make_response_with_content
[INFO] [stdout]   13:     0x5f4cbc8d3d0a - <_bindings[ac154ac3dee0b687]::response::tests::test_decode_text_no_explicit_encoding_uses_replace::{closure#0} as core[a373ad73a504971]::ops::function::FnOnce<()>>::call_once
[INFO] [stdout]   14:     0x5f4cbc8e2e2b - test[aada8e7e76ba119b]::__rust_begin_short_backtrace::<core[a373ad73a504971]::result::Result<(), alloc[2e1b2a31b91974c5]::string::String>, fn() -> core[a373ad73a504971]::result::Result<(), alloc[2e1b2a31b91974c5]::string::String>>
[INFO] [stdout]   15:     0x5f4cbc8f0005 - test[aada8e7e76ba119b]::run_test::{closure#0}
[INFO] [stdout]   16:     0x5f4cbc8e98f4 - std[617be2ca0a6fd877]::sys::backtrace::__rust_begin_short_backtrace::<test[aada8e7e76ba119b]::run_test::{closure#1}, ()>
[INFO] [stdout]   17:     0x5f4cbc8f3092 - <std[617be2ca0a6fd877]::thread::lifecycle::spawn_unchecked<test[aada8e7e76ba119b]::run_test::{closure#1}, ()>::{closure#1} as core[a373ad73a504971]::ops::function::FnOnce<()>>::call_once::{shim:vtable#0}
[INFO] [stdout]   18:     0x5f4cbc9978af - <std[617be2ca0a6fd877]::sys::thread::unix::Thread>::new::thread_start
[INFO] [stdout]   19:     0x7cb8232e7dfa - <unknown>
[INFO] [stdout]   20:     0x7cb82337b3d4 - clone
[INFO] [stdout]   21:                0x0 - <unknown>
[INFO] [stdout] 
[INFO] [stdout] ---- response::tests::test_decode_text_no_content_returns_empty_string stdout ----
[INFO] [stdout] 
[INFO] [stdout] thread 'response::tests::test_decode_text_no_content_returns_empty_string' (1705) panicked at src/response.rs:1626:49:
[INFO] [stdout] called `Result::unwrap()` on an `Err` value: PyErr { type: <class 'ModuleNotFoundError'>, value: ModuleNotFoundError("No module named 'urllib3'"), traceback: Some("Traceback (most recent call last):\n  File \"/opt/rustwide/workdir/python/snekwest/__init__.py\", line 7, in <module>\n    from . import packages, utils  # noqa: F401\n  File \"/opt/rustwide/workdir/python/snekwest/packages.py\", line 9, in <module>\n    import urllib3  # noqa: F401\n") }
[INFO] [stdout] stack backtrace:
[INFO] [stdout]    0:     0x5f4cbc998091 - <<std[617be2ca0a6fd877]::sys::backtrace::BacktraceLock>::print::DisplayBacktrace as core[a373ad73a504971]::fmt::Display>::fmt
[INFO] [stdout]    1:     0x5f4cbc9ae19a - core[a373ad73a504971]::fmt::write
[INFO] [stdout]    2:     0x5f4cbc99c2fc - <alloc[2e1b2a31b91974c5]::vec::Vec<u8> as core[a373ad73a504971]::io::write::Write>::write_fmt
[INFO] [stdout]    3:     0x5f4cbc9741b6 - std[617be2ca0a6fd877]::panicking::default_hook::{closure#0}
[INFO] [stdout]    4:     0x5f4cbc9903f9 - std[617be2ca0a6fd877]::panicking::default_hook
[INFO] [stdout]    5:     0x5f4cbc8ef9e0 - test[aada8e7e76ba119b]::test_main_inner::{closure#0}
[INFO] [stdout]    6:     0x5f4cbc990722 - std[617be2ca0a6fd877]::panicking::panic_with_hook
[INFO] [stdout]    7:     0x5f4cbc974262 - std[617be2ca0a6fd877]::panicking::panic_handler::{closure#0}
[INFO] [stdout]    8:     0x5f4cbc96cf79 - std[617be2ca0a6fd877]::sys::backtrace::__rust_end_short_backtrace::<std[617be2ca0a6fd877]::panicking::panic_handler::{closure#0}, !>
[INFO] [stdout]    9:     0x5f4cbc974e6d - __rustc[ea4f61d10b84890b]::rust_begin_unwind
[INFO] [stdout]   10:     0x5f4cbc9ae8cc - core[a373ad73a504971]::panicking::panic_fmt
[INFO] [stdout]   11:     0x5f4cbc9ae6a2 - core[a373ad73a504971]::result::unwrap_failed
[INFO] [stdout]   12:     0x5f4cbc8d3b03 - <_bindings[ac154ac3dee0b687]::response::tests::test_decode_text_no_content_returns_empty_string::{closure#0} as core[a373ad73a504971]::ops::function::FnOnce<()>>::call_once
[INFO] [stdout]   13:     0x5f4cbc8e2e2b - test[aada8e7e76ba119b]::__rust_begin_short_backtrace::<core[a373ad73a504971]::result::Result<(), alloc[2e1b2a31b91974c5]::string::String>, fn() -> core[a373ad73a504971]::result::Result<(), alloc[2e1b2a31b91974c5]::string::String>>
[INFO] [stdout]   14:     0x5f4cbc8f0005 - test[aada8e7e76ba119b]::run_test::{closure#0}
[INFO] [stdout]   15:     0x5f4cbc8e98f4 - std[617be2ca0a6fd877]::sys::backtrace::__rust_begin_short_backtrace::<test[aada8e7e76ba119b]::run_test::{closure#1}, ()>
[INFO] [stdout]   16:     0x5f4cbc8f3092 - <std[617be2ca0a6fd877]::thread::lifecycle::spawn_unchecked<test[aada8e7e76ba119b]::run_test::{closure#1}, ()>::{closure#1} as core[a373ad73a504971]::ops::function::FnOnce<()>>::call_once::{shim:vtable#0}
[INFO] [stdout]   17:     0x5f4cbc9978af - <std[617be2ca0a6fd877]::sys::thread::unix::Thread>::new::thread_start
[INFO] [stdout]   18:     0x7cb8232e7dfa - <unknown>
[INFO] [stdout]   19:     0x7cb82337b3d4 - clone
[INFO] [stdout]   20:                0x0 - <unknown>
[INFO] [stdout] 
[INFO] [stdout] ---- response::tests::test_decode_text_explicit_ascii_with_non_ascii_raises stdout ----
[INFO] [stdout] 
[INFO] [stdout] thread 'response::tests::test_decode_text_explicit_ascii_with_non_ascii_raises' (1700) panicked at src/response.rs:1531:45:
[INFO] [stdout] called `Result::unwrap()` on an `Err` value: PyErr { type: <class 'ModuleNotFoundError'>, value: ModuleNotFoundError("No module named 'urllib3'"), traceback: Some("Traceback (most recent call last):\n  File \"/opt/rustwide/workdir/python/snekwest/__init__.py\", line 7, in <module>\n    from . import packages, utils  # noqa: F401\n  File \"/opt/rustwide/workdir/python/snekwest/packages.py\", line 9, in <module>\n    import urllib3  # noqa: F401\n") }
[INFO] [stdout] stack backtrace:
[INFO] [stdout]    0:     0x5f4cbc998091 - <<std[617be2ca0a6fd877]::sys::backtrace::BacktraceLock>::print::DisplayBacktrace as core[a373ad73a504971]::fmt::Display>::fmt
[INFO] [stdout]    1:     0x5f4cbc9ae19a - core[a373ad73a504971]::fmt::write
[INFO] [stdout]    2:     0x5f4cbc99c2fc - <alloc[2e1b2a31b91974c5]::vec::Vec<u8> as core[a373ad73a504971]::io::write::Write>::write_fmt
[INFO] [stdout]    3:     0x5f4cbc9741b6 - std[617be2ca0a6fd877]::panicking::default_hook::{closure#0}
[INFO] [stdout]    4:     0x5f4cbc9903f9 - std[617be2ca0a6fd877]::panicking::default_hook
[INFO] [stdout]    5:     0x5f4cbc8ef9e0 - test[aada8e7e76ba119b]::test_main_inner::{closure#0}
[INFO] [stdout]    6:     0x5f4cbc990722 - std[617be2ca0a6fd877]::panicking::panic_with_hook
[INFO] [stdout]    7:     0x5f4cbc974262 - std[617be2ca0a6fd877]::panicking::panic_handler::{closure#0}
[INFO] [stdout]    8:     0x5f4cbc96cf79 - std[617be2ca0a6fd877]::sys::backtrace::__rust_end_short_backtrace::<std[617be2ca0a6fd877]::panicking::panic_handler::{closure#0}, !>
[INFO] [stdout]    9:     0x5f4cbc974e6d - __rustc[ea4f61d10b84890b]::rust_begin_unwind
[INFO] [stdout]   10:     0x5f4cbc9ae8cc - core[a373ad73a504971]::panicking::panic_fmt
[INFO] [stdout]   11:     0x5f4cbc9ae6a2 - core[a373ad73a504971]::result::unwrap_failed
[INFO] [stdout]   12:     0x5f4cbc8d0d85 - _bindings[ac154ac3dee0b687]::response::tests::make_response_with_content
[INFO] [stdout]   13:     0x5f4cbc8d4196 - <_bindings[ac154ac3dee0b687]::response::tests::test_decode_text_explicit_ascii_with_non_ascii_raises::{closure#0} as core[a373ad73a504971]::ops::function::FnOnce<()>>::call_once
[INFO] [stdout]   14:     0x5f4cbc8e2e2b - test[aada8e7e76ba119b]::__rust_begin_short_backtrace::<core[a373ad73a504971]::result::Result<(), alloc[2e1b2a31b91974c5]::string::String>, fn() -> core[a373ad73a504971]::result::Result<(), alloc[2e1b2a31b91974c5]::string::String>>
[INFO] [stdout]   15:     0x5f4cbc8f0005 - test[aada8e7e76ba119b]::run_test::{closure#0}
[INFO] [stdout]   16:     0x5f4cbc8e98f4 - std[617be2ca0a6fd877]::sys::backtrace::__rust_begin_short_backtrace::<test[aada8e7e76ba119b]::run_test::{closure#1}, ()>
[INFO] [stdout]   17:     0x5f4cbc8f3092 - <std[617be2ca0a6fd877]::thread::lifecycle::spawn_unchecked<test[aada8e7e76ba119b]::run_test::{closure#1}, ()>::{closure#1} as core[a373ad73a504971]::ops::function::FnOnce<()>>::call_once::{shim:vtable#0}
[INFO] [stdout]   18:     0x5f4cbc9978af - <std[617be2ca0a6fd877]::sys::thread::unix::Thread>::new::thread_start
[INFO] [stdout]   19:     0x7cb8232e7dfa - <unknown>
[INFO] [stdout]   20:     0x7cb82337b3d4 - clone
[INFO] [stdout]   21:                0x0 - <unknown>
[INFO] [stdout] 
[INFO] [stdout] ---- response::tests::test_decode_text_explicit_invalid_encoding_name_raises stdout ----
[INFO] [stdout] 
[INFO] [stdout] thread 'response::tests::test_decode_text_explicit_invalid_encoding_name_raises' (1701) panicked at src/response.rs:1531:45:
[INFO] [stdout] called `Result::unwrap()` on an `Err` value: PyErr { type: <class 'ModuleNotFoundError'>, value: ModuleNotFoundError("No module named 'urllib3'"), traceback: Some("Traceback (most recent call last):\n  File \"/opt/rustwide/workdir/python/snekwest/__init__.py\", line 7, in <module>\n    from . import packages, utils  # noqa: F401\n  File \"/opt/rustwide/workdir/python/snekwest/packages.py\", line 9, in <module>\n    import urllib3  # noqa: F401\n") }
[INFO] [stdout] stack backtrace:
[INFO] [stdout]    0:     0x5f4cbc998091 - <<std[617be2ca0a6fd877]::sys::backtrace::BacktraceLock>::print::DisplayBacktrace as core[a373ad73a504971]::fmt::Display>::fmt
[INFO] [stdout]    1:     0x5f4cbc9ae19a - core[a373ad73a504971]::fmt::write
[INFO] [stdout]    2:     0x5f4cbc99c2fc - <alloc[2e1b2a31b91974c5]::vec::Vec<u8> as core[a373ad73a504971]::io::write::Write>::write_fmt
[INFO] [stdout]    3:     0x5f4cbc9741b6 - std[617be2ca0a6fd877]::panicking::default_hook::{closure#0}
[INFO] [stdout]    4:     0x5f4cbc9903f9 - std[617be2ca0a6fd877]::panicking::default_hook
[INFO] [stdout]    5:     0x5f4cbc8ef9e0 - test[aada8e7e76ba119b]::test_main_inner::{closure#0}
[INFO] [stdout]    6:     0x5f4cbc990722 - std[617be2ca0a6fd877]::panicking::panic_with_hook
[INFO] [stdout]    7:     0x5f4cbc974262 - std[617be2ca0a6fd877]::panicking::panic_handler::{closure#0}
[INFO] [stdout]    8:     0x5f4cbc96cf79 - std[617be2ca0a6fd877]::sys::backtrace::__rust_end_short_backtrace::<std[617be2ca0a6fd877]::panicking::panic_handler::{closure#0}, !>
[INFO] [stdout]    9:     0x5f4cbc974e6d - __rustc[ea4f61d10b84890b]::rust_begin_unwind
[INFO] [stdout]   10:     0x5f4cbc9ae8cc - core[a373ad73a504971]::panicking::panic_fmt
[INFO] [stdout]   11:     0x5f4cbc9ae6a2 - core[a373ad73a504971]::result::unwrap_failed
[INFO] [stdout]   12:     0x5f4cbc8d0d85 - _bindings[ac154ac3dee0b687]::response::tests::make_response_with_content
[INFO] [stdout]   13:     0x5f4cbc8d42ca - <_bindings[ac154ac3dee0b687]::response::tests::test_decode_text_explicit_invalid_encoding_name_raises::{closure#0} as core[a373ad73a504971]::ops::function::FnOnce<()>>::call_once
[INFO] [stdout]   14:     0x5f4cbc8e2e2b - test[aada8e7e76ba119b]::__rust_begin_short_backtrace::<core[a373ad73a504971]::result::Result<(), alloc[2e1b2a31b91974c5]::string::String>, fn() -> core[a373ad73a504971]::result::Result<(), alloc[2e1b2a31b91974c5]::string::String>>
[INFO] [stdout]   15:     0x5f4cbc8f0005 - test[aada8e7e76ba119b]::run_test::{closure#0}
[INFO] [stdout]   16:     0x5f4cbc8e98f4 - std[617be2ca0a6fd877]::sys::backtrace::__rust_begin_short_backtrace::<test[aada8e7e76ba119b]::run_test::{closure#1}, ()>
[INFO] [stdout]   17:     0x5f4cbc8f3092 - <std[617be2ca0a6fd877]::thread::lifecycle::spawn_unchecked<test[aada8e7e76ba119b]::run_test::{closure#1}, ()>::{closure#1} as core[a373ad73a504971]::ops::function::FnOnce<()>>::call_once::{shim:vtable#0}
[INFO] [stdout]   18:     0x5f4cbc9978af - <std[617be2ca0a6fd877]::sys::thread::unix::Thread>::new::thread_start
[INFO] [stdout]   19:     0x7cb8232e7dfa - <unknown>
[INFO] [stdout]   20:     0x7cb82337b3d4 - clone
[INFO] [stdout]   21:                0x0 - <unknown>
[INFO] [stdout] 
[INFO] [stdout] 
[INFO] [stdout] failures:
[INFO] [stdout]     response::tests::test_decode_text_empty_content_returns_empty_string
[INFO] [stdout]     response::tests::test_decode_text_explicit_ascii_with_non_ascii_raises
[INFO] [stdout]     response::tests::test_decode_text_explicit_invalid_encoding_name_raises
[INFO] [stdout]     response::tests::test_decode_text_explicit_latin1
[INFO] [stdout]     response::tests::test_decode_text_explicit_utf8_invalid_raises
[INFO] [stdout]     response::tests::test_decode_text_explicit_utf8_valid
[INFO] [stdout]     response::tests::test_decode_text_no_content_returns_empty_string
[INFO] [stdout]     response::tests::test_decode_text_no_explicit_encoding_uses_replace
[INFO] [stdout] 
[INFO] [stdout] test result: FAILED. 214 passed; 8 failed; 0 ignored; 0 measured; 0 filtered out; finished in 0.34s
[INFO] [stdout] 
[INFO] [stderr] error: test failed, to rerun pass `--lib`
[INFO] running `Command { std: "docker" "inspect" "a8ef8426fea23c1e9a57c2a9ac986355979cd192d778271faf98db9dbc53e0cb", kill_on_drop: false }`
[INFO] running `Command { std: "docker" "rm" "-f" "a8ef8426fea23c1e9a57c2a9ac986355979cd192d778271faf98db9dbc53e0cb", kill_on_drop: false }`
[INFO] [stdout] a8ef8426fea23c1e9a57c2a9ac986355979cd192d778271faf98db9dbc53e0cb
