[INFO] cloning repository https://github.com/paulofrodriguez/star-resume
[INFO] running `Command { std: "git" "-c" "credential.helper=" "-c" "credential.helper=/workspace/cargo-home/bin/git-credential-null" "clone" "--bare" "https://github.com/paulofrodriguez/star-resume" "/workspace/cache/git-repos/https%3A%2F%2Fgithub.com%2Fpaulofrodriguez%2Fstar-resume", kill_on_drop: false }`
[INFO] [stderr] Cloning into bare repository '/workspace/cache/git-repos/https%3A%2F%2Fgithub.com%2Fpaulofrodriguez%2Fstar-resume'...
[INFO] running `Command { std: "git" "rev-parse" "HEAD", kill_on_drop: false }`
[INFO] [stdout] a2679aa5e153908027c84cd7138da132e1c3e82a
[INFO] testing paulofrodriguez/star-resume/a2679aa5e153908027c84cd7138da132e1c3e82a against 1.100.0-beta.1+cargoflags=--release for beta-release-1.100-2
[INFO] running `Command { std: "git" "clone" "/workspace/cache/git-repos/https%3A%2F%2Fgithub.com%2Fpaulofrodriguez%2Fstar-resume" "/workspace/builds/worker-0-tc2/source", kill_on_drop: false }`
[INFO] [stderr] Cloning into '/workspace/builds/worker-0-tc2/source'...
[INFO] [stderr] done.
[INFO] started tweaking git repo https://github.com/paulofrodriguez/star-resume
[INFO] finished tweaking git repo https://github.com/paulofrodriguez/star-resume
[INFO] tweaked toml for git repo https://github.com/paulofrodriguez/star-resume written to /workspace/builds/worker-0-tc2/source/Cargo.toml
[INFO] validating manifest of git repo https://github.com/paulofrodriguez/star-resume on toolchain 1.100.0-beta.1
[INFO] running `Command { std: CARGO_HOME="/workspace/cargo-home" RUSTUP_HOME="/workspace/rustup-home" "/workspace/cargo-home/bin/cargo" "+1.100.0-beta.1" "metadata" "--manifest-path" "Cargo.toml" "--no-deps", kill_on_drop: false }`
[INFO] crate git repo https://github.com/paulofrodriguez/star-resume already has a lockfile, it will not be regenerated
[INFO] running `Command { std: CARGO_HOME="/workspace/cargo-home" RUSTUP_HOME="/workspace/rustup-home" "/workspace/cargo-home/bin/cargo" "+1.100.0-beta.1" "fetch" "--manifest-path" "Cargo.toml", kill_on_drop: false }`
[INFO] running `Command { std: "docker" "create" "-v" "/var/lib/crater-agent-workspace/builds/worker-0-tc2/source:/opt/rustwide/workdir:ro,Z" "-v" "/var/lib/crater-agent-workspace/builds/worker-0-tc2/target:/opt/rustwide/target:rw,Z" "-v" "/var/lib/crater-agent-workspace/cargo-home:/opt/rustwide/cargo-home:ro,Z" "-v" "/var/lib/crater-agent-workspace/rustup-home:/opt/rustwide/rustup-home:ro,Z" "-m" "1610612736" "--network" "none" "ghcr.io/rust-lang/crates-build-env/linux@sha256:77db811e55d90add9212f6832c23229e3de5f1c1f9905e8cb07319ea15df73ac" "sleep" "infinity", kill_on_drop: false }`
[INFO] [stdout] f54f6cf002d4d7ea2bae6872b54a0604bf8dcd3e230c36a1627c114ef75cabc1
[INFO] running `Command { std: "docker" "start" "f54f6cf002d4d7ea2bae6872b54a0604bf8dcd3e230c36a1627c114ef75cabc1", kill_on_drop: false }`
[INFO] running `Command { std: "docker" "inspect" "f54f6cf002d4d7ea2bae6872b54a0604bf8dcd3e230c36a1627c114ef75cabc1", kill_on_drop: false }`
[INFO] running `Command { std: "docker" "exec" "-e" "SOURCE_DIR=/opt/rustwide/workdir" "-e" "CARGO_HOME=/opt/rustwide/cargo-home" "-e" "RUSTUP_HOME=/opt/rustwide/rustup-home" "-e" "CARGO_TARGET_DIR=/opt/rustwide/target" "-w" "/opt/rustwide/workdir" "--user" "0:0" "f54f6cf002d4d7ea2bae6872b54a0604bf8dcd3e230c36a1627c114ef75cabc1" "/opt/rustwide/cargo-home/bin/cargo" "+1.100.0-beta.1" "metadata" "--no-deps" "--format-version=1", kill_on_drop: false }`
[INFO] running `Command { std: "docker" "inspect" "f54f6cf002d4d7ea2bae6872b54a0604bf8dcd3e230c36a1627c114ef75cabc1", kill_on_drop: false }`
[INFO] running `Command { std: "docker" "exec" "-e" "SOURCE_DIR=/opt/rustwide/workdir" "-e" "CARGO_HOME=/opt/rustwide/cargo-home" "-e" "RUSTUP_HOME=/opt/rustwide/rustup-home" "-e" "CARGO_TARGET_DIR=/opt/rustwide/target" "-e" "CARGO_INCREMENTAL=0" "-e" "RUST_BACKTRACE=full" "-e" "RUSTFLAGS=--cap-lints=warn" "-e" "RUSTDOCFLAGS=--cap-lints=warn" "-w" "/opt/rustwide/workdir" "--user" "0:0" "f54f6cf002d4d7ea2bae6872b54a0604bf8dcd3e230c36a1627c114ef75cabc1" "/opt/rustwide/cargo-home/bin/cargo" "+1.100.0-beta.1" "build" "--frozen" "--message-format=json" "--release", kill_on_drop: false }`
[INFO] [stderr]    Compiling proc-macro2 v1.0.107
[INFO] [stderr]    Compiling quote v1.0.47
[INFO] [stderr]    Compiling unicode-ident v1.0.24
[INFO] [stderr]    Compiling serde v1.0.229
[INFO] [stderr]    Compiling serde_core v1.0.229
[INFO] [stderr]    Compiling libc v0.2.189
[INFO] [stderr]    Compiling winnow v1.0.4
[INFO] [stderr]    Compiling pin-project-lite v0.2.17
[INFO] [stderr]    Compiling hashbrown v0.17.1
[INFO] [stderr]    Compiling equivalent v1.0.2
[INFO] [stderr]    Compiling toml_datetime v1.1.1+spec-1.1.0
[INFO] [stderr]    Compiling once_cell v1.21.4
[INFO] [stderr]    Compiling parking v2.2.1
[INFO] [stderr]    Compiling futures-core v0.3.34
[INFO] [stderr]    Compiling endi v1.1.1
[INFO] [stderr]    Compiling cfg-if v1.0.4
[INFO] [stderr]    Compiling event-listener v5.4.2
[INFO] [stderr]    Compiling rustix v1.1.4
[INFO] [stderr]    Compiling regex-syntax v0.8.11
[INFO] [stderr]    Compiling utf8parse v0.2.2
[INFO] [stderr]    Compiling anstyle-query v1.1.5
[INFO] [stderr]    Compiling bitflags v2.13.1
[INFO] [stderr]    Compiling tracing-core v0.1.36
[INFO] [stderr]    Compiling anstyle-parse v1.0.0
[INFO] [stderr]    Compiling lazy_static v1.5.0
[INFO] [stderr]    Compiling futures-io v0.3.34
[INFO] [stderr]    Compiling log v0.4.34
[INFO] [stderr]    Compiling colorchoice v1.0.5
[INFO] [stderr]    Compiling fastrand v2.5.0
[INFO] [stderr]    Compiling getrandom v0.4.3
[INFO] [stderr]    Compiling is_terminal_polyfill v1.70.2
[INFO] [stderr]    Compiling event-listener-strategy v0.5.4
[INFO] [stderr]    Compiling bytes v1.12.1
[INFO] [stderr]    Compiling anstyle v1.0.14
[INFO] [stderr]    Compiling zmij v1.0.23
[INFO] [stderr]    Compiling linux-raw-sys v0.12.1
[INFO] [stderr]    Compiling async-broadcast v0.7.2
[INFO] [stderr]    Compiling futures-lite v2.6.1
[INFO] [stderr]    Compiling tracing-log v0.2.0
[INFO] [stderr]    Compiling anstream v1.0.0
[INFO] [stderr]    Compiling indexmap v2.14.0
[INFO] [stderr]    Compiling sharded-slab v0.1.7
[INFO] [stderr]    Compiling syn v3.0.4
[INFO] [stderr]    Compiling syn v2.0.119
[INFO] [stderr]    Compiling ordered-stream v0.2.0
[INFO] [stderr]    Compiling thread_local v1.1.10
[INFO] [stderr]    Compiling anyhow v1.0.104
[INFO] [stderr]    Compiling futures-task v0.3.34
[INFO] [stderr]    Compiling clap_lex v1.1.0
[INFO] [stderr]    Compiling toml_parser v1.1.3+spec-1.1.0
[INFO] [stderr]    Compiling serde_json v1.0.151
[INFO] [stderr]    Compiling strsim v0.11.1
[INFO] [stderr]    Compiling errno v0.3.14
[INFO] [stderr]    Compiling socket2 v0.6.5
[INFO] [stderr]    Compiling mio v1.2.2
[INFO] [stderr]    Compiling hex v0.4.3
[INFO] [stderr]    Compiling smallvec v1.15.2
[INFO] [stderr]    Compiling signal-hook-registry v1.4.8
[INFO] [stderr]    Compiling heck v0.5.0
[INFO] [stderr]    Compiling option-ext v0.2.0
[INFO] [stderr]    Compiling toml_edit v0.25.13+spec-1.1.0
[INFO] [stderr]    Compiling slab v0.4.12
[INFO] [stderr]    Compiling nu-ansi-term v0.50.3
[INFO] [stderr]    Compiling dirs-sys v0.5.0
[INFO] [stderr]    Compiling clap_builder v4.6.6
[INFO] [stderr]    Compiling regex-automata v0.4.18
[INFO] [stderr]    Compiling tokio v1.53.1
[INFO] [stderr]    Compiling itoa v1.0.18
[INFO] [stderr]    Compiling toml_writer v1.1.2+spec-1.1.0
[INFO] [stderr]    Compiling memchr v2.8.3
[INFO] [stderr]    Compiling winnow v0.7.15
[INFO] [stderr]    Compiling dirs v6.0.0
[INFO] [stderr]    Compiling proc-macro-crate v3.5.0
[INFO] [stderr]    Compiling uuid v1.26.0
[INFO] [stderr]    Compiling toml_datetime v0.7.5+spec-1.1.0
[INFO] [stderr]    Compiling serde_spanned v1.1.1
[INFO] [stderr]    Compiling toml v0.9.12+spec-1.1.0
[INFO] [stderr]    Compiling matchers v0.2.0
[INFO] [stderr]    Compiling enumflags2_derive v0.7.12
[INFO] [stderr]    Compiling tracing-attributes v0.1.31
[INFO] [stderr]    Compiling async-recursion v1.1.1
[INFO] [stderr]    Compiling serde_derive v1.0.229
[INFO] [stderr]    Compiling async-trait v0.1.92
[INFO] [stderr]    Compiling serde_repr v0.1.21
[INFO] [stderr]    Compiling futures-macro v0.3.34
[INFO] [stderr]    Compiling clap_derive v4.6.4
[INFO] [stderr]    Compiling tracing v0.1.44
[INFO] [stderr]    Compiling tracing-subscriber v0.3.23
[INFO] [stderr]    Compiling futures-util v0.3.34
[INFO] [stderr]    Compiling clap v4.6.6
[INFO] [stderr]    Compiling tracing-journald v0.3.2
[INFO] [stderr]    Compiling zvariant_utils v4.2.0
[INFO] [stderr]    Compiling zcheapstr v1.1.0
[INFO] [stderr]    Compiling enumflags2 v0.7.12
[INFO] [stderr]    Compiling zvariant_derive v5.15.0
[INFO] [stderr]    Compiling zvariant v5.15.0
[INFO] [stderr]    Compiling zbus_names v4.3.4
[INFO] [stderr]    Compiling zbus_macros v5.19.0
[INFO] [stderr]    Compiling zbus v5.19.0
[INFO] [stderr]    Compiling ashpd v0.13.13
[INFO] [stderr]    Compiling star-resume v0.1.0 (/opt/rustwide/workdir)
[INFO] [stderr]     Finished `release` profile [optimized] target(s) in 2m 34s
[INFO] running `Command { std: "docker" "inspect" "f54f6cf002d4d7ea2bae6872b54a0604bf8dcd3e230c36a1627c114ef75cabc1", kill_on_drop: false }`
[INFO] running `Command { std: "docker" "exec" "-e" "SOURCE_DIR=/opt/rustwide/workdir" "-e" "CARGO_HOME=/opt/rustwide/cargo-home" "-e" "RUSTUP_HOME=/opt/rustwide/rustup-home" "-e" "CARGO_TARGET_DIR=/opt/rustwide/target" "-e" "CARGO_INCREMENTAL=0" "-e" "RUST_BACKTRACE=full" "-e" "RUSTFLAGS=--cap-lints=warn" "-e" "RUSTDOCFLAGS=--cap-lints=warn" "-w" "/opt/rustwide/workdir" "--user" "0:0" "f54f6cf002d4d7ea2bae6872b54a0604bf8dcd3e230c36a1627c114ef75cabc1" "/opt/rustwide/cargo-home/bin/cargo" "+1.100.0-beta.1" "test" "--frozen" "--no-run" "--message-format=json" "--release", kill_on_drop: false }`
[INFO] [stderr]    Compiling rustix v1.1.4
[INFO] [stderr]    Compiling fastrand v2.5.0
[INFO] [stderr]    Compiling futures-lite v2.6.1
[INFO] [stderr]    Compiling zbus v5.19.0
[INFO] [stderr]    Compiling tempfile v3.27.0
[INFO] [stderr]    Compiling ashpd v0.13.13
[INFO] [stderr]    Compiling star-resume v0.1.0 (/opt/rustwide/workdir)
[INFO] [stderr]     Finished `release` profile [optimized] target(s) in 2m 54s
[INFO] running `Command { std: "docker" "inspect" "f54f6cf002d4d7ea2bae6872b54a0604bf8dcd3e230c36a1627c114ef75cabc1", kill_on_drop: false }`
[INFO] running `Command { std: "docker" "exec" "-e" "SOURCE_DIR=/opt/rustwide/workdir" "-e" "CARGO_HOME=/opt/rustwide/cargo-home" "-e" "RUSTUP_HOME=/opt/rustwide/rustup-home" "-e" "CARGO_TARGET_DIR=/opt/rustwide/target" "-e" "CARGO_INCREMENTAL=0" "-e" "RUST_BACKTRACE=full" "-e" "RUSTFLAGS=--cap-lints=warn" "-e" "RUSTDOCFLAGS=--cap-lints=warn" "-w" "/opt/rustwide/workdir" "--user" "0:0" "f54f6cf002d4d7ea2bae6872b54a0604bf8dcd3e230c36a1627c114ef75cabc1" "/opt/rustwide/cargo-home/bin/cargo" "+1.100.0-beta.1" "test" "--frozen" "--release", kill_on_drop: false }`
[INFO] [stderr]     Finished `release` profile [optimized] target(s) in 0.22s
[INFO] [stderr]      Running unittests src/lib.rs (/opt/rustwide/target/release/build/star-resume/ea37386582b53681/out/star_resume-ea37386582b53681)
[INFO] [stdout] 
[INFO] [stdout] running 15 tests
[INFO] [stdout] test cgroup::tests::rejects_traversal ... ok
[INFO] [stdout] test process::tests::parses_appids ... ok
[INFO] [stdout] test config::tests::defaults_match_mvp ... ok
[INFO] [stdout] test shortcuts::tests::maps_only_known_shortcut_ids ... ok
[INFO] [stdout] test shortcuts::tests::preferred_actions_have_stable_ids ... ok
[INFO] [stdout] test slots::tests::navigation_without_active_game_uses_edge_slot ... ok
[INFO] [stdout] test slots::tests::resolves_slots_and_circular_navigation ... ok
[INFO] [stdout] test config::tests::rejects_bad_slots ... ok
[INFO] [stdout] test focus::tests::generated_script_contains_only_numeric_pids ... ok
[INFO] [stdout] test focus::tests::disabled_focus_does_not_access_the_desktop ... ok
[INFO] [stdout] test state::tests::atomically_round_trips_state ... ok
[INFO] [stdout] test shortcuts::tests::disabled_shortcuts_disconnect_without_portal_access ... ok
[INFO] [stdout] test slots::tests::empty_manager_has_no_navigation_target ... ok
[INFO] [stdout] test slots::tests::enforces_limit ... ok
[INFO] [stdout] test cgroup::tests::signal_fallback_stops_and_continues_process ... ok
[INFO] [stdout] 
[INFO] [stdout] test result: ok. 15 passed; 0 failed; 0 ignored; 0 measured; 0 filtered out; finished in 0.04s
[INFO] [stdout] 
[INFO] [stderr]      Running unittests src/cli/main.rs (/opt/rustwide/target/release/build/star-resume/6a4f35358cbe4286/out/star_resume-6a4f35358cbe4286)
[INFO] [stdout] 
[INFO] [stdout] running 0 tests
[INFO] [stdout] 
[INFO] [stdout] test result: ok. 0 passed; 0 failed; 0 ignored; 0 measured; 0 filtered out; finished in 0.00s
[INFO] [stdout] 
[INFO] [stderr]      Running unittests src/daemon/main.rs (/opt/rustwide/target/release/build/star-resume/17ea905894f448c8/out/star_resumed-17ea905894f448c8)
[INFO] [stdout] 
[INFO] [stdout] running 0 tests
[INFO] [stdout] 
[INFO] [stdout] test result: ok. 0 passed; 0 failed; 0 ignored; 0 measured; 0 filtered out; finished in 0.00s
[INFO] [stdout] 
[INFO] [stderr]      Running tests/config_failures.rs (/opt/rustwide/target/release/build/star-resume/2cb1c63b1891bcf3/out/config_failures-2cb1c63b1891bcf3)
[INFO] [stdout] 
[INFO] [stderr]      Running tests/process_discovery.rs (/opt/rustwide/target/release/build/star-resume/ed0bd68e6ee0a140/out/process_discovery-ed0bd68e6ee0a140)
[INFO] [stdout] running 1 test
[INFO] [stdout] test invalid_and_unknown_configuration_is_rejected ... ok
[INFO] [stdout] 
[INFO] [stdout] test result: ok. 1 passed; 0 failed; 0 ignored; 0 measured; 0 filtered out; finished in 0.00s
[INFO] [stdout] 
[INFO] [stdout] 
[INFO] [stdout] running 2 tests
[INFO] [stdout] test discovers_appid_from_a_live_process ... ok
[INFO] [stdout] test discovers_appid_without_reading_process_environment ... FAILED
[INFO] [stdout] 
[INFO] [stdout] failures:
[INFO] [stdout] 
[INFO] [stdout] ---- discovers_appid_without_reading_process_environment stdout ----
[INFO] [stdout] 
[INFO] [stdout] thread 'discovers_appid_without_reading_process_environment' (4618) panicked at tests/process_discovery.rs:41:5:
[INFO] [stdout] assertion `left == right` failed
[INFO] [stdout]   left: None
[INFO] [stdout]  right: Some(900002)
[INFO] [stdout] stack backtrace:
[INFO] [stdout]    0:     0x5ea1f5c736a6 - <unknown>
[INFO] [stdout]    1:     0x5ea1f5c1a83a - <unknown>
[INFO] [stdout]    2:     0x5ea1f5c792dc - <unknown>
[INFO] [stdout]    3:     0x5ea1f5c4f512 - <unknown>
[INFO] [stdout]    4:     0x5ea1f5c6b8b1 - <unknown>
[INFO] [stdout]    5:     0x5ea1f5c6ba92 - <unknown>
[INFO] [stdout]    6:     0x5ea1f5c4f5c2 - <unknown>
[INFO] [stdout]    7:     0x5ea1f5c47c99 - <unknown>
[INFO] [stdout]    8:     0x5ea1f5c502cd - <unknown>
[INFO] [stdout]    9:     0x5ea1f5c1af2c - <unknown>
[INFO] [stdout]   10:     0x5ea1f5c1ae43 - <unknown>
[INFO] [stdout]   11:     0x5ea1f5c2a8dc - <unknown>
[INFO] [stdout]   12:     0x5ea1f5c2bd54 - <unknown>
[INFO] [stdout]   13:     0x5ea1f5c7a85b - <unknown>
[INFO] [stdout]   14:     0x5ea1f5c88704 - <unknown>
[INFO] [stdout]   15:     0x5ea1f5c81e34 - <unknown>
[INFO] [stdout]   16:     0x5ea1f5c8c4c2 - <unknown>
[INFO] [stdout]   17:     0x5ea1f5c72764 - <unknown>
[INFO] [stdout]   18:     0x709d6a9eedfa - <unknown>
[INFO] [stdout]   19:     0x709d6aa823d4 - clone
[INFO] [stdout]   20:                0x0 - <unknown>
[INFO] [stdout] 
[INFO] [stdout] 
[INFO] [stdout] failures:
[INFO] [stdout]     discovers_appid_without_reading_process_environment
[INFO] [stdout] 
[INFO] [stdout] test result: FAILED. 1 passed; 1 failed; 0 ignored; 0 measured; 0 filtered out; finished in 0.03s
[INFO] [stdout] 
[INFO] [stderr] error: test failed, to rerun pass `--test process_discovery`
[INFO] running `Command { std: "docker" "inspect" "f54f6cf002d4d7ea2bae6872b54a0604bf8dcd3e230c36a1627c114ef75cabc1", kill_on_drop: false }`
[INFO] running `Command { std: "docker" "rm" "-f" "f54f6cf002d4d7ea2bae6872b54a0604bf8dcd3e230c36a1627c114ef75cabc1", kill_on_drop: false }`
[INFO] [stdout] f54f6cf002d4d7ea2bae6872b54a0604bf8dcd3e230c36a1627c114ef75cabc1
