[INFO] cloning repository https://github.com/otsmr/profuzz
[INFO] running `Command { std: "git" "-c" "credential.helper=" "-c" "credential.helper=/workspace/cargo-home/bin/git-credential-null" "clone" "--bare" "https://github.com/otsmr/profuzz" "/workspace/cache/git-repos/https%3A%2F%2Fgithub.com%2Fotsmr%2Fprofuzz", kill_on_drop: false }`
[INFO] [stderr] Cloning into bare repository '/workspace/cache/git-repos/https%3A%2F%2Fgithub.com%2Fotsmr%2Fprofuzz'...
[INFO] running `Command { std: "git" "rev-parse" "HEAD", kill_on_drop: false }`
[INFO] [stdout] ddbe540fbaf4b3d6a5a740a1d620f568c3e5a988
[INFO] testing otsmr/profuzz against 1.99.0-beta.8+cargoflags=--release for beta-release-1.100-2
[INFO] running `Command { std: "git" "clone" "/workspace/cache/git-repos/https%3A%2F%2Fgithub.com%2Fotsmr%2Fprofuzz" "/workspace/builds/worker-3-tc1/source", kill_on_drop: false }`
[INFO] [stderr] Cloning into '/workspace/builds/worker-3-tc1/source'...
[INFO] [stderr] done.
[INFO] removed /workspace/builds/worker-3-tc1/source/rust-toolchain.toml
[INFO] started tweaking git repo https://github.com/otsmr/profuzz
[INFO] finished tweaking git repo https://github.com/otsmr/profuzz
[INFO] tweaked toml for git repo https://github.com/otsmr/profuzz written to /workspace/builds/worker-3-tc1/source/Cargo.toml
[INFO] validating manifest of git repo https://github.com/otsmr/profuzz on toolchain 1.99.0-beta.8
[INFO] running `Command { std: CARGO_HOME="/workspace/cargo-home" RUSTUP_HOME="/workspace/rustup-home" "/workspace/cargo-home/bin/cargo" "+1.99.0-beta.8" "metadata" "--manifest-path" "Cargo.toml" "--no-deps", kill_on_drop: false }`
[INFO] crate git repo https://github.com/otsmr/profuzz already has a lockfile, it will not be regenerated
[INFO] running `Command { std: CARGO_HOME="/workspace/cargo-home" RUSTUP_HOME="/workspace/rustup-home" "/workspace/cargo-home/bin/cargo" "+1.99.0-beta.8" "fetch" "--manifest-path" "Cargo.toml", kill_on_drop: false }`
[INFO] [stderr]     Updating crates.io index
[INFO] [stderr]  Downloading crates ...
[INFO] [stderr]   Downloaded pnet_macros_support v0.35.0
[INFO] [stderr]   Downloaded pnet_base v0.35.0
[INFO] [stderr]   Downloaded instability v0.3.7
[INFO] [stderr]   Downloaded pnet_macros v0.35.0
[INFO] [stderr]   Downloaded castaway v0.2.3
[INFO] [stderr]   Downloaded pretty_env_logger v0.5.0
[INFO] [stderr]   Downloaded convert_case v0.7.1
[INFO] [stderr]   Downloaded clap v4.5.38
[INFO] [stderr]   Downloaded clap_builder v4.5.38
[INFO] [stderr]   Downloaded pnet_transport v0.35.0
[INFO] [stderr]   Downloaded ipnetwork v0.20.0
[INFO] [stderr]   Downloaded pnet_layers v0.1.0
[INFO] [stderr]   Downloaded pnet v0.35.0
[INFO] [stderr]   Downloaded pnet_sys v0.35.0
[INFO] [stderr]   Downloaded pnet_packet v0.35.0
[INFO] [stderr]   Downloaded pnet_datalink v0.35.0
[INFO] [stderr]   Downloaded pnet_show v0.1.1
[INFO] [stderr]   Downloaded pcap v2.2.0
[INFO] [stderr]   Downloaded tui-logger v0.17.2
[INFO] running `Command { std: "docker" "create" "-v" "/var/lib/crater-agent-workspace/builds/worker-3-tc1/source:/opt/rustwide/workdir:ro,Z" "-v" "/var/lib/crater-agent-workspace/builds/worker-3-tc1/target:/opt/rustwide/target:rw,Z" "-v" "/var/lib/crater-agent-workspace/cargo-home:/opt/rustwide/cargo-home:ro,Z" "-v" "/var/lib/crater-agent-workspace/rustup-home:/opt/rustwide/rustup-home:ro,Z" "-m" "1610612736" "--network" "none" "ghcr.io/rust-lang/crates-build-env/linux@sha256:77db811e55d90add9212f6832c23229e3de5f1c1f9905e8cb07319ea15df73ac" "sleep" "infinity", kill_on_drop: false }`
[INFO] [stdout] 22b70c85c2df4913d57dcfed859b4ab5426eeb2448d23080025d489a1136a168
[INFO] running `Command { std: "docker" "start" "22b70c85c2df4913d57dcfed859b4ab5426eeb2448d23080025d489a1136a168", kill_on_drop: false }`
[INFO] running `Command { std: "docker" "inspect" "22b70c85c2df4913d57dcfed859b4ab5426eeb2448d23080025d489a1136a168", kill_on_drop: false }`
[INFO] running `Command { std: "docker" "exec" "-e" "SOURCE_DIR=/opt/rustwide/workdir" "-e" "CARGO_HOME=/opt/rustwide/cargo-home" "-e" "RUSTUP_HOME=/opt/rustwide/rustup-home" "-e" "CARGO_TARGET_DIR=/opt/rustwide/target" "-w" "/opt/rustwide/workdir" "--user" "0:0" "22b70c85c2df4913d57dcfed859b4ab5426eeb2448d23080025d489a1136a168" "/opt/rustwide/cargo-home/bin/cargo" "+1.99.0-beta.8" "metadata" "--no-deps" "--format-version=1", kill_on_drop: false }`
[INFO] running `Command { std: "docker" "inspect" "22b70c85c2df4913d57dcfed859b4ab5426eeb2448d23080025d489a1136a168", kill_on_drop: false }`
[INFO] running `Command { std: "docker" "exec" "-e" "SOURCE_DIR=/opt/rustwide/workdir" "-e" "CARGO_HOME=/opt/rustwide/cargo-home" "-e" "RUSTUP_HOME=/opt/rustwide/rustup-home" "-e" "CARGO_TARGET_DIR=/opt/rustwide/target" "-e" "CARGO_INCREMENTAL=0" "-e" "RUST_BACKTRACE=full" "-e" "RUSTFLAGS=--cap-lints=warn" "-e" "RUSTDOCFLAGS=--cap-lints=warn" "-w" "/opt/rustwide/workdir" "--user" "0:0" "22b70c85c2df4913d57dcfed859b4ab5426eeb2448d23080025d489a1136a168" "/opt/rustwide/cargo-home/bin/cargo" "+1.99.0-beta.8" "build" "--frozen" "--message-format=json" "--release", kill_on_drop: false }`
[INFO] [stderr]    Compiling libc v0.2.172
[INFO] [stderr]    Compiling autocfg v1.4.0
[INFO] [stderr]    Compiling log v0.4.27
[INFO] [stderr]    Compiling memchr v2.7.4
[INFO] [stderr]    Compiling regex-syntax v0.8.5
[INFO] [stderr]    Compiling smallvec v1.15.0
[INFO] [stderr]    Compiling syn v2.0.101
[INFO] [stderr]    Compiling parking_lot_core v0.9.10
[INFO] [stderr]    Compiling rustversion v1.0.20
[INFO] [stderr]    Compiling num-traits v0.2.19
[INFO] [stderr]    Compiling lock_api v0.4.12
[INFO] [stderr]    Compiling signal-hook v0.3.17
[INFO] [stderr]    Compiling aho-corasick v1.1.3
[INFO] [stderr]    Compiling signal-hook-registry v1.4.5
[INFO] [stderr]    Compiling no-std-net v0.6.0
[INFO] [stderr]    Compiling mio v1.0.3
[INFO] [stderr]    Compiling bitflags v2.9.0
[INFO] [stderr]    Compiling regex-automata v0.4.9
[INFO] [stderr]    Compiling getrandom v0.3.2
[INFO] [stderr]    Compiling zerocopy v0.8.25
[INFO] [stderr]    Compiling parking_lot v0.12.3
[INFO] [stderr]    Compiling signal-hook-mio v0.2.4
[INFO] [stderr]    Compiling tracing-core v0.1.33
[INFO] [stderr]    Compiling num-integer v0.1.46
[INFO] [stderr]    Compiling darling_core v0.20.11
[INFO] [stderr]    Compiling regex-syntax v0.6.29
[INFO] [stderr]    Compiling regex v1.11.1
[INFO] [stderr]    Compiling unicode-segmentation v1.12.0
[INFO] [stderr]    Compiling serde_derive v1.0.219
[INFO] [stderr]    Compiling pnet_macros v0.35.0
[INFO] [stderr]    Compiling hashbrown v0.15.3
[INFO] [stderr]    Compiling darling_macro v0.20.11
[INFO] [stderr]    Compiling darling v0.20.11
[INFO] [stderr]    Compiling regex-automata v0.1.10
[INFO] [stderr]    Compiling convert_case v0.7.1
[INFO] [stderr]    Compiling strum_macros v0.26.4
[INFO] [stderr]    Compiling tracing-attributes v0.1.28
[INFO] [stderr]    Compiling ppv-lite86 v0.2.21
[INFO] [stderr]    Compiling rustix v0.38.44
[INFO] [stderr]    Compiling anstyle-parse v0.2.6
[INFO] [stderr]    Compiling rand_core v0.9.3
[INFO] [stderr]    Compiling castaway v0.2.3
[INFO] [stderr]    Compiling pnet_sys v0.35.0
[INFO] [stderr]    Compiling overload v0.1.1
[INFO] [stderr]    Compiling anstyle v1.0.10
[INFO] [stderr]    Compiling colorchoice v1.0.3
[INFO] [stderr]    Compiling serde v1.0.219
[INFO] [stderr]    Compiling anstyle-query v1.1.2
[INFO] [stderr]    Compiling rustix v1.0.7
[INFO] [stderr]    Compiling compact_str v0.8.1
[INFO] [stderr]    Compiling strum v0.26.3
[INFO] [stderr]    Compiling anstream v0.6.18
[INFO] [stderr]    Compiling libloading v0.8.8
[INFO] [stderr]    Compiling instability v0.3.7
[INFO] [stderr]    Compiling nu-ansi-term v0.46.0
[INFO] [stderr]    Compiling rand_chacha v0.9.0
[INFO] [stderr]    Compiling crossterm v0.28.1
[INFO] [stderr]    Compiling tracing v0.1.41
[INFO] [stderr]    Compiling matchers v0.1.0
[INFO] [stderr]    Compiling derive_more-impl v2.0.1
[INFO] [stderr]    Compiling lru v0.12.5
[INFO] [stderr]    Compiling num-bigint v0.4.6
[INFO] [stderr]    Compiling tracing-log v0.2.0
[INFO] [stderr]    Compiling thread_local v1.1.8
[INFO] [stderr]    Compiling linux-raw-sys v0.9.4
[INFO] [stderr]    Compiling clap_lex v0.7.4
[INFO] [stderr]    Compiling iana-time-zone v0.1.63
[INFO] [stderr]    Compiling litrs v0.4.1
[INFO] [stderr]    Compiling pnet v0.35.0
[INFO] [stderr]    Compiling serde_json v1.0.140
[INFO] [stderr]    Compiling ratatui v0.29.0
[INFO] [stderr]    Compiling pcap v2.2.0
[INFO] [stderr]    Compiling document-features v0.2.11
[INFO] [stderr]    Compiling num-rational v0.4.2
[INFO] [stderr]    Compiling fxhash v0.2.1
[INFO] [stderr]    Compiling chrono v0.4.41
[INFO] [stderr]    Compiling pnet_base v0.35.0
[INFO] [stderr]    Compiling pnet_macros_support v0.35.0
[INFO] [stderr]    Compiling ipnetwork v0.20.0
[INFO] [stderr]    Compiling pnet_packet v0.35.0
[INFO] [stderr]    Compiling pnet_datalink v0.35.0
[INFO] [stderr]    Compiling clap_builder v4.5.38
[INFO] [stderr]    Compiling tracing-subscriber v0.3.19
[INFO] [stderr]    Compiling derive_more v2.0.1
[INFO] [stderr]    Compiling digest v0.10.7
[INFO] [stderr]    Compiling rand v0.9.1
[INFO] [stderr]    Compiling env_filter v0.1.3
[INFO] [stderr]    Compiling thiserror-impl v2.0.12
[INFO] [stderr]    Compiling clap_derive v4.5.32
[INFO] [stderr]    Compiling tokio-macros v2.5.0
[INFO] [stderr]    Compiling num-iter v0.1.45
[INFO] [stderr]    Compiling num-complex v0.4.6
[INFO] [stderr]    Compiling socket2 v0.6.0
[INFO] [stderr]    Compiling sha1 v0.10.6
[INFO] [stderr]    Compiling thiserror v2.0.12
[INFO] [stderr]    Compiling num v0.4.3
[INFO] [stderr]    Compiling tokio v1.47.1
[INFO] [stderr]    Compiling pnet_transport v0.35.0
[INFO] [stderr]    Compiling clap v4.5.38
[INFO] [stderr]    Compiling tui-logger v0.17.2
[INFO] [stderr]    Compiling crossterm v0.29.0
[INFO] [stderr]    Compiling errno v0.2.8
[INFO] [stderr]    Compiling pnet_layers v0.1.0
[INFO] [stderr]    Compiling is-terminal v0.4.16
[INFO] [stderr]    Compiling crc-catalog v2.4.0
[INFO] [stderr]    Compiling termcolor v1.4.1
[INFO] [stderr]    Compiling humantime v2.2.0
[INFO] [stderr]    Compiling env_logger v0.10.2
[INFO] [stderr]    Compiling crc v3.2.1
[INFO] [stderr]    Compiling pnet_show v0.1.1
[INFO] [stderr]    Compiling pretty_env_logger v0.5.0
[INFO] [stderr]    Compiling tcp_server v0.1.0 (/opt/rustwide/workdir/example/target_tcp_server)
[INFO] [stderr]    Compiling profuzz_core v0.1.0 (/opt/rustwide/workdir/profuzz_core)
[INFO] [stderr]    Compiling profuzz_common v0.1.0 (/opt/rustwide/workdir/profuzz_common)
[INFO] [stderr]    Compiling profuzz_tplink_tmdp v0.1.0 (/opt/rustwide/workdir/example/profuzz_tplink_tmdp)
[INFO] [stderr]    Compiling profuzz_network_stack v0.1.0 (/opt/rustwide/workdir/example/profuzz_network_stack)
[INFO] [stderr]     Finished `release` profile [optimized] target(s) in 3m 26s
[INFO] running `Command { std: "docker" "inspect" "22b70c85c2df4913d57dcfed859b4ab5426eeb2448d23080025d489a1136a168", kill_on_drop: false }`
[INFO] running `Command { std: "docker" "exec" "-e" "SOURCE_DIR=/opt/rustwide/workdir" "-e" "CARGO_HOME=/opt/rustwide/cargo-home" "-e" "RUSTUP_HOME=/opt/rustwide/rustup-home" "-e" "CARGO_TARGET_DIR=/opt/rustwide/target" "-e" "CARGO_INCREMENTAL=0" "-e" "RUST_BACKTRACE=full" "-e" "RUSTFLAGS=--cap-lints=warn" "-e" "RUSTDOCFLAGS=--cap-lints=warn" "-w" "/opt/rustwide/workdir" "--user" "0:0" "22b70c85c2df4913d57dcfed859b4ab5426eeb2448d23080025d489a1136a168" "/opt/rustwide/cargo-home/bin/cargo" "+1.99.0-beta.8" "test" "--frozen" "--no-run" "--message-format=json" "--release", kill_on_drop: false }`
[INFO] [stderr]    Compiling profuzz_core v0.1.0 (/opt/rustwide/workdir/profuzz_core)
[INFO] [stderr]    Compiling tcp_server v0.1.0 (/opt/rustwide/workdir/example/target_tcp_server)
[INFO] [stderr]    Compiling profuzz_common v0.1.0 (/opt/rustwide/workdir/profuzz_common)
[INFO] [stderr]    Compiling profuzz_network_stack v0.1.0 (/opt/rustwide/workdir/example/profuzz_network_stack)
[INFO] [stderr]    Compiling profuzz_tplink_tmdp v0.1.0 (/opt/rustwide/workdir/example/profuzz_tplink_tmdp)
[INFO] [stderr]     Finished `release` profile [optimized] target(s) in 3.71s
[INFO] running `Command { std: "docker" "inspect" "22b70c85c2df4913d57dcfed859b4ab5426eeb2448d23080025d489a1136a168", kill_on_drop: false }`
[INFO] running `Command { std: "docker" "exec" "-e" "SOURCE_DIR=/opt/rustwide/workdir" "-e" "CARGO_HOME=/opt/rustwide/cargo-home" "-e" "RUSTUP_HOME=/opt/rustwide/rustup-home" "-e" "CARGO_TARGET_DIR=/opt/rustwide/target" "-e" "CARGO_INCREMENTAL=0" "-e" "RUST_BACKTRACE=full" "-e" "RUSTFLAGS=--cap-lints=warn" "-e" "RUSTDOCFLAGS=--cap-lints=warn" "-w" "/opt/rustwide/workdir" "--user" "0:0" "22b70c85c2df4913d57dcfed859b4ab5426eeb2448d23080025d489a1136a168" "/opt/rustwide/cargo-home/bin/cargo" "+1.99.0-beta.8" "test" "--frozen" "--release", kill_on_drop: false }`
[INFO] [stderr]     Finished `release` profile [optimized] target(s) in 0.21s
[INFO] [stderr]      Running unittests src/lib.rs (/opt/rustwide/target/release/deps/profuzz_common-76e25a8dab547b7c)
[INFO] [stdout] 
[INFO] [stdout] running 1 test
[INFO] [stderr]  ERROR profuzz_common::healthcheck::tcp > Observer iface eth0 not found
[INFO] [stdout] test healthcheck::tcp::test_tcp_healthcheck ... FAILED
[INFO] [stdout] 
[INFO] [stdout] failures:
[INFO] [stdout] 
[INFO] [stdout] ---- healthcheck::tcp::test_tcp_healthcheck stdout ----
[INFO] [stdout] 
[INFO] [stdout] thread 'healthcheck::tcp::test_tcp_healthcheck' (2417) panicked at profuzz_common/src/healthcheck/tcp.rs:273:63:
[INFO] [stdout] : ConnectionFailed { err_msg: "Could not create tx from iface" }
[INFO] [stdout] stack backtrace:
[INFO] [stdout]    0:     0x5558eee22721 - <<std[70759c8f55707aa4]::sys::backtrace::BacktraceLock>::print::DisplayBacktrace as core[df12db4294e9bfd3]::fmt::Display>::fmt
[INFO] [stdout]    1:     0x5558eee38a7a - core[df12db4294e9bfd3]::fmt::write
[INFO] [stdout]    2:     0x5558eee270fc - <alloc[2182bb758b4b3781]::vec::Vec<u8> as core[df12db4294e9bfd3]::io::write::Write>::write_fmt
[INFO] [stdout]    3:     0x5558eedfe8b6 - std[70759c8f55707aa4]::panicking::default_hook::{closure#0}
[INFO] [stdout]    4:     0x5558eee1ace9 - std[70759c8f55707aa4]::panicking::default_hook
[INFO] [stdout]    5:     0x5558eeccb7b0 - test[9d35eded1c95d3be]::test_main_inner::<test[9d35eded1c95d3be]::test_main_static::{closure#0}>::{closure#0}
[INFO] [stdout]    6:     0x5558eee1aea2 - std[70759c8f55707aa4]::panicking::panic_with_hook
[INFO] [stdout]    7:     0x5558eedfe962 - std[70759c8f55707aa4]::panicking::panic_handler::{closure#0}
[INFO] [stdout]    8:     0x5558eedf76b9 - std[70759c8f55707aa4]::sys::backtrace::__rust_end_short_backtrace::<std[70759c8f55707aa4]::panicking::panic_handler::{closure#0}, !>
[INFO] [stdout]    9:     0x5558eedff55d - __rustc[8fa7c3cbc660c2b3]::rust_begin_unwind
[INFO] [stdout]   10:     0x5558eee3925c - core[df12db4294e9bfd3]::panicking::panic_fmt
[INFO] [stdout]   11:     0x5558eee39032 - core[df12db4294e9bfd3]::result::unwrap_failed
[INFO] [stdout]   12:     0x5558eeca956c - profuzz_common[b23b2179fb3fa387]::healthcheck::tcp::test_tcp_healthcheck::{closure#0}
[INFO] [stdout]   13:     0x5558eecadbf3 - <tokio[c49470b24f5a5b43]::runtime::scheduler::current_thread::Context>::enter::<core[df12db4294e9bfd3]::task::poll::Poll<()>, <tokio[c49470b24f5a5b43]::runtime::scheduler::current_thread::CoreGuard>::block_on<core[df12db4294e9bfd3]::pin::Pin<&mut core[df12db4294e9bfd3]::pin::Pin<&mut dyn core[df12db4294e9bfd3]::future::future::Future<Output = ()>>>>::{closure#0}::{closure#0}>
[INFO] [stdout]   14:     0x5558eecacefc - <tokio[c49470b24f5a5b43]::runtime::context::scoped::Scoped<tokio[c49470b24f5a5b43]::runtime::scheduler::Context>>::set::<<tokio[c49470b24f5a5b43]::runtime::scheduler::current_thread::CoreGuard>::enter<<tokio[c49470b24f5a5b43]::runtime::scheduler::current_thread::CoreGuard>::block_on<core[df12db4294e9bfd3]::pin::Pin<&mut core[df12db4294e9bfd3]::pin::Pin<&mut dyn core[df12db4294e9bfd3]::future::future::Future<Output = ()>>>>::{closure#0}, core[df12db4294e9bfd3]::option::Option<()>>::{closure#0}, (alloc[2182bb758b4b3781]::boxed::Box<tokio[c49470b24f5a5b43]::runtime::scheduler::current_thread::Core>, core[df12db4294e9bfd3]::option::Option<()>)>
[INFO] [stdout]   15:     0x5558eecae217 - <tokio[c49470b24f5a5b43]::runtime::scheduler::current_thread::CoreGuard>::block_on::<core[df12db4294e9bfd3]::pin::Pin<&mut core[df12db4294e9bfd3]::pin::Pin<&mut dyn core[df12db4294e9bfd3]::future::future::Future<Output = ()>>>>
[INFO] [stdout]   16:     0x5558eecacba0 - tokio[c49470b24f5a5b43]::runtime::context::runtime::enter_runtime::<<tokio[c49470b24f5a5b43]::runtime::scheduler::current_thread::CurrentThread>::block_on<core[df12db4294e9bfd3]::pin::Pin<&mut dyn core[df12db4294e9bfd3]::future::future::Future<Output = ()>>>::{closure#0}, ()>
[INFO] [stdout]   17:     0x5558eecaed35 - <tokio[c49470b24f5a5b43]::runtime::runtime::Runtime>::block_on::<core[df12db4294e9bfd3]::pin::Pin<&mut dyn core[df12db4294e9bfd3]::future::future::Future<Output = ()>>>
[INFO] [stdout]   18:     0x5558eecaa40b - profuzz_common[b23b2179fb3fa387]::healthcheck::tcp::test_tcp_healthcheck
[INFO] [stdout]   19:     0x5558eecadb19 - <profuzz_common[b23b2179fb3fa387]::healthcheck::tcp::test_tcp_healthcheck::{closure#0} as core[df12db4294e9bfd3]::ops::function::FnOnce<()>>::call_once
[INFO] [stdout]   20:     0x5558eecbea9b - test[9d35eded1c95d3be]::__rust_begin_short_backtrace::<core[df12db4294e9bfd3]::result::Result<(), alloc[2182bb758b4b3781]::string::String>, fn() -> core[df12db4294e9bfd3]::result::Result<(), alloc[2182bb758b4b3781]::string::String>>
[INFO] [stdout]   21:     0x5558eeccc105 - test[9d35eded1c95d3be]::run_test::{closure#0}
[INFO] [stdout]   22:     0x5558eecc59c4 - std[70759c8f55707aa4]::sys::backtrace::__rust_begin_short_backtrace::<test[9d35eded1c95d3be]::run_test::{closure#1}, ()>
[INFO] [stdout]   23:     0x5558eeccf262 - <std[70759c8f55707aa4]::thread::lifecycle::spawn_unchecked<test[9d35eded1c95d3be]::run_test::{closure#1}, ()>::{closure#1} as core[df12db4294e9bfd3]::ops::function::FnOnce<()>>::call_once::{shim:vtable#0}
[INFO] [stdout]   24:     0x5558eee21ff9 - <std[70759c8f55707aa4]::sys::thread::unix::Thread>::new::thread_start
[INFO] [stdout]   25:     0x7c6f4d187dfa - <unknown>
[INFO] [stdout]   26:     0x7c6f4d21b3d4 - clone
[INFO] [stdout]   27:                0x0 - <unknown>
[INFO] [stdout] 
[INFO] [stdout] 
[INFO] [stdout] failures:
[INFO] [stdout]     healthcheck::tcp::test_tcp_healthcheck
[INFO] [stdout] 
[INFO] [stdout] test result: FAILED. 0 passed; 1 failed; 0 ignored; 0 measured; 0 filtered out; finished in 0.18s
[INFO] [stdout] 
[INFO] [stderr] error: test failed, to rerun pass `-p profuzz_common --lib`
[INFO] running `Command { std: "docker" "inspect" "22b70c85c2df4913d57dcfed859b4ab5426eeb2448d23080025d489a1136a168", kill_on_drop: false }`
[INFO] running `Command { std: "docker" "rm" "-f" "22b70c85c2df4913d57dcfed859b4ab5426eeb2448d23080025d489a1136a168", kill_on_drop: false }`
[INFO] [stdout] 22b70c85c2df4913d57dcfed859b4ab5426eeb2448d23080025d489a1136a168
