[INFO] cloning repository https://github.com/oneshinyboi/super-swipe-type
[INFO] running `Command { std: "git" "-c" "credential.helper=" "-c" "credential.helper=/workspace/cargo-home/bin/git-credential-null" "clone" "--bare" "https://github.com/oneshinyboi/super-swipe-type" "/workspace/cache/git-repos/https%3A%2F%2Fgithub.com%2Foneshinyboi%2Fsuper-swipe-type", kill_on_drop: false }`
[INFO] [stderr] Cloning into bare repository '/workspace/cache/git-repos/https%3A%2F%2Fgithub.com%2Foneshinyboi%2Fsuper-swipe-type'...
[INFO] running `Command { std: "git" "rev-parse" "HEAD", kill_on_drop: false }`
[INFO] [stdout] 5ac7dc599225945071e78a2e90dc17618b6eab03
[INFO] testing oneshinyboi/super-swipe-type against 1.99.0-beta.8+cargoflags=--release for beta-release-1.100-2
[INFO] running `Command { std: "git" "clone" "/workspace/cache/git-repos/https%3A%2F%2Fgithub.com%2Foneshinyboi%2Fsuper-swipe-type" "/workspace/builds/worker-5-tc1/source", kill_on_drop: false }`
[INFO] [stderr] Cloning into '/workspace/builds/worker-5-tc1/source'...
[INFO] [stderr] done.
[INFO] started tweaking git repo https://github.com/oneshinyboi/super-swipe-type
[INFO] finished tweaking git repo https://github.com/oneshinyboi/super-swipe-type
[INFO] tweaked toml for git repo https://github.com/oneshinyboi/super-swipe-type written to /workspace/builds/worker-5-tc1/source/Cargo.toml
[INFO] validating manifest of git repo https://github.com/oneshinyboi/super-swipe-type on toolchain 1.99.0-beta.8
[INFO] running `Command { std: CARGO_HOME="/workspace/cargo-home" RUSTUP_HOME="/workspace/rustup-home" "/workspace/cargo-home/bin/cargo" "+1.99.0-beta.8" "metadata" "--manifest-path" "Cargo.toml" "--no-deps", kill_on_drop: false }`
[INFO] crate git repo https://github.com/oneshinyboi/super-swipe-type already has a lockfile, it will not be regenerated
[INFO] running `Command { std: CARGO_HOME="/workspace/cargo-home" RUSTUP_HOME="/workspace/rustup-home" "/workspace/cargo-home/bin/cargo" "+1.99.0-beta.8" "fetch" "--manifest-path" "Cargo.toml", kill_on_drop: false }`
[INFO] [stderr]     Updating crates.io index
[INFO] [stderr]  Downloading crates ...
[INFO] [stderr]   Downloaded vector2 v0.1.5
[INFO] [stderr]   Downloaded rten-vecmath v0.24.0
[INFO] [stderr]   Downloaded tar v0.4.45
[INFO] [stderr]   Downloaded rten-shape-inference v0.24.0
[INFO] [stderr]   Downloaded rten-base v0.24.0
[INFO] [stderr]   Downloaded flatbuffers v24.12.23
[INFO] [stderr]   Downloaded constant_time_eq v0.4.3
[INFO] [stderr]   Downloaded rten-model-file v0.24.0
[INFO] [stderr]   Downloaded cached-path v0.10.1
[INFO] [stderr]   Downloaded rten-simd v0.24.0
[INFO] [stderr]   Downloaded libbz2-rs-sys v0.2.3
[INFO] [stderr]   Downloaded rten-gemm v0.24.0
[INFO] [stderr]   Downloaded rten-tensor v0.24.0
[INFO] [stderr]   Downloaded rten-onnx v0.24.0
[INFO] [stderr]   Downloaded lzma-rust2 v0.16.2
[INFO] [stderr]   Downloaded rten v0.24.0
[INFO] [stderr]   Downloaded openssl-sys v0.9.113
[INFO] [stderr]   Downloaded fst v0.4.7
[INFO] [stderr]   Downloaded openssl v0.10.77
[INFO] running `Command { std: "docker" "create" "-v" "/var/lib/crater-agent-workspace/builds/worker-5-tc1/source:/opt/rustwide/workdir:ro,Z" "-v" "/var/lib/crater-agent-workspace/builds/worker-5-tc1/target:/opt/rustwide/target:rw,Z" "-v" "/var/lib/crater-agent-workspace/cargo-home:/opt/rustwide/cargo-home:ro,Z" "-v" "/var/lib/crater-agent-workspace/rustup-home:/opt/rustwide/rustup-home:ro,Z" "-m" "1610612736" "--network" "none" "ghcr.io/rust-lang/crates-build-env/linux@sha256:77db811e55d90add9212f6832c23229e3de5f1c1f9905e8cb07319ea15df73ac" "sleep" "infinity", kill_on_drop: false }`
[INFO] [stdout] dd002862009d019824e5ec6be0b070e4a364e8122f7af9175e4e01e32c87d4ca
[INFO] running `Command { std: "docker" "start" "dd002862009d019824e5ec6be0b070e4a364e8122f7af9175e4e01e32c87d4ca", kill_on_drop: false }`
[INFO] running `Command { std: "docker" "inspect" "dd002862009d019824e5ec6be0b070e4a364e8122f7af9175e4e01e32c87d4ca", kill_on_drop: false }`
[INFO] running `Command { std: "docker" "exec" "-e" "SOURCE_DIR=/opt/rustwide/workdir" "-e" "CARGO_HOME=/opt/rustwide/cargo-home" "-e" "RUSTUP_HOME=/opt/rustwide/rustup-home" "-e" "CARGO_TARGET_DIR=/opt/rustwide/target" "-w" "/opt/rustwide/workdir" "--user" "0:0" "dd002862009d019824e5ec6be0b070e4a364e8122f7af9175e4e01e32c87d4ca" "/opt/rustwide/cargo-home/bin/cargo" "+1.99.0-beta.8" "metadata" "--no-deps" "--format-version=1", kill_on_drop: false }`
[INFO] running `Command { std: "docker" "inspect" "dd002862009d019824e5ec6be0b070e4a364e8122f7af9175e4e01e32c87d4ca", kill_on_drop: false }`
[INFO] running `Command { std: "docker" "exec" "-e" "SOURCE_DIR=/opt/rustwide/workdir" "-e" "CARGO_HOME=/opt/rustwide/cargo-home" "-e" "RUSTUP_HOME=/opt/rustwide/rustup-home" "-e" "CARGO_TARGET_DIR=/opt/rustwide/target" "-e" "CARGO_INCREMENTAL=0" "-e" "RUST_BACKTRACE=full" "-e" "RUSTFLAGS=--cap-lints=warn" "-e" "RUSTDOCFLAGS=--cap-lints=warn" "-w" "/opt/rustwide/workdir" "--user" "0:0" "dd002862009d019824e5ec6be0b070e4a364e8122f7af9175e4e01e32c87d4ca" "/opt/rustwide/cargo-home/bin/cargo" "+1.99.0-beta.8" "build" "--frozen" "--message-format=json" "--release", kill_on_drop: false }`
[INFO] [stderr]    Compiling libc v0.2.185
[INFO] [stderr]    Compiling proc-macro2 v1.0.106
[INFO] [stderr]    Compiling quote v1.0.45
[INFO] [stderr]    Compiling find-msvc-tools v0.1.9
[INFO] [stderr]    Compiling pkg-config v0.3.33
[INFO] [stderr]    Compiling typenum v1.20.0
[INFO] [stderr]    Compiling memchr v2.8.0
[INFO] [stderr]    Compiling bytes v1.11.1
[INFO] [stderr]    Compiling bitflags v2.11.1
[INFO] [stderr]    Compiling futures-core v0.3.32
[INFO] [stderr]    Compiling rayon-core v1.13.0
[INFO] [stderr]    Compiling writeable v0.6.3
[INFO] [stderr]    Compiling futures-sink v0.3.32
[INFO] [stderr]    Compiling litemap v0.8.2
[INFO] [stderr]    Compiling icu_normalizer_data v2.2.0
[INFO] [stderr]    Compiling icu_properties_data v2.2.0
[INFO] [stderr]    Compiling futures-task v0.3.32
[INFO] [stderr]    Compiling openssl v0.10.77
[INFO] [stderr]    Compiling futures-io v0.3.32
[INFO] [stderr]    Compiling getrandom v0.4.2
[INFO] [stderr]    Compiling native-tls v0.2.18
[INFO] [stderr]    Compiling rustix v1.1.4
[INFO] [stderr]    Compiling typeid v1.0.3
[INFO] [stderr]    Compiling rand_core v0.10.1
[INFO] [stderr]    Compiling semver v1.0.28
[INFO] [stderr]    Compiling futures-channel v0.3.32
[INFO] [stderr]    Compiling tracing-core v0.1.36
[INFO] [stderr]    Compiling openssl-probe v0.2.1
[INFO] [stderr]    Compiling simd-adler32 v0.3.9
[INFO] [stderr]    Compiling linux-raw-sys v0.12.1
[INFO] [stderr]    Compiling rustc_version v0.4.1
[INFO] [stderr]    Compiling sync_wrapper v1.0.2
[INFO] [stderr]    Compiling zmij v1.0.21
[INFO] [stderr]    Compiling zeroize v1.8.2
[INFO] [stderr]    Compiling ipnet v2.12.0
[INFO] [stderr]    Compiling fst v0.4.7
[INFO] [stderr]    Compiling flatbuffers v24.12.23
[INFO] [stderr]    Compiling http v1.4.0
[INFO] [stderr]    Compiling miniz_oxide v0.8.9
[INFO] [stderr]    Compiling deranged v0.5.8
[INFO] [stderr]    Compiling zlib-rs v0.6.3
[INFO] [stderr]    Compiling uuid v1.23.1
[INFO] [stderr]    Compiling futures-util v0.3.32
[INFO] [stderr]    Compiling socket2 v0.6.3
[INFO] [stderr]    Compiling mio v1.2.0
[INFO] [stderr]    Compiling syn v2.0.117
[INFO] [stderr]    Compiling http-body v1.0.1
[INFO] [stderr]    Compiling generic-array v0.14.7
[INFO] [stderr]    Compiling rayon v1.12.0
[INFO] [stderr]    Compiling jobserver v0.1.34
[INFO] [stderr]    Compiling tracing v0.1.44
[INFO] [stderr]    Compiling cc v1.2.60
[INFO] [stderr]    Compiling tokio v1.52.1
[INFO] [stderr]    Compiling http-body-util v0.1.3
[INFO] [stderr]    Compiling serde_json v1.0.149
[INFO] [stderr]    Compiling bumpalo v3.20.2
[INFO] [stderr]    Compiling crypto-common v0.1.7
[INFO] [stderr]    Compiling block-buffer v0.10.4
[INFO] [stderr]    Compiling inout v0.1.4
[INFO] [stderr]    Compiling digest v0.10.7
[INFO] [stderr]    Compiling cipher v0.4.4
[INFO] [stderr]    Compiling iri-string v0.7.12
[INFO] [stderr]    Compiling num-conv v0.2.1
[INFO] [stderr]    Compiling rten-simd v0.24.0
[INFO] [stderr]    Compiling hashbrown v0.17.0
[INFO] [stderr]    Compiling libbz2-rs-sys v0.2.3
[INFO] [stderr]    Compiling sha2 v0.10.9
[INFO] [stderr]    Compiling hmac v0.12.1
[INFO] [stderr]    Compiling time-core v0.1.8
[INFO] [stderr]    Compiling thiserror v2.0.18
[INFO] [stderr]    Compiling time v0.3.47
[INFO] [stderr]    Compiling pbkdf2 v0.12.2
[INFO] [stderr]    Compiling lzma-rust2 v0.16.2
[INFO] [stderr]    Compiling cfb v0.7.3
[INFO] [stderr]    Compiling aes v0.8.4
[INFO] [stderr]    Compiling bzip2 v0.6.1
[INFO] [stderr]    Compiling flate2 v1.1.9
[INFO] [stderr]    Compiling indexmap v2.14.0
[INFO] [stderr]    Compiling synstructure v0.13.2
[INFO] [stderr]    Compiling openssl-sys v0.9.113
[INFO] [stderr]    Compiling zstd-sys v2.0.16+zstd.1.5.7
[INFO] [stderr]    Compiling xattr v1.6.1
[INFO] [stderr]    Compiling sha1 v0.10.6
[INFO] [stderr]    Compiling zopfli v0.8.3
[INFO] [stderr]    Compiling chacha20 v0.10.0
[INFO] [stderr]    Compiling filetime v0.2.27
[INFO] [stderr]    Compiling aho-corasick v1.1.4
[INFO] [stderr]    Compiling rustls-pki-types v1.14.0
[INFO] [stderr]    Compiling rten-base v0.24.0
[INFO] [stderr]    Compiling rten-tensor v0.24.0
[INFO] [stderr]    Compiling fastrand v2.4.1
[INFO] [stderr]    Compiling zerofrom-derive v0.1.7
[INFO] [stderr]    Compiling yoke-derive v0.8.2
[INFO] [stderr]    Compiling zerovec-derive v0.11.3
[INFO] [stderr]    Compiling displaydoc v0.2.5
[INFO] [stderr]    Compiling openssl-macros v0.1.1
[INFO] [stderr]    Compiling serde_derive v1.0.228
[INFO] [stderr]    Compiling thiserror-impl v2.0.18
[INFO] [stderr]    Compiling deflate64 v0.1.12
[INFO] [stderr]    Compiling regex-syntax v0.8.10
[INFO] [stderr]    Compiling constant_time_eq v0.4.3
[INFO] [stderr]    Compiling hyper v1.9.0
[INFO] [stderr]    Compiling tower v0.5.3
[INFO] [stderr]    Compiling zerofrom v0.1.7
[INFO] [stderr]    Compiling ppmd-rust v1.4.0
[INFO] [stderr]    Compiling typed-path v0.12.3
[INFO] [stderr]    Compiling yoke v0.8.2
[INFO] [stderr]    Compiling anyhow v1.0.102
[INFO] [stderr]    Compiling zerovec v0.11.6
[INFO] [stderr]    Compiling zerotrie v0.2.4
[INFO] [stderr]    Compiling tower-http v0.6.8
[INFO] [stderr]    Compiling tempfile v3.27.0
[INFO] [stderr]    Compiling rten-gemm v0.24.0
[INFO] [stderr]    Compiling rten-shape-inference v0.24.0
[INFO] [stderr]    Compiling hyper-util v0.1.20
[INFO] [stderr]    Compiling tinystr v0.8.3
[INFO] [stderr]    Compiling icu_locale_core v2.2.0
[INFO] [stderr]    Compiling potential_utf v0.1.5
[INFO] [stderr]    Compiling icu_collections v2.2.0
[INFO] [stderr]    Compiling rten-model-file v0.24.0
[INFO] [stderr]    Compiling rten-vecmath v0.24.0
[INFO] [stderr]    Compiling rand v0.10.1
[INFO] [stderr]    Compiling icu_provider v2.2.0
[INFO] [stderr]    Compiling icu_properties v2.2.0
[INFO] [stderr]    Compiling icu_normalizer v2.2.0
[INFO] [stderr]    Compiling serde v1.0.228
[INFO] [stderr]    Compiling tokio-native-tls v0.3.1
[INFO] [stderr]    Compiling hyper-tls v0.6.0
[INFO] [stderr]    Compiling regex-automata v0.4.14
[INFO] [stderr]    Compiling tar v0.4.45
[INFO] [stderr]    Compiling serde_urlencoded v0.7.1
[INFO] [stderr]    Compiling infer v0.19.0
[INFO] [stderr]    Compiling num_cpus v1.17.0
[INFO] [stderr]    Compiling fs2 v0.4.3
[INFO] [stderr]    Compiling glob v0.3.3
[INFO] [stderr]    Compiling rten-onnx v0.24.0
[INFO] [stderr]    Compiling rustc-hash v2.1.3
[INFO] [stderr]    Compiling regex-automata v0.1.10
[INFO] [stderr]    Compiling memmap v0.7.0
[INFO] [stderr]    Compiling idna_adapter v1.2.1
[INFO] [stderr]    Compiling idna v1.1.0
[INFO] [stderr]    Compiling vector2 v0.1.5
[INFO] [stderr]    Compiling vocab-builder v0.4.2 (/opt/rustwide/workdir/crates/vocab-builder)
[INFO] [stderr]    Compiling url v2.5.8
[INFO] [stderr]    Compiling reqwest v0.12.28
[INFO] [stderr]    Compiling rten v0.24.0
[INFO] [stderr]    Compiling regex v1.12.3
[INFO] [stderr]    Compiling zstd-safe v7.2.4
[INFO] [stderr]    Compiling zstd v0.13.3
[INFO] [stderr]    Compiling zip v8.5.1
[INFO] [stderr]    Compiling cached-path v0.10.1
[INFO] [stderr]    Compiling super-swipe-type v0.4.2 (/opt/rustwide/workdir/crates/super-swipe-type)
[INFO] [stdout] warning: methods `decode` and `decode_sequentially` are never used
[INFO] [stdout]   --> crates/super-swipe-type/src/decoder.rs:27:12
[INFO] [stdout]    |
[INFO] [stdout] 15 | impl Decoder {
[INFO] [stdout]    | ------------ methods in this implementation
[INFO] [stdout] ...
[INFO] [stdout] 27 |     pub fn decode(&mut self, tokens: &Vec<i32>) -> Result<Vec<Vec<Vec<f32>>>> {
[INFO] [stdout]    |            ^^^^^^
[INFO] [stdout] ...
[INFO] [stdout] 33 |     pub fn decode_sequentially(
[INFO] [stdout]    |            ^^^^^^^^^^^^^^^^^^^
[INFO] [stdout]    |
[INFO] [stdout]    = note: `#[warn(dead_code)]` (part of `#[warn(unused)]`) on by default
[INFO] [stdout] 
[INFO] [stdout] 
[INFO] [stdout] warning: associated functions `create_from_file` and `create_from_byte_array` are never used
[INFO] [stdout]    --> crates/super-swipe-type/src/dictionary.rs:188:12
[INFO] [stdout]     |
[INFO] [stdout]  98 | impl Dictionary {
[INFO] [stdout]     | --------------- associated functions in this implementation
[INFO] [stdout] ...
[INFO] [stdout] 188 |     pub fn create_from_file(
[INFO] [stdout]     |            ^^^^^^^^^^^^^^^^
[INFO] [stdout] ...
[INFO] [stdout] 213 |     pub fn create_from_byte_array(
[INFO] [stdout]     |            ^^^^^^^^^^^^^^^^^^^^^^
[INFO] [stdout] 
[INFO] [stdout] 
[INFO] [stdout] warning: methods `encoder_mut` and `decoder_mut` are never used
[INFO] [stdout]    --> crates/super-swipe-type/src/swipe_orchestrator.rs:231:19
[INFO] [stdout]     |
[INFO] [stdout]  52 | impl SwipeOrchestrator {
[INFO] [stdout]     | ---------------------- methods in this implementation
[INFO] [stdout] ...
[INFO] [stdout] 231 |     pub(crate) fn encoder_mut(&mut self) -> &mut Encoder {
[INFO] [stdout]     |                   ^^^^^^^^^^^
[INFO] [stdout] ...
[INFO] [stdout] 234 |     pub(crate) fn decoder_mut(&mut self) -> &mut Decoder {
[INFO] [stdout]     |                   ^^^^^^^^^^^
[INFO] [stdout] 
[INFO] [stdout] 
[INFO] [stderr]     Finished `release` profile [optimized] target(s) in 2m 27s
[INFO] running `Command { std: "docker" "inspect" "dd002862009d019824e5ec6be0b070e4a364e8122f7af9175e4e01e32c87d4ca", kill_on_drop: false }`
[INFO] running `Command { std: "docker" "exec" "-e" "SOURCE_DIR=/opt/rustwide/workdir" "-e" "CARGO_HOME=/opt/rustwide/cargo-home" "-e" "RUSTUP_HOME=/opt/rustwide/rustup-home" "-e" "CARGO_TARGET_DIR=/opt/rustwide/target" "-e" "CARGO_INCREMENTAL=0" "-e" "RUST_BACKTRACE=full" "-e" "RUSTFLAGS=--cap-lints=warn" "-e" "RUSTDOCFLAGS=--cap-lints=warn" "-w" "/opt/rustwide/workdir" "--user" "0:0" "dd002862009d019824e5ec6be0b070e4a364e8122f7af9175e4e01e32c87d4ca" "/opt/rustwide/cargo-home/bin/cargo" "+1.99.0-beta.8" "test" "--frozen" "--no-run" "--message-format=json" "--release", kill_on_drop: false }`
[INFO] [stderr]    Compiling vocab-builder v0.4.2 (/opt/rustwide/workdir/crates/vocab-builder)
[INFO] [stderr]    Compiling super-swipe-type v0.4.2 (/opt/rustwide/workdir/crates/super-swipe-type)
[INFO] [stdout] warning: methods `decode` and `decode_sequentially` are never used
[INFO] [stdout]   --> crates/super-swipe-type/src/decoder.rs:27:12
[INFO] [stdout]    |
[INFO] [stdout] 15 | impl Decoder {
[INFO] [stdout]    | ------------ methods in this implementation
[INFO] [stdout] ...
[INFO] [stdout] 27 |     pub fn decode(&mut self, tokens: &Vec<i32>) -> Result<Vec<Vec<Vec<f32>>>> {
[INFO] [stdout]    |            ^^^^^^
[INFO] [stdout] ...
[INFO] [stdout] 33 |     pub fn decode_sequentially(
[INFO] [stdout]    |            ^^^^^^^^^^^^^^^^^^^
[INFO] [stdout]    |
[INFO] [stdout]    = note: `#[warn(dead_code)]` (part of `#[warn(unused)]`) on by default
[INFO] [stdout] 
[INFO] [stdout] 
[INFO] [stdout] warning: associated functions `create_from_file` and `create_from_byte_array` are never used
[INFO] [stdout]    --> crates/super-swipe-type/src/dictionary.rs:188:12
[INFO] [stdout]     |
[INFO] [stdout]  98 | impl Dictionary {
[INFO] [stdout]     | --------------- associated functions in this implementation
[INFO] [stdout] ...
[INFO] [stdout] 188 |     pub fn create_from_file(
[INFO] [stdout]     |            ^^^^^^^^^^^^^^^^
[INFO] [stdout] ...
[INFO] [stdout] 213 |     pub fn create_from_byte_array(
[INFO] [stdout]     |            ^^^^^^^^^^^^^^^^^^^^^^
[INFO] [stdout] 
[INFO] [stdout] 
[INFO] [stdout] warning: methods `encoder_mut` and `decoder_mut` are never used
[INFO] [stdout]    --> crates/super-swipe-type/src/swipe_orchestrator.rs:231:19
[INFO] [stdout]     |
[INFO] [stdout]  52 | impl SwipeOrchestrator {
[INFO] [stdout]     | ---------------------- methods in this implementation
[INFO] [stdout] ...
[INFO] [stdout] 231 |     pub(crate) fn encoder_mut(&mut self) -> &mut Encoder {
[INFO] [stdout]     |                   ^^^^^^^^^^^
[INFO] [stdout] ...
[INFO] [stdout] 234 |     pub(crate) fn decoder_mut(&mut self) -> &mut Decoder {
[INFO] [stdout]     |                   ^^^^^^^^^^^
[INFO] [stdout] 
[INFO] [stdout] 
[INFO] [stdout] warning: unused variable: `chunk_id`
[INFO] [stdout]    --> crates/super-swipe-type/src/tests.rs:111:5
[INFO] [stdout]     |
[INFO] [stdout] 111 |     chunk_id: usize,
[INFO] [stdout]     |     ^^^^^^^^ help: if this is intentional, prefix it with an underscore: `_chunk_id`
[INFO] [stdout]     |
[INFO] [stdout]     = note: `#[warn(unused_variables)]` (part of `#[warn(unused)]`) on by default
[INFO] [stdout] 
[INFO] [stdout] 
[INFO] [stdout] warning: methods `decode` and `decode_sequentially` are never used
[INFO] [stdout]   --> crates/super-swipe-type/src/decoder.rs:27:12
[INFO] [stdout]    |
[INFO] [stdout] 15 | impl Decoder {
[INFO] [stdout]    | ------------ methods in this implementation
[INFO] [stdout] ...
[INFO] [stdout] 27 |     pub fn decode(&mut self, tokens: &Vec<i32>) -> Result<Vec<Vec<Vec<f32>>>> {
[INFO] [stdout]    |            ^^^^^^
[INFO] [stdout] ...
[INFO] [stdout] 33 |     pub fn decode_sequentially(
[INFO] [stdout]    |            ^^^^^^^^^^^^^^^^^^^
[INFO] [stdout]    |
[INFO] [stdout]    = note: `#[warn(dead_code)]` (part of `#[warn(unused)]`) on by default
[INFO] [stdout] 
[INFO] [stdout] 
[INFO] [stdout] warning: associated function `create_from_byte_array` is never used
[INFO] [stdout]    --> crates/super-swipe-type/src/dictionary.rs:213:12
[INFO] [stdout]     |
[INFO] [stdout]  98 | impl Dictionary {
[INFO] [stdout]     | --------------- associated function in this implementation
[INFO] [stdout] ...
[INFO] [stdout] 213 |     pub fn create_from_byte_array(
[INFO] [stdout]     |            ^^^^^^^^^^^^^^^^^^^^^^
[INFO] [stdout] 
[INFO] [stdout] 
[INFO] [stdout] warning: methods `encoder_mut` and `decoder_mut` are never used
[INFO] [stdout]    --> crates/super-swipe-type/src/swipe_orchestrator.rs:231:19
[INFO] [stdout]     |
[INFO] [stdout]  52 | impl SwipeOrchestrator {
[INFO] [stdout]     | ---------------------- methods in this implementation
[INFO] [stdout] ...
[INFO] [stdout] 231 |     pub(crate) fn encoder_mut(&mut self) -> &mut Encoder {
[INFO] [stdout]     |                   ^^^^^^^^^^^
[INFO] [stdout] ...
[INFO] [stdout] 234 |     pub(crate) fn decoder_mut(&mut self) -> &mut Decoder {
[INFO] [stdout]     |                   ^^^^^^^^^^^
[INFO] [stdout] 
[INFO] [stdout] 
[INFO] [stdout] warning: field `id` is never read
[INFO] [stdout]   --> crates/super-swipe-type/src/tests.rs:16:5
[INFO] [stdout]    |
[INFO] [stdout] 15 | struct SwipeEntry {
[INFO] [stdout]    |        ---------- field in this struct
[INFO] [stdout] 16 |     id: u32,
[INFO] [stdout]    |     ^^
[INFO] [stdout]    |
[INFO] [stdout]    = note: `SwipeEntry` has a derived impl for the trait `Debug`, but this is intentionally ignored during dead code analysis
[INFO] [stdout] 
[INFO] [stdout] 
[INFO] [stderr]     Finished `release` profile [optimized] target(s) in 4.67s
[INFO] running `Command { std: "docker" "inspect" "dd002862009d019824e5ec6be0b070e4a364e8122f7af9175e4e01e32c87d4ca", kill_on_drop: false }`
[INFO] running `Command { std: "docker" "exec" "-e" "SOURCE_DIR=/opt/rustwide/workdir" "-e" "CARGO_HOME=/opt/rustwide/cargo-home" "-e" "RUSTUP_HOME=/opt/rustwide/rustup-home" "-e" "CARGO_TARGET_DIR=/opt/rustwide/target" "-e" "CARGO_INCREMENTAL=0" "-e" "RUST_BACKTRACE=full" "-e" "RUSTFLAGS=--cap-lints=warn" "-e" "RUSTDOCFLAGS=--cap-lints=warn" "-w" "/opt/rustwide/workdir" "--user" "0:0" "dd002862009d019824e5ec6be0b070e4a364e8122f7af9175e4e01e32c87d4ca" "/opt/rustwide/cargo-home/bin/cargo" "+1.99.0-beta.8" "test" "--frozen" "--release", kill_on_drop: false }`
[INFO] [stderr] warning: methods `decode` and `decode_sequentially` are never used
[INFO] [stderr]   --> crates/super-swipe-type/src/decoder.rs:27:12
[INFO] [stderr]    |
[INFO] [stderr] 15 | impl Decoder {
[INFO] [stderr]    | ------------ methods in this implementation
[INFO] [stderr] ...
[INFO] [stderr] 27 |     pub fn decode(&mut self, tokens: &Vec<i32>) -> Result<Vec<Vec<Vec<f32>>>> {
[INFO] [stderr]    |            ^^^^^^
[INFO] [stderr] ...
[INFO] [stderr] 33 |     pub fn decode_sequentially(
[INFO] [stderr]    |            ^^^^^^^^^^^^^^^^^^^
[INFO] [stderr]    |
[INFO] [stderr]    = note: `#[warn(dead_code)]` (part of `#[warn(unused)]`) on by default
[INFO] [stderr] 
[INFO] [stderr] warning: associated functions `create_from_file` and `create_from_byte_array` are never used
[INFO] [stderr]    --> crates/super-swipe-type/src/dictionary.rs:188:12
[INFO] [stderr]     |
[INFO] [stderr]  98 | impl Dictionary {
[INFO] [stderr]     | --------------- associated functions in this implementation
[INFO] [stderr] ...
[INFO] [stderr] 188 |     pub fn create_from_file(
[INFO] [stderr]     |            ^^^^^^^^^^^^^^^^
[INFO] [stderr] ...
[INFO] [stderr] 213 |     pub fn create_from_byte_array(
[INFO] [stderr]     |            ^^^^^^^^^^^^^^^^^^^^^^
[INFO] [stderr] 
[INFO] [stderr] warning: methods `encoder_mut` and `decoder_mut` are never used
[INFO] [stderr]    --> crates/super-swipe-type/src/swipe_orchestrator.rs:231:19
[INFO] [stderr]     |
[INFO] [stderr]  52 | impl SwipeOrchestrator {
[INFO] [stderr]     | ---------------------- methods in this implementation
[INFO] [stderr] ...
[INFO] [stderr] 231 |     pub(crate) fn encoder_mut(&mut self) -> &mut Encoder {
[INFO] [stderr]     |                   ^^^^^^^^^^^
[INFO] [stderr] ...
[INFO] [stderr] 234 |     pub(crate) fn decoder_mut(&mut self) -> &mut Decoder {
[INFO] [stderr]     |                   ^^^^^^^^^^^
[INFO] [stderr] 
[INFO] [stderr] warning: unused variable: `chunk_id`
[INFO] [stderr]    --> crates/super-swipe-type/src/tests.rs:111:5
[INFO] [stderr]     |
[INFO] [stderr] 111 |     chunk_id: usize,
[INFO] [stderr]     |     ^^^^^^^^ help: if this is intentional, prefix it with an underscore: `_chunk_id`
[INFO] [stderr]     |
[INFO] [stderr]     = note: `#[warn(unused_variables)]` (part of `#[warn(unused)]`) on by default
[INFO] [stderr] 
[INFO] [stderr] warning: associated function `create_from_byte_array` is never used
[INFO] [stderr]    --> crates/super-swipe-type/src/dictionary.rs:213:12
[INFO] [stderr]     |
[INFO] [stderr]  98 | impl Dictionary {
[INFO] [stderr]     | --------------- associated function in this implementation
[INFO] [stderr] ...
[INFO] [stderr] 213 |     pub fn create_from_byte_array(
[INFO] [stderr]     |            ^^^^^^^^^^^^^^^^^^^^^^
[INFO] [stderr] 
[INFO] [stderr] warning: field `id` is never read
[INFO] [stderr]   --> crates/super-swipe-type/src/tests.rs:16:5
[INFO] [stderr]    |
[INFO] [stderr] 15 | struct SwipeEntry {
[INFO] [stderr]    |        ---------- field in this struct
[INFO] [stderr] 16 |     id: u32,
[INFO] [stderr]    |     ^^
[INFO] [stderr]    |
[INFO] [stderr]    = note: `SwipeEntry` has a derived impl for the trait `Debug`, but this is intentionally ignored during dead code analysis
[INFO] [stderr] 
[INFO] [stderr] warning: `super-swipe-type` (lib) generated 3 warnings
[INFO] [stderr] warning: `super-swipe-type` (lib test) generated 5 warnings (2 duplicates) (run `cargo fix --lib -p super-swipe-type --tests` to apply 1 suggestion)
[INFO] [stderr]     Finished `release` profile [optimized] target(s) in 0.36s
[INFO] [stderr]      Running unittests src/lib.rs (/opt/rustwide/target/release/deps/super_swipe_type-3abfea69d1011ce9)
[INFO] [stdout] 
[INFO] [stdout] running 4 tests
[INFO] [stdout] test tests::test_all_swipe_entries_single_threaded ... FAILED
[INFO] [stdout] test tests::test_dictionary ... ok
[INFO] [stdout] test tests::test_all_swipe_entries ... FAILED
[INFO] [stderr] error: test failed, to rerun pass `-p super-swipe-type --lib`
[INFO] [stdout] test tests::test_swipe_orchestrator ... FAILED
[INFO] [stdout] 
[INFO] [stdout] failures:
[INFO] [stdout] 
[INFO] [stdout] ---- tests::test_all_swipe_entries_single_threaded stdout ----
[INFO] [stdout] 
[INFO] [stdout] === Testing All Swipe Entries ===
[INFO] [stdout] 
[INFO] [stdout] thread 'tests::test_all_swipe_entries_single_threaded' (3158) panicked at crates/super-swipe-type/src/tests.rs:57:51:
[INFO] [stdout] Failed to open swipes.jsonl: Os { code: 2, kind: NotFound, message: "No such file or directory" }
[INFO] [stdout] stack backtrace:
[INFO] [stdout]    0:     0x62270208f721 - <<std[70759c8f55707aa4]::sys::backtrace::BacktraceLock>::print::DisplayBacktrace as core[df12db4294e9bfd3]::fmt::Display>::fmt
[INFO] [stdout]    1:     0x6227020a793a - core[df12db4294e9bfd3]::fmt::write
[INFO] [stdout]    2:     0x622702094b9c - <alloc[2182bb758b4b3781]::vec::Vec<u8> as core[df12db4294e9bfd3]::io::write::Write>::write_fmt
[INFO] [stdout]    3:     0x622702066986 - std[70759c8f55707aa4]::panicking::default_hook::{closure#0}
[INFO] [stdout]    4:     0x622702085989 - std[70759c8f55707aa4]::panicking::default_hook
[INFO] [stdout]    5:     0x622701b33810 - test[9d35eded1c95d3be]::test_main_inner::<test[9d35eded1c95d3be]::test_main_static::{closure#0}>::{closure#0}
[INFO] [stdout]    6:     0x622702085cb2 - std[70759c8f55707aa4]::panicking::panic_with_hook
[INFO] [stdout]    7:     0x622702066a32 - std[70759c8f55707aa4]::panicking::panic_handler::{closure#0}
[INFO] [stdout]    8:     0x62270205ecc9 - std[70759c8f55707aa4]::sys::backtrace::__rust_end_short_backtrace::<std[70759c8f55707aa4]::panicking::panic_handler::{closure#0}, !>
[INFO] [stdout]    9:     0x622702067cbd - __rustc[8fa7c3cbc660c2b3]::rust_begin_unwind
[INFO] [stdout]   10:     0x6227020a809c - core[df12db4294e9bfd3]::panicking::panic_fmt
[INFO] [stdout]   11:     0x6227020a7e72 - core[df12db4294e9bfd3]::result::unwrap_failed
[INFO] [stdout]   12:     0x622701af8daf - super_swipe_type[152a7e19156b666b]::tests::load_swipe_entries
[INFO] [stdout]   13:     0x622701afa085 - super_swipe_type[152a7e19156b666b]::tests::test_all_swipe_entries_single_threaded
[INFO] [stdout]   14:     0x622701b265d9 - <super_swipe_type[152a7e19156b666b]::tests::test_all_swipe_entries_single_threaded::{closure#0} as core[df12db4294e9bfd3]::ops::function::FnOnce<()>>::call_once
[INFO] [stdout]   15:     0x622701b26afb - test[9d35eded1c95d3be]::__rust_begin_short_backtrace::<core[df12db4294e9bfd3]::result::Result<(), alloc[2182bb758b4b3781]::string::String>, fn() -> core[df12db4294e9bfd3]::result::Result<(), alloc[2182bb758b4b3781]::string::String>>
[INFO] [stdout]   16:     0x622701b34165 - test[9d35eded1c95d3be]::run_test::{closure#0}
[INFO] [stdout]   17:     0x622701b2da24 - std[70759c8f55707aa4]::sys::backtrace::__rust_begin_short_backtrace::<test[9d35eded1c95d3be]::run_test::{closure#1}, ()>
[INFO] [stdout]   18:     0x622701b372c2 - <std[70759c8f55707aa4]::thread::lifecycle::spawn_unchecked<test[9d35eded1c95d3be]::run_test::{closure#1}, ()>::{closure#1} as core[df12db4294e9bfd3]::ops::function::FnOnce<()>>::call_once::{shim:vtable#0}
[INFO] [stdout]   19:     0x62270208e3c9 - <std[70759c8f55707aa4]::sys::thread::unix::Thread>::new::thread_start
[INFO] [stdout]   20:     0x737c9b0e1dfa - <unknown>
[INFO] [stdout]   21:     0x737c9b1753d4 - clone
[INFO] [stdout]   22:                0x0 - <unknown>
[INFO] [stdout] 
[INFO] [stdout] ---- tests::test_all_swipe_entries stdout ----
[INFO] [stdout] 
[INFO] [stdout] === Testing All Swipe Entries (Parallel) ===
[INFO] [stdout] 
[INFO] [stdout] thread 'tests::test_all_swipe_entries' (3157) panicked at crates/super-swipe-type/src/tests.rs:57:51:
[INFO] [stdout] Failed to open swipes.jsonl: Os { code: 2, kind: NotFound, message: "No such file or directory" }
[INFO] [stdout] stack backtrace:
[INFO] [stdout]    0:     0x62270208f721 - <<std[70759c8f55707aa4]::sys::backtrace::BacktraceLock>::print::DisplayBacktrace as core[df12db4294e9bfd3]::fmt::Display>::fmt
[INFO] [stdout]    1:     0x6227020a793a - core[df12db4294e9bfd3]::fmt::write
[INFO] [stdout]    2:     0x622702094b9c - <alloc[2182bb758b4b3781]::vec::Vec<u8> as core[df12db4294e9bfd3]::io::write::Write>::write_fmt
[INFO] [stdout]    3:     0x622702066986 - std[70759c8f55707aa4]::panicking::default_hook::{closure#0}
[INFO] [stdout]    4:     0x622702085989 - std[70759c8f55707aa4]::panicking::default_hook
[INFO] [stdout]    5:     0x622701b33810 - test[9d35eded1c95d3be]::test_main_inner::<test[9d35eded1c95d3be]::test_main_static::{closure#0}>::{closure#0}
[INFO] [stdout]    6:     0x622702085cb2 - std[70759c8f55707aa4]::panicking::panic_with_hook
[INFO] [stdout]    7:     0x622702066a32 - std[70759c8f55707aa4]::panicking::panic_handler::{closure#0}
[INFO] [stdout]    8:     0x62270205ecc9 - std[70759c8f55707aa4]::sys::backtrace::__rust_end_short_backtrace::<std[70759c8f55707aa4]::panicking::panic_handler::{closure#0}, !>
[INFO] [stdout]    9:     0x622702067cbd - __rustc[8fa7c3cbc660c2b3]::rust_begin_unwind
[INFO] [stdout]   10:     0x6227020a809c - core[df12db4294e9bfd3]::panicking::panic_fmt
[INFO] [stdout]   11:     0x6227020a7e72 - core[df12db4294e9bfd3]::result::unwrap_failed
[INFO] [stdout]   12:     0x622701af8daf - super_swipe_type[152a7e19156b666b]::tests::load_swipe_entries
[INFO] [stdout]   13:     0x622701af91c5 - super_swipe_type[152a7e19156b666b]::tests::test_all_swipe_entries
[INFO] [stdout]   14:     0x622701b26599 - <super_swipe_type[152a7e19156b666b]::tests::test_all_swipe_entries::{closure#0} as core[df12db4294e9bfd3]::ops::function::FnOnce<()>>::call_once
[INFO] [stdout]   15:     0x622701b26afb - test[9d35eded1c95d3be]::__rust_begin_short_backtrace::<core[df12db4294e9bfd3]::result::Result<(), alloc[2182bb758b4b3781]::string::String>, fn() -> core[df12db4294e9bfd3]::result::Result<(), alloc[2182bb758b4b3781]::string::String>>
[INFO] [stdout]   16:     0x622701b34165 - test[9d35eded1c95d3be]::run_test::{closure#0}
[INFO] [stdout]   17:     0x622701b2da24 - std[70759c8f55707aa4]::sys::backtrace::__rust_begin_short_backtrace::<test[9d35eded1c95d3be]::run_test::{closure#1}, ()>
[INFO] [stdout]   18:     0x622701b372c2 - <std[70759c8f55707aa4]::thread::lifecycle::spawn_unchecked<test[9d35eded1c95d3be]::run_test::{closure#1}, ()>::{closure#1} as core[df12db4294e9bfd3]::ops::function::FnOnce<()>>::call_once::{shim:vtable#0}
[INFO] [stdout]   19:     0x62270208e3c9 - <std[70759c8f55707aa4]::sys::thread::unix::Thread>::new::thread_start
[INFO] [stdout]   20:     0x737c9b0e1dfa - <unknown>
[INFO] [stdout]   21:     0x737c9b1753d4 - clone
[INFO] [stdout]   22:                0x0 - <unknown>
[INFO] [stdout] 
[INFO] [stdout] ---- tests::test_swipe_orchestrator stdout ----
[INFO] [stdout] 
[INFO] [stdout] thread 'tests::test_swipe_orchestrator' (3160) panicked at crates/super-swipe-type/src/tests.rs:192:53:
[INFO] [stdout] Failed to create SwipeOrchestrator: error sending request for url (https://github.com/oneshinyboi/super-swipe-type/raw/refs/tags/v0.4.2/crates/super-swipe-type/assets/en.tar)
[INFO] [stdout] 
[INFO] [stdout] Caused by:
[INFO] [stdout]     0: client error (Connect)
[INFO] [stdout]     1: dns error
[INFO] [stdout]     2: failed to lookup address information: Temporary failure in name resolution
[INFO] [stdout] 
[INFO] [stdout] Stack backtrace:
[INFO] [stdout]    0: <anyhow::Error as core::convert::From<cached_path::error::Error>>::from
[INFO] [stdout]    1: <super_swipe_type::swipe_orchestrator::SwipeOrchestrator>::new
[INFO] [stdout]    2: super_swipe_type::tests::test_swipe_orchestrator
[INFO] [stdout]    3: <super_swipe_type::tests::test_swipe_orchestrator::{closure#0} as core::ops::function::FnOnce<()>>::call_once
[INFO] [stdout]    4: test::__rust_begin_short_backtrace::<core::result::Result<(), alloc::string::String>, fn() -> core::result::Result<(), alloc::string::String>>
[INFO] [stdout]    5: test::run_test::{closure#0}
[INFO] [stdout]    6: std::sys::backtrace::__rust_begin_short_backtrace::<test::run_test::{closure#1}, ()>
[INFO] [stdout]    7: <std::thread::lifecycle::spawn_unchecked<test::run_test::{closure#1}, ()>::{closure#1} as core::ops::function::FnOnce<()>>::call_once::{shim:vtable#0}
[INFO] [stdout]    8: <std::sys::thread::unix::Thread>::new::thread_start
[INFO] [stdout]    9: <unknown>
[INFO] [stdout]   10: clone
[INFO] [stdout] stack backtrace:
[INFO] [stdout]    0:     0x62270208f721 - <<std[70759c8f55707aa4]::sys::backtrace::BacktraceLock>::print::DisplayBacktrace as core[df12db4294e9bfd3]::fmt::Display>::fmt
[INFO] [stdout]    1:     0x6227020a793a - core[df12db4294e9bfd3]::fmt::write
[INFO] [stdout]    2:     0x622702094b9c - <alloc[2182bb758b4b3781]::vec::Vec<u8> as core[df12db4294e9bfd3]::io::write::Write>::write_fmt
[INFO] [stdout]    3:     0x622702066986 - std[70759c8f55707aa4]::panicking::default_hook::{closure#0}
[INFO] [stdout]    4:     0x622702085989 - std[70759c8f55707aa4]::panicking::default_hook
[INFO] [stdout]    5:     0x622701b33810 - test[9d35eded1c95d3be]::test_main_inner::<test[9d35eded1c95d3be]::test_main_static::{closure#0}>::{closure#0}
[INFO] [stdout]    6:     0x622702085cb2 - std[70759c8f55707aa4]::panicking::panic_with_hook
[INFO] [stdout]    7:     0x622702066a32 - std[70759c8f55707aa4]::panicking::panic_handler::{closure#0}
[INFO] [stdout]    8:     0x62270205ecc9 - std[70759c8f55707aa4]::sys::backtrace::__rust_end_short_backtrace::<std[70759c8f55707aa4]::panicking::panic_handler::{closure#0}, !>
[INFO] [stdout]    9:     0x622702067cbd - __rustc[8fa7c3cbc660c2b3]::rust_begin_unwind
[INFO] [stdout]   10:     0x6227020a809c - core[df12db4294e9bfd3]::panicking::panic_fmt
[INFO] [stdout]   11:     0x6227020a7e72 - core[df12db4294e9bfd3]::result::unwrap_failed
[INFO] [stdout]   12:     0x622701af9e8b - super_swipe_type[152a7e19156b666b]::tests::test_swipe_orchestrator
[INFO] [stdout]   13:     0x622701b265b9 - <super_swipe_type[152a7e19156b666b]::tests::test_swipe_orchestrator::{closure#0} as core[df12db4294e9bfd3]::ops::function::FnOnce<()>>::call_once
[INFO] [stdout]   14:     0x622701b26afb - test[9d35eded1c95d3be]::__rust_begin_short_backtrace::<core[df12db4294e9bfd3]::result::Result<(), alloc[2182bb758b4b3781]::string::String>, fn() -> core[df12db4294e9bfd3]::result::Result<(), alloc[2182bb758b4b3781]::string::String>>
[INFO] [stdout]   15:     0x622701b34165 - test[9d35eded1c95d3be]::run_test::{closure#0}
[INFO] [stdout]   16:     0x622701b2da24 - std[70759c8f55707aa4]::sys::backtrace::__rust_begin_short_backtrace::<test[9d35eded1c95d3be]::run_test::{closure#1}, ()>
[INFO] [stdout]   17:     0x622701b372c2 - <std[70759c8f55707aa4]::thread::lifecycle::spawn_unchecked<test[9d35eded1c95d3be]::run_test::{closure#1}, ()>::{closure#1} as core[df12db4294e9bfd3]::ops::function::FnOnce<()>>::call_once::{shim:vtable#0}
[INFO] [stdout]   18:     0x62270208e3c9 - <std[70759c8f55707aa4]::sys::thread::unix::Thread>::new::thread_start
[INFO] [stdout]   19:     0x737c9b0e1dfa - <unknown>
[INFO] [stdout]   20:     0x737c9b1753d4 - clone
[INFO] [stdout]   21:                0x0 - <unknown>
[INFO] [stdout] 
[INFO] [stdout] 
[INFO] [stdout] failures:
[INFO] [stdout]     tests::test_all_swipe_entries
[INFO] [stdout]     tests::test_all_swipe_entries_single_threaded
[INFO] [stdout]     tests::test_swipe_orchestrator
[INFO] [stdout] 
[INFO] [stdout] test result: FAILED. 1 passed; 3 failed; 0 ignored; 0 measured; 0 filtered out; finished in 0.12s
[INFO] [stdout] 
[INFO] running `Command { std: "docker" "inspect" "dd002862009d019824e5ec6be0b070e4a364e8122f7af9175e4e01e32c87d4ca", kill_on_drop: false }`
[INFO] running `Command { std: "docker" "rm" "-f" "dd002862009d019824e5ec6be0b070e4a364e8122f7af9175e4e01e32c87d4ca", kill_on_drop: false }`
[INFO] [stdout] dd002862009d019824e5ec6be0b070e4a364e8122f7af9175e4e01e32c87d4ca
