[INFO] cloning repository https://github.com/nvnamsss/mini-waf
[INFO] running `Command { std: "git" "-c" "credential.helper=" "-c" "credential.helper=/workspace/cargo-home/bin/git-credential-null" "clone" "--bare" "https://github.com/nvnamsss/mini-waf" "/workspace/cache/git-repos/https%3A%2F%2Fgithub.com%2Fnvnamsss%2Fmini-waf", kill_on_drop: false }`
[INFO] [stderr] Cloning into bare repository '/workspace/cache/git-repos/https%3A%2F%2Fgithub.com%2Fnvnamsss%2Fmini-waf'...
[INFO] running `Command { std: "git" "rev-parse" "HEAD", kill_on_drop: false }`
[INFO] [stdout] fbd80d2bcde0357494087da9fa4903333a4e4cb6
[INFO] testing nvnamsss/mini-waf against 1.100.0-beta.1+cargoflags=--release for beta-release-1.100-2
[INFO] running `Command { std: "git" "clone" "/workspace/cache/git-repos/https%3A%2F%2Fgithub.com%2Fnvnamsss%2Fmini-waf" "/workspace/builds/worker-5-tc2/source", kill_on_drop: false }`
[INFO] [stderr] Cloning into '/workspace/builds/worker-5-tc2/source'...
[INFO] [stderr] done.
[INFO] removed /workspace/builds/worker-5-tc2/source/rust-toolchain.toml
[INFO] started tweaking git repo https://github.com/nvnamsss/mini-waf
[INFO] finished tweaking git repo https://github.com/nvnamsss/mini-waf
[INFO] tweaked toml for git repo https://github.com/nvnamsss/mini-waf written to /workspace/builds/worker-5-tc2/source/Cargo.toml
[INFO] validating manifest of git repo https://github.com/nvnamsss/mini-waf on toolchain 1.100.0-beta.1
[INFO] running `Command { std: CARGO_HOME="/workspace/cargo-home" RUSTUP_HOME="/workspace/rustup-home" "/workspace/cargo-home/bin/cargo" "+1.100.0-beta.1" "metadata" "--manifest-path" "Cargo.toml" "--no-deps", kill_on_drop: false }`
[INFO] crate git repo https://github.com/nvnamsss/mini-waf already has a lockfile, it will not be regenerated
[INFO] running `Command { std: CARGO_HOME="/workspace/cargo-home" RUSTUP_HOME="/workspace/rustup-home" "/workspace/cargo-home/bin/cargo" "+1.100.0-beta.1" "fetch" "--manifest-path" "Cargo.toml", kill_on_drop: false }`
[INFO] [stderr]     Blocking waiting for file lock on package cache
[INFO] [stderr]     Blocking waiting for file lock on package cache
[INFO] running `Command { std: "docker" "create" "-v" "/var/lib/crater-agent-workspace/builds/worker-5-tc2/source:/opt/rustwide/workdir:ro,Z" "-v" "/var/lib/crater-agent-workspace/builds/worker-5-tc2/target:/opt/rustwide/target:rw,Z" "-v" "/var/lib/crater-agent-workspace/cargo-home:/opt/rustwide/cargo-home:ro,Z" "-v" "/var/lib/crater-agent-workspace/rustup-home:/opt/rustwide/rustup-home:ro,Z" "-m" "1610612736" "--network" "none" "ghcr.io/rust-lang/crates-build-env/linux@sha256:77db811e55d90add9212f6832c23229e3de5f1c1f9905e8cb07319ea15df73ac" "sleep" "infinity", kill_on_drop: false }`
[INFO] [stdout] 1185373d4fdc00be06c309e934edd8a4e9ffc2abd073101522a89d14c008398b
[INFO] running `Command { std: "docker" "start" "1185373d4fdc00be06c309e934edd8a4e9ffc2abd073101522a89d14c008398b", kill_on_drop: false }`
[INFO] running `Command { std: "docker" "inspect" "1185373d4fdc00be06c309e934edd8a4e9ffc2abd073101522a89d14c008398b", kill_on_drop: false }`
[INFO] running `Command { std: "docker" "exec" "-e" "SOURCE_DIR=/opt/rustwide/workdir" "-e" "CARGO_HOME=/opt/rustwide/cargo-home" "-e" "RUSTUP_HOME=/opt/rustwide/rustup-home" "-e" "CARGO_TARGET_DIR=/opt/rustwide/target" "-w" "/opt/rustwide/workdir" "--user" "0:0" "1185373d4fdc00be06c309e934edd8a4e9ffc2abd073101522a89d14c008398b" "/opt/rustwide/cargo-home/bin/cargo" "+1.100.0-beta.1" "metadata" "--no-deps" "--format-version=1", kill_on_drop: false }`
[INFO] running `Command { std: "docker" "inspect" "1185373d4fdc00be06c309e934edd8a4e9ffc2abd073101522a89d14c008398b", kill_on_drop: false }`
[INFO] running `Command { std: "docker" "exec" "-e" "SOURCE_DIR=/opt/rustwide/workdir" "-e" "CARGO_HOME=/opt/rustwide/cargo-home" "-e" "RUSTUP_HOME=/opt/rustwide/rustup-home" "-e" "CARGO_TARGET_DIR=/opt/rustwide/target" "-e" "CARGO_INCREMENTAL=0" "-e" "RUST_BACKTRACE=full" "-e" "RUSTFLAGS=--cap-lints=warn" "-e" "RUSTDOCFLAGS=--cap-lints=warn" "-w" "/opt/rustwide/workdir" "--user" "0:0" "1185373d4fdc00be06c309e934edd8a4e9ffc2abd073101522a89d14c008398b" "/opt/rustwide/cargo-home/bin/cargo" "+1.100.0-beta.1" "build" "--frozen" "--message-format=json" "--release", kill_on_drop: false }`
[INFO] [stderr]    Compiling serde_core v1.0.228
[INFO] [stderr]    Compiling log v0.4.32
[INFO] [stderr]    Compiling smallvec v1.15.2
[INFO] [stderr]    Compiling aho-corasick v1.1.4
[INFO] [stderr]    Compiling syn v2.0.117
[INFO] [stderr]    Compiling num-traits v0.2.19
[INFO] [stderr]    Compiling getrandom v0.4.2
[INFO] [stderr]    Compiling ryu v1.0.23
[INFO] [stderr]    Compiling crypto-common v0.1.7
[INFO] [stderr]    Compiling siphasher v1.0.3
[INFO] [stderr]    Compiling fastrand v2.4.1
[INFO] [stderr]    Compiling ucd-trie v0.1.7
[INFO] [stderr]    Compiling http v1.4.2
[INFO] [stderr]    Compiling thiserror v2.0.18
[INFO] [stderr]    Compiling unsafe-libyaml v0.2.11
[INFO] [stderr]    Compiling digest v0.10.7
[INFO] [stderr]    Compiling pest v2.8.6
[INFO] [stderr]    Compiling futures-sink v0.3.32
[INFO] [stderr]    Compiling clap_builder v4.6.0
[INFO] [stderr]    Compiling parking_lot_core v0.9.12
[INFO] [stderr]    Compiling tracing-log v0.2.0
[INFO] [stderr]    Compiling phf_shared v0.13.1
[INFO] [stderr]    Compiling inotify-sys v0.1.5
[INFO] [stderr]    Compiling utf8-width v0.1.8
[INFO] [stderr]    Compiling toml_write v0.1.2
[INFO] [stderr]    Compiling winnow v0.7.15
[INFO] [stderr]    Compiling sha1 v0.10.6
[INFO] [stderr]    Compiling inotify v0.9.6
[INFO] [stderr]    Compiling parking_lot v0.12.5
[INFO] [stderr]    Compiling phf_generator v0.13.1
[INFO] [stderr]    Compiling md-5 v0.10.6
[INFO] [stderr]    Compiling sha2 v0.10.9
[INFO] [stderr]    Compiling html-escape v0.2.13
[INFO] [stderr]    Compiling mio v0.8.11
[INFO] [stderr]    Compiling filetime v0.2.29
[INFO] [stderr]    Compiling ipnetwork v0.21.1
[INFO] [stderr]    Compiling zerocopy v0.8.52
[INFO] [stderr]    Compiling glob v0.3.3
[INFO] [stderr]    Compiling ipnet v2.12.0
[INFO] [stderr]    Compiling notify v6.1.1
[INFO] [stderr]    Compiling futures-util v0.3.32
[INFO] [stderr]    Compiling regex-automata v0.4.14
[INFO] [stderr]    Compiling pest_meta v2.8.6
[INFO] [stderr]    Compiling http-body v1.0.1
[INFO] [stderr]    Compiling rand_core v0.6.4
[INFO] [stderr]    Compiling futures-channel v0.3.32
[INFO] [stderr]    Compiling http-body-util v0.1.3
[INFO] [stderr]    Compiling data-encoding v2.11.0
[INFO] [stderr]    Compiling serde_json v1.0.150
[INFO] [stderr]    Compiling uuid v1.23.3
[INFO] [stderr]    Compiling pest_generator v2.8.6
[INFO] [stderr]    Compiling serde_path_to_error v0.1.20
[INFO] [stderr]    Compiling serde_derive v1.0.228
[INFO] [stderr]    Compiling tracing-attributes v0.1.31
[INFO] [stderr]    Compiling tokio-macros v2.7.0
[INFO] [stderr]    Compiling thiserror-impl v1.0.69
[INFO] [stderr]    Compiling phf_macros v0.13.1
[INFO] [stderr]    Compiling clap_derive v4.6.1
[INFO] [stderr]    Compiling thiserror-impl v2.0.18
[INFO] [stderr]    Compiling pest_derive v2.8.6
[INFO] [stderr]    Compiling async-trait v0.1.89
[INFO] [stderr]    Compiling tokio v1.52.3
[INFO] [stderr]    Compiling phf v0.13.1
[INFO] [stderr]    Compiling tracing v0.1.44
[INFO] [stderr]    Compiling thiserror v1.0.69
[INFO] [stderr]    Compiling axum-core v0.4.5
[INFO] [stderr]    Compiling regex v1.12.4
[INFO] [stderr]    Compiling matchers v0.2.0
[INFO] [stderr]    Compiling serde v1.0.228
[INFO] [stderr]    Compiling clap v4.6.1
[INFO] [stderr]    Compiling ppv-lite86 v0.2.21
[INFO] [stderr]    Compiling rand_chacha v0.3.1
[INFO] [stderr]    Compiling chrono v0.4.45
[INFO] [stderr]    Compiling toml_datetime v0.6.11
[INFO] [stderr]    Compiling tracing-serde v0.2.0
[INFO] [stderr]    Compiling serde_yaml v0.9.34+deprecated
[INFO] [stderr]    Compiling serde_spanned v0.6.9
[INFO] [stderr]    Compiling ipnetwork v0.18.0
[INFO] [stderr]    Compiling serde_urlencoded v0.7.1
[INFO] [stderr]    Compiling tracing-subscriber v0.3.23
[INFO] [stderr]    Compiling toml_edit v0.22.27
[INFO] [stderr]    Compiling maxminddb v0.23.0
[INFO] [stderr]    Compiling rand v0.8.6
[INFO] [stderr]    Compiling tungstenite v0.24.0
[INFO] [stderr]    Compiling waf-types v0.1.0 (/opt/rustwide/workdir/crates/waf-types)
[INFO] [stderr]    Compiling optimized_rule v0.1.0 (/opt/rustwide/workdir/crates/optimized_rule)
[INFO] [stdout] warning: unused import: `std::sync::Arc`
[INFO] [stdout]  --> crates/optimized_rule/src/lib.rs:9:5
[INFO] [stdout]   |
[INFO] [stdout] 9 | use std::sync::Arc;
[INFO] [stdout]   |     ^^^^^^^^^^^^^^
[INFO] [stdout]   |
[INFO] [stdout]   = note: `#[warn(unused_imports)]` (part of `#[warn(unused)]`) on by default
[INFO] [stdout] 
[INFO] [stdout] 
[INFO] [stderr]    Compiling zentinel-modsec v0.1.2
[INFO] [stderr]    Compiling toml v0.8.23
[INFO] [stderr]    Compiling rule v0.1.0 (/opt/rustwide/workdir/crates/rule)
[INFO] [stderr]    Compiling tokio-util v0.7.18
[INFO] [stdout] warning: unused imports: `error` and `warn`
[INFO] [stdout]   --> crates/rule/src/loader.rs:15:15
[INFO] [stdout]    |
[INFO] [stdout] 15 | use tracing::{error, info, warn};
[INFO] [stdout]    |               ^^^^^        ^^^^
[INFO] [stdout]    |
[INFO] [stdout]    = note: `#[warn(unused_imports)]` (part of `#[warn(unused)]`) on by default
[INFO] [stdout] 
[INFO] [stdout] 
[INFO] [stderr]    Compiling tower v0.5.3
[INFO] [stderr]    Compiling tokio-tungstenite v0.24.0
[INFO] [stdout] warning: variable does not need to be mutable
[INFO] [stdout]    --> crates/rule/src/lib.rs:135:9
[INFO] [stdout]     |
[INFO] [stdout] 135 |     let mut p_chars = pattern.chars().peekable();
[INFO] [stdout]     |         ----^^^^^^^
[INFO] [stdout]     |         |
[INFO] [stdout]     |         help: remove this `mut`
[INFO] [stdout]     |
[INFO] [stdout]     = note: `#[warn(unused_mut)]` (part of `#[warn(unused)]`) on by default
[INFO] [stdout] 
[INFO] [stdout] 
[INFO] [stdout] warning: variable does not need to be mutable
[INFO] [stdout]    --> crates/rule/src/lib.rs:136:9
[INFO] [stdout]     |
[INFO] [stdout] 136 |     let mut t_chars = text.chars().peekable();
[INFO] [stdout]     |         ----^^^^^^^
[INFO] [stdout]     |         |
[INFO] [stdout]     |         help: remove this `mut`
[INFO] [stdout] 
[INFO] [stdout] 
[INFO] [stdout] warning: variable does not need to be mutable
[INFO] [stdout]    --> crates/rule/src/lib.rs:138:9
[INFO] [stdout]     |
[INFO] [stdout] 138 |     let mut p_vec: Vec<char> = pattern.chars().collect();
[INFO] [stdout]     |         ----^^^^^
[INFO] [stdout]     |         |
[INFO] [stdout]     |         help: remove this `mut`
[INFO] [stdout] 
[INFO] [stdout] 
[INFO] [stdout] warning: variable does not need to be mutable
[INFO] [stdout]    --> crates/rule/src/lib.rs:139:9
[INFO] [stdout]     |
[INFO] [stdout] 139 |     let mut t_vec: Vec<char> = text.chars().collect();
[INFO] [stdout]     |         ----^^^^^
[INFO] [stdout]     |         |
[INFO] [stdout]     |         help: remove this `mut`
[INFO] [stdout] 
[INFO] [stdout] 
[INFO] [stdout] warning: unused variable: `p_chars`
[INFO] [stdout]    --> crates/rule/src/lib.rs:135:9
[INFO] [stdout]     |
[INFO] [stdout] 135 |     let mut p_chars = pattern.chars().peekable();
[INFO] [stdout]     |         ^^^^^^^^^^^ help: if this is intentional, prefix it with an underscore: `_p_chars`
[INFO] [stdout]     |
[INFO] [stdout]     = note: `#[warn(unused_variables)]` (part of `#[warn(unused)]`) on by default
[INFO] [stdout] 
[INFO] [stdout] 
[INFO] [stdout] warning: unused variable: `t_chars`
[INFO] [stdout]    --> crates/rule/src/lib.rs:136:9
[INFO] [stdout]     |
[INFO] [stdout] 136 |     let mut t_chars = text.chars().peekable();
[INFO] [stdout]     |         ^^^^^^^^^^^ help: if this is intentional, prefix it with an underscore: `_t_chars`
[INFO] [stdout] 
[INFO] [stdout] 
[INFO] [stdout] warning: function `glob_match` is never used
[INFO] [stdout]    --> crates/rule/src/lib.rs:133:4
[INFO] [stdout]     |
[INFO] [stdout] 133 | fn glob_match(pattern: &str, text: &str) -> bool {
[INFO] [stdout]     |    ^^^^^^^^^^
[INFO] [stdout]     |
[INFO] [stdout]     = note: `#[warn(dead_code)]` (part of `#[warn(unused)]`) on by default
[INFO] [stdout] 
[INFO] [stdout] 
[INFO] [stderr]    Compiling h2 v0.4.14
[INFO] [stderr]    Compiling waf-engine v0.1.0 (/opt/rustwide/workdir/crates/waf-engine)
[INFO] [stderr]    Compiling hyper v1.10.1
[INFO] [stdout] warning: unused import: `std::time::SystemTime`
[INFO] [stdout]    --> crates/waf-engine/src/bin/compare_engines.rs:209:9
[INFO] [stdout]     |
[INFO] [stdout] 209 |     use std::time::SystemTime;
[INFO] [stdout]     |         ^^^^^^^^^^^^^^^^^^^^^
[INFO] [stdout]     |
[INFO] [stdout]     = note: `#[warn(unused_imports)]` (part of `#[warn(unused)]`) on by default
[INFO] [stdout] 
[INFO] [stdout] 
[INFO] [stdout] warning: field `method` is never read
[INFO] [stdout]    --> crates/waf-engine/src/bin/compare_engines.rs:278:5
[INFO] [stdout]     |
[INFO] [stdout] 276 | struct ReteContext {
[INFO] [stdout]     |        ----------- field in this struct
[INFO] [stdout] 277 |     path: String,
[INFO] [stdout] 278 |     method: String,
[INFO] [stdout]     |     ^^^^^^
[INFO] [stdout]     |
[INFO] [stdout]     = note: `#[warn(dead_code)]` (part of `#[warn(unused)]`) on by default
[INFO] [stdout] 
[INFO] [stdout] 
[INFO] [stdout] warning: unused import: `std::sync::Arc`
[INFO] [stdout]   --> crates/waf-engine/src/bin/compare_engines_yaml_vs_rete.rs:11:5
[INFO] [stdout]    |
[INFO] [stdout] 11 | use std::sync::Arc;
[INFO] [stdout]    |     ^^^^^^^^^^^^^^
[INFO] [stdout]    |
[INFO] [stdout]    = note: `#[warn(unused_imports)]` (part of `#[warn(unused)]`) on by default
[INFO] [stdout] 
[INFO] [stdout] 
[INFO] [stdout] warning: fields `description`, `condition_type`, and `action` are never read
[INFO] [stdout]    --> crates/waf-engine/src/bin/compare_engines_real.rs:162:5
[INFO] [stdout]     |
[INFO] [stdout] 160 | struct Rule {
[INFO] [stdout]     |        ---- fields in this struct
[INFO] [stdout] 161 |     id: String,
[INFO] [stdout] 162 |     description: String,
[INFO] [stdout]     |     ^^^^^^^^^^^
[INFO] [stdout] 163 |     priority: i32,
[INFO] [stdout] 164 |     condition_type: String,
[INFO] [stdout]     |     ^^^^^^^^^^^^^^
[INFO] [stdout] 165 |     action: String,
[INFO] [stdout]     |     ^^^^^^
[INFO] [stdout]     |
[INFO] [stdout]     = note: `Rule` has derived impls for the traits `Clone` and `Debug`, but these are intentionally ignored during dead code analysis
[INFO] [stdout]     = note: `#[warn(dead_code)]` (part of `#[warn(unused)]`) on by default
[INFO] [stdout] 
[INFO] [stdout] 
[INFO] [stderr]    Compiling hyper-util v0.1.20
[INFO] [stderr]    Compiling axum v0.7.9
[INFO] [stderr]    Compiling waf-proxy v0.1.0 (/opt/rustwide/workdir/crates/waf-proxy)
[INFO] [stderr]    Compiling waf-api v0.1.0 (/opt/rustwide/workdir/crates/waf-api)
[INFO] [stdout] warning: lint `dependency_on_unit_never_type_fallback` has been removed: the code warned by this lint no longer compiles
[INFO] [stdout]  --> crates/waf-api/src/lib.rs:1:10
[INFO] [stdout]   |
[INFO] [stdout] 1 | #![allow(dependency_on_unit_never_type_fallback)]
[INFO] [stdout]   |          ^^^^^^^^^^^^^^^^^^^^^^^^^^^^^^^^^^^^^^
[INFO] [stdout]   |
[INFO] [stdout]   = note: `#[warn(renamed_and_removed_lints)]` on by default
[INFO] [stdout] 
[INFO] [stdout] 
[INFO] [stderr]    Compiling waf v0.1.0 (/opt/rustwide/workdir/crates/waf)
[INFO] [stderr] warning: unused dependency `tracing`
[INFO] [stderr]   --> crates/optimized_rule/Cargo.toml:13:1
[INFO] [stderr]    |
[INFO] [stderr] 13 | tracing = { workspace = true }
[INFO] [stderr]    | ^^^^^^^^^^^^^^^^^^^^^^^^^^^^^^
[INFO] [stderr]    |
[INFO] [stderr]    = note: `cargo::unused_dependencies` is set to `warn` by default
[INFO] [stderr] help: consider removing the dependency on `tracing`
[INFO] [stderr] warning: `optimized_rule` (manifest) generated 1 warning
[INFO] [stderr] warning: unused dependency `chrono`
[INFO] [stderr]  --> crates/waf-types/Cargo.toml:9:1
[INFO] [stderr]   |
[INFO] [stderr] 9 | chrono      = { workspace = true }
[INFO] [stderr]   | ^^^^^^^^^^^^^^^^^^^^^^^^^^^^^^^^^^
[INFO] [stderr]   |
[INFO] [stderr]   = note: `cargo::unused_dependencies` is set to `warn` by default
[INFO] [stderr] help: consider removing the dependency on `chrono`
[INFO] [stderr] warning: unused dependency `serde_json`
[INFO] [stderr]  --> crates/waf-types/Cargo.toml:8:1
[INFO] [stderr]   |
[INFO] [stderr] 8 | serde_json  = { workspace = true }
[INFO] [stderr]   | ^^^^^^^^^^^^^^^^^^^^^^^^^^^^^^^^^^
[INFO] [stderr]   |
[INFO] [stderr] help: consider removing the dependency on `serde_json`
[INFO] [stderr] warning: unused dependency `thiserror`
[INFO] [stderr]   --> crates/waf-types/Cargo.toml:11:1
[INFO] [stderr]    |
[INFO] [stderr] 11 | thiserror   = { workspace = true }
[INFO] [stderr]    | ^^^^^^^^^^^^^^^^^^^^^^^^^^^^^^^^^^
[INFO] [stderr]    |
[INFO] [stderr] help: consider removing the dependency on `thiserror`
[INFO] [stderr] warning: unused dependency `uuid`
[INFO] [stderr]   --> crates/waf-types/Cargo.toml:10:1
[INFO] [stderr]    |
[INFO] [stderr] 10 | uuid        = { workspace = true }
[INFO] [stderr]    | ^^^^^^^^^^^^^^^^^^^^^^^^^^^^^^^^^^
[INFO] [stderr]    |
[INFO] [stderr] help: consider removing the dependency on `uuid`
[INFO] [stderr] warning: `waf-types` (manifest) generated 4 warnings
[INFO] [stderr]     Finished `release` profile [optimized] target(s) in 3m 02s
[INFO] running `Command { std: "docker" "inspect" "1185373d4fdc00be06c309e934edd8a4e9ffc2abd073101522a89d14c008398b", kill_on_drop: false }`
[INFO] running `Command { std: "docker" "exec" "-e" "SOURCE_DIR=/opt/rustwide/workdir" "-e" "CARGO_HOME=/opt/rustwide/cargo-home" "-e" "RUSTUP_HOME=/opt/rustwide/rustup-home" "-e" "CARGO_TARGET_DIR=/opt/rustwide/target" "-e" "CARGO_INCREMENTAL=0" "-e" "RUST_BACKTRACE=full" "-e" "RUSTFLAGS=--cap-lints=warn" "-e" "RUSTDOCFLAGS=--cap-lints=warn" "-w" "/opt/rustwide/workdir" "--user" "0:0" "1185373d4fdc00be06c309e934edd8a4e9ffc2abd073101522a89d14c008398b" "/opt/rustwide/cargo-home/bin/cargo" "+1.100.0-beta.1" "test" "--frozen" "--no-run" "--message-format=json" "--release", kill_on_drop: false }`
[INFO] [stderr]    Compiling serde v1.0.228
[INFO] [stderr]    Compiling num-traits v0.2.19
[INFO] [stderr]    Compiling crossbeam-utils v0.8.21
[INFO] [stderr]    Compiling zerocopy v0.8.52
[INFO] [stderr]    Compiling zerocopy-derive v0.8.52
[INFO] [stderr]    Compiling rayon-core v1.13.0
[INFO] [stderr]    Compiling either v1.16.0
[INFO] [stderr]    Compiling ciborium-io v0.2.2
[INFO] [stderr]    Compiling plotters-backend v0.3.7
[INFO] [stderr]    Compiling cast v0.3.0
[INFO] [stderr]    Compiling is-terminal v0.4.17
[INFO] [stderr]    Compiling anes v0.1.6
[INFO] [stderr]    Compiling oorandom v11.1.5
[INFO] [stderr]    Compiling plotters-svg v0.3.7
[INFO] [stderr]    Compiling itertools v0.10.5
[INFO] [stderr]    Compiling crossbeam-channel v0.5.15
[INFO] [stderr]    Compiling crossbeam-epoch v0.9.18
[INFO] [stderr]    Compiling plotters v0.3.7
[INFO] [stderr]    Compiling chrono v0.4.45
[INFO] [stderr]    Compiling serde_yaml v0.9.34+deprecated
[INFO] [stderr]    Compiling toml_datetime v0.6.11
[INFO] [stderr]    Compiling serde_spanned v0.6.9
[INFO] [stderr]    Compiling tracing-serde v0.2.0
[INFO] [stderr]    Compiling ipnetwork v0.18.0
[INFO] [stderr]    Compiling crossbeam-deque v0.8.6
[INFO] [stderr]    Compiling tinytemplate v1.2.1
[INFO] [stderr]    Compiling serde_urlencoded v0.7.1
[INFO] [stderr]    Compiling notify v6.1.1
[INFO] [stderr]    Compiling tracing-subscriber v0.3.23
[INFO] [stderr]    Compiling toml_edit v0.22.27
[INFO] [stderr]    Compiling maxminddb v0.23.0
[INFO] [stderr]    Compiling rayon v1.12.0
[INFO] [stderr]    Compiling criterion-plot v0.5.0
[INFO] [stderr]    Compiling waf-types v0.1.0 (/opt/rustwide/workdir/crates/waf-types)
[INFO] [stderr]    Compiling toml v0.8.23
[INFO] [stderr]    Compiling optimized_rule v0.1.0 (/opt/rustwide/workdir/crates/optimized_rule)
[INFO] [stdout] warning: unused import: `std::sync::Arc`
[INFO] [stdout]  --> crates/optimized_rule/src/lib.rs:9:5
[INFO] [stdout]   |
[INFO] [stdout] 9 | use std::sync::Arc;
[INFO] [stdout]   |     ^^^^^^^^^^^^^^
[INFO] [stdout]   |
[INFO] [stdout]   = note: `#[warn(unused_imports)]` (part of `#[warn(unused)]`) on by default
[INFO] [stdout] 
[INFO] [stdout] 
[INFO] [stderr]    Compiling rule v0.1.0 (/opt/rustwide/workdir/crates/rule)
[INFO] [stderr]    Compiling zentinel-modsec v0.1.2
[INFO] [stdout] warning: unused imports: `error` and `warn`
[INFO] [stdout]   --> crates/rule/src/loader.rs:15:15
[INFO] [stdout]    |
[INFO] [stdout] 15 | use tracing::{error, info, warn};
[INFO] [stdout]    |               ^^^^^        ^^^^
[INFO] [stdout]    |
[INFO] [stdout]    = note: `#[warn(unused_imports)]` (part of `#[warn(unused)]`) on by default
[INFO] [stdout] 
[INFO] [stdout] 
[INFO] [stdout] warning: unused import: `std::sync::Arc`
[INFO] [stdout]  --> crates/optimized_rule/src/lib.rs:9:5
[INFO] [stdout]   |
[INFO] [stdout] 9 | use std::sync::Arc;
[INFO] [stdout]   |     ^^^^^^^^^^^^^^
[INFO] [stdout]   |
[INFO] [stdout]   = note: `#[warn(unused_imports)]` (part of `#[warn(unused)]`) on by default
[INFO] [stdout] 
[INFO] [stdout] 
[INFO] [stdout] warning: variable does not need to be mutable
[INFO] [stdout]    --> crates/rule/src/lib.rs:135:9
[INFO] [stdout]     |
[INFO] [stdout] 135 |     let mut p_chars = pattern.chars().peekable();
[INFO] [stdout]     |         ----^^^^^^^
[INFO] [stdout]     |         |
[INFO] [stdout]     |         help: remove this `mut`
[INFO] [stdout]     |
[INFO] [stdout]     = note: `#[warn(unused_mut)]` (part of `#[warn(unused)]`) on by default
[INFO] [stdout] 
[INFO] [stdout] 
[INFO] [stdout] warning: variable does not need to be mutable
[INFO] [stdout]    --> crates/rule/src/lib.rs:136:9
[INFO] [stdout]     |
[INFO] [stdout] 136 |     let mut t_chars = text.chars().peekable();
[INFO] [stdout]     |         ----^^^^^^^
[INFO] [stdout]     |         |
[INFO] [stdout]     |         help: remove this `mut`
[INFO] [stdout] 
[INFO] [stdout] 
[INFO] [stdout] warning: variable does not need to be mutable
[INFO] [stdout]    --> crates/rule/src/lib.rs:138:9
[INFO] [stdout]     |
[INFO] [stdout] 138 |     let mut p_vec: Vec<char> = pattern.chars().collect();
[INFO] [stdout]     |         ----^^^^^
[INFO] [stdout]     |         |
[INFO] [stdout]     |         help: remove this `mut`
[INFO] [stdout] 
[INFO] [stdout] 
[INFO] [stdout] warning: variable does not need to be mutable
[INFO] [stdout]    --> crates/rule/src/lib.rs:139:9
[INFO] [stdout]     |
[INFO] [stdout] 139 |     let mut t_vec: Vec<char> = text.chars().collect();
[INFO] [stdout]     |         ----^^^^^
[INFO] [stdout]     |         |
[INFO] [stdout]     |         help: remove this `mut`
[INFO] [stdout] 
[INFO] [stdout] 
[INFO] [stdout] warning: unused variable: `p_chars`
[INFO] [stdout]    --> crates/rule/src/lib.rs:135:9
[INFO] [stdout]     |
[INFO] [stdout] 135 |     let mut p_chars = pattern.chars().peekable();
[INFO] [stdout]     |         ^^^^^^^^^^^ help: if this is intentional, prefix it with an underscore: `_p_chars`
[INFO] [stdout]     |
[INFO] [stdout]     = note: `#[warn(unused_variables)]` (part of `#[warn(unused)]`) on by default
[INFO] [stdout] 
[INFO] [stdout] 
[INFO] [stdout] warning: unused variable: `t_chars`
[INFO] [stdout]    --> crates/rule/src/lib.rs:136:9
[INFO] [stdout]     |
[INFO] [stdout] 136 |     let mut t_chars = text.chars().peekable();
[INFO] [stdout]     |         ^^^^^^^^^^^ help: if this is intentional, prefix it with an underscore: `_t_chars`
[INFO] [stdout] 
[INFO] [stdout] 
[INFO] [stdout] warning: function `glob_match` is never used
[INFO] [stdout]    --> crates/rule/src/lib.rs:133:4
[INFO] [stdout]     |
[INFO] [stdout] 133 | fn glob_match(pattern: &str, text: &str) -> bool {
[INFO] [stdout]     |    ^^^^^^^^^^
[INFO] [stdout]     |
[INFO] [stdout]     = note: `#[warn(dead_code)]` (part of `#[warn(unused)]`) on by default
[INFO] [stdout] 
[INFO] [stdout] 
[INFO] [stderr]    Compiling waf-engine v0.1.0 (/opt/rustwide/workdir/crates/waf-engine)
[INFO] [stderr]    Compiling half v2.7.1
[INFO] [stderr]    Compiling ppv-lite86 v0.2.21
[INFO] [stderr]    Compiling ciborium-ll v0.2.2
[INFO] [stderr]    Compiling ciborium v0.2.2
[INFO] [stderr]    Compiling waf-proxy v0.1.0 (/opt/rustwide/workdir/crates/waf-proxy)
[INFO] [stderr]    Compiling rand_chacha v0.3.1
[INFO] [stderr]    Compiling rand v0.8.6
[INFO] [stderr]    Compiling criterion v0.5.1
[INFO] [stderr]    Compiling tungstenite v0.24.0
[INFO] [stderr]    Compiling tokio-tungstenite v0.24.0
[INFO] [stderr]    Compiling axum v0.7.9
[INFO] [stdout] warning: unused import: `std::time::SystemTime`
[INFO] [stdout]    --> crates/waf-engine/src/bin/compare_engines.rs:209:9
[INFO] [stdout]     |
[INFO] [stdout] 209 |     use std::time::SystemTime;
[INFO] [stdout]     |         ^^^^^^^^^^^^^^^^^^^^^
[INFO] [stdout]     |
[INFO] [stdout]     = note: `#[warn(unused_imports)]` (part of `#[warn(unused)]`) on by default
[INFO] [stdout] 
[INFO] [stdout] 
[INFO] [stdout] warning: field `method` is never read
[INFO] [stdout]    --> crates/waf-engine/src/bin/compare_engines.rs:278:5
[INFO] [stdout]     |
[INFO] [stdout] 276 | struct ReteContext {
[INFO] [stdout]     |        ----------- field in this struct
[INFO] [stdout] 277 |     path: String,
[INFO] [stdout] 278 |     method: String,
[INFO] [stdout]     |     ^^^^^^
[INFO] [stdout]     |
[INFO] [stdout]     = note: `#[warn(dead_code)]` (part of `#[warn(unused)]`) on by default
[INFO] [stdout] 
[INFO] [stdout] 
[INFO] [stdout] warning: unused import: `std::sync::Arc`
[INFO] [stdout]   --> crates/waf-engine/src/bin/compare_engines_yaml_vs_rete.rs:11:5
[INFO] [stdout]    |
[INFO] [stdout] 11 | use std::sync::Arc;
[INFO] [stdout]    |     ^^^^^^^^^^^^^^
[INFO] [stdout]    |
[INFO] [stdout]    = note: `#[warn(unused_imports)]` (part of `#[warn(unused)]`) on by default
[INFO] [stdout] 
[INFO] [stdout] 
[INFO] [stdout] warning: fields `description`, `condition_type`, and `action` are never read
[INFO] [stdout]    --> crates/waf-engine/src/bin/compare_engines_real.rs:162:5
[INFO] [stdout]     |
[INFO] [stdout] 160 | struct Rule {
[INFO] [stdout]     |        ---- fields in this struct
[INFO] [stdout] 161 |     id: String,
[INFO] [stdout] 162 |     description: String,
[INFO] [stdout]     |     ^^^^^^^^^^^
[INFO] [stdout] 163 |     priority: i32,
[INFO] [stdout] 164 |     condition_type: String,
[INFO] [stdout]     |     ^^^^^^^^^^^^^^
[INFO] [stdout] 165 |     action: String,
[INFO] [stdout]     |     ^^^^^^
[INFO] [stdout]     |
[INFO] [stdout]     = note: `Rule` has derived impls for the traits `Clone` and `Debug`, but these are intentionally ignored during dead code analysis
[INFO] [stdout]     = note: `#[warn(dead_code)]` (part of `#[warn(unused)]`) on by default
[INFO] [stdout] 
[INFO] [stdout] 
[INFO] [stderr]    Compiling waf-api v0.1.0 (/opt/rustwide/workdir/crates/waf-api)
[INFO] [stdout] warning: lint `dependency_on_unit_never_type_fallback` has been removed: the code warned by this lint no longer compiles
[INFO] [stdout]  --> crates/waf-api/src/lib.rs:1:10
[INFO] [stdout]   |
[INFO] [stdout] 1 | #![allow(dependency_on_unit_never_type_fallback)]
[INFO] [stdout]   |          ^^^^^^^^^^^^^^^^^^^^^^^^^^^^^^^^^^^^^^
[INFO] [stdout]   |
[INFO] [stdout]   = note: `#[warn(renamed_and_removed_lints)]` on by default
[INFO] [stdout] 
[INFO] [stdout] 
[INFO] [stdout] warning: unused import: `std::time::SystemTime`
[INFO] [stdout]    --> crates/waf-engine/src/bin/compare_engines.rs:209:9
[INFO] [stdout]     |
[INFO] [stdout] 209 |     use std::time::SystemTime;
[INFO] [stdout]     |         ^^^^^^^^^^^^^^^^^^^^^
[INFO] [stdout]     |
[INFO] [stdout]     = note: `#[warn(unused_imports)]` (part of `#[warn(unused)]`) on by default
[INFO] [stdout] 
[INFO] [stdout] 
[INFO] [stdout] warning: field `method` is never read
[INFO] [stdout]    --> crates/waf-engine/src/bin/compare_engines.rs:278:5
[INFO] [stdout]     |
[INFO] [stdout] 276 | struct ReteContext {
[INFO] [stdout]     |        ----------- field in this struct
[INFO] [stdout] 277 |     path: String,
[INFO] [stdout] 278 |     method: String,
[INFO] [stdout]     |     ^^^^^^
[INFO] [stdout]     |
[INFO] [stdout]     = note: `#[warn(dead_code)]` (part of `#[warn(unused)]`) on by default
[INFO] [stdout] 
[INFO] [stdout] 
[INFO] [stdout] warning: unused import: `std::sync::Arc`
[INFO] [stdout]   --> crates/waf-engine/src/bin/compare_engines_yaml_vs_rete.rs:11:5
[INFO] [stdout]    |
[INFO] [stdout] 11 | use std::sync::Arc;
[INFO] [stdout]    |     ^^^^^^^^^^^^^^
[INFO] [stdout]    |
[INFO] [stdout]    = note: `#[warn(unused_imports)]` (part of `#[warn(unused)]`) on by default
[INFO] [stdout] 
[INFO] [stdout] 
[INFO] [stdout] warning: fields `description`, `condition_type`, and `action` are never read
[INFO] [stdout]    --> crates/waf-engine/src/bin/compare_engines_real.rs:162:5
[INFO] [stdout]     |
[INFO] [stdout] 160 | struct Rule {
[INFO] [stdout]     |        ---- fields in this struct
[INFO] [stdout] 161 |     id: String,
[INFO] [stdout] 162 |     description: String,
[INFO] [stdout]     |     ^^^^^^^^^^^
[INFO] [stdout] 163 |     priority: i32,
[INFO] [stdout] 164 |     condition_type: String,
[INFO] [stdout]     |     ^^^^^^^^^^^^^^
[INFO] [stdout] 165 |     action: String,
[INFO] [stdout]     |     ^^^^^^
[INFO] [stdout]     |
[INFO] [stdout]     = note: `Rule` has derived impls for the traits `Clone` and `Debug`, but these are intentionally ignored during dead code analysis
[INFO] [stdout]     = note: `#[warn(dead_code)]` (part of `#[warn(unused)]`) on by default
[INFO] [stdout] 
[INFO] [stdout] 
[INFO] [stdout] warning: unused imports: `error` and `warn`
[INFO] [stdout]   --> crates/rule/src/loader.rs:15:15
[INFO] [stdout]    |
[INFO] [stdout] 15 | use tracing::{error, info, warn};
[INFO] [stdout]    |               ^^^^^        ^^^^
[INFO] [stdout]    |
[INFO] [stdout]    = note: `#[warn(unused_imports)]` (part of `#[warn(unused)]`) on by default
[INFO] [stdout] 
[INFO] [stdout] 
[INFO] [stdout] warning: variable does not need to be mutable
[INFO] [stdout]    --> crates/rule/src/lib.rs:135:9
[INFO] [stdout]     |
[INFO] [stdout] 135 |     let mut p_chars = pattern.chars().peekable();
[INFO] [stdout]     |         ----^^^^^^^
[INFO] [stdout]     |         |
[INFO] [stdout]     |         help: remove this `mut`
[INFO] [stdout]     |
[INFO] [stdout]     = note: `#[warn(unused_mut)]` (part of `#[warn(unused)]`) on by default
[INFO] [stdout] 
[INFO] [stdout] 
[INFO] [stdout] warning: variable does not need to be mutable
[INFO] [stdout]    --> crates/rule/src/lib.rs:136:9
[INFO] [stdout]     |
[INFO] [stdout] 136 |     let mut t_chars = text.chars().peekable();
[INFO] [stdout]     |         ----^^^^^^^
[INFO] [stdout]     |         |
[INFO] [stdout]     |         help: remove this `mut`
[INFO] [stdout] 
[INFO] [stdout] 
[INFO] [stdout] warning: variable does not need to be mutable
[INFO] [stdout]    --> crates/rule/src/lib.rs:138:9
[INFO] [stdout]     |
[INFO] [stdout] 138 |     let mut p_vec: Vec<char> = pattern.chars().collect();
[INFO] [stdout]     |         ----^^^^^
[INFO] [stdout]     |         |
[INFO] [stdout]     |         help: remove this `mut`
[INFO] [stdout] 
[INFO] [stdout] 
[INFO] [stdout] warning: variable does not need to be mutable
[INFO] [stdout]    --> crates/rule/src/lib.rs:139:9
[INFO] [stdout]     |
[INFO] [stdout] 139 |     let mut t_vec: Vec<char> = text.chars().collect();
[INFO] [stdout]     |         ----^^^^^
[INFO] [stdout]     |         |
[INFO] [stdout]     |         help: remove this `mut`
[INFO] [stdout] 
[INFO] [stdout] 
[INFO] [stdout] warning: unused variable: `p_chars`
[INFO] [stdout]    --> crates/rule/src/lib.rs:135:9
[INFO] [stdout]     |
[INFO] [stdout] 135 |     let mut p_chars = pattern.chars().peekable();
[INFO] [stdout]     |         ^^^^^^^^^^^ help: if this is intentional, prefix it with an underscore: `_p_chars`
[INFO] [stdout]     |
[INFO] [stdout]     = note: `#[warn(unused_variables)]` (part of `#[warn(unused)]`) on by default
[INFO] [stdout] 
[INFO] [stdout] 
[INFO] [stdout] warning: unused variable: `t_chars`
[INFO] [stdout]    --> crates/rule/src/lib.rs:136:9
[INFO] [stdout]     |
[INFO] [stdout] 136 |     let mut t_chars = text.chars().peekable();
[INFO] [stdout]     |         ^^^^^^^^^^^ help: if this is intentional, prefix it with an underscore: `_t_chars`
[INFO] [stdout] 
[INFO] [stdout] 
[INFO] [stdout] warning: function `glob_match` is never used
[INFO] [stdout]    --> crates/rule/src/lib.rs:133:4
[INFO] [stdout]     |
[INFO] [stdout] 133 | fn glob_match(pattern: &str, text: &str) -> bool {
[INFO] [stdout]     |    ^^^^^^^^^^
[INFO] [stdout]     |
[INFO] [stdout]     = note: `#[warn(dead_code)]` (part of `#[warn(unused)]`) on by default
[INFO] [stdout] 
[INFO] [stdout] 
[INFO] [stdout] warning: lint `dependency_on_unit_never_type_fallback` has been removed: the code warned by this lint no longer compiles
[INFO] [stdout]  --> crates/waf-api/src/lib.rs:1:10
[INFO] [stdout]   |
[INFO] [stdout] 1 | #![allow(dependency_on_unit_never_type_fallback)]
[INFO] [stdout]   |          ^^^^^^^^^^^^^^^^^^^^^^^^^^^^^^^^^^^^^^
[INFO] [stdout]   |
[INFO] [stdout]   = note: `#[warn(renamed_and_removed_lints)]` on by default
[INFO] [stdout] 
[INFO] [stdout] 
[INFO] [stderr]    Compiling waf v0.1.0 (/opt/rustwide/workdir/crates/waf)
[INFO] [stderr] warning: unused dependency `tracing`
[INFO] [stderr]   --> crates/optimized_rule/Cargo.toml:13:1
[INFO] [stderr]    |
[INFO] [stderr] 13 | tracing = { workspace = true }
[INFO] [stderr]    | ^^^^^^^^^^^^^^^^^^^^^^^^^^^^^^
[INFO] [stderr]    |
[INFO] [stderr]    = note: `cargo::unused_dependencies` is set to `warn` by default
[INFO] [stderr] help: consider removing the dependency on `tracing`
[INFO] [stderr] warning: `optimized_rule` (manifest) generated 1 warning
[INFO] [stderr] warning: unused dependency `chrono`
[INFO] [stderr]  --> crates/waf-types/Cargo.toml:9:1
[INFO] [stderr]   |
[INFO] [stderr] 9 | chrono      = { workspace = true }
[INFO] [stderr]   | ^^^^^^^^^^^^^^^^^^^^^^^^^^^^^^^^^^
[INFO] [stderr]   |
[INFO] [stderr]   = note: `cargo::unused_dependencies` is set to `warn` by default
[INFO] [stderr] help: consider removing the dependency on `chrono`
[INFO] [stderr] warning: unused dependency `serde_json`
[INFO] [stderr]  --> crates/waf-types/Cargo.toml:8:1
[INFO] [stderr]   |
[INFO] [stderr] 8 | serde_json  = { workspace = true }
[INFO] [stderr]   | ^^^^^^^^^^^^^^^^^^^^^^^^^^^^^^^^^^
[INFO] [stderr]   |
[INFO] [stderr] help: consider removing the dependency on `serde_json`
[INFO] [stderr] warning: unused dependency `thiserror`
[INFO] [stderr]   --> crates/waf-types/Cargo.toml:11:1
[INFO] [stderr]    |
[INFO] [stderr] 11 | thiserror   = { workspace = true }
[INFO] [stderr]    | ^^^^^^^^^^^^^^^^^^^^^^^^^^^^^^^^^^
[INFO] [stderr]    |
[INFO] [stderr] help: consider removing the dependency on `thiserror`
[INFO] [stderr] warning: unused dependency `uuid`
[INFO] [stderr]   --> crates/waf-types/Cargo.toml:10:1
[INFO] [stderr]    |
[INFO] [stderr] 10 | uuid        = { workspace = true }
[INFO] [stderr]    | ^^^^^^^^^^^^^^^^^^^^^^^^^^^^^^^^^^
[INFO] [stderr]    |
[INFO] [stderr] help: consider removing the dependency on `uuid`
[INFO] [stderr] warning: `waf-types` (manifest) generated 4 warnings
[INFO] [stderr]     Finished `release` profile [optimized] target(s) in 1m 56s
[INFO] running `Command { std: "docker" "inspect" "1185373d4fdc00be06c309e934edd8a4e9ffc2abd073101522a89d14c008398b", kill_on_drop: false }`
[INFO] running `Command { std: "docker" "exec" "-e" "SOURCE_DIR=/opt/rustwide/workdir" "-e" "CARGO_HOME=/opt/rustwide/cargo-home" "-e" "RUSTUP_HOME=/opt/rustwide/rustup-home" "-e" "CARGO_TARGET_DIR=/opt/rustwide/target" "-e" "CARGO_INCREMENTAL=0" "-e" "RUST_BACKTRACE=full" "-e" "RUSTFLAGS=--cap-lints=warn" "-e" "RUSTDOCFLAGS=--cap-lints=warn" "-w" "/opt/rustwide/workdir" "--user" "0:0" "1185373d4fdc00be06c309e934edd8a4e9ffc2abd073101522a89d14c008398b" "/opt/rustwide/cargo-home/bin/cargo" "+1.100.0-beta.1" "test" "--frozen" "--release", kill_on_drop: false }`
[INFO] [stderr] warning: unused imports: `error` and `warn`
[INFO] [stderr]   --> crates/rule/src/loader.rs:15:15
[INFO] [stderr]    |
[INFO] [stderr] 15 | use tracing::{error, info, warn};
[INFO] [stderr]    |               ^^^^^        ^^^^
[INFO] [stderr]    |
[INFO] [stderr]    = note: `#[warn(unused_imports)]` (part of `#[warn(unused)]`) on by default
[INFO] [stderr] 
[INFO] [stderr] warning: variable does not need to be mutable
[INFO] [stderr]    --> crates/rule/src/lib.rs:135:9
[INFO] [stderr]     |
[INFO] [stderr] 135 |     let mut p_chars = pattern.chars().peekable();
[INFO] [stderr]     |         ----^^^^^^^
[INFO] [stderr]     |         |
[INFO] [stderr]     |         help: remove this `mut`
[INFO] [stderr]     |
[INFO] [stderr]     = note: `#[warn(unused_mut)]` (part of `#[warn(unused)]`) on by default
[INFO] [stderr] 
[INFO] [stderr] warning: variable does not need to be mutable
[INFO] [stderr]    --> crates/rule/src/lib.rs:136:9
[INFO] [stderr]     |
[INFO] [stderr] 136 |     let mut t_chars = text.chars().peekable();
[INFO] [stderr]     |         ----^^^^^^^
[INFO] [stderr]     |         |
[INFO] [stderr]     |         help: remove this `mut`
[INFO] [stderr] 
[INFO] [stderr] warning: variable does not need to be mutable
[INFO] [stderr]    --> crates/rule/src/lib.rs:138:9
[INFO] [stderr]     |
[INFO] [stderr] 138 |     let mut p_vec: Vec<char> = pattern.chars().collect();
[INFO] [stderr]     |         ----^^^^^
[INFO] [stderr]     |         |
[INFO] [stderr]     |         help: remove this `mut`
[INFO] [stderr] 
[INFO] [stderr] warning: variable does not need to be mutable
[INFO] [stderr]    --> crates/rule/src/lib.rs:139:9
[INFO] [stderr]     |
[INFO] [stderr] 139 |     let mut t_vec: Vec<char> = text.chars().collect();
[INFO] [stderr]     |         ----^^^^^
[INFO] [stderr]     |         |
[INFO] [stderr]     |         help: remove this `mut`
[INFO] [stderr] 
[INFO] [stderr] warning: unused variable: `p_chars`
[INFO] [stderr]    --> crates/rule/src/lib.rs:135:9
[INFO] [stderr]     |
[INFO] [stderr] 135 |     let mut p_chars = pattern.chars().peekable();
[INFO] [stderr]     |         ^^^^^^^^^^^ help: if this is intentional, prefix it with an underscore: `_p_chars`
[INFO] [stderr]     |
[INFO] [stderr]     = note: `#[warn(unused_variables)]` (part of `#[warn(unused)]`) on by default
[INFO] [stderr] 
[INFO] [stderr] warning: unused variable: `t_chars`
[INFO] [stderr]    --> crates/rule/src/lib.rs:136:9
[INFO] [stderr]     |
[INFO] [stderr] 136 |     let mut t_chars = text.chars().peekable();
[INFO] [stderr]     |         ^^^^^^^^^^^ help: if this is intentional, prefix it with an underscore: `_t_chars`
[INFO] [stderr] 
[INFO] [stderr] warning: function `glob_match` is never used
[INFO] [stderr]    --> crates/rule/src/lib.rs:133:4
[INFO] [stderr]     |
[INFO] [stderr] 133 | fn glob_match(pattern: &str, text: &str) -> bool {
[INFO] [stderr]     |    ^^^^^^^^^^
[INFO] [stderr]     |
[INFO] [stderr]     = note: `#[warn(dead_code)]` (part of `#[warn(unused)]`) on by default
[INFO] [stderr] 
[INFO] [stderr] warning: unused import: `std::sync::Arc`
[INFO] [stderr]  --> crates/optimized_rule/src/lib.rs:9:5
[INFO] [stderr]   |
[INFO] [stderr] 9 | use std::sync::Arc;
[INFO] [stderr]   |     ^^^^^^^^^^^^^^
[INFO] [stderr]   |
[INFO] [stderr]   = note: `#[warn(unused_imports)]` (part of `#[warn(unused)]`) on by default
[INFO] [stderr] 
[INFO] [stderr] warning: `rule` (lib) generated 8 warnings (run `cargo fix --lib -p rule` to apply 7 suggestions)
[INFO] [stderr] warning: `optimized_rule` (lib) generated 1 warning (run `cargo fix --lib -p optimized_rule` to apply 1 suggestion)
[INFO] [stderr] warning: unused import: `std::sync::Arc`
[INFO] [stderr]   --> crates/waf-engine/src/bin/compare_engines_yaml_vs_rete.rs:11:5
[INFO] [stderr]    |
[INFO] [stderr] 11 | use std::sync::Arc;
[INFO] [stderr]    |     ^^^^^^^^^^^^^^
[INFO] [stderr]    |
[INFO] [stderr]    = note: `#[warn(unused_imports)]` (part of `#[warn(unused)]`) on by default
[INFO] [stderr] 
[INFO] [stderr] warning: unused import: `std::time::SystemTime`
[INFO] [stderr]    --> crates/waf-engine/src/bin/compare_engines.rs:209:9
[INFO] [stderr]     |
[INFO] [stderr] 209 |     use std::time::SystemTime;
[INFO] [stderr]     |         ^^^^^^^^^^^^^^^^^^^^^
[INFO] [stderr]     |
[INFO] [stderr]     = note: `#[warn(unused_imports)]` (part of `#[warn(unused)]`) on by default
[INFO] [stderr] 
[INFO] [stderr] warning: field `method` is never read
[INFO] [stderr]    --> crates/waf-engine/src/bin/compare_engines.rs:278:5
[INFO] [stderr]     |
[INFO] [stderr] 276 | struct ReteContext {
[INFO] [stderr]     |        ----------- field in this struct
[INFO] [stderr] 277 |     path: String,
[INFO] [stderr] 278 |     method: String,
[INFO] [stderr]     |     ^^^^^^
[INFO] [stderr]     |
[INFO] [stderr]     = note: `#[warn(dead_code)]` (part of `#[warn(unused)]`) on by default
[INFO] [stderr] 
[INFO] [stderr] warning: fields `description`, `condition_type`, and `action` are never read
[INFO] [stderr]    --> crates/waf-engine/src/bin/compare_engines_real.rs:162:5
[INFO] [stderr]     |
[INFO] [stderr] 160 | struct Rule {
[INFO] [stderr]     |        ---- fields in this struct
[INFO] [stderr] 161 |     id: String,
[INFO] [stderr] 162 |     description: String,
[INFO] [stderr]     |     ^^^^^^^^^^^
[INFO] [stderr] 163 |     priority: i32,
[INFO] [stderr] 164 |     condition_type: String,
[INFO] [stderr]     |     ^^^^^^^^^^^^^^
[INFO] [stderr] 165 |     action: String,
[INFO] [stderr]     |     ^^^^^^
[INFO] [stderr]     |
[INFO] [stderr]     = note: `Rule` has derived impls for the traits `Clone` and `Debug`, but these are intentionally ignored during dead code analysis
[INFO] [stderr]     = note: `#[warn(dead_code)]` (part of `#[warn(unused)]`) on by default
[INFO] [stderr] 
[INFO] [stderr] warning: `waf-engine` (bin "compare-engines-yaml-vs-rete") generated 1 warning (run `cargo fix --bin "compare-engines-yaml-vs-rete" -p waf-engine` to apply 1 suggestion)
[INFO] [stderr] warning: `waf-engine` (bin "compare_engines") generated 2 warnings (run `cargo fix --bin "compare_engines" -p waf-engine` to apply 1 suggestion)
[INFO] [stderr] warning: `waf-engine` (bin "compare-engines") generated 1 warning
[INFO] [stderr] warning: `optimized_rule` (lib test) generated 1 warning (1 duplicate)
[INFO] [stderr] warning: `rule` (lib test) generated 8 warnings (8 duplicates)
[INFO] [stderr] warning: `waf-engine` (bin "compare_engines" test) generated 2 warnings (2 duplicates)
[INFO] [stderr] warning: `waf-engine` (bin "compare-engines-yaml-vs-rete" test) generated 1 warning (1 duplicate)
[INFO] [stderr] warning: `waf-engine` (bin "compare-engines" test) generated 1 warning (1 duplicate)
[INFO] [stderr] warning: lint `dependency_on_unit_never_type_fallback` has been removed: the code warned by this lint no longer compiles
[INFO] [stderr]  --> crates/waf-api/src/lib.rs:1:10
[INFO] [stderr]   |
[INFO] [stderr] 1 | #![allow(dependency_on_unit_never_type_fallback)]
[INFO] [stderr]   |          ^^^^^^^^^^^^^^^^^^^^^^^^^^^^^^^^^^^^^^
[INFO] [stderr]   |
[INFO] [stderr]   = note: `#[warn(renamed_and_removed_lints)]` on by default
[INFO] [stderr] 
[INFO] [stderr] warning: `waf-api` (lib) generated 1 warning
[INFO] [stderr] warning: `waf-api` (lib test) generated 1 warning (1 duplicate)
[INFO] [stderr] warning: unused dependency `tracing`
[INFO] [stderr]   --> crates/optimized_rule/Cargo.toml:13:1
[INFO] [stderr]    |
[INFO] [stderr] 13 | tracing = { workspace = true }
[INFO] [stderr]    | ^^^^^^^^^^^^^^^^^^^^^^^^^^^^^^
[INFO] [stderr]    |
[INFO] [stderr]    = note: `cargo::unused_dependencies` is set to `warn` by default
[INFO] [stderr] help: consider removing the dependency on `tracing`
[INFO] [stderr] warning: `optimized_rule` (manifest) generated 1 warning
[INFO] [stderr] warning: unused dependency `chrono`
[INFO] [stderr]  --> crates/waf-types/Cargo.toml:9:1
[INFO] [stderr]   |
[INFO] [stderr] 9 | chrono      = { workspace = true }
[INFO] [stderr]   | ^^^^^^^^^^^^^^^^^^^^^^^^^^^^^^^^^^
[INFO] [stderr]   |
[INFO] [stderr]   = note: `cargo::unused_dependencies` is set to `warn` by default
[INFO] [stderr] help: consider removing the dependency on `chrono`
[INFO] [stderr] warning: unused dependency `serde_json`
[INFO] [stderr]  --> crates/waf-types/Cargo.toml:8:1
[INFO] [stderr]   |
[INFO] [stderr] 8 | serde_json  = { workspace = true }
[INFO] [stderr]   | ^^^^^^^^^^^^^^^^^^^^^^^^^^^^^^^^^^
[INFO] [stderr]   |
[INFO] [stderr] help: consider removing the dependency on `serde_json`
[INFO] [stderr] warning: unused dependency `thiserror`
[INFO] [stderr]   --> crates/waf-types/Cargo.toml:11:1
[INFO] [stderr]    |
[INFO] [stderr] 11 | thiserror   = { workspace = true }
[INFO] [stderr]    | ^^^^^^^^^^^^^^^^^^^^^^^^^^^^^^^^^^
[INFO] [stderr]    |
[INFO] [stderr] help: consider removing the dependency on `thiserror`
[INFO] [stderr] warning: unused dependency `uuid`
[INFO] [stderr]   --> crates/waf-types/Cargo.toml:10:1
[INFO] [stderr]    |
[INFO] [stderr] 10 | uuid        = { workspace = true }
[INFO] [stderr]    | ^^^^^^^^^^^^^^^^^^^^^^^^^^^^^^^^^^
[INFO] [stderr]    |
[INFO] [stderr] help: consider removing the dependency on `uuid`
[INFO] [stderr] warning: `waf-types` (manifest) generated 4 warnings
[INFO] [stderr]     Finished `release` profile [optimized] target(s) in 0.27s
[INFO] [stderr]      Running unittests src/lib.rs (/opt/rustwide/target/release/build/optimized_rule/81f546fd65040776/out/optimized_rule-81f546fd65040776)
[INFO] [stdout] 
[INFO] [stdout] running 0 tests
[INFO] [stdout] 
[INFO] [stdout] test result: ok. 0 passed; 0 failed; 0 ignored; 0 measured; 0 filtered out; finished in 0.00s
[INFO] [stdout] 
[INFO] [stderr]      Running unittests src/lib.rs (/opt/rustwide/target/release/build/rule/742ddf719ce2cb5b/out/rule-742ddf719ce2cb5b)
[INFO] [stdout] 
[INFO] [stdout] running 8 tests
[INFO] [stdout] test condition::tests::exact_match_path ... ok
[INFO] [stdout] test condition::tests::and_node_requires_all ... ok
[INFO] [stdout] test loader::tests::test_compile_rejects_duplicate_ids ... ok
[INFO] [stdout] test tests::test_rule_evaluator_skips_matched_rules ... ok
[INFO] [stdout] test condition::tests::or_node_requires_any ... ok
[INFO] [stdout] test loader::tests::test_compile_basic_rule ... ok
[INFO] [stdout] test condition::tests::negate_works ... ok
[INFO] [stdout] test condition::tests::regex_match_payload ... ok
[INFO] [stdout] 
[INFO] [stdout] test result: ok. 8 passed; 0 failed; 0 ignored; 0 measured; 0 filtered out; finished in 0.02s
[INFO] [stdout] 
[INFO] [stderr]      Running unittests src/main.rs (/opt/rustwide/target/release/build/waf/e97f93952c5ac5c0/out/waf-e97f93952c5ac5c0)
[INFO] [stdout] 
[INFO] [stdout] running 0 tests
[INFO] [stdout] 
[INFO] [stdout] test result: ok. 0 passed; 0 failed; 0 ignored; 0 measured; 0 filtered out; finished in 0.00s
[INFO] [stdout] 
[INFO] [stdout] 
[INFO] [stderr]      Running unittests src/lib.rs (/opt/rustwide/target/release/build/waf-api/aab66e7bf03ad341/out/waf_api-aab66e7bf03ad341)
[INFO] [stdout] running 0 tests
[INFO] [stderr]      Running unittests src/lib.rs (/opt/rustwide/target/release/build/waf-engine/cb9b2cb508f6f5ae/out/waf_engine-cb9b2cb508f6f5ae)
[INFO] [stdout] 
[INFO] [stdout] test result: ok. 0 passed; 0 failed; 0 ignored; 0 measured; 0 filtered out; finished in 0.00s
[INFO] [stdout] 
[INFO] [stdout] 
[INFO] [stdout] running 22 tests
[INFO] [stdout] test rules::grl::parser::tests::parses_minimal_rule ... ok
[INFO] [stdout] test rules::crs::parser::tests::parse_simple_detect_sqli_rule ... ok
[INFO] [stdout] test rules::crs::parser::tests::parse_marker ... ok
[INFO] [stdout] test rules::crs::parser::tests::parse_skip_after_rule ... ok
[INFO] [stdout] test rules::rete::engine::tests::literal_block_rule_fires ... ok
[INFO] [stdout] test rules::rete::engine::tests::retract_prevents_rule_from_firing ... ok
[INFO] [stdout] test rules::grl::converter::tests::converts_sqli_block_rule ... ok
[INFO] [stdout] test rules::rete::tests::shares_identical_alpha_nodes ... ok
[INFO] [stdout] test rules::rete::tests::flattens_nested_and_or ... ok
[INFO] [stdout] test rules::rete::engine::tests::assignment_and_dependency_chain ... ok
[INFO] [stdout] test rules::crs::parser::tests::join_continuation_lines ... ok
[INFO] [stdout] test rules::grl::parser::tests::parses_multiple_rules ... ok
[INFO] [stdout] test rules::grl::functions::tests::xss_detects_classics ... ok
[INFO] [stdout] test rules::rete::engine::tests::salience_orders_rules ... ok
[INFO] [stdout] test rules::grl::functions::tests::sqli_detects_classics ... ok
[INFO] [stdout] test rules::grl::parser::tests::parses_nested_logic ... ok
[INFO] [stdout] test rules::grl::converter::tests::handles_and_or_combinator ... ok
[INFO] [stdout] test rules::crs::parser::tests::setvar_tx_ref ... ok
[INFO] [stdout] test rules::grl::functions::tests::traversal_detects ... ok
[INFO] [stdout] test rules::grl::parser::tests::parses_path_with_index ... ok
[INFO] [stdout] test rules::grl::converter::tests::converts_path_wildcard_routing ... ok
[INFO] [stdout] test rules::grl::parser::tests::parses_complex_rule ... ok
[INFO] [stdout] 
[INFO] [stdout] test result: ok. 22 passed; 0 failed; 0 ignored; 0 measured; 0 filtered out; finished in 0.01s
[INFO] [stdout] 
[INFO] [stderr]      Running unittests src/bin/compare_engines_real.rs (/opt/rustwide/target/release/build/waf-engine/408cbcddbf2d5ebe/out/compare_engines-408cbcddbf2d5ebe)
[INFO] [stdout] 
[INFO] [stdout] running 0 tests
[INFO] [stdout] 
[INFO] [stdout] test result: ok. 0 passed; 0 failed; 0 ignored; 0 measured; 0 filtered out; finished in 0.00s
[INFO] [stdout] 
[INFO] [stderr]      Running unittests src/bin/compare_engines_yaml_vs_rete.rs (/opt/rustwide/target/release/build/waf-engine/e779f512e848e32e/out/compare_engines_yaml_vs_rete-e779f512e848e32e)
[INFO] [stderr]      Running unittests src/bin/compare_rule_engines.rs (/opt/rustwide/target/release/build/waf-engine/65dfc1e79710d73b/out/compare_rule_engines-65dfc1e79710d73b)
[INFO] [stdout] 
[INFO] [stdout] running 0 tests
[INFO] [stdout] 
[INFO] [stdout] test result: ok. 0 passed; 0 failed; 0 ignored; 0 measured; 0 filtered out; finished in 0.00s
[INFO] [stdout] 
[INFO] [stdout] 
[INFO] [stdout] running 0 tests
[INFO] [stdout] 
[INFO] [stdout] test result: ok. 0 passed; 0 failed; 0 ignored; 0 measured; 0 filtered out; finished in 0.00s
[INFO] [stdout] 
[INFO] [stderr]      Running unittests src/bin/compare_engines.rs (/opt/rustwide/target/release/build/waf-engine/48b99aae8fc7dd76/out/compare_engines-48b99aae8fc7dd76)
[INFO] [stdout] 
[INFO] [stderr]      Running unittests src/bin/engine_demo.rs (/opt/rustwide/target/release/build/waf-engine/531953b1c1512fbb/out/engine_demo-531953b1c1512fbb)
[INFO] [stdout] running 0 tests
[INFO] [stdout] 
[INFO] [stdout] test result: ok. 0 passed; 0 failed; 0 ignored; 0 measured; 0 filtered out; finished in 0.00s
[INFO] [stdout] 
[INFO] [stdout] 
[INFO] [stdout] running 0 tests
[INFO] [stdout] 
[INFO] [stdout] test result: ok. 0 passed; 0 failed; 0 ignored; 0 measured; 0 filtered out; finished in 0.00s
[INFO] [stdout] 
[INFO] [stderr]      Running tests/detection_test.rs (/opt/rustwide/target/release/build/waf-engine/cca92f7730c2414b/out/detection_test-cca92f7730c2414b)
[INFO] [stdout] 
[INFO] [stdout] running 8 tests
[INFO] [stdout] test test_path_traversal_detected ... ok
[INFO] [stdout] test test_path_traversal_encoded_detected ... ok
[INFO] [stdout] test test_ssrf_detected_to_internal_ip ... ok
[INFO] [stdout] test test_sqli_detected_in_query_param ... ok
[INFO] [stdout] test test_header_injection_crlf_detected ... ok
[INFO] [stdout] test test_sqli_detected_in_json_body ... ok
[INFO] [stdout] test test_xss_detected_in_query_string ... ok
[INFO] [stdout] test test_benign_request_not_flagged ... ok
[INFO] [stdout] 
[INFO] [stdout] test result: ok. 8 passed; 0 failed; 0 ignored; 0 measured; 0 filtered out; finished in 0.01s
[INFO] [stdout] 
[INFO] [stderr]      Running tests/rate_limit_test.rs (/opt/rustwide/target/release/build/waf-engine/b6f6744c3dbd0d61/out/rate_limit_test-b6f6744c3dbd0d61)
[INFO] [stdout] 
[INFO] [stdout] running 6 tests
[INFO] [stdout] test test_sliding_window_blocks_over_limit ... FAILED
[INFO] [stdout] test test_sliding_window_resets_after_window_expires ... FAILED
[INFO] [stdout] test test_per_session_limit_independent_of_ip_limit ... FAILED
[INFO] [stderr] error: test failed, to rerun pass `-p waf-engine --test rate_limit_test`
[INFO] [stdout] test test_token_bucket_allows_burst ... FAILED
[INFO] [stdout] test test_token_bucket_rejects_over_capacity ... FAILED
[INFO] [stdout] test test_sliding_window_allows_within_limit ... FAILED
[INFO] [stdout] 
[INFO] [stdout] failures:
[INFO] [stdout] 
[INFO] [stdout] ---- test_sliding_window_blocks_over_limit stdout ----
[INFO] [stdout] 
[INFO] [stdout] thread 'test_sliding_window_blocks_over_limit' (4122) panicked at crates/waf-engine/tests/rate_limit_test.rs:11:5:
[INFO] [stdout] not yet implemented: send N+1 requests within window; assert last one is rejected
[INFO] [stdout] stack backtrace:
[INFO] [stdout]    0:     0x606db74eae41 - <<std[617be2ca0a6fd877]::sys::backtrace::BacktraceLock>::print::DisplayBacktrace as core[a373ad73a504971]::fmt::Display>::fmt
[INFO] [stdout]    1:     0x606db74fed3a - core[a373ad73a504971]::fmt::write
[INFO] [stdout]    2:     0x606db74ef05c - <alloc[2e1b2a31b91974c5]::vec::Vec<u8> as core[a373ad73a504971]::io::write::Write>::write_fmt
[INFO] [stdout]    3:     0x606db74c72a6 - std[617be2ca0a6fd877]::panicking::default_hook::{closure#0}
[INFO] [stdout]    4:     0x606db74e34d9 - std[617be2ca0a6fd877]::panicking::default_hook
[INFO] [stdout]    5:     0x606db747fb80 - test[aada8e7e76ba119b]::test_main_inner::{closure#0}
[INFO] [stdout]    6:     0x606db74e3692 - std[617be2ca0a6fd877]::panicking::panic_with_hook
[INFO] [stdout]    7:     0x606db74c7384 - std[617be2ca0a6fd877]::panicking::panic_handler::{closure#0}
[INFO] [stdout]    8:     0x606db74c0069 - std[617be2ca0a6fd877]::sys::backtrace::__rust_end_short_backtrace::<std[617be2ca0a6fd877]::panicking::panic_handler::{closure#0}, !>
[INFO] [stdout]    9:     0x606db74c7f5d - __rustc[ea4f61d10b84890b]::rust_begin_unwind
[INFO] [stdout]   10:     0x606db74ff46c - core[a373ad73a504971]::panicking::panic_fmt
[INFO] [stdout]   11:     0x606db7472eea - <rate_limit_test[bf9af6e61bcd03bb]::test_sliding_window_blocks_over_limit::{closure#0} as core[a373ad73a504971]::ops::function::FnOnce<()>>::call_once
[INFO] [stdout]   12:     0x606db7472fcb - test[aada8e7e76ba119b]::__rust_begin_short_backtrace::<core[a373ad73a504971]::result::Result<(), alloc[2e1b2a31b91974c5]::string::String>, fn() -> core[a373ad73a504971]::result::Result<(), alloc[2e1b2a31b91974c5]::string::String>>
[INFO] [stdout]   13:     0x606db74801a5 - test[aada8e7e76ba119b]::run_test::{closure#0}
[INFO] [stdout]   14:     0x606db7479a94 - std[617be2ca0a6fd877]::sys::backtrace::__rust_begin_short_backtrace::<test[aada8e7e76ba119b]::run_test::{closure#1}, ()>
[INFO] [stdout]   15:     0x606db7483232 - <std[617be2ca0a6fd877]::thread::lifecycle::spawn_unchecked<test[aada8e7e76ba119b]::run_test::{closure#1}, ()>::{closure#1} as core[a373ad73a504971]::ops::function::FnOnce<()>>::call_once::{shim:vtable#0}
[INFO] [stdout]   16:     0x606db74ea69f - <std[617be2ca0a6fd877]::sys::thread::unix::Thread>::new::thread_start
[INFO] [stdout]   17:     0x7233224c3dfa - <unknown>
[INFO] [stdout]   18:     0x7233225573d4 - clone
[INFO] [stdout]   19:                0x0 - <unknown>
[INFO] [stdout] 
[INFO] [stdout] ---- test_sliding_window_resets_after_window_expires stdout ----
[INFO] [stdout] 
[INFO] [stdout] thread 'test_sliding_window_resets_after_window_expires' (4123) panicked at crates/waf-engine/tests/rate_limit_test.rs:16:5:
[INFO] [stdout] not yet implemented: fill window; advance time past window_ms; send one more; assert allowed
[INFO] [stdout] stack backtrace:
[INFO] [stdout]    0:     0x606db74eae41 - <<std[617be2ca0a6fd877]::sys::backtrace::BacktraceLock>::print::DisplayBacktrace as core[a373ad73a504971]::fmt::Display>::fmt
[INFO] [stdout]    1:     0x606db74fed3a - core[a373ad73a504971]::fmt::write
[INFO] [stdout]    2:     0x606db74ef05c - <alloc[2e1b2a31b91974c5]::vec::Vec<u8> as core[a373ad73a504971]::io::write::Write>::write_fmt
[INFO] [stdout]    3:     0x606db74c72a6 - std[617be2ca0a6fd877]::panicking::default_hook::{closure#0}
[INFO] [stdout]    4:     0x606db74e34d9 - std[617be2ca0a6fd877]::panicking::default_hook
[INFO] [stdout]    5:     0x606db747fb80 - test[aada8e7e76ba119b]::test_main_inner::{closure#0}
[INFO] [stdout]    6:     0x606db74e3692 - std[617be2ca0a6fd877]::panicking::panic_with_hook
[INFO] [stdout]    7:     0x606db74c7384 - std[617be2ca0a6fd877]::panicking::panic_handler::{closure#0}
[INFO] [stdout]    8:     0x606db74c0069 - std[617be2ca0a6fd877]::sys::backtrace::__rust_end_short_backtrace::<std[617be2ca0a6fd877]::panicking::panic_handler::{closure#0}, !>
[INFO] [stdout]    9:     0x606db74c7f5d - __rustc[ea4f61d10b84890b]::rust_begin_unwind
[INFO] [stdout]   10:     0x606db74ff46c - core[a373ad73a504971]::panicking::panic_fmt
[INFO] [stdout]   11:     0x606db7472f6a - <rate_limit_test[bf9af6e61bcd03bb]::test_sliding_window_resets_after_window_expires::{closure#0} as core[a373ad73a504971]::ops::function::FnOnce<()>>::call_once
[INFO] [stdout]   12:     0x606db7472fcb - test[aada8e7e76ba119b]::__rust_begin_short_backtrace::<core[a373ad73a504971]::result::Result<(), alloc[2e1b2a31b91974c5]::string::String>, fn() -> core[a373ad73a504971]::result::Result<(), alloc[2e1b2a31b91974c5]::string::String>>
[INFO] [stdout]   13:     0x606db74801a5 - test[aada8e7e76ba119b]::run_test::{closure#0}
[INFO] [stdout]   14:     0x606db7479a94 - std[617be2ca0a6fd877]::sys::backtrace::__rust_begin_short_backtrace::<test[aada8e7e76ba119b]::run_test::{closure#1}, ()>
[INFO] [stdout]   15:     0x606db7483232 - <std[617be2ca0a6fd877]::thread::lifecycle::spawn_unchecked<test[aada8e7e76ba119b]::run_test::{closure#1}, ()>::{closure#1} as core[a373ad73a504971]::ops::function::FnOnce<()>>::call_once::{shim:vtable#0}
[INFO] [stdout]   16:     0x606db74ea69f - <std[617be2ca0a6fd877]::sys::thread::unix::Thread>::new::thread_start
[INFO] [stdout]   17:     0x7233224c3dfa - <unknown>
[INFO] [stdout]   18:     0x7233225573d4 - clone
[INFO] [stdout]   19:                0x0 - <unknown>
[INFO] [stdout] 
[INFO] [stdout] ---- test_per_session_limit_independent_of_ip_limit stdout ----
[INFO] [stdout] 
[INFO] [stdout] thread 'test_per_session_limit_independent_of_ip_limit' (4120) panicked at crates/waf-engine/tests/rate_limit_test.rs:31:5:
[INFO] [stdout] not yet implemented: different sessions from same IP; verify each session has own counter
[INFO] [stdout] stack backtrace:
[INFO] [stdout]    0:     0x606db74eae41 - <<std[617be2ca0a6fd877]::sys::backtrace::BacktraceLock>::print::DisplayBacktrace as core[a373ad73a504971]::fmt::Display>::fmt
[INFO] [stdout]    1:     0x606db74fed3a - core[a373ad73a504971]::fmt::write
[INFO] [stdout]    2:     0x606db74ef05c - <alloc[2e1b2a31b91974c5]::vec::Vec<u8> as core[a373ad73a504971]::io::write::Write>::write_fmt
[INFO] [stdout]    3:     0x606db74c72a6 - std[617be2ca0a6fd877]::panicking::default_hook::{closure#0}
[INFO] [stdout]    4:     0x606db74e34d9 - std[617be2ca0a6fd877]::panicking::default_hook
[INFO] [stdout]    5:     0x606db747fb80 - test[aada8e7e76ba119b]::test_main_inner::{closure#0}
[INFO] [stdout]    6:     0x606db74e3692 - std[617be2ca0a6fd877]::panicking::panic_with_hook
[INFO] [stdout]    7:     0x606db74c7384 - std[617be2ca0a6fd877]::panicking::panic_handler::{closure#0}
[INFO] [stdout]    8:     0x606db74c0069 - std[617be2ca0a6fd877]::sys::backtrace::__rust_end_short_backtrace::<std[617be2ca0a6fd877]::panicking::panic_handler::{closure#0}, !>
[INFO] [stdout]    9:     0x606db74c7f5d - __rustc[ea4f61d10b84890b]::rust_begin_unwind
[INFO] [stdout]   10:     0x606db74ff46c - core[a373ad73a504971]::panicking::panic_fmt
[INFO] [stdout]   11:     0x606db7472f4a - <rate_limit_test[bf9af6e61bcd03bb]::test_per_session_limit_independent_of_ip_limit::{closure#0} as core[a373ad73a504971]::ops::function::FnOnce<()>>::call_once
[INFO] [stdout]   12:     0x606db7472fcb - test[aada8e7e76ba119b]::__rust_begin_short_backtrace::<core[a373ad73a504971]::result::Result<(), alloc[2e1b2a31b91974c5]::string::String>, fn() -> core[a373ad73a504971]::result::Result<(), alloc[2e1b2a31b91974c5]::string::String>>
[INFO] [stdout]   13:     0x606db74801a5 - test[aada8e7e76ba119b]::run_test::{closure#0}
[INFO] [stdout]   14:     0x606db7479a94 - std[617be2ca0a6fd877]::sys::backtrace::__rust_begin_short_backtrace::<test[aada8e7e76ba119b]::run_test::{closure#1}, ()>
[INFO] [stdout]   15:     0x606db7483232 - <std[617be2ca0a6fd877]::thread::lifecycle::spawn_unchecked<test[aada8e7e76ba119b]::run_test::{closure#1}, ()>::{closure#1} as core[a373ad73a504971]::ops::function::FnOnce<()>>::call_once::{shim:vtable#0}
[INFO] [stdout]   16:     0x606db74ea69f - <std[617be2ca0a6fd877]::sys::thread::unix::Thread>::new::thread_start
[INFO] [stdout]   17:     0x7233224c3dfa - <unknown>
[INFO] [stdout]   18:     0x7233225573d4 - clone
[INFO] [stdout]   19:                0x0 - <unknown>
[INFO] [stdout] 
[INFO] [stdout] ---- test_token_bucket_allows_burst stdout ----
[INFO] [stdout] 
[INFO] [stdout] thread 'test_token_bucket_allows_burst' (4124) panicked at crates/waf-engine/tests/rate_limit_test.rs:21:5:
[INFO] [stdout] not yet implemented: consume up to capacity tokens; assert all succeed
[INFO] [stdout] stack backtrace:
[INFO] [stdout]    0:     0x606db74eae41 - <<std[617be2ca0a6fd877]::sys::backtrace::BacktraceLock>::print::DisplayBacktrace as core[a373ad73a504971]::fmt::Display>::fmt
[INFO] [stdout]    1:     0x606db74fed3a - core[a373ad73a504971]::fmt::write
[INFO] [stdout]    2:     0x606db74ef05c - <alloc[2e1b2a31b91974c5]::vec::Vec<u8> as core[a373ad73a504971]::io::write::Write>::write_fmt
[INFO] [stdout]    3:     0x606db74c72a6 - std[617be2ca0a6fd877]::panicking::default_hook::{closure#0}
[INFO] [stdout]    4:     0x606db74e34d9 - std[617be2ca0a6fd877]::panicking::default_hook
[INFO] [stdout]    5:     0x606db747fb80 - test[aada8e7e76ba119b]::test_main_inner::{closure#0}
[INFO] [stdout]    6:     0x606db74e3692 - std[617be2ca0a6fd877]::panicking::panic_with_hook
[INFO] [stdout]    7:     0x606db74c7384 - std[617be2ca0a6fd877]::panicking::panic_handler::{closure#0}
[INFO] [stdout]    8:     0x606db74c0069 - std[617be2ca0a6fd877]::sys::backtrace::__rust_end_short_backtrace::<std[617be2ca0a6fd877]::panicking::panic_handler::{closure#0}, !>
[INFO] [stdout]    9:     0x606db74c7f5d - __rustc[ea4f61d10b84890b]::rust_begin_unwind
[INFO] [stdout]   10:     0x606db74ff46c - core[a373ad73a504971]::panicking::panic_fmt
[INFO] [stdout]   11:     0x606db7472eca - <rate_limit_test[bf9af6e61bcd03bb]::test_token_bucket_allows_burst::{closure#0} as core[a373ad73a504971]::ops::function::FnOnce<()>>::call_once
[INFO] [stdout]   12:     0x606db7472fcb - test[aada8e7e76ba119b]::__rust_begin_short_backtrace::<core[a373ad73a504971]::result::Result<(), alloc[2e1b2a31b91974c5]::string::String>, fn() -> core[a373ad73a504971]::result::Result<(), alloc[2e1b2a31b91974c5]::string::String>>
[INFO] [stdout]   13:     0x606db74801a5 - test[aada8e7e76ba119b]::run_test::{closure#0}
[INFO] [stdout]   14:     0x606db7479a94 - std[617be2ca0a6fd877]::sys::backtrace::__rust_begin_short_backtrace::<test[aada8e7e76ba119b]::run_test::{closure#1}, ()>
[INFO] [stdout]   15:     0x606db7483232 - <std[617be2ca0a6fd877]::thread::lifecycle::spawn_unchecked<test[aada8e7e76ba119b]::run_test::{closure#1}, ()>::{closure#1} as core[a373ad73a504971]::ops::function::FnOnce<()>>::call_once::{shim:vtable#0}
[INFO] [stdout]   16:     0x606db74ea69f - <std[617be2ca0a6fd877]::sys::thread::unix::Thread>::new::thread_start
[INFO] [stdout]   17:     0x7233224c3dfa - <unknown>
[INFO] [stdout]   18:     0x7233225573d4 - clone
[INFO] [stdout]   19:                0x0 - <unknown>
[INFO] [stdout] 
[INFO] [stdout] ---- test_token_bucket_rejects_over_capacity stdout ----
[INFO] [stdout] 
[INFO] [stdout] thread 'test_token_bucket_rejects_over_capacity' (4125) panicked at crates/waf-engine/tests/rate_limit_test.rs:26:5:
[INFO] [stdout] not yet implemented: exhaust bucket; assert next consume returns false
[INFO] [stdout] stack backtrace:
[INFO] [stdout]    0:     0x606db74eae41 - <<std[617be2ca0a6fd877]::sys::backtrace::BacktraceLock>::print::DisplayBacktrace as core[a373ad73a504971]::fmt::Display>::fmt
[INFO] [stdout]    1:     0x606db74fed3a - core[a373ad73a504971]::fmt::write
[INFO] [stdout]    2:     0x606db74ef05c - <alloc[2e1b2a31b91974c5]::vec::Vec<u8> as core[a373ad73a504971]::io::write::Write>::write_fmt
[INFO] [stdout]    3:     0x606db74c72a6 - std[617be2ca0a6fd877]::panicking::default_hook::{closure#0}
[INFO] [stdout]    4:     0x606db74e34d9 - std[617be2ca0a6fd877]::panicking::default_hook
[INFO] [stdout]    5:     0x606db747fb80 - test[aada8e7e76ba119b]::test_main_inner::{closure#0}
[INFO] [stdout]    6:     0x606db74e3692 - std[617be2ca0a6fd877]::panicking::panic_with_hook
[INFO] [stdout]    7:     0x606db74c7384 - std[617be2ca0a6fd877]::panicking::panic_handler::{closure#0}
[INFO] [stdout]    8:     0x606db74c0069 - std[617be2ca0a6fd877]::sys::backtrace::__rust_end_short_backtrace::<std[617be2ca0a6fd877]::panicking::panic_handler::{closure#0}, !>
[INFO] [stdout]    9:     0x606db74c7f5d - __rustc[ea4f61d10b84890b]::rust_begin_unwind
[INFO] [stdout]   10:     0x606db74ff46c - core[a373ad73a504971]::panicking::panic_fmt
[INFO] [stdout]   11:     0x606db7472f2a - <rate_limit_test[bf9af6e61bcd03bb]::test_token_bucket_rejects_over_capacity::{closure#0} as core[a373ad73a504971]::ops::function::FnOnce<()>>::call_once
[INFO] [stdout]   12:     0x606db7472fcb - test[aada8e7e76ba119b]::__rust_begin_short_backtrace::<core[a373ad73a504971]::result::Result<(), alloc[2e1b2a31b91974c5]::string::String>, fn() -> core[a373ad73a504971]::result::Result<(), alloc[2e1b2a31b91974c5]::string::String>>
[INFO] [stdout]   13:     0x606db74801a5 - test[aada8e7e76ba119b]::run_test::{closure#0}
[INFO] [stdout]   14:     0x606db7479a94 - std[617be2ca0a6fd877]::sys::backtrace::__rust_begin_short_backtrace::<test[aada8e7e76ba119b]::run_test::{closure#1}, ()>
[INFO] [stdout]   15:     0x606db7483232 - <std[617be2ca0a6fd877]::thread::lifecycle::spawn_unchecked<test[aada8e7e76ba119b]::run_test::{closure#1}, ()>::{closure#1} as core[a373ad73a504971]::ops::function::FnOnce<()>>::call_once::{shim:vtable#0}
[INFO] [stdout]   16:     0x606db74ea69f - <std[617be2ca0a6fd877]::sys::thread::unix::Thread>::new::thread_start
[INFO] [stdout]   17:     0x7233224c3dfa - <unknown>
[INFO] [stdout]   18:     0x7233225573d4 - clone
[INFO] [stdout]   19:                0x0 - <unknown>
[INFO] [stdout] 
[INFO] [stdout] ---- test_sliding_window_allows_within_limit stdout ----
[INFO] [stdout] 
[INFO] [stdout] thread 'test_sliding_window_allows_within_limit' (4121) panicked at crates/waf-engine/tests/rate_limit_test.rs:6:5:
[INFO] [stdout] not yet implemented: send N requests within window; assert all allowed
[INFO] [stdout] stack backtrace:
[INFO] [stdout]    0:     0x606db74eae41 - <<std[617be2ca0a6fd877]::sys::backtrace::BacktraceLock>::print::DisplayBacktrace as core[a373ad73a504971]::fmt::Display>::fmt
[INFO] [stdout]    1:     0x606db74fed3a - core[a373ad73a504971]::fmt::write
[INFO] [stdout]    2:     0x606db74ef05c - <alloc[2e1b2a31b91974c5]::vec::Vec<u8> as core[a373ad73a504971]::io::write::Write>::write_fmt
[INFO] [stdout]    3:     0x606db74c72a6 - std[617be2ca0a6fd877]::panicking::default_hook::{closure#0}
[INFO] [stdout]    4:     0x606db74e34d9 - std[617be2ca0a6fd877]::panicking::default_hook
[INFO] [stdout]    5:     0x606db747fb80 - test[aada8e7e76ba119b]::test_main_inner::{closure#0}
[INFO] [stdout]    6:     0x606db74e3692 - std[617be2ca0a6fd877]::panicking::panic_with_hook
[INFO] [stdout]    7:     0x606db74c7384 - std[617be2ca0a6fd877]::panicking::panic_handler::{closure#0}
[INFO] [stdout]    8:     0x606db74c0069 - std[617be2ca0a6fd877]::sys::backtrace::__rust_end_short_backtrace::<std[617be2ca0a6fd877]::panicking::panic_handler::{closure#0}, !>
[INFO] [stdout]    9:     0x606db74c7f5d - __rustc[ea4f61d10b84890b]::rust_begin_unwind
[INFO] [stdout]   10:     0x606db74ff46c - core[a373ad73a504971]::panicking::panic_fmt
[INFO] [stdout]   11:     0x606db7472f0a - <rate_limit_test[bf9af6e61bcd03bb]::test_sliding_window_allows_within_limit::{closure#0} as core[a373ad73a504971]::ops::function::FnOnce<()>>::call_once
[INFO] [stdout]   12:     0x606db7472fcb - test[aada8e7e76ba119b]::__rust_begin_short_backtrace::<core[a373ad73a504971]::result::Result<(), alloc[2e1b2a31b91974c5]::string::String>, fn() -> core[a373ad73a504971]::result::Result<(), alloc[2e1b2a31b91974c5]::string::String>>
[INFO] [stdout]   13:     0x606db74801a5 - test[aada8e7e76ba119b]::run_test::{closure#0}
[INFO] [stdout]   14:     0x606db7479a94 - std[617be2ca0a6fd877]::sys::backtrace::__rust_begin_short_backtrace::<test[aada8e7e76ba119b]::run_test::{closure#1}, ()>
[INFO] [stdout]   15:     0x606db7483232 - <std[617be2ca0a6fd877]::thread::lifecycle::spawn_unchecked<test[aada8e7e76ba119b]::run_test::{closure#1}, ()>::{closure#1} as core[a373ad73a504971]::ops::function::FnOnce<()>>::call_once::{shim:vtable#0}
[INFO] [stdout]   16:     0x606db74ea69f - <std[617be2ca0a6fd877]::sys::thread::unix::Thread>::new::thread_start
[INFO] [stdout]   17:     0x7233224c3dfa - <unknown>
[INFO] [stdout]   18:     0x7233225573d4 - clone
[INFO] [stdout]   19:                0x0 - <unknown>
[INFO] [stdout] 
[INFO] [stdout] 
[INFO] [stdout] failures:
[INFO] [stdout]     test_per_session_limit_independent_of_ip_limit
[INFO] [stdout]     test_sliding_window_allows_within_limit
[INFO] [stdout]     test_sliding_window_blocks_over_limit
[INFO] [stdout]     test_sliding_window_resets_after_window_expires
[INFO] [stdout]     test_token_bucket_allows_burst
[INFO] [stdout]     test_token_bucket_rejects_over_capacity
[INFO] [stdout] 
[INFO] [stdout] test result: FAILED. 0 passed; 6 failed; 0 ignored; 0 measured; 0 filtered out; finished in 0.00s
[INFO] [stdout] 
[INFO] running `Command { std: "docker" "inspect" "1185373d4fdc00be06c309e934edd8a4e9ffc2abd073101522a89d14c008398b", kill_on_drop: false }`
[INFO] running `Command { std: "docker" "rm" "-f" "1185373d4fdc00be06c309e934edd8a4e9ffc2abd073101522a89d14c008398b", kill_on_drop: false }`
[INFO] [stdout] 1185373d4fdc00be06c309e934edd8a4e9ffc2abd073101522a89d14c008398b
