[INFO] cloning repository https://github.com/nurdianahasbi30/agentpay
[INFO] running `Command { std: "git" "-c" "credential.helper=" "-c" "credential.helper=/workspace/cargo-home/bin/git-credential-null" "clone" "--bare" "https://github.com/nurdianahasbi30/agentpay" "/workspace/cache/git-repos/https%3A%2F%2Fgithub.com%2Fnurdianahasbi30%2Fagentpay", kill_on_drop: false }`
[INFO] [stderr] Cloning into bare repository '/workspace/cache/git-repos/https%3A%2F%2Fgithub.com%2Fnurdianahasbi30%2Fagentpay'...
[INFO] running `Command { std: "git" "rev-parse" "HEAD", kill_on_drop: false }`
[INFO] [stdout] 53b81ed5f038006104d39a4988375b538cd69a22
[INFO] testing nurdianahasbi30/agentpay against 1.99.0-beta.8+cargoflags=--release for beta-release-1.100-2
[INFO] running `Command { std: "git" "clone" "/workspace/cache/git-repos/https%3A%2F%2Fgithub.com%2Fnurdianahasbi30%2Fagentpay" "/workspace/builds/worker-5-tc1/source", kill_on_drop: false }`
[INFO] [stderr] Cloning into '/workspace/builds/worker-5-tc1/source'...
[INFO] [stderr] done.
[INFO] started tweaking git repo https://github.com/nurdianahasbi30/agentpay
[INFO] finished tweaking git repo https://github.com/nurdianahasbi30/agentpay
[INFO] tweaked toml for git repo https://github.com/nurdianahasbi30/agentpay written to /workspace/builds/worker-5-tc1/source/Cargo.toml
[INFO] validating manifest of git repo https://github.com/nurdianahasbi30/agentpay on toolchain 1.99.0-beta.8
[INFO] running `Command { std: CARGO_HOME="/workspace/cargo-home" RUSTUP_HOME="/workspace/rustup-home" "/workspace/cargo-home/bin/cargo" "+1.99.0-beta.8" "metadata" "--manifest-path" "Cargo.toml" "--no-deps", kill_on_drop: false }`
[INFO] crate git repo https://github.com/nurdianahasbi30/agentpay already has a lockfile, it will not be regenerated
[INFO] running `Command { std: CARGO_HOME="/workspace/cargo-home" RUSTUP_HOME="/workspace/rustup-home" "/workspace/cargo-home/bin/cargo" "+1.99.0-beta.8" "fetch" "--manifest-path" "Cargo.toml", kill_on_drop: false }`
[INFO] [stderr]  Downloading crates ...
[INFO] [stderr]   Downloaded wasm-bindgen-shared v0.2.120
[INFO] [stderr]   Downloaded wasm-bindgen-macro v0.2.120
[INFO] [stderr]   Downloaded serde_with_macros v3.18.0
[INFO] [stderr]   Downloaded serde_with v3.18.0
[INFO] [stderr]   Downloaded wasm-bindgen-macro-support v0.2.120
[INFO] [stderr]   Downloaded wasm-bindgen v0.2.120
[INFO] [stderr]   Downloaded cc v1.2.61
[INFO] [stderr]   Downloaded js-sys v0.3.97
[INFO] [stderr]   Downloaded hashbrown v0.17.0
[INFO] running `Command { std: "docker" "create" "-v" "/var/lib/crater-agent-workspace/builds/worker-5-tc1/source:/opt/rustwide/workdir:ro,Z" "-v" "/var/lib/crater-agent-workspace/builds/worker-5-tc1/target:/opt/rustwide/target:rw,Z" "-v" "/var/lib/crater-agent-workspace/cargo-home:/opt/rustwide/cargo-home:ro,Z" "-v" "/var/lib/crater-agent-workspace/rustup-home:/opt/rustwide/rustup-home:ro,Z" "-m" "1610612736" "--network" "none" "ghcr.io/rust-lang/crates-build-env/linux@sha256:77db811e55d90add9212f6832c23229e3de5f1c1f9905e8cb07319ea15df73ac" "sleep" "infinity", kill_on_drop: false }`
[INFO] [stdout] a3dff5a6375fd8010e0f69e9f40e32adf42c4e828bd469ee71e57ca1c41439bb
[INFO] running `Command { std: "docker" "start" "a3dff5a6375fd8010e0f69e9f40e32adf42c4e828bd469ee71e57ca1c41439bb", kill_on_drop: false }`
[INFO] running `Command { std: "docker" "inspect" "a3dff5a6375fd8010e0f69e9f40e32adf42c4e828bd469ee71e57ca1c41439bb", kill_on_drop: false }`
[INFO] running `Command { std: "docker" "exec" "-e" "SOURCE_DIR=/opt/rustwide/workdir" "-e" "CARGO_HOME=/opt/rustwide/cargo-home" "-e" "RUSTUP_HOME=/opt/rustwide/rustup-home" "-e" "CARGO_TARGET_DIR=/opt/rustwide/target" "-w" "/opt/rustwide/workdir" "--user" "0:0" "a3dff5a6375fd8010e0f69e9f40e32adf42c4e828bd469ee71e57ca1c41439bb" "/opt/rustwide/cargo-home/bin/cargo" "+1.99.0-beta.8" "metadata" "--no-deps" "--format-version=1", kill_on_drop: false }`
[INFO] running `Command { std: "docker" "inspect" "a3dff5a6375fd8010e0f69e9f40e32adf42c4e828bd469ee71e57ca1c41439bb", kill_on_drop: false }`
[INFO] running `Command { std: "docker" "exec" "-e" "SOURCE_DIR=/opt/rustwide/workdir" "-e" "CARGO_HOME=/opt/rustwide/cargo-home" "-e" "RUSTUP_HOME=/opt/rustwide/rustup-home" "-e" "CARGO_TARGET_DIR=/opt/rustwide/target" "-e" "CARGO_INCREMENTAL=0" "-e" "RUST_BACKTRACE=full" "-e" "RUSTFLAGS=--cap-lints=warn" "-e" "RUSTDOCFLAGS=--cap-lints=warn" "-w" "/opt/rustwide/workdir" "--user" "0:0" "a3dff5a6375fd8010e0f69e9f40e32adf42c4e828bd469ee71e57ca1c41439bb" "/opt/rustwide/cargo-home/bin/cargo" "+1.99.0-beta.8" "build" "--frozen" "--message-format=json" "--release", kill_on_drop: false }`
[INFO] [stderr]    Compiling serde_json v1.0.149
[INFO] [stderr]    Compiling hashbrown v0.17.0
[INFO] [stderr]    Compiling serde_with_macros v3.18.0
[INFO] [stderr]    Compiling indexmap v2.14.0
[INFO] [stderr]    Compiling wasmparser v0.116.1
[INFO] [stderr]    Compiling crate-git-revision v0.0.6
[INFO] [stderr]    Compiling schemars v0.8.22
[INFO] [stderr]    Compiling stellar-strkey v0.0.13
[INFO] [stderr]    Compiling stellar-xdr v25.0.0
[INFO] [stderr]    Compiling soroban-env-common v25.0.1
[INFO] [stderr]    Compiling stellar-strkey v0.0.16
[INFO] [stderr]    Compiling soroban-sdk v25.3.1
[INFO] [stderr]    Compiling serde_with v3.18.0
[INFO] [stderr]    Compiling soroban-spec v25.3.1
[INFO] [stderr]    Compiling soroban-spec-rust v25.3.1
[INFO] [stderr]    Compiling soroban-env-macros v25.0.1
[INFO] [stderr]    Compiling soroban-sdk-macros v25.3.1
[INFO] [stderr]    Compiling soroban-env-host v25.0.1
[INFO] [stderr]    Compiling agentpay_registry v0.1.0 (/opt/rustwide/workdir/contracts/agentpay_registry)
[INFO] [stderr]     Finished `release` profile [optimized] target(s) in 1m 20s
[INFO] running `Command { std: "docker" "inspect" "a3dff5a6375fd8010e0f69e9f40e32adf42c4e828bd469ee71e57ca1c41439bb", kill_on_drop: false }`
[INFO] running `Command { std: "docker" "exec" "-e" "SOURCE_DIR=/opt/rustwide/workdir" "-e" "CARGO_HOME=/opt/rustwide/cargo-home" "-e" "RUSTUP_HOME=/opt/rustwide/rustup-home" "-e" "CARGO_TARGET_DIR=/opt/rustwide/target" "-e" "CARGO_INCREMENTAL=0" "-e" "RUST_BACKTRACE=full" "-e" "RUSTFLAGS=--cap-lints=warn" "-e" "RUSTDOCFLAGS=--cap-lints=warn" "-w" "/opt/rustwide/workdir" "--user" "0:0" "a3dff5a6375fd8010e0f69e9f40e32adf42c4e828bd469ee71e57ca1c41439bb" "/opt/rustwide/cargo-home/bin/cargo" "+1.99.0-beta.8" "test" "--frozen" "--no-run" "--message-format=json" "--release", kill_on_drop: false }`
[INFO] [stderr]    Compiling serde_json v1.0.149
[INFO] [stderr]    Compiling stellar-xdr v25.0.0
[INFO] [stderr]    Compiling hashbrown v0.17.0
[INFO] [stderr]    Compiling stellar-strkey v0.0.13
[INFO] [stderr]    Compiling soroban-env-common v25.0.1
[INFO] [stderr]    Compiling soroban-sdk v25.3.1
[INFO] [stderr]    Compiling stellar-strkey v0.0.16
[INFO] [stderr]    Compiling soroban-sdk-macros v25.3.1
[INFO] [stderr]    Compiling indexmap v2.14.0
[INFO] [stderr]    Compiling schemars v0.8.22
[INFO] [stderr]    Compiling wasmparser v0.116.1
[INFO] [stderr]    Compiling serde_with v3.18.0
[INFO] [stderr]    Compiling soroban-env-host v25.0.1
[INFO] [stderr]    Compiling soroban-ledger-snapshot v25.3.1
[INFO] [stderr]    Compiling agentpay_registry v0.1.0 (/opt/rustwide/workdir/contracts/agentpay_registry)
[INFO] [stderr]     Finished `release` profile [optimized] target(s) in 1m 51s
[INFO] running `Command { std: "docker" "inspect" "a3dff5a6375fd8010e0f69e9f40e32adf42c4e828bd469ee71e57ca1c41439bb", kill_on_drop: false }`
[INFO] running `Command { std: "docker" "exec" "-e" "SOURCE_DIR=/opt/rustwide/workdir" "-e" "CARGO_HOME=/opt/rustwide/cargo-home" "-e" "RUSTUP_HOME=/opt/rustwide/rustup-home" "-e" "CARGO_TARGET_DIR=/opt/rustwide/target" "-e" "CARGO_INCREMENTAL=0" "-e" "RUST_BACKTRACE=full" "-e" "RUSTFLAGS=--cap-lints=warn" "-e" "RUSTDOCFLAGS=--cap-lints=warn" "-w" "/opt/rustwide/workdir" "--user" "0:0" "a3dff5a6375fd8010e0f69e9f40e32adf42c4e828bd469ee71e57ca1c41439bb" "/opt/rustwide/cargo-home/bin/cargo" "+1.99.0-beta.8" "test" "--frozen" "--release", kill_on_drop: false }`
[INFO] [stderr]     Finished `release` profile [optimized] target(s) in 0.25s
[INFO] [stderr]      Running unittests src/lib.rs (/opt/rustwide/target/release/deps/agentpay_registry-26457aae755ee2ad)
[INFO] [stdout] 
[INFO] [stdout] running 4 tests
[INFO] [stdout] test test::rejects_empty_tool_id ... FAILED
[INFO] [stdout] test test::rejects_duplicate_tool_with_different_provider ... FAILED
[INFO] [stdout] test test::register_tool_success ... FAILED
[INFO] [stdout] test test::get_registered_tool ... FAILED
[INFO] [stdout] 
[INFO] [stdout] failures:
[INFO] [stdout] 
[INFO] [stdout] ---- test::rejects_empty_tool_id stdout ----
[INFO] [stdout] Writing test snapshot file for test "test::rejects_empty_tool_id" to "test_snapshots/test/rejects_empty_tool_id.1.json".
[INFO] [stdout] 
[INFO] [stdout] thread 'test::rejects_empty_tool_id' (879) panicked at /opt/rustwide/cargo-home/registry/src/index.crates.io-1949cf8c6b5b557f/soroban-sdk-25.3.1/src/env.rs:1970:32:
[INFO] [stdout] called `Result::unwrap()` on an `Err` value: Os { code: 30, kind: ReadOnlyFilesystem, message: "Read-only file system" }
[INFO] [stdout] stack backtrace:
[INFO] [stdout]    0:     0x559ffc2535c7 - <unknown>
[INFO] [stdout]    1:     0x559ffc0f1694 - <unknown>
[INFO] [stdout]    2:     0x559ffc252b8b - <unknown>
[INFO] [stdout]    3:     0x559ffc252789 - <unknown>
[INFO] [stdout]    4:     0x559ffc25240a - <unknown>
[INFO] [stdout]    5:     0x559ffc251f43 - <unknown>
[INFO] [stdout]    6:     0x559ffc278251 - <unknown>
[INFO] [stdout]    7:     0x559ffc278209 - <unknown>
[INFO] [stdout]    8:     0x559ffc27870c - <unknown>
[INFO] [stdout]    9:     0x559ffc0f152b - <unknown>
[INFO] [stdout]   10:     0x559ffc0f4cd1 - <unknown>
[INFO] [stdout]   11:     0x559ffc21c002 - <unknown>
[INFO] [stdout]   12:     0x559ffc0e6c43 - <unknown>
[INFO] [stdout]   13:     0x559ffc0ec8eb - <unknown>
[INFO] [stdout]   14:     0x559ffc291c3b - <unknown>
[INFO] [stdout]   15:     0x559ffc28d592 - <unknown>
[INFO] [stdout]   16:     0x559ffc28d03c - <unknown>
[INFO] [stdout]   17:     0x559ffc2a856c - <unknown>
[INFO] [stdout]   18:     0x559ffc279b4a - <unknown>
[INFO] [stdout]   19:     0x7468277e9dfa - <unknown>
[INFO] [stdout]   20:     0x74682787d3d4 - clone
[INFO] [stdout]   21:                0x0 - <unknown>
[INFO] [stdout] 
[INFO] [stdout] ---- test::rejects_duplicate_tool_with_different_provider stdout ----
[INFO] [stdout] Writing test snapshot file for test "test::rejects_duplicate_tool_with_different_provider" to "test_snapshots/test/rejects_duplicate_tool_with_different_provider.1.json".
[INFO] [stdout] 
[INFO] [stdout] thread 'test::rejects_duplicate_tool_with_different_provider' (878) panicked at /opt/rustwide/cargo-home/registry/src/index.crates.io-1949cf8c6b5b557f/soroban-sdk-25.3.1/src/env.rs:1970:32:
[INFO] [stdout] called `Result::unwrap()` on an `Err` value: Os { code: 30, kind: ReadOnlyFilesystem, message: "Read-only file system" }
[INFO] [stdout] stack backtrace:
[INFO] [stdout]    0:     0x559ffc2535c7 - <unknown>
[INFO] [stdout]    1:     0x559ffc0f1694 - <unknown>
[INFO] [stdout]    2:     0x559ffc252b8b - <unknown>
[INFO] [stdout]    3:     0x559ffc252789 - <unknown>
[INFO] [stdout]    4:     0x559ffc25240a - <unknown>
[INFO] [stdout]    5:     0x559ffc251f43 - <unknown>
[INFO] [stdout]    6:     0x559ffc278251 - <unknown>
[INFO] [stdout]    7:     0x559ffc278209 - <unknown>
[INFO] [stdout]    8:     0x559ffc27870c - <unknown>
[INFO] [stdout]    9:     0x559ffc0f152b - <unknown>
[INFO] [stdout]   10:     0x559ffc0f4cd1 - <unknown>
[INFO] [stdout]   11:     0x559ffc21c002 - <unknown>
[INFO] [stdout]   12:     0x559ffc0e6c43 - <unknown>
[INFO] [stdout]   13:     0x559ffc0ecb9d - <unknown>
[INFO] [stdout]   14:     0x559ffc291c3b - <unknown>
[INFO] [stdout]   15:     0x559ffc28d592 - <unknown>
[INFO] [stdout]   16:     0x559ffc28d03c - <unknown>
[INFO] [stdout]   17:     0x559ffc2a856c - <unknown>
[INFO] [stdout]   18:     0x559ffc279b4a - <unknown>
[INFO] [stdout]   19:     0x7468277e9dfa - <unknown>
[INFO] [stdout]   20:     0x74682787d3d4 - clone
[INFO] [stdout]   21:                0x0 - <unknown>
[INFO] [stdout] 
[INFO] [stdout] ---- test::register_tool_success stdout ----
[INFO] [stdout] Writing test snapshot file for test "test::register_tool_success" to "test_snapshots/test/register_tool_success.1.json".
[INFO] [stdout] 
[INFO] [stdout] thread 'test::register_tool_success' (877) panicked at /opt/rustwide/cargo-home/registry/src/index.crates.io-1949cf8c6b5b557f/soroban-sdk-25.3.1/src/env.rs:1970:32:
[INFO] [stdout] called `Result::unwrap()` on an `Err` value: Os { code: 30, kind: ReadOnlyFilesystem, message: "Read-only file system" }
[INFO] [stdout] stack backtrace:
[INFO] [stdout]    0:     0x559ffc2535c7 - <unknown>
[INFO] [stdout]    1:     0x559ffc0f1694 - <unknown>
[INFO] [stdout]    2:     0x559ffc252b8b - <unknown>
[INFO] [stdout]    3:     0x559ffc252789 - <unknown>
[INFO] [stdout]    4:     0x559ffc25240a - <unknown>
[INFO] [stdout]    5:     0x559ffc251f43 - <unknown>
[INFO] [stdout]    6:     0x559ffc278251 - <unknown>
[INFO] [stdout]    7:     0x559ffc278209 - <unknown>
[INFO] [stdout]    8:     0x559ffc27870c - <unknown>
[INFO] [stdout]    9:     0x559ffc0f152b - <unknown>
[INFO] [stdout]   10:     0x559ffc0f4cd1 - <unknown>
[INFO] [stdout]   11:     0x559ffc21c002 - <unknown>
[INFO] [stdout]   12:     0x559ffc0e6c43 - <unknown>
[INFO] [stdout]   13:     0x559ffc0ec63f - <unknown>
[INFO] [stdout]   14:     0x559ffc291c3b - <unknown>
[INFO] [stdout]   15:     0x559ffc28d592 - <unknown>
[INFO] [stdout]   16:     0x559ffc28d03c - <unknown>
[INFO] [stdout]   17:     0x559ffc2a856c - <unknown>
[INFO] [stdout]   18:     0x559ffc279b4a - <unknown>
[INFO] [stdout]   19:     0x7468277e9dfa - <unknown>
[INFO] [stdout]   20:     0x74682787d3d4 - clone
[INFO] [stdout]   21:                0x0 - <unknown>
[INFO] [stdout] 
[INFO] [stdout] ---- test::get_registered_tool stdout ----
[INFO] [stdout] Writing test snapshot file for test "test::get_registered_tool" to "test_snapshots/test/get_registered_tool.1.json".
[INFO] [stdout] 
[INFO] [stdout] thread 'test::get_registered_tool' (876) panicked at /opt/rustwide/cargo-home/registry/src/index.crates.io-1949cf8c6b5b557f/soroban-sdk-25.3.1/src/env.rs:1970:32:
[INFO] [stdout] called `Result::unwrap()` on an `Err` value: Os { code: 30, kind: ReadOnlyFilesystem, message: "Read-only file system" }
[INFO] [stdout] stack backtrace:
[INFO] [stdout]    0:     0x559ffc2535c7 - <unknown>
[INFO] [stdout]    1:     0x559ffc0f1694 - <unknown>
[INFO] [stdout]    2:     0x559ffc252b8b - <unknown>
[INFO] [stdout]    3:     0x559ffc252789 - <unknown>
[INFO] [stdout]    4:     0x559ffc25240a - <unknown>
[INFO] [stdout]    5:     0x559ffc251f43 - <unknown>
[INFO] [stdout]    6:     0x559ffc278251 - <unknown>
[INFO] [stdout]    7:     0x559ffc278209 - <unknown>
[INFO] [stdout]    8:     0x559ffc27870c - <unknown>
[INFO] [stdout]    9:     0x559ffc0f152b - <unknown>
[INFO] [stdout]   10:     0x559ffc0f4cd1 - <unknown>
[INFO] [stdout]   11:     0x559ffc21c002 - <unknown>
[INFO] [stdout]   12:     0x559ffc0e6c43 - <unknown>
[INFO] [stdout]   13:     0x559ffc0ec1fb - <unknown>
[INFO] [stdout]   14:     0x559ffc291c3b - <unknown>
[INFO] [stdout]   15:     0x559ffc28d592 - <unknown>
[INFO] [stdout]   16:     0x559ffc28d03c - <unknown>
[INFO] [stdout]   17:     0x559ffc2a856c - <unknown>
[INFO] [stdout]   18:     0x559ffc279b4a - <unknown>
[INFO] [stdout]   19:     0x7468277e9dfa - <unknown>
[INFO] [stdout]   20:     0x74682787d3d4 - clone
[INFO] [stdout]   21:                0x0 - <unknown>
[INFO] [stdout] 
[INFO] [stdout] 
[INFO] [stdout] failures:
[INFO] [stdout]     test::get_registered_tool
[INFO] [stdout]     test::register_tool_success
[INFO] [stdout]     test::rejects_duplicate_tool_with_different_provider
[INFO] [stdout]     test::rejects_empty_tool_id
[INFO] [stdout] 
[INFO] [stdout] test result: FAILED. 0 passed; 4 failed; 0 ignored; 0 measured; 0 filtered out; finished in 0.00s
[INFO] [stdout] 
[INFO] [stderr] error: test failed, to rerun pass `--lib`
[INFO] running `Command { std: "docker" "inspect" "a3dff5a6375fd8010e0f69e9f40e32adf42c4e828bd469ee71e57ca1c41439bb", kill_on_drop: false }`
[INFO] running `Command { std: "docker" "rm" "-f" "a3dff5a6375fd8010e0f69e9f40e32adf42c4e828bd469ee71e57ca1c41439bb", kill_on_drop: false }`
[INFO] [stdout] a3dff5a6375fd8010e0f69e9f40e32adf42c4e828bd469ee71e57ca1c41439bb
