[INFO] cloning repository https://github.com/not-Ryan/kicad-parser-rs
[INFO] running `Command { std: "git" "-c" "credential.helper=" "-c" "credential.helper=/workspace/cargo-home/bin/git-credential-null" "clone" "--bare" "https://github.com/not-Ryan/kicad-parser-rs" "/workspace/cache/git-repos/https%3A%2F%2Fgithub.com%2Fnot-Ryan%2Fkicad-parser-rs", kill_on_drop: false }`
[INFO] [stderr] Cloning into bare repository '/workspace/cache/git-repos/https%3A%2F%2Fgithub.com%2Fnot-Ryan%2Fkicad-parser-rs'...
[INFO] running `Command { std: "git" "rev-parse" "HEAD", kill_on_drop: false }`
[INFO] [stdout] 1acfd9f5242444c630e1d917cd17e61f9f856560
[INFO] testing not-Ryan/kicad-parser-rs against 1.100.0-beta.1+cargoflags=--release for beta-release-1.100-2
[INFO] running `Command { std: "git" "clone" "/workspace/cache/git-repos/https%3A%2F%2Fgithub.com%2Fnot-Ryan%2Fkicad-parser-rs" "/workspace/builds/worker-1-tc2/source", kill_on_drop: false }`
[INFO] [stderr] Cloning into '/workspace/builds/worker-1-tc2/source'...
[INFO] [stderr] done.
[INFO] started tweaking git repo https://github.com/not-Ryan/kicad-parser-rs
[INFO] finished tweaking git repo https://github.com/not-Ryan/kicad-parser-rs
[INFO] tweaked toml for git repo https://github.com/not-Ryan/kicad-parser-rs written to /workspace/builds/worker-1-tc2/source/Cargo.toml
[INFO] validating manifest of git repo https://github.com/not-Ryan/kicad-parser-rs on toolchain 1.100.0-beta.1
[INFO] running `Command { std: CARGO_HOME="/workspace/cargo-home" RUSTUP_HOME="/workspace/rustup-home" "/workspace/cargo-home/bin/cargo" "+1.100.0-beta.1" "metadata" "--manifest-path" "Cargo.toml" "--no-deps", kill_on_drop: false }`
[INFO] crate git repo https://github.com/not-Ryan/kicad-parser-rs already has a lockfile, it will not be regenerated
[INFO] running `Command { std: CARGO_HOME="/workspace/cargo-home" RUSTUP_HOME="/workspace/rustup-home" "/workspace/cargo-home/bin/cargo" "+1.100.0-beta.1" "fetch" "--manifest-path" "Cargo.toml", kill_on_drop: false }`
[INFO] [stderr]     Blocking waiting for file lock on package cache
[INFO] running `Command { std: "docker" "create" "-v" "/var/lib/crater-agent-workspace/builds/worker-1-tc2/source:/opt/rustwide/workdir:ro,Z" "-v" "/var/lib/crater-agent-workspace/builds/worker-1-tc2/target:/opt/rustwide/target:rw,Z" "-v" "/var/lib/crater-agent-workspace/cargo-home:/opt/rustwide/cargo-home:ro,Z" "-v" "/var/lib/crater-agent-workspace/rustup-home:/opt/rustwide/rustup-home:ro,Z" "-m" "1610612736" "--network" "none" "ghcr.io/rust-lang/crates-build-env/linux@sha256:77db811e55d90add9212f6832c23229e3de5f1c1f9905e8cb07319ea15df73ac" "sleep" "infinity", kill_on_drop: false }`
[INFO] [stdout] 7c82725861af80ed5bc36a5f09d22695d890ceb8a6d4e2057315b1b9d2046222
[INFO] running `Command { std: "docker" "start" "7c82725861af80ed5bc36a5f09d22695d890ceb8a6d4e2057315b1b9d2046222", kill_on_drop: false }`
[INFO] running `Command { std: "docker" "inspect" "7c82725861af80ed5bc36a5f09d22695d890ceb8a6d4e2057315b1b9d2046222", kill_on_drop: false }`
[INFO] running `Command { std: "docker" "exec" "-e" "SOURCE_DIR=/opt/rustwide/workdir" "-e" "CARGO_HOME=/opt/rustwide/cargo-home" "-e" "RUSTUP_HOME=/opt/rustwide/rustup-home" "-e" "CARGO_TARGET_DIR=/opt/rustwide/target" "-w" "/opt/rustwide/workdir" "--user" "0:0" "7c82725861af80ed5bc36a5f09d22695d890ceb8a6d4e2057315b1b9d2046222" "/opt/rustwide/cargo-home/bin/cargo" "+1.100.0-beta.1" "metadata" "--no-deps" "--format-version=1", kill_on_drop: false }`
[INFO] running `Command { std: "docker" "inspect" "7c82725861af80ed5bc36a5f09d22695d890ceb8a6d4e2057315b1b9d2046222", kill_on_drop: false }`
[INFO] running `Command { std: "docker" "exec" "-e" "SOURCE_DIR=/opt/rustwide/workdir" "-e" "CARGO_HOME=/opt/rustwide/cargo-home" "-e" "RUSTUP_HOME=/opt/rustwide/rustup-home" "-e" "CARGO_TARGET_DIR=/opt/rustwide/target" "-e" "CARGO_INCREMENTAL=0" "-e" "RUST_BACKTRACE=full" "-e" "RUSTFLAGS=--cap-lints=warn" "-e" "RUSTDOCFLAGS=--cap-lints=warn" "-w" "/opt/rustwide/workdir" "--user" "0:0" "7c82725861af80ed5bc36a5f09d22695d890ceb8a6d4e2057315b1b9d2046222" "/opt/rustwide/cargo-home/bin/cargo" "+1.100.0-beta.1" "build" "--frozen" "--message-format=json" "--release", kill_on_drop: false }`
[INFO] [stderr]    Compiling memchr v2.7.5
[INFO] [stderr]    Compiling libc v0.2.174
[INFO] [stderr]    Compiling object v0.36.7
[INFO] [stderr]    Compiling anyhow v1.0.98
[INFO] [stderr]    Compiling gimli v0.31.1
[INFO] [stderr]    Compiling rustc-demangle v0.1.25
[INFO] [stderr]    Compiling cfg-if v1.0.1
[INFO] [stderr]    Compiling miniz_oxide v0.8.9
[INFO] [stderr]    Compiling nom v8.0.0
[INFO] [stderr]    Compiling addr2line v0.24.2
[INFO] [stderr]    Compiling nom-language v0.1.0
[INFO] [stderr]    Compiling backtrace v0.3.75
[INFO] [stderr]    Compiling kicad-parser v0.0.10 (/opt/rustwide/workdir)
[INFO] [stdout] warning: unused import: `FootprintPolygon`
[INFO] [stdout]  --> src/common/footprint.rs:4:25
[INFO] [stdout]   |
[INFO] [stdout] 4 |   common::{BoundingBox, FootprintPolygon, GetBoundingBox, Graphic, Point, PointItem, Position},
[INFO] [stdout]   |                         ^^^^^^^^^^^^^^^^
[INFO] [stdout]   |
[INFO] [stdout]   = note: `#[warn(unused_imports)]` (part of `#[warn(unused)]`) on by default
[INFO] [stdout] 
[INFO] [stdout] 
[INFO] [stdout] warning: unused variable: `footprint_text`
[INFO] [stdout]    --> src/common/graphic.rs:123:21
[INFO] [stdout]     |
[INFO] [stdout] 123 |       Graphic::Text(footprint_text) => None,
[INFO] [stdout]     |                     ^^^^^^^^^^^^^^ help: if this is intentional, prefix it with an underscore: `_footprint_text`
[INFO] [stdout]     |
[INFO] [stdout]     = note: `#[warn(unused_variables)]` (part of `#[warn(unused)]`) on by default
[INFO] [stdout] 
[INFO] [stdout] 
[INFO] [stdout] warning: unused variable: `footprint_text`
[INFO] [stdout]    --> src/common/footprint.rs:567:27
[INFO] [stdout]     |
[INFO] [stdout] 567 |             Graphic::Text(footprint_text) => todo!("Footprint text bbox not yet impl"),
[INFO] [stdout]     |                           ^^^^^^^^^^^^^^ help: if this is intentional, prefix it with an underscore: `_footprint_text`
[INFO] [stdout] 
[INFO] [stdout] 
[INFO] [stdout] warning: unused variable: `footprint_text_box`
[INFO] [stdout]    --> src/common/footprint.rs:568:30
[INFO] [stdout]     |
[INFO] [stdout] 568 |             Graphic::TextBox(footprint_text_box) => todo!("Footprint textbox bbox not yet impl"),
[INFO] [stdout]     |                              ^^^^^^^^^^^^^^^^^^ help: if this is intentional, prefix it with an underscore: `_footprint_text_box`
[INFO] [stdout] 
[INFO] [stdout] 
[INFO] [stdout] warning: unused variable: `footprint_arc`
[INFO] [stdout]    --> src/common/footprint.rs:578:26
[INFO] [stdout]     |
[INFO] [stdout] 578 |             Graphic::Arc(footprint_arc) => todo!("Footprint Arc bbox not yet impl"),
[INFO] [stdout]     |                          ^^^^^^^^^^^^^ help: if this is intentional, prefix it with an underscore: `_footprint_arc`
[INFO] [stdout] 
[INFO] [stdout] 
[INFO] [stdout] warning: unused variable: `footprint_curve`
[INFO] [stdout]    --> src/common/footprint.rs:611:28
[INFO] [stdout]     |
[INFO] [stdout] 611 |             Graphic::Curve(footprint_curve) => todo!("FootprintCurve bbox not impl yet"),
[INFO] [stdout]     |                            ^^^^^^^^^^^^^^^ help: if this is intentional, prefix it with an underscore: `_footprint_curve`
[INFO] [stdout] 
[INFO] [stdout] 
[INFO] [stderr] warning: unused dependency `anyhow`
[INFO] [stderr]  --> Cargo.toml:2:1
[INFO] [stderr]   |
[INFO] [stderr] 2 | anyhow = "1.0.98"
[INFO] [stderr]   | ^^^^^^^^^^^^^^^^^
[INFO] [stderr]   |
[INFO] [stderr]   = note: `cargo::unused_dependencies` is set to `warn` by default
[INFO] [stderr] help: consider removing the dependency on `anyhow`
[INFO] [stderr] warning: `kicad-parser` (manifest) generated 1 warning
[INFO] [stderr]     Finished `release` profile [optimized] target(s) in 14.50s
[INFO] running `Command { std: "docker" "inspect" "7c82725861af80ed5bc36a5f09d22695d890ceb8a6d4e2057315b1b9d2046222", kill_on_drop: false }`
[INFO] running `Command { std: "docker" "exec" "-e" "SOURCE_DIR=/opt/rustwide/workdir" "-e" "CARGO_HOME=/opt/rustwide/cargo-home" "-e" "RUSTUP_HOME=/opt/rustwide/rustup-home" "-e" "CARGO_TARGET_DIR=/opt/rustwide/target" "-e" "CARGO_INCREMENTAL=0" "-e" "RUST_BACKTRACE=full" "-e" "RUSTFLAGS=--cap-lints=warn" "-e" "RUSTDOCFLAGS=--cap-lints=warn" "-w" "/opt/rustwide/workdir" "--user" "0:0" "7c82725861af80ed5bc36a5f09d22695d890ceb8a6d4e2057315b1b9d2046222" "/opt/rustwide/cargo-home/bin/cargo" "+1.100.0-beta.1" "test" "--frozen" "--no-run" "--message-format=json" "--release", kill_on_drop: false }`
[INFO] [stderr]    Compiling proc-macro2 v1.0.97
[INFO] [stderr]    Compiling anstyle v1.0.11
[INFO] [stderr]    Compiling colorchoice v1.0.4
[INFO] [stderr]    Compiling anstyle-query v1.1.4
[INFO] [stderr]    Compiling anstyle-parse v0.2.7
[INFO] [stderr]    Compiling clap_lex v0.7.5
[INFO] [stderr]    Compiling svg v0.18.0
[INFO] [stdout] warning: unused import: `FootprintPolygon`
[INFO] [stdout]  --> src/common/footprint.rs:4:25
[INFO] [stdout]   |
[INFO] [stdout] 4 |   common::{BoundingBox, FootprintPolygon, GetBoundingBox, Graphic, Point, PointItem, Position},
[INFO] [stdout]   |                         ^^^^^^^^^^^^^^^^
[INFO] [stdout]   |
[INFO] [stdout]   = note: `#[warn(unused_imports)]` (part of `#[warn(unused)]`) on by default
[INFO] [stdout] 
[INFO] [stdout] 
[INFO] [stdout] warning: unused variable: `footprint_text`
[INFO] [stdout]    --> src/common/graphic.rs:123:21
[INFO] [stdout]     |
[INFO] [stdout] 123 |       Graphic::Text(footprint_text) => None,
[INFO] [stdout]     |                     ^^^^^^^^^^^^^^ help: if this is intentional, prefix it with an underscore: `_footprint_text`
[INFO] [stdout]     |
[INFO] [stdout]     = note: `#[warn(unused_variables)]` (part of `#[warn(unused)]`) on by default
[INFO] [stdout] 
[INFO] [stdout] 
[INFO] [stdout] warning: unused variable: `footprint_text`
[INFO] [stdout]    --> src/common/footprint.rs:567:27
[INFO] [stdout]     |
[INFO] [stdout] 567 |             Graphic::Text(footprint_text) => todo!("Footprint text bbox not yet impl"),
[INFO] [stdout]     |                           ^^^^^^^^^^^^^^ help: if this is intentional, prefix it with an underscore: `_footprint_text`
[INFO] [stdout] 
[INFO] [stdout] 
[INFO] [stdout] warning: unused variable: `footprint_text_box`
[INFO] [stdout]    --> src/common/footprint.rs:568:30
[INFO] [stdout]     |
[INFO] [stdout] 568 |             Graphic::TextBox(footprint_text_box) => todo!("Footprint textbox bbox not yet impl"),
[INFO] [stdout]     |                              ^^^^^^^^^^^^^^^^^^ help: if this is intentional, prefix it with an underscore: `_footprint_text_box`
[INFO] [stdout] 
[INFO] [stdout] 
[INFO] [stdout] warning: unused variable: `footprint_arc`
[INFO] [stdout]    --> src/common/footprint.rs:578:26
[INFO] [stdout]     |
[INFO] [stdout] 578 |             Graphic::Arc(footprint_arc) => todo!("Footprint Arc bbox not yet impl"),
[INFO] [stdout]     |                          ^^^^^^^^^^^^^ help: if this is intentional, prefix it with an underscore: `_footprint_arc`
[INFO] [stdout] 
[INFO] [stdout] 
[INFO] [stdout] warning: unused variable: `footprint_curve`
[INFO] [stdout]    --> src/common/footprint.rs:611:28
[INFO] [stdout]     |
[INFO] [stdout] 611 |             Graphic::Curve(footprint_curve) => todo!("FootprintCurve bbox not impl yet"),
[INFO] [stdout]     |                            ^^^^^^^^^^^^^^^ help: if this is intentional, prefix it with an underscore: `_footprint_curve`
[INFO] [stdout] 
[INFO] [stdout] 
[INFO] [stderr]    Compiling anstream v0.6.20
[INFO] [stderr]    Compiling clap_builder v4.5.46
[INFO] [stderr]    Compiling quote v1.0.40
[INFO] [stderr]    Compiling syn v2.0.104
[INFO] [stderr]    Compiling clap_derive v4.5.45
[INFO] [stderr]    Compiling clap v4.5.46
[INFO] [stderr]    Compiling kicad-parser v0.0.10 (/opt/rustwide/workdir)
[INFO] [stdout] warning: unused import: `PadType`
[INFO] [stdout]  --> examples/render_outer_pads.rs:1:64
[INFO] [stdout]   |
[INFO] [stdout] 1 | use kicad_parser::common::{BoundingBox, GetBoundingBox, Layer, PadType};
[INFO] [stdout]   |                                                                ^^^^^^^
[INFO] [stdout]   |
[INFO] [stdout]   = note: `#[warn(unused_imports)]` (part of `#[warn(unused)]`) on by default
[INFO] [stdout] 
[INFO] [stdout] 
[INFO] [stdout] warning: unused import: `svg::node::element::path::Data`
[INFO] [stdout]  --> examples/render_outer_pads.rs:6:5
[INFO] [stdout]   |
[INFO] [stdout] 6 | use svg::node::element::path::Data;
[INFO] [stdout]   |     ^^^^^^^^^^^^^^^^^^^^^^^^^^^^^^
[INFO] [stdout] 
[INFO] [stdout] 
[INFO] [stdout] warning: unused import: `Path`
[INFO] [stdout]  --> examples/render_outer_pads.rs:7:41
[INFO] [stdout]   |
[INFO] [stdout] 7 | use svg::node::element::{Circle, Group, Path, Rectangle};
[INFO] [stdout]   |                                         ^^^^
[INFO] [stdout] 
[INFO] [stdout] 
[INFO] [stdout] warning: unused import: `FootprintPolygon`
[INFO] [stdout]  --> src/common/footprint.rs:4:25
[INFO] [stdout]   |
[INFO] [stdout] 4 |   common::{BoundingBox, FootprintPolygon, GetBoundingBox, Graphic, Point, PointItem, Position},
[INFO] [stdout]   |                         ^^^^^^^^^^^^^^^^
[INFO] [stdout]   |
[INFO] [stdout]   = note: `#[warn(unused_imports)]` (part of `#[warn(unused)]`) on by default
[INFO] [stdout] 
[INFO] [stdout] 
[INFO] [stdout] warning: unused variable: `footprint_text`
[INFO] [stdout]    --> src/common/graphic.rs:123:21
[INFO] [stdout]     |
[INFO] [stdout] 123 |       Graphic::Text(footprint_text) => None,
[INFO] [stdout]     |                     ^^^^^^^^^^^^^^ help: if this is intentional, prefix it with an underscore: `_footprint_text`
[INFO] [stdout]     |
[INFO] [stdout]     = note: `#[warn(unused_variables)]` (part of `#[warn(unused)]`) on by default
[INFO] [stdout] 
[INFO] [stdout] 
[INFO] [stdout] warning: unused variable: `footprint_text`
[INFO] [stdout]    --> src/common/footprint.rs:567:27
[INFO] [stdout]     |
[INFO] [stdout] 567 |             Graphic::Text(footprint_text) => todo!("Footprint text bbox not yet impl"),
[INFO] [stdout]     |                           ^^^^^^^^^^^^^^ help: if this is intentional, prefix it with an underscore: `_footprint_text`
[INFO] [stdout] 
[INFO] [stdout] 
[INFO] [stdout] warning: unused variable: `footprint_text_box`
[INFO] [stdout]    --> src/common/footprint.rs:568:30
[INFO] [stdout]     |
[INFO] [stdout] 568 |             Graphic::TextBox(footprint_text_box) => todo!("Footprint textbox bbox not yet impl"),
[INFO] [stdout]     |                              ^^^^^^^^^^^^^^^^^^ help: if this is intentional, prefix it with an underscore: `_footprint_text_box`
[INFO] [stdout] 
[INFO] [stdout] 
[INFO] [stdout] warning: unused variable: `footprint_arc`
[INFO] [stdout]    --> src/common/footprint.rs:578:26
[INFO] [stdout]     |
[INFO] [stdout] 578 |             Graphic::Arc(footprint_arc) => todo!("Footprint Arc bbox not yet impl"),
[INFO] [stdout]     |                          ^^^^^^^^^^^^^ help: if this is intentional, prefix it with an underscore: `_footprint_arc`
[INFO] [stdout] 
[INFO] [stdout] 
[INFO] [stdout] warning: unused variable: `footprint_curve`
[INFO] [stdout]    --> src/common/footprint.rs:611:28
[INFO] [stdout]     |
[INFO] [stdout] 611 |             Graphic::Curve(footprint_curve) => todo!("FootprintCurve bbox not impl yet"),
[INFO] [stdout]     |                            ^^^^^^^^^^^^^^^ help: if this is intentional, prefix it with an underscore: `_footprint_curve`
[INFO] [stdout] 
[INFO] [stdout] 
[INFO] [stderr] warning: unused dependency `anyhow`
[INFO] [stderr]  --> Cargo.toml:2:1
[INFO] [stderr]   |
[INFO] [stderr] 2 | anyhow = "1.0.98"
[INFO] [stderr]   | ^^^^^^^^^^^^^^^^^
[INFO] [stderr]   |
[INFO] [stderr]   = note: `cargo::unused_dependencies` is set to `warn` by default
[INFO] [stderr] help: consider removing the dependency on `anyhow`
[INFO] [stderr] warning: `kicad-parser` (manifest) generated 1 warning
[INFO] [stderr]     Finished `release` profile [optimized] target(s) in 16.24s
[INFO] running `Command { std: "docker" "inspect" "7c82725861af80ed5bc36a5f09d22695d890ceb8a6d4e2057315b1b9d2046222", kill_on_drop: false }`
[INFO] running `Command { std: "docker" "exec" "-e" "SOURCE_DIR=/opt/rustwide/workdir" "-e" "CARGO_HOME=/opt/rustwide/cargo-home" "-e" "RUSTUP_HOME=/opt/rustwide/rustup-home" "-e" "CARGO_TARGET_DIR=/opt/rustwide/target" "-e" "CARGO_INCREMENTAL=0" "-e" "RUST_BACKTRACE=full" "-e" "RUSTFLAGS=--cap-lints=warn" "-e" "RUSTDOCFLAGS=--cap-lints=warn" "-w" "/opt/rustwide/workdir" "--user" "0:0" "7c82725861af80ed5bc36a5f09d22695d890ceb8a6d4e2057315b1b9d2046222" "/opt/rustwide/cargo-home/bin/cargo" "+1.100.0-beta.1" "test" "--frozen" "--release", kill_on_drop: false }`
[INFO] [stderr] warning: unused import: `FootprintPolygon`
[INFO] [stderr]  --> src/common/footprint.rs:4:25
[INFO] [stderr]   |
[INFO] [stderr] 4 |   common::{BoundingBox, FootprintPolygon, GetBoundingBox, Graphic, Point, PointItem, Position},
[INFO] [stderr]   |                         ^^^^^^^^^^^^^^^^
[INFO] [stderr]   |
[INFO] [stderr]   = note: `#[warn(unused_imports)]` (part of `#[warn(unused)]`) on by default
[INFO] [stderr] 
[INFO] [stderr] warning: unused variable: `footprint_text`
[INFO] [stderr]    --> src/common/graphic.rs:123:21
[INFO] [stderr]     |
[INFO] [stderr] 123 |       Graphic::Text(footprint_text) => None,
[INFO] [stderr]     |                     ^^^^^^^^^^^^^^ help: if this is intentional, prefix it with an underscore: `_footprint_text`
[INFO] [stderr]     |
[INFO] [stderr]     = note: `#[warn(unused_variables)]` (part of `#[warn(unused)]`) on by default
[INFO] [stderr] 
[INFO] [stderr] warning: unused variable: `footprint_text`
[INFO] [stderr]    --> src/common/footprint.rs:567:27
[INFO] [stderr]     |
[INFO] [stderr] 567 |             Graphic::Text(footprint_text) => todo!("Footprint text bbox not yet impl"),
[INFO] [stderr]     |                           ^^^^^^^^^^^^^^ help: if this is intentional, prefix it with an underscore: `_footprint_text`
[INFO] [stderr] 
[INFO] [stderr] warning: unused variable: `footprint_text_box`
[INFO] [stderr]    --> src/common/footprint.rs:568:30
[INFO] [stderr]     |
[INFO] [stderr] 568 |             Graphic::TextBox(footprint_text_box) => todo!("Footprint textbox bbox not yet impl"),
[INFO] [stderr]     |                              ^^^^^^^^^^^^^^^^^^ help: if this is intentional, prefix it with an underscore: `_footprint_text_box`
[INFO] [stderr] 
[INFO] [stderr] warning: unused variable: `footprint_arc`
[INFO] [stderr]    --> src/common/footprint.rs:578:26
[INFO] [stderr]     |
[INFO] [stderr] 578 |             Graphic::Arc(footprint_arc) => todo!("Footprint Arc bbox not yet impl"),
[INFO] [stderr]     |                          ^^^^^^^^^^^^^ help: if this is intentional, prefix it with an underscore: `_footprint_arc`
[INFO] [stderr] 
[INFO] [stderr] warning: unused variable: `footprint_curve`
[INFO] [stderr]    --> src/common/footprint.rs:611:28
[INFO] [stderr]     |
[INFO] [stderr] 611 |             Graphic::Curve(footprint_curve) => todo!("FootprintCurve bbox not impl yet"),
[INFO] [stderr]     |                            ^^^^^^^^^^^^^^^ help: if this is intentional, prefix it with an underscore: `_footprint_curve`
[INFO] [stderr] 
[INFO] [stderr] warning: `kicad-parser` (lib) generated 6 warnings (run `cargo fix --lib -p kicad-parser` to apply 6 suggestions)
[INFO] [stderr] warning: unused import: `PadType`
[INFO] [stderr]  --> examples/render_outer_pads.rs:1:64
[INFO] [stderr]   |
[INFO] [stderr] 1 | use kicad_parser::common::{BoundingBox, GetBoundingBox, Layer, PadType};
[INFO] [stderr]   |                                                                ^^^^^^^
[INFO] [stderr]   |
[INFO] [stderr]   = note: `#[warn(unused_imports)]` (part of `#[warn(unused)]`) on by default
[INFO] [stderr] 
[INFO] [stderr] warning: unused import: `svg::node::element::path::Data`
[INFO] [stderr]  --> examples/render_outer_pads.rs:6:5
[INFO] [stderr]   |
[INFO] [stderr] 6 | use svg::node::element::path::Data;
[INFO] [stderr]   |     ^^^^^^^^^^^^^^^^^^^^^^^^^^^^^^
[INFO] [stderr] 
[INFO] [stderr] warning: unused import: `Path`
[INFO] [stderr]  --> examples/render_outer_pads.rs:7:41
[INFO] [stderr]   |
[INFO] [stderr] 7 | use svg::node::element::{Circle, Group, Path, Rectangle};
[INFO] [stderr]   |                                         ^^^^
[INFO] [stderr] 
[INFO] [stderr] warning: `kicad-parser` (example "render_outer_pads") generated 3 warnings (run `cargo fix --example "render_outer_pads" -p kicad-parser` to apply 3 suggestions)
[INFO] [stderr] warning: `kicad-parser` (lib test) generated 6 warnings (6 duplicates)
[INFO] [stderr] warning: unused dependency `anyhow`
[INFO] [stderr]  --> Cargo.toml:2:1
[INFO] [stderr]   |
[INFO] [stderr] 2 | anyhow = "1.0.98"
[INFO] [stderr]   | ^^^^^^^^^^^^^^^^^
[INFO] [stderr]   |
[INFO] [stderr]   = note: `cargo::unused_dependencies` is set to `warn` by default
[INFO] [stderr] help: consider removing the dependency on `anyhow`
[INFO] [stderr] warning: `kicad-parser` (manifest) generated 1 warning
[INFO] [stderr]     Finished `release` profile [optimized] target(s) in 0.05s
[INFO] [stderr]      Running unittests src/lib.rs (/opt/rustwide/target/release/build/kicad-parser/21cd933a48660d74/out/kicad_parser-21cd933a48660d74)
[INFO] [stdout] 
[INFO] [stdout] running 1 test
[INFO] [stdout] test sexpr::parse_sexpr::test_hexadecimal ... ok
[INFO] [stderr]      Running tests/test_pcb_file.rs (/opt/rustwide/target/release/build/kicad-parser/c2c25889800e1850/out/test_pcb_file-c2c25889800e1850)
[INFO] [stdout] 
[INFO] [stdout] test result: ok. 1 passed; 0 failed; 0 ignored; 0 measured; 0 filtered out; finished in 0.00s
[INFO] [stdout] 
[INFO] [stdout] 
[INFO] [stdout] running 2 tests
[INFO] [stdout] test sexpr ... FAILED
[INFO] [stdout] test pcb_file ... FAILED
[INFO] [stdout] 
[INFO] [stdout] failures:
[INFO] [stdout] 
[INFO] [stdout] ---- sexpr stdout ----
[INFO] [stdout] 
[INFO] [stdout] thread 'sexpr' (739) panicked at tests/test_pcb_file.rs:13:74:
[INFO] [stdout] called `Result::unwrap()` on an `Err` value: Os { code: 30, kind: ReadOnlyFilesystem, message: "Read-only file system" }
[INFO] [stdout] stack backtrace:
[INFO] [stdout]    0:     0x5c3a28aad8a1 - <<std[617be2ca0a6fd877]::sys::backtrace::BacktraceLock>::print::DisplayBacktrace as core[a373ad73a504971]::fmt::Display>::fmt
[INFO] [stdout]    1:     0x5c3a28ac420a - core[a373ad73a504971]::fmt::write
[INFO] [stdout]    2:     0x5c3a28ab1afc - <alloc[2e1b2a31b91974c5]::vec::Vec<u8> as core[a373ad73a504971]::io::write::Write>::write_fmt
[INFO] [stdout]    3:     0x5c3a28a89626 - std[617be2ca0a6fd877]::panicking::default_hook::{closure#0}
[INFO] [stdout]    4:     0x5c3a28aa5cb9 - std[617be2ca0a6fd877]::panicking::default_hook
[INFO] [stdout]    5:     0x5c3a28a41f00 - test[aada8e7e76ba119b]::test_main_inner::{closure#0}
[INFO] [stdout]    6:     0x5c3a28aa5e72 - std[617be2ca0a6fd877]::panicking::panic_with_hook
[INFO] [stdout]    7:     0x5c3a28a896d2 - std[617be2ca0a6fd877]::panicking::panic_handler::{closure#0}
[INFO] [stdout]    8:     0x5c3a28a823e9 - std[617be2ca0a6fd877]::sys::backtrace::__rust_end_short_backtrace::<std[617be2ca0a6fd877]::panicking::panic_handler::{closure#0}, !>
[INFO] [stdout]    9:     0x5c3a28a8a2dd - __rustc[ea4f61d10b84890b]::rust_begin_unwind
[INFO] [stdout]   10:     0x5c3a28ac493c - core[a373ad73a504971]::panicking::panic_fmt
[INFO] [stdout]   11:     0x5c3a28ac4712 - core[a373ad73a504971]::result::unwrap_failed
[INFO] [stdout]   12:     0x5c3a289dcbc7 - <test_pcb_file[7bd6533bd6a792ed]::sexpr::{closure#0} as core[a373ad73a504971]::ops::function::FnOnce<()>>::call_once
[INFO] [stdout]   13:     0x5c3a28a3534b - test[aada8e7e76ba119b]::__rust_begin_short_backtrace::<core[a373ad73a504971]::result::Result<(), alloc[2e1b2a31b91974c5]::string::String>, fn() -> core[a373ad73a504971]::result::Result<(), alloc[2e1b2a31b91974c5]::string::String>>
[INFO] [stdout]   14:     0x5c3a28a42525 - test[aada8e7e76ba119b]::run_test::{closure#0}
[INFO] [stdout]   15:     0x5c3a28a3be14 - std[617be2ca0a6fd877]::sys::backtrace::__rust_begin_short_backtrace::<test[aada8e7e76ba119b]::run_test::{closure#1}, ()>
[INFO] [stdout]   16:     0x5c3a28a455b2 - <std[617be2ca0a6fd877]::thread::lifecycle::spawn_unchecked<test[aada8e7e76ba119b]::run_test::{closure#1}, ()>::{closure#1} as core[a373ad73a504971]::ops::function::FnOnce<()>>::call_once::{shim:vtable#0}
[INFO] [stdout]   17:     0x5c3a28aacf1f - <std[617be2ca0a6fd877]::sys::thread::unix::Thread>::new::thread_start
[INFO] [stdout]   18:     0x70c741efedfa - <unknown>
[INFO] [stdout]   19:     0x70c741f923d4 - clone
[INFO] [stdout]   20:                0x0 - <unknown>
[INFO] [stdout] 
[INFO] [stdout] ---- pcb_file stdout ----
[INFO] [stdout] 
[INFO] [stdout] thread 'pcb_file' (738) panicked at tests/test_pcb_file.rs:29:4:
[INFO] [stdout] called `Result::unwrap()` on an `Err` value: Os { code: 30, kind: ReadOnlyFilesystem, message: "Read-only file system" }
[INFO] [stdout] stack backtrace:
[INFO] [stdout]    0:     0x5c3a28aad8a1 - <<std[617be2ca0a6fd877]::sys::backtrace::BacktraceLock>::print::DisplayBacktrace as core[a373ad73a504971]::fmt::Display>::fmt
[INFO] [stdout]    1:     0x5c3a28ac420a - core[a373ad73a504971]::fmt::write
[INFO] [stdout]    2:     0x5c3a28ab1afc - <alloc[2e1b2a31b91974c5]::vec::Vec<u8> as core[a373ad73a504971]::io::write::Write>::write_fmt
[INFO] [stdout]    3:     0x5c3a28a89626 - std[617be2ca0a6fd877]::panicking::default_hook::{closure#0}
[INFO] [stdout]    4:     0x5c3a28aa5cb9 - std[617be2ca0a6fd877]::panicking::default_hook
[INFO] [stdout]    5:     0x5c3a28a41f00 - test[aada8e7e76ba119b]::test_main_inner::{closure#0}
[INFO] [stdout]    6:     0x5c3a28aa5e72 - std[617be2ca0a6fd877]::panicking::panic_with_hook
[INFO] [stdout]    7:     0x5c3a28a896d2 - std[617be2ca0a6fd877]::panicking::panic_handler::{closure#0}
[INFO] [stdout]    8:     0x5c3a28a823e9 - std[617be2ca0a6fd877]::sys::backtrace::__rust_end_short_backtrace::<std[617be2ca0a6fd877]::panicking::panic_handler::{closure#0}, !>
[INFO] [stdout]    9:     0x5c3a28a8a2dd - __rustc[ea4f61d10b84890b]::rust_begin_unwind
[INFO] [stdout]   10:     0x5c3a28ac493c - core[a373ad73a504971]::panicking::panic_fmt
[INFO] [stdout]   11:     0x5c3a28ac4712 - core[a373ad73a504971]::result::unwrap_failed
[INFO] [stdout]   12:     0x5c3a289dcf3a - <test_pcb_file[7bd6533bd6a792ed]::pcb_file::{closure#0} as core[a373ad73a504971]::ops::function::FnOnce<()>>::call_once
[INFO] [stdout]   13:     0x5c3a28a3534b - test[aada8e7e76ba119b]::__rust_begin_short_backtrace::<core[a373ad73a504971]::result::Result<(), alloc[2e1b2a31b91974c5]::string::String>, fn() -> core[a373ad73a504971]::result::Result<(), alloc[2e1b2a31b91974c5]::string::String>>
[INFO] [stdout]   14:     0x5c3a28a42525 - test[aada8e7e76ba119b]::run_test::{closure#0}
[INFO] [stdout]   15:     0x5c3a28a3be14 - std[617be2ca0a6fd877]::sys::backtrace::__rust_begin_short_backtrace::<test[aada8e7e76ba119b]::run_test::{closure#1}, ()>
[INFO] [stdout]   16:     0x5c3a28a455b2 - <std[617be2ca0a6fd877]::thread::lifecycle::spawn_unchecked<test[aada8e7e76ba119b]::run_test::{closure#1}, ()>::{closure#1} as core[a373ad73a504971]::ops::function::FnOnce<()>>::call_once::{shim:vtable#0}
[INFO] [stdout]   17:     0x5c3a28aacf1f - <std[617be2ca0a6fd877]::sys::thread::unix::Thread>::new::thread_start
[INFO] [stdout]   18:     0x70c741efedfa - <unknown>
[INFO] [stdout]   19:     0x70c741f923d4 - clone
[INFO] [stdout]   20:                0x0 - <unknown>
[INFO] [stdout] 
[INFO] [stdout] 
[INFO] [stdout] failures:
[INFO] [stdout]     pcb_file
[INFO] [stdout]     sexpr
[INFO] [stdout] 
[INFO] [stdout] test result: FAILED. 0 passed; 2 failed; 0 ignored; 0 measured; 0 filtered out; finished in 0.22s
[INFO] [stdout] 
[INFO] [stderr] error: test failed, to rerun pass `--test test_pcb_file`
[INFO] running `Command { std: "docker" "inspect" "7c82725861af80ed5bc36a5f09d22695d890ceb8a6d4e2057315b1b9d2046222", kill_on_drop: false }`
[INFO] running `Command { std: "docker" "rm" "-f" "7c82725861af80ed5bc36a5f09d22695d890ceb8a6d4e2057315b1b9d2046222", kill_on_drop: false }`
[INFO] [stdout] 7c82725861af80ed5bc36a5f09d22695d890ceb8a6d4e2057315b1b9d2046222
