[INFO] cloning repository https://github.com/noelserdna/Tutoria-Dex-P2P---Scrypto-Tutoria-4
[INFO] running `Command { std: "git" "-c" "credential.helper=" "-c" "credential.helper=/workspace/cargo-home/bin/git-credential-null" "clone" "--bare" "https://github.com/noelserdna/Tutoria-Dex-P2P---Scrypto-Tutoria-4" "/workspace/cache/git-repos/https%3A%2F%2Fgithub.com%2Fnoelserdna%2FTutoria-Dex-P2P---Scrypto-Tutoria-4", kill_on_drop: false }`
[INFO] [stderr] Cloning into bare repository '/workspace/cache/git-repos/https%3A%2F%2Fgithub.com%2Fnoelserdna%2FTutoria-Dex-P2P---Scrypto-Tutoria-4'...
[INFO] running `Command { std: "git" "rev-parse" "HEAD", kill_on_drop: false }`
[INFO] [stdout] 38c671010fea04e7435abd18165237802e5b8aca
[INFO] testing noelserdna/Tutoria-Dex-P2P---Scrypto-Tutoria-4 against 1.99.0-beta.8+cargoflags=--release for beta-release-1.100-2
[INFO] running `Command { std: "git" "clone" "/workspace/cache/git-repos/https%3A%2F%2Fgithub.com%2Fnoelserdna%2FTutoria-Dex-P2P---Scrypto-Tutoria-4" "/workspace/builds/worker-4-tc1/source", kill_on_drop: false }`
[INFO] [stderr] Cloning into '/workspace/builds/worker-4-tc1/source'...
[INFO] [stderr] done.
[INFO] [stderr] Updating files:  76% (788/1025)
Updating files:  77% (790/1025)
Updating files:  78% (800/1025)
Updating files:  79% (810/1025)
Updating files:  80% (820/1025)
Updating files:  81% (831/1025)
Updating files:  82% (841/1025)
Updating files:  83% (851/1025)
Updating files:  84% (861/1025)
Updating files:  85% (872/1025)
Updating files:  86% (882/1025)
Updating files:  87% (892/1025)
Updating files:  88% (902/1025)
Updating files:  89% (913/1025)
Updating files:  90% (923/1025)
Updating files:  91% (933/1025)
Updating files:  92% (943/1025)
Updating files:  93% (954/1025)
Updating files:  94% (964/1025)
Updating files:  95% (974/1025)
Updating files:  96% (984/1025)
Updating files:  97% (995/1025)
Updating files:  98% (1005/1025)
Updating files:  99% (1015/1025)
Updating files: 100% (1025/1025)
Updating files: 100% (1025/1025), done.
[INFO] started tweaking git repo https://github.com/noelserdna/Tutoria-Dex-P2P---Scrypto-Tutoria-4
[INFO] finished tweaking git repo https://github.com/noelserdna/Tutoria-Dex-P2P---Scrypto-Tutoria-4
[INFO] tweaked toml for git repo https://github.com/noelserdna/Tutoria-Dex-P2P---Scrypto-Tutoria-4 written to /workspace/builds/worker-4-tc1/source/Cargo.toml
[INFO] validating manifest of git repo https://github.com/noelserdna/Tutoria-Dex-P2P---Scrypto-Tutoria-4 on toolchain 1.99.0-beta.8
[INFO] running `Command { std: CARGO_HOME="/workspace/cargo-home" RUSTUP_HOME="/workspace/rustup-home" "/workspace/cargo-home/bin/cargo" "+1.99.0-beta.8" "metadata" "--manifest-path" "Cargo.toml" "--no-deps", kill_on_drop: false }`
[INFO] crate git repo https://github.com/noelserdna/Tutoria-Dex-P2P---Scrypto-Tutoria-4 already has a lockfile, it will not be regenerated
[INFO] running `Command { std: CARGO_HOME="/workspace/cargo-home" RUSTUP_HOME="/workspace/rustup-home" "/workspace/cargo-home/bin/cargo" "+1.99.0-beta.8" "fetch" "--manifest-path" "Cargo.toml", kill_on_drop: false }`
[INFO] [stderr]     Updating git repository `https://github.com/radixdlt/radixdlt-scrypto`
[INFO] [stderr] error: unexpected key or value, expected newline, `#`
[INFO] [stderr]  --> ../../../cargo-home/git/checkouts/radixdlt-scrypto-48b6acf686a86e20/7cb4af0/assets/template/Cargo.toml:7:9
[INFO] [stderr]   |
[INFO] [stderr] 7 | sbor = ${sbor}
[INFO] [stderr]   |         ^
[INFO] [stderr]     Updating crates.io index
[INFO] [stderr]  Downloading crates ...
[INFO] [stderr]   Downloaded getrandom v0.2.4
[INFO] [stderr]   Downloaded generic-array v0.14.5
[INFO] [stderr]   Downloaded wasmi-validation v0.4.1
[INFO] [stderr]   Downloaded wasmi v0.9.1
[INFO] [stderr]   Downloaded lru v0.7.2
[INFO] [stderr]   Downloaded memory_units v0.3.0
[INFO] [stderr]   Downloaded colored v2.0.0
[INFO] [stderr]   Downloaded bencher v0.1.5
[INFO] [stderr]   Downloaded once_cell v1.9.0
[INFO] [stderr]   Downloaded parity-wasm v0.42.2
[INFO] [stderr]   Downloaded libc v0.2.118
[INFO] running `Command { std: "docker" "create" "-v" "/var/lib/crater-agent-workspace/builds/worker-4-tc1/source:/opt/rustwide/workdir:ro,Z" "-v" "/var/lib/crater-agent-workspace/builds/worker-4-tc1/target:/opt/rustwide/target:rw,Z" "-v" "/var/lib/crater-agent-workspace/cargo-home:/opt/rustwide/cargo-home:ro,Z" "-v" "/var/lib/crater-agent-workspace/rustup-home:/opt/rustwide/rustup-home:ro,Z" "-m" "1610612736" "--network" "none" "ghcr.io/rust-lang/crates-build-env/linux@sha256:77db811e55d90add9212f6832c23229e3de5f1c1f9905e8cb07319ea15df73ac" "sleep" "infinity", kill_on_drop: false }`
[INFO] [stdout] 096116d3253bfe905ee04e7b75f0810beadb6d39b92cb7fcf2f3277cfeec9ab1
[INFO] running `Command { std: "docker" "start" "096116d3253bfe905ee04e7b75f0810beadb6d39b92cb7fcf2f3277cfeec9ab1", kill_on_drop: false }`
[INFO] running `Command { std: "docker" "inspect" "096116d3253bfe905ee04e7b75f0810beadb6d39b92cb7fcf2f3277cfeec9ab1", kill_on_drop: false }`
[INFO] running `Command { std: "docker" "exec" "-e" "SOURCE_DIR=/opt/rustwide/workdir" "-e" "CARGO_HOME=/opt/rustwide/cargo-home" "-e" "RUSTUP_HOME=/opt/rustwide/rustup-home" "-e" "CARGO_TARGET_DIR=/opt/rustwide/target" "-w" "/opt/rustwide/workdir" "--user" "0:0" "096116d3253bfe905ee04e7b75f0810beadb6d39b92cb7fcf2f3277cfeec9ab1" "/opt/rustwide/cargo-home/bin/cargo" "+1.99.0-beta.8" "metadata" "--no-deps" "--format-version=1", kill_on_drop: false }`
[INFO] running `Command { std: "docker" "inspect" "096116d3253bfe905ee04e7b75f0810beadb6d39b92cb7fcf2f3277cfeec9ab1", kill_on_drop: false }`
[INFO] running `Command { std: "docker" "exec" "-e" "SOURCE_DIR=/opt/rustwide/workdir" "-e" "CARGO_HOME=/opt/rustwide/cargo-home" "-e" "RUSTUP_HOME=/opt/rustwide/rustup-home" "-e" "CARGO_TARGET_DIR=/opt/rustwide/target" "-e" "CARGO_INCREMENTAL=0" "-e" "RUST_BACKTRACE=full" "-e" "RUSTFLAGS=--cap-lints=warn" "-e" "RUSTDOCFLAGS=--cap-lints=warn" "-w" "/opt/rustwide/workdir" "--user" "0:0" "096116d3253bfe905ee04e7b75f0810beadb6d39b92cb7fcf2f3277cfeec9ab1" "/opt/rustwide/cargo-home/bin/cargo" "+1.99.0-beta.8" "build" "--frozen" "--message-format=json" "--release", kill_on_drop: false }`
[INFO] [stderr] error: unexpected key or value, expected newline, `#`
[INFO] [stderr]  --> ../cargo-home/git/checkouts/radixdlt-scrypto-48b6acf686a86e20/7cb4af0/assets/template/Cargo.toml:7:9
[INFO] [stderr]   |
[INFO] [stderr] 7 | sbor = ${sbor}
[INFO] [stderr]   |         ^
[INFO] [stderr]    Compiling proc-macro2 v1.0.36
[INFO] [stderr]    Compiling unicode-xid v0.2.2
[INFO] [stderr]    Compiling syn v1.0.86
[INFO] [stderr]    Compiling libc v0.2.118
[INFO] [stderr]    Compiling autocfg v1.1.0
[INFO] [stderr]    Compiling cfg-if v1.0.0
[INFO] [stderr]    Compiling serde_derive v1.0.136
[INFO] [stderr]    Compiling serde v1.0.136
[INFO] [stderr]    Compiling typenum v1.15.0
[INFO] [stderr]    Compiling version_check v0.9.4
[INFO] [stderr]    Compiling serde_json v1.0.79
[INFO] [stderr]    Compiling ryu v1.0.9
[INFO] [stderr]    Compiling itoa v1.0.1
[INFO] [stderr]    Compiling num-traits v0.2.14
[INFO] [stderr]    Compiling num-integer v0.1.44
[INFO] [stderr]    Compiling num-bigint v0.4.3
[INFO] [stderr]    Compiling opaque-debug v0.3.0
[INFO] [stderr]    Compiling cpufeatures v0.2.1
[INFO] [stderr]    Compiling generic-array v0.14.5
[INFO] [stderr]    Compiling hex v0.4.3
[INFO] [stderr]    Compiling quote v1.0.15
[INFO] [stderr]    Compiling getrandom v0.2.4
[INFO] [stderr]    Compiling uuid v0.8.2
[INFO] [stderr]    Compiling digest v0.9.0
[INFO] [stderr]    Compiling block-buffer v0.9.0
[INFO] [stderr]    Compiling sha2 v0.9.9
[INFO] [stderr]    Compiling sbor-derive v0.3.0 (https://github.com/radixdlt/radixdlt-scrypto?tag=v0.3.0#7cb4af0b)
[INFO] [stderr]    Compiling sbor v0.3.0 (https://github.com/radixdlt/radixdlt-scrypto?tag=v0.3.0#7cb4af0b)
[INFO] [stderr]    Compiling scrypto-abi v0.3.0 (https://github.com/radixdlt/radixdlt-scrypto?tag=v0.3.0#7cb4af0b)
[INFO] [stderr]    Compiling scrypto-derive v0.3.0 (https://github.com/radixdlt/radixdlt-scrypto?tag=v0.3.0#7cb4af0b)
[INFO] [stderr]    Compiling scrypto v0.3.0 (https://github.com/radixdlt/radixdlt-scrypto?tag=v0.3.0#7cb4af0b)
[INFO] [stderr]    Compiling Dex v0.1.0 (/opt/rustwide/workdir)
[INFO] [stdout] warning: crate `Dex` should have a snake case name
[INFO] [stdout]   |
[INFO] [stdout]   = help: convert the identifier to snake case: `dex`
[INFO] [stdout]   = note: `#[warn(non_snake_case)]` (part of `#[warn(nonstandard_style)]`) on by default
[INFO] [stdout] 
[INFO] [stdout] 
[INFO] [stderr]     Finished `release` profile [optimized] target(s) in 29.73s
[INFO] running `Command { std: "docker" "inspect" "096116d3253bfe905ee04e7b75f0810beadb6d39b92cb7fcf2f3277cfeec9ab1", kill_on_drop: false }`
[INFO] running `Command { std: "docker" "exec" "-e" "SOURCE_DIR=/opt/rustwide/workdir" "-e" "CARGO_HOME=/opt/rustwide/cargo-home" "-e" "RUSTUP_HOME=/opt/rustwide/rustup-home" "-e" "CARGO_TARGET_DIR=/opt/rustwide/target" "-e" "CARGO_INCREMENTAL=0" "-e" "RUST_BACKTRACE=full" "-e" "RUSTFLAGS=--cap-lints=warn" "-e" "RUSTDOCFLAGS=--cap-lints=warn" "-w" "/opt/rustwide/workdir" "--user" "0:0" "096116d3253bfe905ee04e7b75f0810beadb6d39b92cb7fcf2f3277cfeec9ab1" "/opt/rustwide/cargo-home/bin/cargo" "+1.99.0-beta.8" "test" "--frozen" "--no-run" "--message-format=json" "--release", kill_on_drop: false }`
[INFO] [stderr] error: unexpected key or value, expected newline, `#`
[INFO] [stderr]  --> ../cargo-home/git/checkouts/radixdlt-scrypto-48b6acf686a86e20/7cb4af0/assets/template/Cargo.toml:7:9
[INFO] [stderr]   |
[INFO] [stderr] 7 | sbor = ${sbor}
[INFO] [stderr]   |         ^
[INFO] [stderr]    Compiling num-traits v0.2.14
[INFO] [stderr]    Compiling libc v0.2.118
[INFO] [stderr]    Compiling num-integer v0.1.44
[INFO] [stderr]    Compiling cfg-if v1.0.0
[INFO] [stderr]    Compiling typenum v1.15.0
[INFO] [stderr]    Compiling ahash v0.7.6
[INFO] [stderr]    Compiling num-bigint v0.2.6
[INFO] [stderr]    Compiling sbor v0.3.0 (https://github.com/radixdlt/radixdlt-scrypto?tag=v0.3.0#7cb4af0b)
[INFO] [stderr]    Compiling num-rational v0.2.4
[INFO] [stderr]    Compiling once_cell v1.9.0
[INFO] [stderr]    Compiling opaque-debug v0.3.0
[INFO] [stderr]    Compiling cpufeatures v0.2.1
[INFO] [stderr]    Compiling parity-wasm v0.42.2
[INFO] [stderr]    Compiling hex v0.4.3
[INFO] [stderr]    Compiling lazy_static v1.4.0
[INFO] [stderr]    Compiling memory_units v0.3.0
[INFO] [stderr]    Compiling downcast-rs v1.2.0
[INFO] [stderr]    Compiling bencher v0.1.5
[INFO] [stderr]    Compiling scrypto-abi v0.3.0 (https://github.com/radixdlt/radixdlt-scrypto?tag=v0.3.0#7cb4af0b)
[INFO] [stderr]    Compiling getrandom v0.2.4
[INFO] [stderr]    Compiling atty v0.2.14
[INFO] [stderr]    Compiling generic-array v0.14.5
[INFO] [stderr]    Compiling colored v2.0.0
[INFO] [stderr]    Compiling hashbrown v0.11.2
[INFO] [stderr]    Compiling digest v0.9.0
[INFO] [stderr]    Compiling block-buffer v0.9.0
[INFO] [stderr]    Compiling num-bigint v0.4.3
[INFO] [stderr]    Compiling sha2 v0.9.9
[INFO] [stderr]    Compiling wasmi-validation v0.4.1
[INFO] [stderr]    Compiling lru v0.7.2
[INFO] [stderr]    Compiling wasmi v0.9.1
[INFO] [stderr]    Compiling scrypto v0.3.0 (https://github.com/radixdlt/radixdlt-scrypto?tag=v0.3.0#7cb4af0b)
[INFO] [stderr]    Compiling radix-engine v0.3.0 (https://github.com/radixdlt/radixdlt-scrypto?tag=v0.3.0#7cb4af0b)
[INFO] [stderr]    Compiling Dex v0.1.0 (/opt/rustwide/workdir)
[INFO] [stdout] warning: crate `Dex` should have a snake case name
[INFO] [stdout]   |
[INFO] [stdout]   = help: convert the identifier to snake case: `dex`
[INFO] [stdout]   = note: `#[warn(non_snake_case)]` (part of `#[warn(nonstandard_style)]`) on by default
[INFO] [stdout] 
[INFO] [stdout] 
[INFO] [stderr]     Finished `release` profile [optimized] target(s) in 51.56s
[INFO] running `Command { std: "docker" "inspect" "096116d3253bfe905ee04e7b75f0810beadb6d39b92cb7fcf2f3277cfeec9ab1", kill_on_drop: false }`
[INFO] running `Command { std: "docker" "exec" "-e" "SOURCE_DIR=/opt/rustwide/workdir" "-e" "CARGO_HOME=/opt/rustwide/cargo-home" "-e" "RUSTUP_HOME=/opt/rustwide/rustup-home" "-e" "CARGO_TARGET_DIR=/opt/rustwide/target" "-e" "CARGO_INCREMENTAL=0" "-e" "RUST_BACKTRACE=full" "-e" "RUSTFLAGS=--cap-lints=warn" "-e" "RUSTDOCFLAGS=--cap-lints=warn" "-w" "/opt/rustwide/workdir" "--user" "0:0" "096116d3253bfe905ee04e7b75f0810beadb6d39b92cb7fcf2f3277cfeec9ab1" "/opt/rustwide/cargo-home/bin/cargo" "+1.99.0-beta.8" "test" "--frozen" "--release", kill_on_drop: false }`
[INFO] [stderr] error: unexpected key or value, expected newline, `#`
[INFO] [stderr]  --> ../cargo-home/git/checkouts/radixdlt-scrypto-48b6acf686a86e20/7cb4af0/assets/template/Cargo.toml:7:9
[INFO] [stderr]   |
[INFO] [stderr] 7 | sbor = ${sbor}
[INFO] [stderr]   |         ^
[INFO] [stderr] warning: crate `Dex` should have a snake case name
[INFO] [stderr]   |
[INFO] [stderr]   = help: convert the identifier to snake case: `dex`
[INFO] [stderr]   = note: `#[warn(non_snake_case)]` (part of `#[warn(nonstandard_style)]`) on by default
[INFO] [stderr] 
[INFO] [stderr] warning: `Dex` (lib) generated 1 warning
[INFO] [stderr]     Finished `release` profile [optimized] target(s) in 0.12s
[INFO] [stderr]      Running unittests src/lib.rs (/opt/rustwide/target/release/deps/Dex-2a2212ddc9172941)
[INFO] [stderr]      Running tests/lib.rs (/opt/rustwide/target/release/deps/lib-eef8c7026fa6cde4)
[INFO] [stdout] 
[INFO] [stdout] running 0 tests
[INFO] [stdout] 
[INFO] [stdout] test result: ok. 0 passed; 0 failed; 0 ignored; 0 measured; 0 filtered out; finished in 0.00s
[INFO] [stdout] 
[INFO] [stdout] 
[INFO] [stdout] running 1 test
[INFO] [stdout] test test_hello ... FAILED
[INFO] [stdout] 
[INFO] [stdout] failures:
[INFO] [stdout] 
[INFO] [stdout] ---- test_hello stdout ----
[INFO] [stdout] 
[INFO] [stdout] thread 'test_hello' (1186) panicked at tests/lib.rs:19:10:
[INFO] [stdout] called `Result::unwrap()` on an `Err` value: FailedToExportFunctionAbi(01ff3eae9463d913a0dba37b78896414eadf59ce144a9143c8018f, "Hello", "instantiate_hello")
[INFO] [stdout] stack backtrace:
[INFO] [stdout]    0:     0x5f3006a8a407 - <<std[70759c8f55707aa4]::sys::backtrace::BacktraceLock>::print::DisplayBacktrace as core[df12db4294e9bfd3]::fmt::Display>::fmt
[INFO] [stdout]    1:     0x5f3006a025f4 - core[df12db4294e9bfd3]::fmt::write
[INFO] [stdout]    2:     0x5f3006a899cb - <alloc[2182bb758b4b3781]::vec::Vec<u8> as core[df12db4294e9bfd3]::io::write::Write>::write_fmt
[INFO] [stdout]    3:     0x5f3006a895c9 - std[70759c8f55707aa4]::panicking::default_hook::{closure#0}
[INFO] [stdout]    4:     0x5f3006a8924a - std[70759c8f55707aa4]::panicking::default_hook
[INFO] [stdout]    5:     0x5f3006a88d83 - std[70759c8f55707aa4]::panicking::panic_with_hook
[INFO] [stdout]    6:     0x5f3006aaef81 - std[70759c8f55707aa4]::panicking::panic_handler::{closure#0}
[INFO] [stdout]    7:     0x5f3006aaef39 - std[70759c8f55707aa4]::sys::backtrace::__rust_end_short_backtrace::<std[70759c8f55707aa4]::panicking::panic_handler::{closure#0}, !>
[INFO] [stdout]    8:     0x5f3006aaf43c - __rustc[8fa7c3cbc660c2b3]::rust_begin_unwind
[INFO] [stdout]    9:     0x5f3006a0248b - core[df12db4294e9bfd3]::panicking::panic_fmt
[INFO] [stdout]   10:     0x5f3006a06171 - core[df12db4294e9bfd3]::result::unwrap_failed
[INFO] [stdout]   11:     0x5f30069fed1b - <lib[ebacc596ba5b1f35]::test_hello::{closure#0} as core[df12db4294e9bfd3]::ops::function::FnOnce<()>>::call_once
[INFO] [stdout]   12:     0x5f3006ac534b - test[9d35eded1c95d3be]::__rust_begin_short_backtrace::<core[df12db4294e9bfd3]::result::Result<(), alloc[2182bb758b4b3781]::string::String>, fn() -> core[df12db4294e9bfd3]::result::Result<(), alloc[2182bb758b4b3781]::string::String>>
[INFO] [stdout]   13:     0x5f3006ac0ca2 - test[9d35eded1c95d3be]::run_test::{closure#0}
[INFO] [stdout]   14:     0x5f3006ac074c - std[70759c8f55707aa4]::sys::backtrace::__rust_begin_short_backtrace::<test[9d35eded1c95d3be]::run_test::{closure#1}, ()>
[INFO] [stdout]   15:     0x5f3006adbadc - <std[70759c8f55707aa4]::thread::lifecycle::spawn_unchecked<test[9d35eded1c95d3be]::run_test::{closure#1}, ()>::{closure#1} as core[df12db4294e9bfd3]::ops::function::FnOnce<()>>::call_once::{shim:vtable#0}
[INFO] [stdout]   16:     0x5f3006ab054a - <std[70759c8f55707aa4]::sys::thread::unix::Thread>::new::thread_start
[INFO] [stdout]   17:     0x7f3aa3db9dfa - <unknown>
[INFO] [stdout]   18:     0x7f3aa3e4d3d4 - clone
[INFO] [stdout]   19:                0x0 - <unknown>
[INFO] [stdout] 
[INFO] [stdout] 
[INFO] [stdout] failures:
[INFO] [stdout]     test_hello
[INFO] [stdout] 
[INFO] [stdout] test result: FAILED. 0 passed; 1 failed; 0 ignored; 0 measured; 0 filtered out; finished in 1.04s
[INFO] [stdout] 
[INFO] [stderr] error: test failed, to rerun pass `--test lib`
[INFO] running `Command { std: "docker" "inspect" "096116d3253bfe905ee04e7b75f0810beadb6d39b92cb7fcf2f3277cfeec9ab1", kill_on_drop: false }`
[INFO] running `Command { std: "docker" "rm" "-f" "096116d3253bfe905ee04e7b75f0810beadb6d39b92cb7fcf2f3277cfeec9ab1", kill_on_drop: false }`
[INFO] [stdout] 096116d3253bfe905ee04e7b75f0810beadb6d39b92cb7fcf2f3277cfeec9ab1
