[INFO] cloning repository https://github.com/nikko1700-52/RestoreProof-core
[INFO] running `Command { std: "git" "-c" "credential.helper=" "-c" "credential.helper=/workspace/cargo-home/bin/git-credential-null" "clone" "--bare" "https://github.com/nikko1700-52/RestoreProof-core" "/workspace/cache/git-repos/https%3A%2F%2Fgithub.com%2Fnikko1700-52%2FRestoreProof-core", kill_on_drop: false }`
[INFO] [stderr] Cloning into bare repository '/workspace/cache/git-repos/https%3A%2F%2Fgithub.com%2Fnikko1700-52%2FRestoreProof-core'...
[INFO] running `Command { std: "git" "rev-parse" "HEAD", kill_on_drop: false }`
[INFO] [stdout] 9c81088d479d279fcfa532c24772274eb1428cff
[INFO] testing nikko1700-52/RestoreProof-core/9c81088d479d279fcfa532c24772274eb1428cff against 1.99.0-beta.8+cargoflags=--release for beta-release-1.100-2
[INFO] running `Command { std: "git" "clone" "/workspace/cache/git-repos/https%3A%2F%2Fgithub.com%2Fnikko1700-52%2FRestoreProof-core" "/workspace/builds/worker-3-tc1/source", kill_on_drop: false }`
[INFO] [stderr] Cloning into '/workspace/builds/worker-3-tc1/source'...
[INFO] [stderr] done.
[INFO] removed /workspace/builds/worker-3-tc1/source/rust-toolchain.toml
[INFO] started tweaking git repo https://github.com/nikko1700-52/RestoreProof-core
[INFO] finished tweaking git repo https://github.com/nikko1700-52/RestoreProof-core
[INFO] tweaked toml for git repo https://github.com/nikko1700-52/RestoreProof-core written to /workspace/builds/worker-3-tc1/source/Cargo.toml
[INFO] validating manifest of git repo https://github.com/nikko1700-52/RestoreProof-core on toolchain 1.99.0-beta.8
[INFO] running `Command { std: CARGO_HOME="/workspace/cargo-home" RUSTUP_HOME="/workspace/rustup-home" "/workspace/cargo-home/bin/cargo" "+1.99.0-beta.8" "metadata" "--manifest-path" "Cargo.toml" "--no-deps", kill_on_drop: false }`
[INFO] crate git repo https://github.com/nikko1700-52/RestoreProof-core already has a lockfile, it will not be regenerated
[INFO] running `Command { std: CARGO_HOME="/workspace/cargo-home" RUSTUP_HOME="/workspace/rustup-home" "/workspace/cargo-home/bin/cargo" "+1.99.0-beta.8" "fetch" "--manifest-path" "Cargo.toml", kill_on_drop: false }`
[INFO] [stderr]  Downloading crates ...
[INFO] [stderr]   Downloaded clap_complete v4.6.9
[INFO] [stderr]   Downloaded libredox v0.1.23
[INFO] running `Command { std: "docker" "create" "-v" "/var/lib/crater-agent-workspace/builds/worker-3-tc1/source:/opt/rustwide/workdir:ro,Z" "-v" "/var/lib/crater-agent-workspace/builds/worker-3-tc1/target:/opt/rustwide/target:rw,Z" "-v" "/var/lib/crater-agent-workspace/cargo-home:/opt/rustwide/cargo-home:ro,Z" "-v" "/var/lib/crater-agent-workspace/rustup-home:/opt/rustwide/rustup-home:ro,Z" "-m" "1610612736" "--network" "none" "ghcr.io/rust-lang/crates-build-env/linux@sha256:77db811e55d90add9212f6832c23229e3de5f1c1f9905e8cb07319ea15df73ac" "sleep" "infinity", kill_on_drop: false }`
[INFO] [stdout] 68264e62620b30f690c4dacd743fa94f13e20b25c4dadd12924f254fc44b4f70
[INFO] running `Command { std: "docker" "start" "68264e62620b30f690c4dacd743fa94f13e20b25c4dadd12924f254fc44b4f70", kill_on_drop: false }`
[INFO] running `Command { std: "docker" "inspect" "68264e62620b30f690c4dacd743fa94f13e20b25c4dadd12924f254fc44b4f70", kill_on_drop: false }`
[INFO] running `Command { std: "docker" "exec" "-e" "SOURCE_DIR=/opt/rustwide/workdir" "-e" "CARGO_HOME=/opt/rustwide/cargo-home" "-e" "RUSTUP_HOME=/opt/rustwide/rustup-home" "-e" "CARGO_TARGET_DIR=/opt/rustwide/target" "-w" "/opt/rustwide/workdir" "--user" "0:0" "68264e62620b30f690c4dacd743fa94f13e20b25c4dadd12924f254fc44b4f70" "/opt/rustwide/cargo-home/bin/cargo" "+1.99.0-beta.8" "metadata" "--no-deps" "--format-version=1", kill_on_drop: false }`
[INFO] running `Command { std: "docker" "inspect" "68264e62620b30f690c4dacd743fa94f13e20b25c4dadd12924f254fc44b4f70", kill_on_drop: false }`
[INFO] running `Command { std: "docker" "exec" "-e" "SOURCE_DIR=/opt/rustwide/workdir" "-e" "CARGO_HOME=/opt/rustwide/cargo-home" "-e" "RUSTUP_HOME=/opt/rustwide/rustup-home" "-e" "CARGO_TARGET_DIR=/opt/rustwide/target" "-e" "CARGO_INCREMENTAL=0" "-e" "RUST_BACKTRACE=full" "-e" "RUSTFLAGS=--cap-lints=warn" "-e" "RUSTDOCFLAGS=--cap-lints=warn" "-w" "/opt/rustwide/workdir" "--user" "0:0" "68264e62620b30f690c4dacd743fa94f13e20b25c4dadd12924f254fc44b4f70" "/opt/rustwide/cargo-home/bin/cargo" "+1.99.0-beta.8" "build" "--frozen" "--message-format=json" "--release", kill_on_drop: false }`
[INFO] [stderr]    Compiling proc-macro2 v1.0.107
[INFO] [stderr]    Compiling quote v1.0.47
[INFO] [stderr]    Compiling libc v0.2.189
[INFO] [stderr]    Compiling serde_core v1.0.229
[INFO] [stderr]    Compiling serde v1.0.229
[INFO] [stderr]    Compiling bytes v1.12.1
[INFO] [stderr]    Compiling futures-core v0.3.34
[INFO] [stderr]    Compiling log v0.4.34
[INFO] [stderr]    Compiling typenum v1.20.1
[INFO] [stderr]    Compiling memchr v2.8.3
[INFO] [stderr]    Compiling writeable v0.6.4
[INFO] [stderr]    Compiling litemap v0.8.3
[INFO] [stderr]    Compiling find-msvc-tools v0.1.12
[INFO] [stderr]    Compiling icu_properties_data v2.1.2
[INFO] [stderr]    Compiling futures-sink v0.3.34
[INFO] [stderr]    Compiling icu_normalizer_data v2.1.1
[INFO] [stderr]    Compiling shlex v2.0.1
[INFO] [stderr]    Compiling autocfg v1.5.1
[INFO] [stderr]    Compiling indexmap v2.14.2
[INFO] [stderr]    Compiling zmij v1.0.23
[INFO] [stderr]    Compiling serde_json v1.0.151
[INFO] [stderr]    Compiling futures-io v0.3.34
[INFO] [stderr]    Compiling cc v1.4.5
[INFO] [stderr]    Compiling futures-task v0.3.34
[INFO] [stderr]    Compiling bitflags v2.13.2
[INFO] [stderr]    Compiling untrusted v0.9.0
[INFO] [stderr]    Compiling thiserror v2.0.20
[INFO] [stderr]    Compiling rustls v0.23.44
[INFO] [stderr]    Compiling zerocopy v0.8.57
[INFO] [stderr]    Compiling futures-channel v0.3.34
[INFO] [stderr]    Compiling crossbeam-utils v0.8.23
[INFO] [stderr]    Compiling allocator-api2 v0.2.21
[INFO] [stderr]    Compiling foldhash v0.1.5
[INFO] [stderr]    Compiling num-traits v0.2.19
[INFO] [stderr]    Compiling tinyvec_macros v0.1.1
[INFO] [stderr]    Compiling tinyvec v1.13.2
[INFO] [stderr]    Compiling parking v2.2.1
[INFO] [stderr]    Compiling crc-catalog v2.5.0
[INFO] [stderr]    Compiling rustix v1.1.4
[INFO] [stderr]    Compiling http v1.5.0
[INFO] [stderr]    Compiling crc v3.4.0
[INFO] [stderr]    Compiling futures-util v0.3.34
[INFO] [stderr]    Compiling generic-array v0.14.7
[INFO] [stderr]    Compiling hashbrown v0.15.5
[INFO] [stderr]    Compiling event-listener v5.4.2
[INFO] [stderr]    Compiling sync_wrapper v1.0.2
[INFO] [stderr]    Compiling linux-raw-sys v0.12.1
[INFO] [stderr]    Compiling unsafe-libyaml v0.2.11
[INFO] [stderr]    Compiling unicode-properties v0.1.4
[INFO] [stderr]    Compiling unicode-bidi v0.3.18
[INFO] [stderr]    Compiling syn v3.0.5
[INFO] [stderr]    Compiling syn v2.0.119
[INFO] [stderr]    Compiling http-body v1.1.0
[INFO] [stderr]    Compiling unicode-normalization v0.1.25
[INFO] [stderr]    Compiling crossbeam-queue v0.3.14
[INFO] [stderr]    Compiling ipnet v2.12.2
[INFO] [stderr]    Compiling errno v0.3.14
[INFO] [stderr]    Compiling socket2 v0.6.5
[INFO] [stderr]    Compiling mio v1.2.3
[INFO] [stderr]    Compiling getrandom v0.2.17
[INFO] [stderr]    Compiling signal-hook-registry v1.4.8
[INFO] [stderr]    Compiling block-buffer v0.10.4
[INFO] [stderr]    Compiling crypto-common v0.1.7
[INFO] [stderr]    Compiling rand_core v0.6.4
[INFO] [stderr]    Compiling digest v0.10.7
[INFO] [stderr]    Compiling stringprep v0.1.5
[INFO] [stderr]    Compiling atoi v2.0.0
[INFO] [stderr]    Compiling home v0.5.11
[INFO] [stderr]    Compiling sha2 v0.10.9
[INFO] [stderr]    Compiling hmac v0.12.1
[INFO] [stderr]    Compiling hashlink v0.10.0
[INFO] [stderr]    Compiling ring v0.17.14
[INFO] [stderr]    Compiling md-5 v0.10.6
[INFO] [stderr]    Compiling byteorder v1.5.0
[INFO] [stderr]    Compiling hkdf v0.12.4
[INFO] [stderr]    Compiling whoami v1.6.1
[INFO] [stderr]    Compiling dotenvy v0.15.7
[INFO] [stderr]    Compiling getrandom v0.4.3
[INFO] [stderr]    Compiling terminal_size v0.4.4
[INFO] [stderr]    Compiling http-body-util v0.1.5
[INFO] [stderr]    Compiling regex-syntax v0.8.11
[INFO] [stderr]    Compiling clap_builder v4.6.6
[INFO] [stderr]    Compiling tracing-log v0.2.0
[INFO] [stderr]    Compiling uuid v1.26.1
[INFO] [stderr]    Compiling thread_local v1.1.10
[INFO] [stderr]    Compiling restoreproof-cli v0.1.0 (/opt/rustwide/workdir/crates/restoreproof-cli)
[INFO] [stderr]    Compiling restoreproof-testkit v0.1.0 (/opt/rustwide/workdir/crates/restoreproof-testkit)
[INFO] [stderr]    Compiling regex-automata v0.4.18
[INFO] [stderr]    Compiling serde_derive v1.0.229
[INFO] [stderr]    Compiling tokio-macros v2.7.2
[INFO] [stderr]    Compiling zerovec-derive v0.11.6
[INFO] [stderr]    Compiling displaydoc v0.2.7
[INFO] [stderr]    Compiling thiserror-impl v2.0.20
[INFO] [stderr]    Compiling async-trait v0.1.92
[INFO] [stderr]    Compiling clap_derive v4.6.4
[INFO] [stderr]    Compiling tokio v1.53.1
[INFO] [stderr]    Compiling synstructure v0.13.2
[INFO] [stderr]    Compiling zerofrom-derive v0.1.7
[INFO] [stderr]    Compiling yoke-derive v0.8.2
[INFO] [stderr]    Compiling zeroize_derive v1.5.0
[INFO] [stderr]    Compiling tracing-attributes v0.1.31
[INFO] [stderr]    Compiling clap v4.6.6
[INFO] [stderr]    Compiling clap_complete v4.6.9
[INFO] [stderr]    Compiling zeroize v1.9.0
[INFO] [stderr]    Compiling rustls-pki-types v1.15.1
[INFO] [stderr]    Compiling matchers v0.2.0
[INFO] [stderr]    Compiling ppv-lite86 v0.2.21
[INFO] [stderr]    Compiling webpki-roots v1.0.9
[INFO] [stderr]    Compiling tracing v0.1.44
[INFO] [stderr]    Compiling webpki-roots v0.26.11
[INFO] [stderr]    Compiling zerofrom v0.1.8
[INFO] [stderr]    Compiling yoke v0.8.3
[INFO] [stderr]    Compiling zerovec v0.11.8
[INFO] [stderr]    Compiling zerotrie v0.2.5
[INFO] [stderr]    Compiling rand_chacha v0.3.1
[INFO] [stderr]    Compiling rand v0.8.8
[INFO] [stderr]    Compiling tinystr v0.8.4
[INFO] [stderr]    Compiling potential_utf v0.1.6
[INFO] [stderr]    Compiling icu_collections v2.1.1
[INFO] [stderr]    Compiling icu_locale_core v2.1.1
[INFO] [stderr]    Compiling smallvec v1.16.1
[INFO] [stderr]    Compiling chrono v0.4.45
[INFO] [stderr]    Compiling either v1.18.0
[INFO] [stderr]    Compiling serde_yaml_ng v0.10.0
[INFO] [stderr]    Compiling serde_urlencoded v0.7.1
[INFO] [stderr]    Compiling tracing-serde v0.2.0
[INFO] [stderr]    Compiling parking_lot_core v0.9.12
[INFO] [stderr]    Compiling tracing-subscriber v0.3.23
[INFO] [stderr]    Compiling parking_lot v0.12.5
[INFO] [stderr]    Compiling futures-intrusive v0.5.0
[INFO] [stderr]    Compiling icu_provider v2.1.1
[INFO] [stderr]    Compiling icu_properties v2.1.2
[INFO] [stderr]    Compiling icu_normalizer v2.1.1
[INFO] [stderr]    Compiling idna_adapter v1.2.1
[INFO] [stderr]    Compiling idna v1.1.0
[INFO] [stderr]    Compiling tokio-util v0.7.19
[INFO] [stderr]    Compiling restoreproof-core v0.1.0 (/opt/rustwide/workdir/crates/restoreproof-core)
[INFO] [stderr]    Compiling tokio-stream v0.1.19
[INFO] [stderr]    Compiling tower v0.5.3
[INFO] [stderr]    Compiling url v2.5.8
[INFO] [stderr]    Compiling h2 v0.4.19
[INFO] [stderr]    Compiling tower-http v0.6.11
[INFO] [stderr]    Compiling restoreproof-config v0.1.0 (/opt/rustwide/workdir/crates/restoreproof-config)
[INFO] [stderr]    Compiling restoreproof-report v0.1.0 (/opt/rustwide/workdir/crates/restoreproof-report)
[INFO] [stderr]    Compiling restoreproof-storage v0.1.0 (/opt/rustwide/workdir/crates/restoreproof-storage)
[INFO] [stderr]    Compiling rustls-webpki v0.103.15
[INFO] [stderr]    Compiling hyper v1.11.1
[INFO] [stderr]    Compiling sqlx-core v0.8.6
[INFO] [stderr]    Compiling tokio-rustls v0.26.5
[INFO] [stderr]    Compiling hyper-util v0.1.20
[INFO] [stderr]    Compiling sqlx-postgres v0.8.6
[INFO] [stderr]    Compiling hyper-rustls v0.27.9
[INFO] [stderr]    Compiling reqwest v0.12.28
[INFO] [stderr]    Compiling sqlx v0.8.6
[INFO] [stderr]    Compiling restoreproof-checks v0.1.0 (/opt/rustwide/workdir/crates/restoreproof-checks)
[INFO] [stderr]    Compiling restoreproof-runner v0.1.0 (/opt/rustwide/workdir/crates/restoreproof-runner)
[INFO] [stderr]     Finished `release` profile [optimized] target(s) in 3m 01s
[INFO] running `Command { std: "docker" "inspect" "68264e62620b30f690c4dacd743fa94f13e20b25c4dadd12924f254fc44b4f70", kill_on_drop: false }`
[INFO] running `Command { std: "docker" "exec" "-e" "SOURCE_DIR=/opt/rustwide/workdir" "-e" "CARGO_HOME=/opt/rustwide/cargo-home" "-e" "RUSTUP_HOME=/opt/rustwide/rustup-home" "-e" "CARGO_TARGET_DIR=/opt/rustwide/target" "-e" "CARGO_INCREMENTAL=0" "-e" "RUST_BACKTRACE=full" "-e" "RUSTFLAGS=--cap-lints=warn" "-e" "RUSTDOCFLAGS=--cap-lints=warn" "-w" "/opt/rustwide/workdir" "--user" "0:0" "68264e62620b30f690c4dacd743fa94f13e20b25c4dadd12924f254fc44b4f70" "/opt/rustwide/cargo-home/bin/cargo" "+1.99.0-beta.8" "test" "--frozen" "--no-run" "--message-format=json" "--release", kill_on_drop: false }`
[INFO] [stderr]    Compiling rustix v1.1.4
[INFO] [stderr]    Compiling fastrand v2.5.0
[INFO] [stderr]    Compiling aho-corasick v1.1.5
[INFO] [stderr]    Compiling regex-syntax v0.8.11
[INFO] [stderr]    Compiling predicates-core v1.0.10
[INFO] [stderr]    Compiling float-cmp v0.10.0
[INFO] [stderr]    Compiling difflib v0.4.0
[INFO] [stderr]    Compiling normalize-line-endings v0.3.0
[INFO] [stderr]    Compiling termtree v0.5.1
[INFO] [stderr]    Compiling assert_cmd v2.2.2
[INFO] [stderr]    Compiling wait-timeout v0.2.1
[INFO] [stderr]    Compiling restoreproof-testkit v0.1.0 (/opt/rustwide/workdir/crates/restoreproof-testkit)
[INFO] [stderr]    Compiling predicates-tree v1.0.13
[INFO] [stderr]    Compiling regex-automata v0.4.18
[INFO] [stderr]    Compiling tempfile v3.27.0
[INFO] [stderr]    Compiling terminal_size v0.4.4
[INFO] [stderr]    Compiling clap_builder v4.6.6
[INFO] [stderr]    Compiling restoreproof-report v0.1.0 (/opt/rustwide/workdir/crates/restoreproof-report)
[INFO] [stderr]    Compiling restoreproof-storage v0.1.0 (/opt/rustwide/workdir/crates/restoreproof-storage)
[INFO] [stderr]    Compiling restoreproof-runner v0.1.0 (/opt/rustwide/workdir/crates/restoreproof-runner)
[INFO] [stderr]    Compiling restoreproof-checks v0.1.0 (/opt/rustwide/workdir/crates/restoreproof-checks)
[INFO] [stderr]    Compiling restoreproof-config v0.1.0 (/opt/rustwide/workdir/crates/restoreproof-config)
[INFO] [stderr]    Compiling restoreproof-core v0.1.0 (/opt/rustwide/workdir/crates/restoreproof-core)
[INFO] [stderr]    Compiling clap v4.6.6
[INFO] [stderr]    Compiling clap_complete v4.6.9
[INFO] [stderr]    Compiling regex v1.13.1
[INFO] [stderr]    Compiling matchers v0.2.0
[INFO] [stderr]    Compiling tracing-subscriber v0.3.23
[INFO] [stderr]    Compiling predicates v3.1.4
[INFO] [stderr]    Compiling bstr v1.13.1
[INFO] [stderr]    Compiling restoreproof-cli v0.1.0 (/opt/rustwide/workdir/crates/restoreproof-cli)
[INFO] [stderr]     Finished `release` profile [optimized] target(s) in 3m 53s
[INFO] running `Command { std: "docker" "inspect" "68264e62620b30f690c4dacd743fa94f13e20b25c4dadd12924f254fc44b4f70", kill_on_drop: false }`
[INFO] running `Command { std: "docker" "exec" "-e" "SOURCE_DIR=/opt/rustwide/workdir" "-e" "CARGO_HOME=/opt/rustwide/cargo-home" "-e" "RUSTUP_HOME=/opt/rustwide/rustup-home" "-e" "CARGO_TARGET_DIR=/opt/rustwide/target" "-e" "CARGO_INCREMENTAL=0" "-e" "RUST_BACKTRACE=full" "-e" "RUSTFLAGS=--cap-lints=warn" "-e" "RUSTDOCFLAGS=--cap-lints=warn" "-w" "/opt/rustwide/workdir" "--user" "0:0" "68264e62620b30f690c4dacd743fa94f13e20b25c4dadd12924f254fc44b4f70" "/opt/rustwide/cargo-home/bin/cargo" "+1.99.0-beta.8" "test" "--frozen" "--release", kill_on_drop: false }`
[INFO] [stderr]     Finished `release` profile [optimized] target(s) in 0.79s
[INFO] [stderr]      Running unittests src/lib.rs (/opt/rustwide/target/release/deps/restoreproof_checks-875f61117ecc1903)
[INFO] [stdout] 
[INFO] [stdout] running 35 tests
[INFO] [stdout] test container::tests::without_a_running_environment_the_check_is_skipped ... ok
[INFO] [stdout] test container::tests::healthy_requires_a_healthcheck_and_says_so ... ok
[INFO] [stdout] test container::tests::a_running_service_passes ... ok
[INFO] [stdout] test file::tests::a_file_below_the_minimum_size_fails ... ok
[INFO] [stdout] test container::tests::a_healthy_service_passes ... ok
[INFO] [stdout] test file::tests::a_symlink_escaping_the_restore_directory_is_not_read ... ok
[INFO] [stdout] test container::tests::a_stopped_service_fails ... ok
[INFO] [stdout] test command::tests::checks_are_skipped_when_command_execution_is_disabled ... ok
[INFO] [stdout] test file::tests::a_matching_digest_passes_and_a_wrong_one_fails ... ok
[INFO] [stdout] test file::tests::an_absence_assertion_passes_when_the_file_is_gone ... ok
[INFO] [stdout] test http::tests::a_missing_env_header_is_an_error_not_a_silent_request ... ok
[INFO] [stdout] test executor::tests::a_disabled_check_is_skipped_without_running ... ok
[INFO] [stdout] test http::tests::an_unreachable_endpoint_fails_rather_than_errors ... ok
[INFO] [stdout] test file::tests::hashing_a_file_matches_the_reference_vector ... ok
[INFO] [stdout] test file::tests::a_missing_file_fails ... ok
[INFO] [stdout] test sql::tests::a_missing_dsn_variable_is_an_error ... ok
[INFO] [stdout] test executor::tests::a_failing_check_uses_every_attempt ... ok
[INFO] [stdout] test script::tests::a_symlink_pointing_outside_the_project_is_refused ... ok
[INFO] [stdout] test sql::tests::cells_render_and_convert ... ok
[INFO] [stdout] test sql::tests::dsn_hosts_are_extracted_from_both_forms ... ok
[INFO] [stdout] test sql::tests::loopback_hosts_are_recognised ... ok
[INFO] [stdout] test command::tests::a_successful_command_passes ... ok
[INFO] [stdout] test script::tests::a_passing_script_passes ... ok
[INFO] [stdout] test script::tests::a_world_writable_script_is_refused ... ok
[INFO] [stdout] test script::tests::a_failing_script_reports_its_exit_code ... ok
[INFO] [stdout] test script::tests::a_non_executable_script_is_refused_with_advice ... ok
[INFO] [stdout] test executor::tests::outcomes_are_redacted ... ok
[INFO] [stdout] test sql::tests::a_remote_database_is_refused_by_default ... ok
[INFO] [stdout] test executor::tests::a_definitive_failure_is_not_retried ... ok
[INFO] [stdout] test file::tests::an_existing_file_passes ... ok
[INFO] [stdout] test command::tests::arguments_are_never_interpreted_by_a_shell ... ok
[INFO] [stdout] test command::tests::a_failing_command_fails_with_its_exit_code ... ok
[INFO] [stdout] test command::tests::the_injected_environment_is_available_and_the_parent_one_is_not ... ok
[INFO] [stdout] test sql::tests::an_unreachable_local_database_fails_rather_than_errors ... ok
[INFO] [stdout] test command::tests::a_missing_program_is_an_error ... ok
[INFO] [stderr]      Running unittests src/main.rs (/opt/rustwide/target/release/deps/restoreproof-d8f444e7e5cc63ba)
[INFO] [stdout] 
[INFO] [stdout] test result: ok. 35 passed; 0 failed; 0 ignored; 0 measured; 0 filtered out; finished in 0.04s
[INFO] [stdout] 
[INFO] [stdout] 
[INFO] [stderr]      Running tests/cli.rs (/opt/rustwide/target/release/deps/cli-adc51f49bbf8c347)
[INFO] [stdout] running 0 tests
[INFO] [stdout] 
[INFO] [stdout] test result: ok. 0 passed; 0 failed; 0 ignored; 0 measured; 0 filtered out; finished in 0.00s
[INFO] [stdout] 
[INFO] [stdout] 
[INFO] [stdout] running 29 tests
[INFO] [stdout] test help_succeeds_and_an_unknown_command_is_a_usage_error ... ok
[INFO] [stdout] test a_dry_run_touches_nothing ... ok
[INFO] [stdout] test a_corrupt_report_is_rejected ... ok
[INFO] [stdout] test init_refuses_to_overwrite_without_force ... ok
[INFO] [stdout] test plan_describes_the_drill_without_running_it ... ok
[INFO] [stdout] test json_logging_emits_one_object_per_line ... ok
[INFO] [stdout] test diff_exits_nonzero_when_a_check_stops_passing ... ok
[INFO] [stdout] test plan_names_the_source_of_a_secret_but_never_its_value ... ok
[INFO] [stdout] test validate_accepts_a_correct_scenario ... ok
[INFO] [stdout] test validate_refuses_a_compose_file_that_breaks_isolation ... ok
[INFO] [stdout] test strict_validation_turns_warnings_into_a_failure ... ok
[INFO] [stdout] test every_configured_format_is_written_to_the_report_directory ... ok
[INFO] [stdout] test validate_refuses_unknown_fields ... ok
[INFO] [stdout] test validate_refuses_a_port_published_on_every_interface ... ok
[INFO] [stdout] test validate_refuses_a_path_escaping_the_project ... ok
[INFO] [stdout] test init_creates_a_scenario_that_validates ... ok
[INFO] [stdout] test version_documents_every_exit_code ... ok
[INFO] [stdout] test diff_rejects_a_file_that_is_not_a_report ... ok
[INFO] [stdout] test validate_reports_every_problem_at_once ... ok
[INFO] [stdout] test validate_reports_a_missing_configuration_with_advice ... ok
[INFO] [stdout] test validate_refuses_a_snapshot_that_looks_like_an_option ... ok
[INFO] [stdout] test validate_emits_machine_readable_output ... ok
[INFO] [stdout] test completions_are_generated_for_every_supported_shell ... ok
[INFO] [stdout] test diff_reports_no_regression_between_identical_reports ... ok
[INFO] [stdout] test junit_output_is_well_formed_and_names_every_check ... ok
[INFO] [stdout] test prometheus_output_is_scrapeable ... ok
[INFO] [stdout] test a_report_can_be_verified_and_tampering_is_detected ... ok
[INFO] [stdout] test a_secret_from_the_environment_never_reaches_a_report ... ok
[INFO] [stdout] test run_without_docker_fails_clearly_and_still_writes_a_report ... FAILED
[INFO] [stderr] error: test failed, to rerun pass `-p restoreproof-cli --test cli`
[INFO] [stdout] 
[INFO] [stdout] failures:
[INFO] [stdout] 
[INFO] [stdout] ---- run_without_docker_fails_clearly_and_still_writes_a_report stdout ----
[INFO] [stdout] 
[INFO] [stdout] thread 'run_without_docker_fails_clearly_and_still_writes_a_report' (4531) panicked at crates/restoreproof-cli/tests/cli.rs:293:10:
[INFO] [stdout] Unexpected stderr, failed var.contains(Docker)
[INFO] [stdout] ├── var: warning: backup.metadata_file is not set: the backup timestamp will be derived from file modification times, which is an approximation
[INFO] [stdout] │   error: `docker compose version` failed (exit code 125).
[INFO] [stdout] │   RestoreProof requires the Compose v2 plugin; the standalone `docker-compose` v1 script is not supported.
[INFO] [stdout] │   unknown flag: --short
[INFO] [stdout] │   
[INFO] [stdout] │   Usage:  docker [OPTIONS] COMMAND [ARG...]
[INFO] [stdout] │   
[INFO] [stdout] │   Run 'docker --help' for more information
[INFO] [stdout] │   error: drill finished with status ERROR (exit code 3)
[INFO] [stdout] └── var as str: warning: backup.metadata_file is not set: the backup timestamp will be derived from file modification times, which is an approximation
[INFO] [stdout]     error: `docker compose version` failed (exit code 125).
[INFO] [stdout]     RestoreProof requires the Compose v2 plugin; the standalone `docker-compose` v1 script is not supported.
[INFO] [stdout]     unknown flag: --short
[INFO] [stdout]     
[INFO] [stdout]     Usage:  docker [OPTIONS] COMMAND [ARG...]
[INFO] [stdout]     
[INFO] [stdout]     Run 'docker --help' for more information
[INFO] [stdout]     error: drill finished with status ERROR (exit code 3)
[INFO] [stdout] 
[INFO] [stdout] command=`env -i NO_COLOR="1" PATH="/opt/rustwide/cargo-home/bin:/usr/local/sbin:/usr/local/bin:/usr/sbin:/usr/bin:/sbin:/bin" "/opt/rustwide/target/release/restoreproof" "run" "--config" "/tmp/.tmpNqtoBm/restoreproof.yaml"`
[INFO] [stdout] code=3
[INFO] [stdout] stdout=```
[INFO] [stdout] 
[INFO] [stdout] ERR  ERROR  fixture-app · 2026-10-18 05:41:00Z · 78 ms
[INFO] [stdout] 
[INFO] [stdout] 
[INFO] [stdout]   Checks   0 passed, 0 failed, 0 error, 0 skipped (of 0)
[INFO] [stdout]   RTO      — (target 10m 00s)  RTO_UNKNOWN
[INFO] [stdout]   RPO      — (target 24h 00m 00s)  RPO_UNKNOWN
[INFO] [stdout]   Backup   local · unknown snapshot · size unknown
[INFO] [stdout]   warning: backup.metadata_file is not set: the backup timestamp will be derived from file modification times, which is an approximation
[INFO] [stdout]   error: `docker compose version` failed (exit code 125).
[INFO] [stdout] RestoreProof requires the Compose v2 plugin; the standalone `docker-compose` v1 script is not supported.
[INFO] [stdout] unknown flag: --short
[INFO] [stdout] 
[INFO] [stdout] Usage:  docker [OPTIONS] COMMAND [ARG...]
[INFO] [stdout] 
[INFO] [stdout] Run \'docker --help\' for more information
[INFO] [stdout] 
[INFO] [stdout]   Report   /tmp/.tmpNqtoBm/reports/20261018T054100Z-fixture-app-4a012cbe.json
[INFO] [stdout]   Report   /tmp/.tmpNqtoBm/reports/20261018T054100Z-fixture-app-4a012cbe.md
[INFO] [stdout] 
[INFO] [stdout] ```
[INFO] [stdout] 
[INFO] [stdout] stderr=```
[INFO] [stdout] warning: backup.metadata_file is not set: the backup timestamp will be derived from file modification times, which is an approximation
[INFO] [stdout] error: `docker compose version` failed (exit code 125).
[INFO] [stdout] RestoreProof requires the Compose v2 plugin; the standalone `docker-compose` v1 script is not supported.
[INFO] [stdout] unknown flag: --short
[INFO] [stdout] 
[INFO] [stdout] Usage:  docker [OPTIONS] COMMAND [ARG...]
[INFO] [stdout] 
[INFO] [stdout] Run \'docker --help\' for more information
[INFO] [stdout] error: drill finished with status ERROR (exit code 3)
[INFO] [stdout] ```
[INFO] [stdout] 
[INFO] [stdout] 
[INFO] [stdout] stack backtrace:
[INFO] [stdout]    0:     0x61d1a1489296 - <unknown>
[INFO] [stdout]    1:     0x61d1a142b6ba - <unknown>
[INFO] [stdout]    2:     0x61d1a1490e8c - <unknown>
[INFO] [stdout]    3:     0x61d1a145fe62 - <unknown>
[INFO] [stdout]    4:     0x61d1a1480891 - <unknown>
[INFO] [stdout]    5:     0x61d1a1480a72 - <unknown>
[INFO] [stdout]    6:     0x61d1a145ff12 - <unknown>
[INFO] [stdout]    7:     0x61d1a1458af9 - <unknown>
[INFO] [stdout]    8:     0x61d1a1464e0d - <unknown>
[INFO] [stdout]    9:     0x61d1a142bdac - <unknown>
[INFO] [stdout]   10:     0x61d1a140ed10 - <unknown>
[INFO] [stdout]   11:     0x61d1a14285e0 - <unknown>
[INFO] [stdout]   12:     0x61d1a1493b9b - <unknown>
[INFO] [stdout]   13:     0x61d1a14a1cf1 - <unknown>
[INFO] [stdout]   14:     0x61d1a149b404 - <unknown>
[INFO] [stdout]   15:     0x61d1a14a5b12 - <unknown>
[INFO] [stdout]   16:     0x61d1a14880ee - <unknown>
[INFO] [stdout]   17:     0x73c528acddfa - <unknown>
[INFO] [stdout]   18:     0x73c528b613d4 - clone
[INFO] [stdout]   19:                0x0 - <unknown>
[INFO] [stdout] 
[INFO] [stdout] 
[INFO] [stdout] failures:
[INFO] [stdout]     run_without_docker_fails_clearly_and_still_writes_a_report
[INFO] [stdout] 
[INFO] [stdout] test result: FAILED. 28 passed; 1 failed; 0 ignored; 0 measured; 0 filtered out; finished in 0.99s
[INFO] [stdout] 
[INFO] running `Command { std: "docker" "inspect" "68264e62620b30f690c4dacd743fa94f13e20b25c4dadd12924f254fc44b4f70", kill_on_drop: false }`
[INFO] running `Command { std: "docker" "rm" "-f" "68264e62620b30f690c4dacd743fa94f13e20b25c4dadd12924f254fc44b4f70", kill_on_drop: false }`
[INFO] [stdout] 68264e62620b30f690c4dacd743fa94f13e20b25c4dadd12924f254fc44b4f70
