[INFO] cloning repository https://github.com/naranyala/rigortemplate-rust-leptos-tailwind-02
[INFO] running `Command { std: "git" "-c" "credential.helper=" "-c" "credential.helper=/workspace/cargo-home/bin/git-credential-null" "clone" "--bare" "https://github.com/naranyala/rigortemplate-rust-leptos-tailwind-02" "/workspace/cache/git-repos/https%3A%2F%2Fgithub.com%2Fnaranyala%2Frigortemplate-rust-leptos-tailwind-02", kill_on_drop: false }`
[INFO] [stderr] Cloning into bare repository '/workspace/cache/git-repos/https%3A%2F%2Fgithub.com%2Fnaranyala%2Frigortemplate-rust-leptos-tailwind-02'...
[INFO] running `Command { std: "git" "rev-parse" "HEAD", kill_on_drop: false }`
[INFO] [stdout] ad5d2afc60b090ade71bb08aa0d46de38f3bcde0
[INFO] testing naranyala/rigortemplate-rust-leptos-tailwind-02 against 1.100.0-beta.1+cargoflags=--release for beta-release-1.100-2
[INFO] running `Command { std: "git" "clone" "/workspace/cache/git-repos/https%3A%2F%2Fgithub.com%2Fnaranyala%2Frigortemplate-rust-leptos-tailwind-02" "/workspace/builds/worker-5-tc2/source", kill_on_drop: false }`
[INFO] [stderr] Cloning into '/workspace/builds/worker-5-tc2/source'...
[INFO] [stderr] done.
[INFO] started tweaking git repo https://github.com/naranyala/rigortemplate-rust-leptos-tailwind-02
[INFO] finished tweaking git repo https://github.com/naranyala/rigortemplate-rust-leptos-tailwind-02
[INFO] tweaked toml for git repo https://github.com/naranyala/rigortemplate-rust-leptos-tailwind-02 written to /workspace/builds/worker-5-tc2/source/Cargo.toml
[INFO] validating manifest of git repo https://github.com/naranyala/rigortemplate-rust-leptos-tailwind-02 on toolchain 1.100.0-beta.1
[INFO] running `Command { std: CARGO_HOME="/workspace/cargo-home" RUSTUP_HOME="/workspace/rustup-home" "/workspace/cargo-home/bin/cargo" "+1.100.0-beta.1" "metadata" "--manifest-path" "Cargo.toml" "--no-deps", kill_on_drop: false }`
[INFO] crate git repo https://github.com/naranyala/rigortemplate-rust-leptos-tailwind-02 already has a lockfile, it will not be regenerated
[INFO] running `Command { std: CARGO_HOME="/workspace/cargo-home" RUSTUP_HOME="/workspace/rustup-home" "/workspace/cargo-home/bin/cargo" "+1.100.0-beta.1" "fetch" "--manifest-path" "Cargo.toml", kill_on_drop: false }`
[INFO] running `Command { std: "docker" "create" "-v" "/var/lib/crater-agent-workspace/builds/worker-5-tc2/source:/opt/rustwide/workdir:ro,Z" "-v" "/var/lib/crater-agent-workspace/builds/worker-5-tc2/target:/opt/rustwide/target:rw,Z" "-v" "/var/lib/crater-agent-workspace/cargo-home:/opt/rustwide/cargo-home:ro,Z" "-v" "/var/lib/crater-agent-workspace/rustup-home:/opt/rustwide/rustup-home:ro,Z" "-m" "1610612736" "--network" "none" "ghcr.io/rust-lang/crates-build-env/linux@sha256:77db811e55d90add9212f6832c23229e3de5f1c1f9905e8cb07319ea15df73ac" "sleep" "infinity", kill_on_drop: false }`
[INFO] [stdout] 2e5ee2d3021e42d83d8a3894bbba403b1f1e1ad753c3f28057cfa442919ce549
[INFO] running `Command { std: "docker" "start" "2e5ee2d3021e42d83d8a3894bbba403b1f1e1ad753c3f28057cfa442919ce549", kill_on_drop: false }`
[INFO] running `Command { std: "docker" "inspect" "2e5ee2d3021e42d83d8a3894bbba403b1f1e1ad753c3f28057cfa442919ce549", kill_on_drop: false }`
[INFO] running `Command { std: "docker" "exec" "-e" "SOURCE_DIR=/opt/rustwide/workdir" "-e" "CARGO_HOME=/opt/rustwide/cargo-home" "-e" "RUSTUP_HOME=/opt/rustwide/rustup-home" "-e" "CARGO_TARGET_DIR=/opt/rustwide/target" "-w" "/opt/rustwide/workdir" "--user" "0:0" "2e5ee2d3021e42d83d8a3894bbba403b1f1e1ad753c3f28057cfa442919ce549" "/opt/rustwide/cargo-home/bin/cargo" "+1.100.0-beta.1" "metadata" "--no-deps" "--format-version=1", kill_on_drop: false }`
[INFO] running `Command { std: "docker" "inspect" "2e5ee2d3021e42d83d8a3894bbba403b1f1e1ad753c3f28057cfa442919ce549", kill_on_drop: false }`
[INFO] running `Command { std: "docker" "exec" "-e" "SOURCE_DIR=/opt/rustwide/workdir" "-e" "CARGO_HOME=/opt/rustwide/cargo-home" "-e" "RUSTUP_HOME=/opt/rustwide/rustup-home" "-e" "CARGO_TARGET_DIR=/opt/rustwide/target" "-e" "CARGO_INCREMENTAL=0" "-e" "RUST_BACKTRACE=full" "-e" "RUSTFLAGS=--cap-lints=warn" "-e" "RUSTDOCFLAGS=--cap-lints=warn" "-w" "/opt/rustwide/workdir" "--user" "0:0" "2e5ee2d3021e42d83d8a3894bbba403b1f1e1ad753c3f28057cfa442919ce549" "/opt/rustwide/cargo-home/bin/cargo" "+1.100.0-beta.1" "build" "--frozen" "--message-format=json" "--release", kill_on_drop: false }`
[INFO] [stderr]    Compiling proc-macro2 v1.0.106
[INFO] [stderr]    Compiling quote v1.0.45
[INFO] [stderr]    Compiling unicode-ident v1.0.24
[INFO] [stderr]    Compiling version_check v0.9.5
[INFO] [stderr]    Compiling pin-project-lite v0.2.17
[INFO] [stderr]    Compiling memchr v2.8.0
[INFO] [stderr]    Compiling wasm-bindgen-shared v0.2.122
[INFO] [stderr]    Compiling semver v1.0.28
[INFO] [stderr]    Compiling serde_core v1.0.228
[INFO] [stderr]    Compiling futures-core v0.3.32
[INFO] [stderr]    Compiling rustversion v1.0.22
[INFO] [stderr]    Compiling once_cell v1.21.4
[INFO] [stderr]    Compiling thiserror v2.0.18
[INFO] [stderr]    Compiling futures-sink v0.3.32
[INFO] [stderr]    Compiling futures-task v0.3.32
[INFO] [stderr]    Compiling bumpalo v3.20.3
[INFO] [stderr]    Compiling slab v0.4.12
[INFO] [stderr]    Compiling futures-io v0.3.32
[INFO] [stderr]    Compiling serde v1.0.228
[INFO] [stderr]    Compiling futures-channel v0.3.32
[INFO] [stderr]    Compiling cfg-if v1.0.4
[INFO] [stderr]    Compiling stable_deref_trait v1.2.1
[INFO] [stderr]    Compiling crossbeam-utils v0.8.21
[INFO] [stderr]    Compiling unicode-segmentation v1.13.2
[INFO] [stderr]    Compiling zmij v1.0.21
[INFO] [stderr]    Compiling serde_json v1.0.150
[INFO] [stderr]    Compiling itoa v1.0.18
[INFO] [stderr]    Compiling proc-macro2-diagnostics v0.10.1
[INFO] [stderr]    Compiling litemap v0.8.2
[INFO] [stderr]    Compiling writeable v0.6.3
[INFO] [stderr]    Compiling generic-array v0.14.7
[INFO] [stderr]    Compiling or_poisoned v0.1.0
[INFO] [stderr]    Compiling unicode-xid v0.2.6
[INFO] [stderr]    Compiling rustc_version v0.4.1
[INFO] [stderr]    Compiling smallvec v1.15.1
[INFO] [stderr]    Compiling paste v1.0.15
[INFO] [stderr]    Compiling parking v2.2.1
[INFO] [stderr]    Compiling icu_normalizer_data v2.2.0
[INFO] [stderr]    Compiling wasm-bindgen v0.2.122
[INFO] [stderr]    Compiling icu_properties_data v2.2.0
[INFO] [stderr]    Compiling utf8_iter v1.0.4
[INFO] [stderr]    Compiling slotmap v1.1.1
[INFO] [stderr]    Compiling throw_error v0.3.1
[INFO] [stderr]    Compiling konst_macro_rules v0.2.19
[INFO] [stderr]    Compiling anyhow v1.0.102
[INFO] [stderr]    Compiling equivalent v1.0.2
[INFO] [stderr]    Compiling hashbrown v0.17.1
[INFO] [stderr]    Compiling camino v1.2.2
[INFO] [stderr]    Compiling syn v2.0.117
[INFO] [stderr]    Compiling proc-macro-utils v0.10.0
[INFO] [stderr]    Compiling typenum v1.20.0
[INFO] [stderr]    Compiling convert_case v0.11.0
[INFO] [stderr]    Compiling konst v0.2.20
[INFO] [stderr]    Compiling server_fn_macro v0.8.10
[INFO] [stderr]    Compiling reactive_graph v0.2.14
[INFO] [stderr]    Compiling send_wrapper v0.6.0
[INFO] [stderr]    Compiling concurrent-queue v2.5.0
[INFO] [stderr]    Compiling proc-macro-error-attr2 v2.0.0
[INFO] [stderr]    Compiling const_format_proc_macros v0.2.34
[INFO] [stderr]    Compiling either v1.16.0
[INFO] [stderr]    Compiling libc v0.2.186
[INFO] [stderr]    Compiling event-listener v5.4.1
[INFO] [stderr]    Compiling guardian v1.3.0
[INFO] [stderr]    Compiling rustc-hash v2.1.2
[INFO] [stderr]    Compiling percent-encoding v2.3.2
[INFO] [stderr]    Compiling xxhash-rust v0.8.15
[INFO] [stderr]    Compiling thiserror v1.0.69
[INFO] [stderr]    Compiling itertools v0.14.0
[INFO] [stderr]    Compiling tachys v0.2.15
[INFO] [stderr]    Compiling manyhow-macros v0.11.4
[INFO] [stderr]    Compiling indexmap v2.14.0
[INFO] [stderr]    Compiling event-listener-strategy v0.5.4
[INFO] [stderr]    Compiling yansi v1.0.1
[INFO] [stderr]    Compiling bytes v1.11.1
[INFO] [stderr]    Compiling prettyplease v0.2.37
[INFO] [stderr]    Compiling async-lock v3.4.2
[INFO] [stderr]    Compiling winnow v1.0.3
[INFO] [stderr]    Compiling getrandom v0.4.2
[INFO] [stderr]    Compiling utf8-width v0.1.8
[INFO] [stderr]    Compiling html-escape v0.2.13
[INFO] [stderr]    Compiling either_of v0.1.9
[INFO] [stderr]    Compiling const_format v0.2.36
[INFO] [stderr]    Compiling form_urlencoded v1.2.2
[INFO] [stderr]    Compiling aho-corasick v1.1.4
[INFO] [stderr]    Compiling server_fn v0.8.12
[INFO] [stderr]    Compiling erased v0.1.2
[INFO] [stderr]    Compiling crypto-common v0.1.7
[INFO] [stderr]    Compiling block-buffer v0.10.4
[INFO] [stderr]    Compiling http v1.4.0
[INFO] [stderr]    Compiling digest v0.10.7
[INFO] [stderr]    Compiling const_str_slice_concat v0.1.0
[INFO] [stderr]    Compiling cpufeatures v0.2.17
[INFO] [stderr]    Compiling drain_filter_polyfill v0.1.3
[INFO] [stderr]    Compiling interpolator v0.5.0
[INFO] [stderr]    Compiling same-file v1.0.6
[INFO] [stderr]    Compiling collection_literals v1.0.3
[INFO] [stderr]    Compiling regex-syntax v0.8.10
[INFO] [stderr]    Compiling next_tuple v0.1.0
[INFO] [stderr]    Compiling walkdir v2.5.0
[INFO] [stderr]    Compiling sha2 v0.10.9
[INFO] [stderr]    Compiling convert_case v0.6.0
[INFO] [stderr]    Compiling toml_parser v1.1.2+spec-1.1.0
[INFO] [stderr]    Compiling leptos_macro v0.8.16
[INFO] [stderr]    Compiling pathdiff v0.2.3
[INFO] [stderr]    Compiling base64 v0.22.1
[INFO] [stderr]    Compiling base16 v0.2.1
[INFO] [stderr]    Compiling const-str v1.1.0
[INFO] [stderr]    Compiling uuid v1.23.1
[INFO] [stderr]    Compiling toml_datetime v1.1.1+spec-1.1.0
[INFO] [stderr]    Compiling serde_spanned v1.1.1
[INFO] [stderr]    Compiling convert_case_extras v0.2.0
[INFO] [stderr]    Compiling toml v1.1.2+spec-1.1.0
[INFO] [stderr]    Compiling leptos v0.8.19
[INFO] [stderr]    Compiling async-once-cell v0.5.4
[INFO] [stderr]    Compiling leptos_router v0.8.13
[INFO] [stderr]    Compiling tracing-core v0.1.36
[INFO] [stderr]    Compiling log v0.4.29
[INFO] [stderr]    Compiling regex-automata v0.4.14
[INFO] [stderr]    Compiling config v0.15.23
[INFO] [stderr]    Compiling wasm-bindgen-macro-support v0.2.122
[INFO] [stderr]    Compiling synstructure v0.13.2
[INFO] [stderr]    Compiling proc-macro-error2 v2.0.1
[INFO] [stderr]    Compiling manyhow v0.11.4
[INFO] [stderr]    Compiling futures-macro v0.3.32
[INFO] [stderr]    Compiling serde_derive v1.0.228
[INFO] [stderr]    Compiling thiserror-impl v2.0.18
[INFO] [stderr]    Compiling zerofrom-derive v0.1.7
[INFO] [stderr]    Compiling yoke-derive v0.8.2
[INFO] [stderr]    Compiling zerovec-derive v0.11.3
[INFO] [stderr]    Compiling displaydoc v0.2.5
[INFO] [stderr]    Compiling derive-where v1.6.1
[INFO] [stderr]    Compiling syn_derive v0.2.0
[INFO] [stderr]    Compiling pin-project-internal v1.1.13
[INFO] [stderr]    Compiling reactive_stores_macro v0.4.2
[INFO] [stderr]    Compiling thiserror-impl v1.0.69
[INFO] [stderr]    Compiling futures-util v0.3.32
[INFO] [stderr]    Compiling quote-use-macros v0.8.4
[INFO] [stderr]    Compiling zerofrom v0.1.8
[INFO] [stderr]    Compiling async-trait v0.1.89
[INFO] [stderr]    Compiling yoke v0.8.2
[INFO] [stderr]    Compiling quote-use v0.8.4
[INFO] [stderr]    Compiling attribute-derive-macro v0.10.5
[INFO] [stderr]    Compiling typed-builder-macro v0.23.2
[INFO] [stderr]    Compiling server_fn_macro_default v0.8.5
[INFO] [stderr]    Compiling zerovec v0.11.6
[INFO] [stderr]    Compiling zerotrie v0.2.4
[INFO] [stderr]    Compiling rstml v0.12.1
[INFO] [stderr]    Compiling pin-project v1.1.13
[INFO] [stderr]    Compiling regex v1.12.3
[INFO] [stderr]    Compiling wasm_split_macros v0.2.1
[INFO] [stderr]    Compiling leptos_router_macro v0.8.6
[INFO] [stderr]    Compiling tracing-attributes v0.1.31
[INFO] [stderr]    Compiling tinystr v0.8.3
[INFO] [stderr]    Compiling potential_utf v0.1.5
[INFO] [stderr]    Compiling attribute-derive v0.10.5
[INFO] [stderr]    Compiling wasm_split_helpers v0.2.1
[INFO] [stderr]    Compiling icu_collections v2.2.0
[INFO] [stderr]    Compiling icu_locale_core v2.2.0
[INFO] [stderr]    Compiling typed-builder v0.23.2
[INFO] [stderr]    Compiling tracing v0.1.44
[INFO] [stderr]    Compiling wasm-bindgen-macro v0.2.122
[INFO] [stderr]    Compiling oco_ref v0.2.1
[INFO] [stderr]    Compiling serde_qs v0.15.0
[INFO] [stderr]    Compiling codee v0.3.5
[INFO] [stderr]    Compiling leptos_hot_reload v0.8.6
[INFO] [stderr]    Compiling leptos_config v0.8.10
[INFO] [stderr]    Compiling icu_provider v2.2.0
[INFO] [stderr]    Compiling console_error_panic_hook v0.1.7
[INFO] [stderr]    Compiling icu_properties v2.2.0
[INFO] [stderr]    Compiling icu_normalizer v2.2.0
[INFO] [stderr]    Compiling js-sys v0.3.99
[INFO] [stderr]    Compiling futures-executor v0.3.32
[INFO] [stderr]    Compiling futures v0.3.32
[INFO] [stderr]    Compiling hydration_context v0.3.0
[INFO] [stderr]    Compiling idna_adapter v1.2.2
[INFO] [stderr]    Compiling idna v1.1.0
[INFO] [stderr]    Compiling url v2.5.8
[INFO] [stderr]    Compiling web-sys v0.3.99
[INFO] [stderr]    Compiling wasm-bindgen-futures v0.4.72
[INFO] [stderr]    Compiling any_spawner v0.3.0
[INFO] [stderr]    Compiling reactive_stores v0.4.3
[INFO] [stderr]    Compiling gloo-utils v0.2.0
[INFO] [stderr]    Compiling gloo-utils v0.3.0
[INFO] [stderr]    Compiling console_log v1.0.0
[INFO] [stderr]    Compiling gloo-net v0.6.0
[INFO] [stderr]    Compiling gloo-storage v0.4.0
[INFO] [stderr]    Compiling wasm-streams v0.5.0
[INFO] [stderr]    Compiling leptos_server v0.8.7
[INFO] [stderr]    Compiling leptos_dom v0.8.8
[INFO] [stderr]    Compiling leptos_meta v0.8.6
[INFO] [stderr]    Compiling tailwind v0.1.0 (/opt/rustwide/workdir)
[INFO] [stdout] warning: unused import: `leptos::prelude::*`
[INFO] [stdout]  --> src/ui/registry.rs:1:5
[INFO] [stdout]   |
[INFO] [stdout] 1 | use leptos::prelude::*;
[INFO] [stdout]   |     ^^^^^^^^^^^^^^^^^^
[INFO] [stdout]   |
[INFO] [stdout]   = note: `#[warn(unused_imports)]` (part of `#[warn(unused)]`) on by default
[INFO] [stdout] 
[INFO] [stdout] 
[INFO] [stdout] warning: variable does not need to be mutable
[INFO] [stdout]   --> src/hooks/mod.rs:91:39
[INFO] [stdout]    |
[INFO] [stdout] 91 | pub fn use_interval<F>(delay_ms: i32, mut callback: F) -> (ReadSignal<bool>, WriteSignal<bool>) 
[INFO] [stdout]    |                                       ----^^^^^^^^
[INFO] [stdout]    |                                       |
[INFO] [stdout]    |                                       help: remove this `mut`
[INFO] [stdout]    |
[INFO] [stdout]    = note: `#[warn(unused_mut)]` (part of `#[warn(unused)]`) on by default
[INFO] [stdout] 
[INFO] [stdout] 
[INFO] [stdout] warning: unused variable: `nav_handle_comp`
[INFO] [stdout]   --> src/ui/layout/sidebar.rs:10:9
[INFO] [stdout]    |
[INFO] [stdout] 10 |     let nav_handle_comp = nav_handle.clone();
[INFO] [stdout]    |         ^^^^^^^^^^^^^^^ help: if this is intentional, prefix it with an underscore: `_nav_handle_comp`
[INFO] [stdout]    |
[INFO] [stdout]    = note: `#[warn(unused_variables)]` (part of `#[warn(unused)]`) on by default
[INFO] [stdout] 
[INFO] [stdout] 
[INFO] [stdout] warning: unused variable: `nav_handle_hooks`
[INFO] [stdout]   --> src/ui/layout/sidebar.rs:11:9
[INFO] [stdout]    |
[INFO] [stdout] 11 |     let nav_handle_hooks = nav_handle.clone();
[INFO] [stdout]    |         ^^^^^^^^^^^^^^^^ help: if this is intentional, prefix it with an underscore: `_nav_handle_hooks`
[INFO] [stdout] 
[INFO] [stdout] 
[INFO] [stdout] warning: unused variable: `go_home`
[INFO] [stdout]   --> src/ui/layout/sidebar.rs:14:9
[INFO] [stdout]    |
[INFO] [stdout] 14 |     let go_home = move |ev: leptos::ev::MouseEvent| {
[INFO] [stdout]    |         ^^^^^^^ help: if this is intentional, prefix it with an underscore: `_go_home`
[INFO] [stdout] 
[INFO] [stdout] 
[INFO] [stderr]     Finished `release` profile [optimized] target(s) in 2m 39s
[INFO] [stderr] warning: the following packages contain code that will be rejected by a future version of Rust: attribute-derive-macro v0.10.5, proc-macro-error2 v2.0.1
[INFO] [stderr] note: to see what the problems were, use the option `--future-incompat-report`, or run `cargo report future-incompatibilities --id 3`
[INFO] running `Command { std: "docker" "inspect" "2e5ee2d3021e42d83d8a3894bbba403b1f1e1ad753c3f28057cfa442919ce549", kill_on_drop: false }`
[INFO] running `Command { std: "docker" "exec" "-e" "SOURCE_DIR=/opt/rustwide/workdir" "-e" "CARGO_HOME=/opt/rustwide/cargo-home" "-e" "RUSTUP_HOME=/opt/rustwide/rustup-home" "-e" "CARGO_TARGET_DIR=/opt/rustwide/target" "-e" "CARGO_INCREMENTAL=0" "-e" "RUST_BACKTRACE=full" "-e" "RUSTFLAGS=--cap-lints=warn" "-e" "RUSTDOCFLAGS=--cap-lints=warn" "-w" "/opt/rustwide/workdir" "--user" "0:0" "2e5ee2d3021e42d83d8a3894bbba403b1f1e1ad753c3f28057cfa442919ce549" "/opt/rustwide/cargo-home/bin/cargo" "+1.100.0-beta.1" "test" "--frozen" "--no-run" "--message-format=json" "--release", kill_on_drop: false }`
[INFO] [stderr]    Compiling libc v0.2.186
[INFO] [stderr]    Compiling getrandom v0.3.4
[INFO] [stderr]    Compiling rustix v1.1.4
[INFO] [stderr]    Compiling zerocopy v0.8.48
[INFO] [stderr]    Compiling getrandom v0.4.2
[INFO] [stderr]    Compiling linux-raw-sys v0.12.1
[INFO] [stderr]    Compiling autocfg v1.5.1
[INFO] [stderr]    Compiling bitflags v2.11.1
[INFO] [stderr]    Compiling fastrand v2.4.1
[INFO] [stderr]    Compiling bit-vec v0.8.0
[INFO] [stderr]    Compiling fnv v1.0.7
[INFO] [stderr]    Compiling quick-error v1.2.3
[INFO] [stderr]    Compiling unarray v0.1.4
[INFO] [stdout] warning: unused import: `leptos::prelude::*`
[INFO] [stdout]  --> src/ui/registry.rs:1:5
[INFO] [stdout]   |
[INFO] [stdout] 1 | use leptos::prelude::*;
[INFO] [stdout]   |     ^^^^^^^^^^^^^^^^^^
[INFO] [stdout]   |
[INFO] [stdout]   = note: `#[warn(unused_imports)]` (part of `#[warn(unused)]`) on by default
[INFO] [stdout] 
[INFO] [stdout] 
[INFO] [stdout] warning: variable does not need to be mutable
[INFO] [stdout]   --> src/hooks/mod.rs:91:39
[INFO] [stdout]    |
[INFO] [stdout] 91 | pub fn use_interval<F>(delay_ms: i32, mut callback: F) -> (ReadSignal<bool>, WriteSignal<bool>) 
[INFO] [stdout]    |                                       ----^^^^^^^^
[INFO] [stdout]    |                                       |
[INFO] [stdout]    |                                       help: remove this `mut`
[INFO] [stdout]    |
[INFO] [stdout]    = note: `#[warn(unused_mut)]` (part of `#[warn(unused)]`) on by default
[INFO] [stdout] 
[INFO] [stdout] 
[INFO] [stdout] warning: unused variable: `nav_handle_comp`
[INFO] [stdout]   --> src/ui/layout/sidebar.rs:10:9
[INFO] [stdout]    |
[INFO] [stdout] 10 |     let nav_handle_comp = nav_handle.clone();
[INFO] [stdout]    |         ^^^^^^^^^^^^^^^ help: if this is intentional, prefix it with an underscore: `_nav_handle_comp`
[INFO] [stdout]    |
[INFO] [stdout]    = note: `#[warn(unused_variables)]` (part of `#[warn(unused)]`) on by default
[INFO] [stdout] 
[INFO] [stdout] 
[INFO] [stdout] warning: unused variable: `nav_handle_hooks`
[INFO] [stdout]   --> src/ui/layout/sidebar.rs:11:9
[INFO] [stdout]    |
[INFO] [stdout] 11 |     let nav_handle_hooks = nav_handle.clone();
[INFO] [stdout]    |         ^^^^^^^^^^^^^^^^ help: if this is intentional, prefix it with an underscore: `_nav_handle_hooks`
[INFO] [stdout] 
[INFO] [stdout] 
[INFO] [stdout] warning: unused variable: `go_home`
[INFO] [stdout]   --> src/ui/layout/sidebar.rs:14:9
[INFO] [stdout]    |
[INFO] [stdout] 14 |     let go_home = move |ev: leptos::ev::MouseEvent| {
[INFO] [stdout]    |         ^^^^^^^ help: if this is intentional, prefix it with an underscore: `_go_home`
[INFO] [stdout] 
[INFO] [stdout] 
[INFO] [stderr]    Compiling bit-set v0.8.0
[INFO] [stderr]    Compiling num-traits v0.2.19
[INFO] [stderr]    Compiling wait-timeout v0.2.1
[INFO] [stderr]    Compiling rand_core v0.9.5
[INFO] [stderr]    Compiling rand v0.9.4
[INFO] [stderr]    Compiling rand_xorshift v0.4.0
[INFO] [stderr]    Compiling tempfile v3.27.0
[INFO] [stderr]    Compiling rusty-fork v0.3.1
[INFO] [stderr]    Compiling ppv-lite86 v0.2.21
[INFO] [stderr]    Compiling rand_chacha v0.9.0
[INFO] [stderr]    Compiling proptest v1.11.0
[INFO] [stderr]    Compiling tailwind v0.1.0 (/opt/rustwide/workdir)
[INFO] [stdout] warning: unused import: `super::*`
[INFO] [stdout]   --> src/ui/shared/input.rs:51:9
[INFO] [stdout]    |
[INFO] [stdout] 51 |     use super::*;
[INFO] [stdout]    |         ^^^^^^^^
[INFO] [stdout]    |
[INFO] [stdout]    = note: `#[warn(unused_imports)]` (part of `#[warn(unused)]`) on by default
[INFO] [stdout] 
[INFO] [stdout] 
[INFO] [stdout] warning: unused import: `leptos::prelude::*`
[INFO] [stdout]  --> src/ui/registry.rs:1:5
[INFO] [stdout]   |
[INFO] [stdout] 1 | use leptos::prelude::*;
[INFO] [stdout]   |     ^^^^^^^^^^^^^^^^^^
[INFO] [stdout] 
[INFO] [stdout] 
[INFO] [stdout] warning: variable does not need to be mutable
[INFO] [stdout]   --> src/hooks/mod.rs:91:39
[INFO] [stdout]    |
[INFO] [stdout] 91 | pub fn use_interval<F>(delay_ms: i32, mut callback: F) -> (ReadSignal<bool>, WriteSignal<bool>) 
[INFO] [stdout]    |                                       ----^^^^^^^^
[INFO] [stdout]    |                                       |
[INFO] [stdout]    |                                       help: remove this `mut`
[INFO] [stdout]    |
[INFO] [stdout]    = note: `#[warn(unused_mut)]` (part of `#[warn(unused)]`) on by default
[INFO] [stdout] 
[INFO] [stdout] 
[INFO] [stdout] warning: unused variable: `nav_handle_comp`
[INFO] [stdout]   --> src/ui/layout/sidebar.rs:10:9
[INFO] [stdout]    |
[INFO] [stdout] 10 |     let nav_handle_comp = nav_handle.clone();
[INFO] [stdout]    |         ^^^^^^^^^^^^^^^ help: if this is intentional, prefix it with an underscore: `_nav_handle_comp`
[INFO] [stdout]    |
[INFO] [stdout]    = note: `#[warn(unused_variables)]` (part of `#[warn(unused)]`) on by default
[INFO] [stdout] 
[INFO] [stdout] 
[INFO] [stdout] warning: unused variable: `nav_handle_hooks`
[INFO] [stdout]   --> src/ui/layout/sidebar.rs:11:9
[INFO] [stdout]    |
[INFO] [stdout] 11 |     let nav_handle_hooks = nav_handle.clone();
[INFO] [stdout]    |         ^^^^^^^^^^^^^^^^ help: if this is intentional, prefix it with an underscore: `_nav_handle_hooks`
[INFO] [stdout] 
[INFO] [stdout] 
[INFO] [stdout] warning: unused variable: `go_home`
[INFO] [stdout]   --> src/ui/layout/sidebar.rs:14:9
[INFO] [stdout]    |
[INFO] [stdout] 14 |     let go_home = move |ev: leptos::ev::MouseEvent| {
[INFO] [stdout]    |         ^^^^^^^ help: if this is intentional, prefix it with an underscore: `_go_home`
[INFO] [stdout] 
[INFO] [stdout] 
[INFO] [stderr]     Finished `release` profile [optimized] target(s) in 39.73s
[INFO] [stderr] warning: the following packages contain code that will be rejected by a future version of Rust: attribute-derive-macro v0.10.5, proc-macro-error2 v2.0.1
[INFO] [stderr] note: to see what the problems were, use the option `--future-incompat-report`, or run `cargo report future-incompatibilities --id 3`
[INFO] running `Command { std: "docker" "inspect" "2e5ee2d3021e42d83d8a3894bbba403b1f1e1ad753c3f28057cfa442919ce549", kill_on_drop: false }`
[INFO] running `Command { std: "docker" "exec" "-e" "SOURCE_DIR=/opt/rustwide/workdir" "-e" "CARGO_HOME=/opt/rustwide/cargo-home" "-e" "RUSTUP_HOME=/opt/rustwide/rustup-home" "-e" "CARGO_TARGET_DIR=/opt/rustwide/target" "-e" "CARGO_INCREMENTAL=0" "-e" "RUST_BACKTRACE=full" "-e" "RUSTFLAGS=--cap-lints=warn" "-e" "RUSTDOCFLAGS=--cap-lints=warn" "-w" "/opt/rustwide/workdir" "--user" "0:0" "2e5ee2d3021e42d83d8a3894bbba403b1f1e1ad753c3f28057cfa442919ce549" "/opt/rustwide/cargo-home/bin/cargo" "+1.100.0-beta.1" "test" "--frozen" "--release", kill_on_drop: false }`
[INFO] [stderr] warning: unused import: `leptos::prelude::*`
[INFO] [stderr]  --> src/ui/registry.rs:1:5
[INFO] [stderr]   |
[INFO] [stderr] 1 | use leptos::prelude::*;
[INFO] [stderr]   |     ^^^^^^^^^^^^^^^^^^
[INFO] [stderr]   |
[INFO] [stderr]   = note: `#[warn(unused_imports)]` (part of `#[warn(unused)]`) on by default
[INFO] [stderr] 
[INFO] [stderr] warning: variable does not need to be mutable
[INFO] [stderr]   --> src/hooks/mod.rs:91:39
[INFO] [stderr]    |
[INFO] [stderr] 91 | pub fn use_interval<F>(delay_ms: i32, mut callback: F) -> (ReadSignal<bool>, WriteSignal<bool>) 
[INFO] [stderr]    |                                       ----^^^^^^^^
[INFO] [stderr]    |                                       |
[INFO] [stderr]    |                                       help: remove this `mut`
[INFO] [stderr]    |
[INFO] [stderr]    = note: `#[warn(unused_mut)]` (part of `#[warn(unused)]`) on by default
[INFO] [stderr] 
[INFO] [stderr] warning: unused variable: `nav_handle_comp`
[INFO] [stderr]   --> src/ui/layout/sidebar.rs:10:9
[INFO] [stderr]    |
[INFO] [stderr] 10 |     let nav_handle_comp = nav_handle.clone();
[INFO] [stderr]    |         ^^^^^^^^^^^^^^^ help: if this is intentional, prefix it with an underscore: `_nav_handle_comp`
[INFO] [stderr]    |
[INFO] [stderr]    = note: `#[warn(unused_variables)]` (part of `#[warn(unused)]`) on by default
[INFO] [stderr] 
[INFO] [stderr] warning: unused variable: `nav_handle_hooks`
[INFO] [stderr]   --> src/ui/layout/sidebar.rs:11:9
[INFO] [stderr]    |
[INFO] [stderr] 11 |     let nav_handle_hooks = nav_handle.clone();
[INFO] [stderr]    |         ^^^^^^^^^^^^^^^^ help: if this is intentional, prefix it with an underscore: `_nav_handle_hooks`
[INFO] [stderr] 
[INFO] [stderr] warning: unused variable: `go_home`
[INFO] [stderr]   --> src/ui/layout/sidebar.rs:14:9
[INFO] [stderr]    |
[INFO] [stderr] 14 |     let go_home = move |ev: leptos::ev::MouseEvent| {
[INFO] [stderr]    |         ^^^^^^^ help: if this is intentional, prefix it with an underscore: `_go_home`
[INFO] [stderr] 
[INFO] [stderr] warning: `tailwind` (lib) generated 5 warnings (run `cargo fix --lib -p tailwind` to apply 5 suggestions)
[INFO] [stderr] warning: unused import: `super::*`
[INFO] [stderr]   --> src/ui/shared/input.rs:51:9
[INFO] [stderr]    |
[INFO] [stderr] 51 |     use super::*;
[INFO] [stderr]    |         ^^^^^^^^
[INFO] [stderr]    |
[INFO] [stderr]    = note: `#[warn(unused_imports)]` (part of `#[warn(unused)]`) on by default
[INFO] [stderr] 
[INFO] [stderr] warning: unused import: `leptos::prelude::*`
[INFO] [stderr]  --> src/ui/registry.rs:1:5
[INFO] [stderr]   |
[INFO] [stderr] 1 | use leptos::prelude::*;
[INFO] [stderr]   |     ^^^^^^^^^^^^^^^^^^
[INFO] [stderr] 
[INFO] [stderr] warning: `tailwind` (lib test) generated 6 warnings (4 duplicates) (run `cargo fix --lib -p tailwind --tests` to apply 2 suggestions)
[INFO] [stderr]     Finished `release` profile [optimized] target(s) in 0.26s
[INFO] [stderr] warning: the following packages contain code that will be rejected by a future version of Rust: attribute-derive-macro v0.10.5, proc-macro-error2 v2.0.1
[INFO] [stderr] note: to see what the problems were, use the option `--future-incompat-report`, or run `cargo report future-incompatibilities --id 3`
[INFO] [stderr]      Running unittests src/lib.rs (/opt/rustwide/target/release/build/tailwind/c463dfde1b65ddf6/out/tailwind-c463dfde1b65ddf6)
[INFO] [stdout] 
[INFO] [stdout] running 34 tests
[INFO] [stdout] test shared::utils::cn::tests::test_merge_modifiers ... ok
[INFO] [stdout] test shared::utils::cn::tests::test_axis_independence ... ok
[INFO] [stdout] test core::errors::tests::test_to_user_message_serialization ... ok
[INFO] [stdout] test core::errors::tests::test_to_user_message_network ... ok
[INFO] [stdout] test core::errors::tests::test_to_user_message_unknown ... ok
[INFO] [stdout] test shared::utils::cn::tests::test_negative_values ... ok
[INFO] [stdout] test shared::utils::cn::tests::test_non_tailwind_classes ... ok
[INFO] [stdout] test core::errors::tests::test_to_user_message_internal ... ok
[INFO] [stdout] test shared::utils::cn::tests::test_whitespace_handling ... ok
[INFO] [stdout] test ui::shared::code_block::tests::test_highlight_operators ... ok
[INFO] [stdout] test ui::shared::code_block::tests::test_highlight_pascal_case ... ok
[INFO] [stdout] test ui::shared::code_block::tests::test_highlight_strings ... ok
[INFO] [stdout] test ui::shared::code_block::tests::test_highlight_attributes ... ok
[INFO] [stdout] test ui::shared::code_block::tests::test_highlight_keywords ... ok
[INFO] [stdout] test ui::shared::form_input::tests::test_validate_input_empty_rules ... ok
[INFO] [stdout] test ui::shared::code_block::tests::test_highlight_raw_strings ... ok
[INFO] [stdout] test shared::utils::cn::tests::test_arbitrary_values ... ok
[INFO] [stdout] test shared::utils::cn::tests::test_merge_complex ... ok
[INFO] [stdout] test ui::shared::input::tests::test_input_classes_with_no_error ... ok
[INFO] [stdout] test ui::shared::input::tests::test_input_classes_with_error ... ok
[INFO] [stdout] test core::errors::tests::test_to_user_message_validation ... ok
[INFO] [stdout] test shared::storage::tests::test_storage_backend_mock ... ok
[INFO] [stdout] test shared::theme::tests::test_theme_as_str ... ok
[INFO] [stdout] test shared::theme::tests::test_theme_equality ... ok
[INFO] [stdout] test shared::utils::cn::tests::test_cn_conditional ... ok
[INFO] [stdout] test shared::utils::cn::tests::test_cn_empty_and_none ... ok
[INFO] [stdout] test shared::utils::cn::tests::test_merge_basic ... ok
[INFO] [stdout] test shared::utils::cn::tests::test_merge_text_categories ... ok
[INFO] [stdout] test shared::utils::cn::tests::test_stacked_modifiers ... ok
[INFO] [stdout] test ui::shared::code_block::tests::test_highlight_comments ... FAILED
[INFO] [stdout] test ui::shared::form_input::tests::test_validate_input_case_sensitivity ... ok
[INFO] [stdout] test ui::shared::form_input::tests::test_validate_input_numeric_only ... ok
[INFO] [stdout] test ui::shared::form_input::tests::test_validate_input_multiple_rules ... ok
[INFO] [stdout] test ui::shared::form_input::tests::test_validate_input_email_format ... ok
[INFO] [stdout] 
[INFO] [stdout] failures:
[INFO] [stdout] 
[INFO] [stdout] ---- ui::shared::code_block::tests::test_highlight_comments stdout ----
[INFO] [stdout] 
[INFO] [stdout] thread 'ui::shared::code_block::tests::test_highlight_comments' (3827) panicked at src/ui/shared/code_block.rs:283:9:
[INFO] [stdout] assertion failed: highlighted.contains("text-slate-500 italic")
[INFO] [stdout] stack backtrace:
[INFO] [stdout]    0:     0x63609ee2ac35 - <<std[617be2ca0a6fd877]::sys::backtrace::BacktraceLock>::print::DisplayBacktrace as core[a373ad73a504971]::fmt::Display>::fmt
[INFO] [stdout]    1:     0x63609edb2f64 - core[a373ad73a504971]::fmt::write
[INFO] [stdout]    2:     0x63609ee2a2db - <alloc[2e1b2a31b91974c5]::vec::Vec<u8> as core[a373ad73a504971]::io::write::Write>::write_fmt
[INFO] [stdout]    3:     0x63609ee29ed9 - std[617be2ca0a6fd877]::panicking::default_hook::{closure#0}
[INFO] [stdout]    4:     0x63609ee29b5a - std[617be2ca0a6fd877]::panicking::default_hook
[INFO] [stdout]    5:     0x63609ee2968b - std[617be2ca0a6fd877]::panicking::panic_with_hook
[INFO] [stdout]    6:     0x63609ee4f5b2 - std[617be2ca0a6fd877]::panicking::panic_handler::{closure#0}
[INFO] [stdout]    7:     0x63609ee4f539 - std[617be2ca0a6fd877]::sys::backtrace::__rust_end_short_backtrace::<std[617be2ca0a6fd877]::panicking::panic_handler::{closure#0}, !>
[INFO] [stdout]    8:     0x63609ee4fa2c - __rustc[ea4f61d10b84890b]::rust_begin_unwind
[INFO] [stdout]    9:     0x63609edb2dfb - core[a373ad73a504971]::panicking::panic_fmt
[INFO] [stdout]   10:     0x63609edb44a1 - core[a373ad73a504971]::panicking::panic
[INFO] [stdout]   11:     0x63609ed8d6c6 - <tailwind[32d260e944f7f50c]::ui::shared::code_block::tests::test_highlight_comments::{closure#0} as core[a373ad73a504971]::ops::function::FnOnce<()>>::call_once
[INFO] [stdout]   12:     0x63609ee682bb - test[aada8e7e76ba119b]::__rust_begin_short_backtrace::<core[a373ad73a504971]::result::Result<(), alloc[2e1b2a31b91974c5]::string::String>, fn() -> core[a373ad73a504971]::result::Result<(), alloc[2e1b2a31b91974c5]::string::String>>
[INFO] [stdout]   13:     0x63609ee63ff6 - test[aada8e7e76ba119b]::run_test::{closure#0}
[INFO] [stdout]   14:     0x63609ee6375c - std[617be2ca0a6fd877]::sys::backtrace::__rust_begin_short_backtrace::<test[aada8e7e76ba119b]::run_test::{closure#1}, ()>
[INFO] [stdout]   15:     0x63609ee81efc - <std[617be2ca0a6fd877]::thread::lifecycle::spawn_unchecked<test[aada8e7e76ba119b]::run_test::{closure#1}, ()>::{closure#1} as core[a373ad73a504971]::ops::function::FnOnce<()>>::call_once::{shim:vtable#0}
[INFO] [stdout]   16:     0x63609ee51208 - <std[617be2ca0a6fd877]::sys::thread::unix::Thread>::new::thread_start
[INFO] [stdout]   17:     0x752042229dfa - <unknown>
[INFO] [stdout]   18:     0x7520422bd3d4 - clone
[INFO] [stdout]   19:                0x0 - <unknown>
[INFO] [stdout] 
[INFO] [stdout] 
[INFO] [stdout] failures:
[INFO] [stdout]     ui::shared::code_block::tests::test_highlight_comments
[INFO] [stdout] 
[INFO] [stdout] test result: FAILED. 33 passed; 1 failed; 0 ignored; 0 measured; 0 filtered out; finished in 0.30s
[INFO] [stdout] 
[INFO] [stderr] error: test failed, to rerun pass `--lib`
[INFO] running `Command { std: "docker" "inspect" "2e5ee2d3021e42d83d8a3894bbba403b1f1e1ad753c3f28057cfa442919ce549", kill_on_drop: false }`
[INFO] running `Command { std: "docker" "rm" "-f" "2e5ee2d3021e42d83d8a3894bbba403b1f1e1ad753c3f28057cfa442919ce549", kill_on_drop: false }`
[INFO] [stdout] 2e5ee2d3021e42d83d8a3894bbba403b1f1e1ad753c3f28057cfa442919ce549
