[INFO] cloning repository https://github.com/milah-247/Vaultora
[INFO] running `Command { std: "git" "-c" "credential.helper=" "-c" "credential.helper=/workspace/cargo-home/bin/git-credential-null" "clone" "--bare" "https://github.com/milah-247/Vaultora" "/workspace/cache/git-repos/https%3A%2F%2Fgithub.com%2Fmilah-247%2FVaultora", kill_on_drop: false }`
[INFO] [stderr] Cloning into bare repository '/workspace/cache/git-repos/https%3A%2F%2Fgithub.com%2Fmilah-247%2FVaultora'...
[INFO] running `Command { std: "git" "rev-parse" "HEAD", kill_on_drop: false }`
[INFO] [stdout] 26e15f41976dfc934fd3c71f3604cf51db5b8bf5
[INFO] testing milah-247/Vaultora against 1.99.0-beta.8+cargoflags=--release for beta-release-1.100-2
[INFO] running `Command { std: "git" "clone" "/workspace/cache/git-repos/https%3A%2F%2Fgithub.com%2Fmilah-247%2FVaultora" "/workspace/builds/worker-2-tc1/source", kill_on_drop: false }`
[INFO] [stderr] Cloning into '/workspace/builds/worker-2-tc1/source'...
[INFO] [stderr] done.
[INFO] started tweaking git repo https://github.com/milah-247/Vaultora
[INFO] finished tweaking git repo https://github.com/milah-247/Vaultora
[INFO] tweaked toml for git repo https://github.com/milah-247/Vaultora written to /workspace/builds/worker-2-tc1/source/Cargo.toml
[INFO] validating manifest of git repo https://github.com/milah-247/Vaultora on toolchain 1.99.0-beta.8
[INFO] running `Command { std: CARGO_HOME="/workspace/cargo-home" RUSTUP_HOME="/workspace/rustup-home" "/workspace/cargo-home/bin/cargo" "+1.99.0-beta.8" "metadata" "--manifest-path" "Cargo.toml" "--no-deps", kill_on_drop: false }`
[INFO] crate git repo https://github.com/milah-247/Vaultora already has a lockfile, it will not be regenerated
[INFO] running `Command { std: CARGO_HOME="/workspace/cargo-home" RUSTUP_HOME="/workspace/rustup-home" "/workspace/cargo-home/bin/cargo" "+1.99.0-beta.8" "fetch" "--manifest-path" "Cargo.toml", kill_on_drop: false }`
[INFO] [stderr]  Downloading crates ...
[INFO] [stderr]   Downloaded jiff-static v0.2.35
[INFO] [stderr]   Downloaded serde_with_macros v3.22.0
[INFO] [stderr]   Downloaded jiff-core v0.1.0
[INFO] [stderr]   Downloaded serde_with v3.22.0
[INFO] [stderr]   Downloaded jiff v0.2.35
[INFO] running `Command { std: "docker" "create" "-v" "/var/lib/crater-agent-workspace/builds/worker-2-tc1/source:/opt/rustwide/workdir:ro,Z" "-v" "/var/lib/crater-agent-workspace/builds/worker-2-tc1/target:/opt/rustwide/target:rw,Z" "-v" "/var/lib/crater-agent-workspace/cargo-home:/opt/rustwide/cargo-home:ro,Z" "-v" "/var/lib/crater-agent-workspace/rustup-home:/opt/rustwide/rustup-home:ro,Z" "-m" "1610612736" "--network" "none" "ghcr.io/rust-lang/crates-build-env/linux@sha256:77db811e55d90add9212f6832c23229e3de5f1c1f9905e8cb07319ea15df73ac" "sleep" "infinity", kill_on_drop: false }`
[INFO] [stdout] c6d20e020b4a4d252e770a6430e90329f47b2ca85c1821285c9d68a44a93d7b1
[INFO] running `Command { std: "docker" "start" "c6d20e020b4a4d252e770a6430e90329f47b2ca85c1821285c9d68a44a93d7b1", kill_on_drop: false }`
[INFO] running `Command { std: "docker" "inspect" "c6d20e020b4a4d252e770a6430e90329f47b2ca85c1821285c9d68a44a93d7b1", kill_on_drop: false }`
[INFO] running `Command { std: "docker" "exec" "-e" "SOURCE_DIR=/opt/rustwide/workdir" "-e" "CARGO_HOME=/opt/rustwide/cargo-home" "-e" "RUSTUP_HOME=/opt/rustwide/rustup-home" "-e" "CARGO_TARGET_DIR=/opt/rustwide/target" "-w" "/opt/rustwide/workdir" "--user" "0:0" "c6d20e020b4a4d252e770a6430e90329f47b2ca85c1821285c9d68a44a93d7b1" "/opt/rustwide/cargo-home/bin/cargo" "+1.99.0-beta.8" "metadata" "--no-deps" "--format-version=1", kill_on_drop: false }`
[INFO] running `Command { std: "docker" "inspect" "c6d20e020b4a4d252e770a6430e90329f47b2ca85c1821285c9d68a44a93d7b1", kill_on_drop: false }`
[INFO] running `Command { std: "docker" "exec" "-e" "SOURCE_DIR=/opt/rustwide/workdir" "-e" "CARGO_HOME=/opt/rustwide/cargo-home" "-e" "RUSTUP_HOME=/opt/rustwide/rustup-home" "-e" "CARGO_TARGET_DIR=/opt/rustwide/target" "-e" "CARGO_INCREMENTAL=0" "-e" "RUST_BACKTRACE=full" "-e" "RUSTFLAGS=--cap-lints=warn" "-e" "RUSTDOCFLAGS=--cap-lints=warn" "-w" "/opt/rustwide/workdir" "--user" "0:0" "c6d20e020b4a4d252e770a6430e90329f47b2ca85c1821285c9d68a44a93d7b1" "/opt/rustwide/cargo-home/bin/cargo" "+1.99.0-beta.8" "build" "--frozen" "--message-format=json" "--release", kill_on_drop: false }`
[INFO] [stderr]    Compiling proc-macro2 v1.0.107
[INFO] [stderr]    Compiling unicode-ident v1.0.24
[INFO] [stderr]    Compiling quote v1.0.47
[INFO] [stderr]    Compiling version_check v0.9.5
[INFO] [stderr]    Compiling zmij v1.0.23
[INFO] [stderr]    Compiling serde v1.0.229
[INFO] [stderr]    Compiling serde_core v1.0.229
[INFO] [stderr]    Compiling typenum v1.20.1
[INFO] [stderr]    Compiling serde_json v1.0.151
[INFO] [stderr]    Compiling memchr v2.8.3
[INFO] [stderr]    Compiling itoa v1.0.18
[INFO] [stderr]    Compiling cfg-if v1.0.4
[INFO] [stderr]    Compiling subtle v2.6.1
[INFO] [stderr]    Compiling libc v0.2.189
[INFO] [stderr]    Compiling const-oid v0.9.6
[INFO] [stderr]    Compiling autocfg v1.5.1
[INFO] [stderr]    Compiling strsim v0.11.1
[INFO] [stderr]    Compiling ident_case v1.0.1
[INFO] [stderr]    Compiling semver v1.0.28
[INFO] [stderr]    Compiling zerocopy v0.8.56
[INFO] [stderr]    Compiling schemars v0.8.22
[INFO] [stderr]    Compiling paste v1.0.15
[INFO] [stderr]    Compiling dyn-clone v1.0.20
[INFO] [stderr]    Compiling data-encoding v2.11.1
[INFO] [stderr]    Compiling cpufeatures v0.2.17
[INFO] [stderr]    Compiling generic-array v0.14.9
[INFO] [stderr]    Compiling ethnum v1.5.3
[INFO] [stderr]    Compiling escape-bytes v0.1.1
[INFO] [stderr]    Compiling num-traits v0.2.19
[INFO] [stderr]    Compiling rustc_version v0.4.1
[INFO] [stderr]    Compiling ahash v0.8.12
[INFO] [stderr]    Compiling either v1.18.0
[INFO] [stderr]    Compiling arrayvec v0.7.8
[INFO] [stderr]    Compiling base16ct v0.2.0
[INFO] [stderr]    Compiling itertools v0.13.0
[INFO] [stderr]    Compiling once_cell v1.21.4
[INFO] [stderr]    Compiling allocator-api2 v0.2.21
[INFO] [stderr]    Compiling syn v2.0.119
[INFO] [stderr]    Compiling syn v3.0.5
[INFO] [stderr]    Compiling libm v0.2.16
[INFO] [stderr]    Compiling thiserror v1.0.69
[INFO] [stderr]    Compiling equivalent v1.0.2
[INFO] [stderr]    Compiling hashbrown v0.17.1
[INFO] [stderr]    Compiling hashbrown v0.15.5
[INFO] [stderr]    Compiling curve25519-dalek v4.1.3
[INFO] [stderr]    Compiling num-integer v0.1.47
[INFO] [stderr]    Compiling hybrid-array v0.4.14
[INFO] [stderr]    Compiling prettyplease v0.2.37
[INFO] [stderr]    Compiling getrandom v0.2.17
[INFO] [stderr]    Compiling rand_core v0.6.4
[INFO] [stderr]    Compiling num-bigint v0.4.8
[INFO] [stderr]    Compiling crypto-common v0.1.6
[INFO] [stderr]    Compiling block-buffer v0.10.4
[INFO] [stderr]    Compiling ff v0.13.1
[INFO] [stderr]    Compiling indexmap v2.14.2
[INFO] [stderr]    Compiling group v0.13.0
[INFO] [stderr]    Compiling indexmap-nostd v0.4.0
[INFO] [stderr]    Compiling digest v0.10.7
[INFO] [stderr]    Compiling downcast-rs v1.2.1
[INFO] [stderr]    Compiling fnv v1.0.7
[INFO] [stderr]    Compiling wasmparser-nostd v0.100.2
[INFO] [stderr]    Compiling block-buffer v0.12.1
[INFO] [stderr]    Compiling crypto-common v0.2.2
[INFO] [stderr]    Compiling sha2 v0.10.9
[INFO] [stderr]    Compiling wasmi_core v0.13.0
[INFO] [stderr]    Compiling curve25519-dalek v5.0.0
[INFO] [stderr]    Compiling wasmi_arena v0.4.1
[INFO] [stderr]    Compiling wasmparser v0.116.1
[INFO] [stderr]    Compiling base64 v0.22.1
[INFO] [stderr]    Compiling spin v0.9.9
[INFO] [stderr]    Compiling byteorder v1.5.0
[INFO] [stderr]    Compiling hex v0.4.3
[INFO] [stderr]    Compiling smallvec v1.16.0
[INFO] [stderr]    Compiling heapless v0.8.0
[INFO] [stderr]    Compiling hash32 v0.3.1
[INFO] [stderr]    Compiling cpufeatures v0.3.1
[INFO] [stderr]    Compiling keccak v0.1.6
[INFO] [stderr]    Compiling stable_deref_trait v1.2.1
[INFO] [stderr]    Compiling static_assertions v1.1.0
[INFO] [stderr]    Compiling soroban-env-host v27.0.1
[INFO] [stderr]    Compiling heck v0.5.0
[INFO] [stderr]    Compiling hex-literal v0.4.1
[INFO] [stderr]    Compiling digest v0.11.3
[INFO] [stderr]    Compiling serde_derive v1.0.229
[INFO] [stderr]    Compiling enum-ordinalize-derive v4.4.2
[INFO] [stderr]    Compiling enum-ordinalize v4.4.2
[INFO] [stderr]    Compiling darling_core v0.23.0
[INFO] [stderr]    Compiling darling_core v0.20.11
[INFO] [stderr]    Compiling macro-string v0.1.4
[INFO] [stderr]    Compiling ppv-lite86 v0.2.21
[INFO] [stderr]    Compiling zeroize_derive v1.5.0
[INFO] [stderr]    Compiling cfg_eval v0.1.2
[INFO] [stderr]    Compiling ark-serialize-derive v0.5.0
[INFO] [stderr]    Compiling ark-ff-asm v0.5.0
[INFO] [stderr]    Compiling ark-ff-macros v0.5.0
[INFO] [stderr]    Compiling educe v0.6.0
[INFO] [stderr]    Compiling rand_chacha v0.3.1
[INFO] [stderr]    Compiling thiserror-impl v1.0.69
[INFO] [stderr]    Compiling rand v0.8.8
[INFO] [stderr]    Compiling zeroize v1.9.0
[INFO] [stderr]    Compiling num-derive v0.4.2
[INFO] [stderr]    Compiling curve25519-dalek-derive v0.1.1
[INFO] [stderr]    Compiling soroban-builtin-sdk-macros v27.0.1
[INFO] [stderr]    Compiling ark-std v0.5.0
[INFO] [stderr]    Compiling der v0.7.10
[INFO] [stderr]    Compiling bytes-lit v0.0.6
[INFO] [stderr]    Compiling visibility v0.1.1
[INFO] [stderr]    Compiling crypto-bigint v0.5.5
[INFO] [stderr]    Compiling soroban-wasmi v0.31.1-soroban.20.0.1
[INFO] [stderr]    Compiling sec1 v0.7.3
[INFO] [stderr]    Compiling darling_macro v0.23.0
[INFO] [stderr]    Compiling signature v2.2.0
[INFO] [stderr]    Compiling ark-serialize v0.5.0
[INFO] [stderr]    Compiling darling v0.23.0
[INFO] [stderr]    Compiling hmac v0.12.1
[INFO] [stderr]    Compiling rfc6979 v0.4.0
[INFO] [stderr]    Compiling serde_with_macros v3.22.0
[INFO] [stderr]    Compiling ed25519 v2.2.3
[INFO] [stderr]    Compiling sha3 v0.10.9
[INFO] [stderr]    Compiling elliptic-curve v0.13.8
[INFO] [stderr]    Compiling crate-git-revision v0.0.6
[INFO] [stderr]    Compiling ark-ff v0.5.0
[INFO] [stderr]    Compiling ecdsa v0.16.9
[INFO] [stderr]    Compiling darling_macro v0.20.11
[INFO] [stderr]    Compiling stellar-strkey v0.0.13
[INFO] [stderr]    Compiling stellar-xdr v27.0.0
[INFO] [stderr]    Compiling soroban-env-common v27.0.1
[INFO] [stderr]    Compiling stellar-strkey v0.0.16
[INFO] [stderr]    Compiling primeorder v0.13.6
[INFO] [stderr]    Compiling crate-git-revision v0.0.9
[INFO] [stderr]    Compiling ed25519-dalek v2.2.0
[INFO] [stderr]    Compiling darling v0.20.11
[INFO] [stderr]    Compiling p256 v0.13.2
[INFO] [stderr]    Compiling k256 v0.13.4
[INFO] [stderr]    Compiling soroban-sdk v27.0.6
[INFO] [stderr]    Compiling serde_with v3.22.0
[INFO] [stderr]    Compiling ark-poly v0.5.0
[INFO] [stderr]    Compiling ark-ec v0.5.0
[INFO] [stderr]    Compiling ark-bn254 v0.5.0
[INFO] [stderr]    Compiling ark-bls12-381 v0.5.0
[INFO] [stderr]    Compiling soroban-spec v27.0.6
[INFO] [stderr]    Compiling soroban-spec-rust v27.0.6
[INFO] [stderr]    Compiling soroban-env-macros v27.0.1
[INFO] [stderr]    Compiling soroban-sdk-macros v27.0.6
[INFO] [stderr]    Compiling lending-contract v0.1.0 (/opt/rustwide/workdir)
[INFO] [stderr]     Finished `release` profile [optimized] target(s) in 2m 03s
[INFO] running `Command { std: "docker" "inspect" "c6d20e020b4a4d252e770a6430e90329f47b2ca85c1821285c9d68a44a93d7b1", kill_on_drop: false }`
[INFO] running `Command { std: "docker" "exec" "-e" "SOURCE_DIR=/opt/rustwide/workdir" "-e" "CARGO_HOME=/opt/rustwide/cargo-home" "-e" "RUSTUP_HOME=/opt/rustwide/rustup-home" "-e" "CARGO_TARGET_DIR=/opt/rustwide/target" "-e" "CARGO_INCREMENTAL=0" "-e" "RUST_BACKTRACE=full" "-e" "RUSTFLAGS=--cap-lints=warn" "-e" "RUSTDOCFLAGS=--cap-lints=warn" "-w" "/opt/rustwide/workdir" "--user" "0:0" "c6d20e020b4a4d252e770a6430e90329f47b2ca85c1821285c9d68a44a93d7b1" "/opt/rustwide/cargo-home/bin/cargo" "+1.99.0-beta.8" "test" "--frozen" "--no-run" "--message-format=json" "--release", kill_on_drop: false }`
[INFO] [stderr]    Compiling typenum v1.20.1
[INFO] [stderr]    Compiling cfg-if v1.0.4
[INFO] [stderr]    Compiling subtle v2.6.1
[INFO] [stderr]    Compiling const-oid v0.9.6
[INFO] [stderr]    Compiling zeroize v1.9.0
[INFO] [stderr]    Compiling libc v0.2.189
[INFO] [stderr]    Compiling serde_core v1.0.229
[INFO] [stderr]    Compiling num-traits v0.2.19
[INFO] [stderr]    Compiling zerocopy v0.8.56
[INFO] [stderr]    Compiling cpufeatures v0.2.17
[INFO] [stderr]    Compiling either v1.18.0
[INFO] [stderr]    Compiling arrayvec v0.7.8
[INFO] [stderr]    Compiling base16ct v0.2.0
[INFO] [stderr]    Compiling zmij v1.0.23
[INFO] [stderr]    Compiling serde_json v1.0.151
[INFO] [stderr]    Compiling memchr v2.8.3
[INFO] [stderr]    Compiling once_cell v1.21.4
[INFO] [stderr]    Compiling itoa v1.0.18
[INFO] [stderr]    Compiling allocator-api2 v0.2.21
[INFO] [stderr]    Compiling der v0.7.10
[INFO] [stderr]    Compiling schemars v0.8.22
[INFO] [stderr]    Compiling dyn-clone v1.0.20
[INFO] [stderr]    Compiling data-encoding v2.11.1
[INFO] [stderr]    Compiling libm v0.2.16
[INFO] [stderr]    Compiling itertools v0.13.0
[INFO] [stderr]    Compiling stellar-xdr v27.0.0
[INFO] [stderr]    Compiling derive_arbitrary v1.3.2
[INFO] [stderr]    Compiling hashbrown v0.17.1
[INFO] [stderr]    Compiling indexmap-nostd v0.4.0
[INFO] [stderr]    Compiling downcast-rs v1.2.1
[INFO] [stderr]    Compiling equivalent v1.0.2
[INFO] [stderr]    Compiling stellar-strkey v0.0.13
[INFO] [stderr]    Compiling soroban-env-common v27.0.1
[INFO] [stderr]    Compiling base64 v0.22.1
[INFO] [stderr]    Compiling wasmparser-nostd v0.100.2
[INFO] [stderr]    Compiling hashbrown v0.15.5
[INFO] [stderr]    Compiling ethnum v1.5.3
[INFO] [stderr]    Compiling num-integer v0.1.47
[INFO] [stderr]    Compiling arbitrary v1.3.2
[INFO] [stderr]    Compiling wasmi_arena v0.4.1
[INFO] [stderr]    Compiling num-bigint v0.4.8
[INFO] [stderr]    Compiling wasmi_core v0.13.0
[INFO] [stderr]    Compiling semver v1.0.28
[INFO] [stderr]    Compiling spin v0.9.9
[INFO] [stderr]    Compiling escape-bytes v0.1.1
[INFO] [stderr]    Compiling indexmap v2.14.2
[INFO] [stderr]    Compiling smallvec v1.16.0
[INFO] [stderr]    Compiling keccak v0.1.6
[INFO] [stderr]    Compiling byteorder v1.5.0
[INFO] [stderr]    Compiling cpufeatures v0.3.1
[INFO] [stderr]    Compiling soroban-env-host v27.0.1
[INFO] [stderr]    Compiling getrandom v0.2.17
[INFO] [stderr]    Compiling static_assertions v1.1.0
[INFO] [stderr]    Compiling thiserror v1.0.69
[INFO] [stderr]    Compiling dtor-proc-macro v0.0.6
[INFO] [stderr]    Compiling stable_deref_trait v1.2.1
[INFO] [stderr]    Compiling hex-literal v0.4.1
[INFO] [stderr]    Compiling rand_core v0.6.4
[INFO] [stderr]    Compiling soroban-sdk v27.0.6
[INFO] [stderr]    Compiling generic-array v0.14.9
[INFO] [stderr]    Compiling ff v0.13.1
[INFO] [stderr]    Compiling hybrid-array v0.4.14
[INFO] [stderr]    Compiling hash32 v0.3.1
[INFO] [stderr]    Compiling ctor-proc-macro v0.0.6
[INFO] [stderr]    Compiling heapless v0.8.0
[INFO] [stderr]    Compiling soroban-sdk-macros v27.0.6
[INFO] [stderr]    Compiling dtor v0.1.1
[INFO] [stderr]    Compiling group v0.13.0
[INFO] [stderr]    Compiling ctor v0.5.0
[INFO] [stderr]    Compiling stellar-strkey v0.0.16
[INFO] [stderr]    Compiling wasmparser v0.116.1
[INFO] [stderr]    Compiling crypto-common v0.2.2
[INFO] [stderr]    Compiling block-buffer v0.12.1
[INFO] [stderr]    Compiling crypto-common v0.1.6
[INFO] [stderr]    Compiling block-buffer v0.10.4
[INFO] [stderr]    Compiling sec1 v0.7.3
[INFO] [stderr]    Compiling crypto-bigint v0.5.5
[INFO] [stderr]    Compiling digest v0.10.7
[INFO] [stderr]    Compiling signature v2.2.0
[INFO] [stderr]    Compiling sha2 v0.10.9
[INFO] [stderr]    Compiling hmac v0.12.1
[INFO] [stderr]    Compiling curve25519-dalek v4.1.3
[INFO] [stderr]    Compiling sha3 v0.10.9
[INFO] [stderr]    Compiling ed25519 v2.2.3
[INFO] [stderr]    Compiling rfc6979 v0.4.0
[INFO] [stderr]    Compiling digest v0.11.3
[INFO] [stderr]    Compiling serde v1.0.229
[INFO] [stderr]    Compiling curve25519-dalek v5.0.0
[INFO] [stderr]    Compiling ed25519-dalek v2.2.0
[INFO] [stderr]    Compiling elliptic-curve v0.13.8
[INFO] [stderr]    Compiling ecdsa v0.16.9
[INFO] [stderr]    Compiling primeorder v0.13.6
[INFO] [stderr]    Compiling soroban-wasmi v0.31.1-soroban.20.0.1
[INFO] [stderr]    Compiling hex v0.4.3
[INFO] [stderr]    Compiling p256 v0.13.2
[INFO] [stderr]    Compiling k256 v0.13.4
[INFO] [stderr]    Compiling ppv-lite86 v0.2.21
[INFO] [stderr]    Compiling ahash v0.8.12
[INFO] [stderr]    Compiling serde_with v3.22.0
[INFO] [stderr]    Compiling rand_chacha v0.3.1
[INFO] [stderr]    Compiling rand v0.8.8
[INFO] [stderr]    Compiling ark-std v0.5.0
[INFO] [stderr]    Compiling ark-serialize v0.5.0
[INFO] [stderr]    Compiling ark-ff v0.5.0
[INFO] [stderr]    Compiling ark-poly v0.5.0
[INFO] [stderr]    Compiling ark-ec v0.5.0
[INFO] [stderr]    Compiling ark-bn254 v0.5.0
[INFO] [stderr]    Compiling ark-bls12-381 v0.5.0
[INFO] [stderr]    Compiling soroban-ledger-snapshot v27.0.6
[INFO] [stderr]    Compiling lending-contract v0.1.0 (/opt/rustwide/workdir)
[INFO] [stderr]     Finished `release` profile [optimized] target(s) in 2m 15s
[INFO] running `Command { std: "docker" "inspect" "c6d20e020b4a4d252e770a6430e90329f47b2ca85c1821285c9d68a44a93d7b1", kill_on_drop: false }`
[INFO] running `Command { std: "docker" "exec" "-e" "SOURCE_DIR=/opt/rustwide/workdir" "-e" "CARGO_HOME=/opt/rustwide/cargo-home" "-e" "RUSTUP_HOME=/opt/rustwide/rustup-home" "-e" "CARGO_TARGET_DIR=/opt/rustwide/target" "-e" "CARGO_INCREMENTAL=0" "-e" "RUST_BACKTRACE=full" "-e" "RUSTFLAGS=--cap-lints=warn" "-e" "RUSTDOCFLAGS=--cap-lints=warn" "-w" "/opt/rustwide/workdir" "--user" "0:0" "c6d20e020b4a4d252e770a6430e90329f47b2ca85c1821285c9d68a44a93d7b1" "/opt/rustwide/cargo-home/bin/cargo" "+1.99.0-beta.8" "test" "--frozen" "--release", kill_on_drop: false }`
[INFO] [stderr]     Finished `release` profile [optimized] target(s) in 0.36s
[INFO] [stderr]      Running unittests src/lib.rs (/opt/rustwide/target/release/deps/lending_contract-c3c3257492172a30)
[INFO] [stdout] 
[INFO] [stdout] running 6 tests
[INFO] [stdout] test test::test_interest_accrues_over_ledgers ... FAILED
[INFO] [stdout] test test::test_stale_oracle_rejected ... FAILED
[INFO] [stdout] test test::test_healthy_borrow ... FAILED
[INFO] [stdout] test test::test_successful_liquidation ... FAILED
[INFO] [stderr] error: test failed, to rerun pass `--lib`
[INFO] [stdout] test test::test_undercollateralized_borrow_rejected ... FAILED
[INFO] [stdout] test test::test_liquidate_healthy_position_rejected ... FAILED
[INFO] [stdout] 
[INFO] [stdout] failures:
[INFO] [stdout] 
[INFO] [stdout] ---- test::test_interest_accrues_over_ledgers stdout ----
[INFO] [stdout] Writing test snapshot file for test "test::test_interest_accrues_over_ledgers" to "test_snapshots/test/test_interest_accrues_over_ledgers.1.json".
[INFO] [stdout] 
[INFO] [stdout] thread 'test::test_interest_accrues_over_ledgers' (3958) panicked at /opt/rustwide/cargo-home/registry/src/index.crates.io-1949cf8c6b5b557f/soroban-sdk-27.0.6/src/env.rs:2100:32:
[INFO] [stdout] called `Result::unwrap()` on an `Err` value: Os { code: 30, kind: ReadOnlyFilesystem, message: "Read-only file system" }
[INFO] [stdout] stack backtrace:
[INFO] [stdout]    0:     0x5ca690d1c7d7 - <unknown>
[INFO] [stdout]    1:     0x5ca690ba2b94 - <unknown>
[INFO] [stdout]    2:     0x5ca690d1bd9b - <unknown>
[INFO] [stdout]    3:     0x5ca690d1b999 - <unknown>
[INFO] [stdout]    4:     0x5ca690d1b61a - <unknown>
[INFO] [stdout]    5:     0x5ca690d1b153 - <unknown>
[INFO] [stdout]    6:     0x5ca690d41461 - <unknown>
[INFO] [stdout]    7:     0x5ca690d41419 - <unknown>
[INFO] [stdout]    8:     0x5ca690d4191c - <unknown>
[INFO] [stdout]    9:     0x5ca690ba2a2b - <unknown>
[INFO] [stdout]   10:     0x5ca690ba6321 - <unknown>
[INFO] [stdout]   11:     0x5ca690ce3793 - <unknown>
[INFO] [stdout]   12:     0x5ca690b8f3da - <unknown>
[INFO] [stdout]   13:     0x5ca690b9c223 - <unknown>
[INFO] [stdout]   14:     0x5ca690d5ae3b - <unknown>
[INFO] [stdout]   15:     0x5ca690d56792 - <unknown>
[INFO] [stdout]   16:     0x5ca690d5623c - <unknown>
[INFO] [stdout]   17:     0x5ca690d7176c - <unknown>
[INFO] [stdout]   18:     0x5ca690d42d5a - <unknown>
[INFO] [stdout]   19:     0x76685c3dedfa - <unknown>
[INFO] [stdout]   20:     0x76685c4723d4 - clone
[INFO] [stdout]   21:                0x0 - <unknown>
[INFO] [stdout] 
[INFO] [stdout] ---- test::test_stale_oracle_rejected stdout ----
[INFO] [stdout] Writing test snapshot file for test "test::test_stale_oracle_rejected" to "test_snapshots/test/test_stale_oracle_rejected.1.json".
[INFO] [stdout] 
[INFO] [stdout] thread 'test::test_stale_oracle_rejected' (3960) panicked at /opt/rustwide/cargo-home/registry/src/index.crates.io-1949cf8c6b5b557f/soroban-sdk-27.0.6/src/env.rs:2100:32:
[INFO] [stdout] called `Result::unwrap()` on an `Err` value: Os { code: 30, kind: ReadOnlyFilesystem, message: "Read-only file system" }
[INFO] [stdout] stack backtrace:
[INFO] [stdout]    0:     0x5ca690d1c7d7 - <unknown>
[INFO] [stdout]    1:     0x5ca690ba2b94 - <unknown>
[INFO] [stdout]    2:     0x5ca690d1bd9b - <unknown>
[INFO] [stdout]    3:     0x5ca690d1b999 - <unknown>
[INFO] [stdout]    4:     0x5ca690d1b61a - <unknown>
[INFO] [stdout]    5:     0x5ca690d1b153 - <unknown>
[INFO] [stdout]    6:     0x5ca690d41461 - <unknown>
[INFO] [stdout]    7:     0x5ca690d41419 - <unknown>
[INFO] [stdout]    8:     0x5ca690d4191c - <unknown>
[INFO] [stdout]    9:     0x5ca690ba2a2b - <unknown>
[INFO] [stdout]   10:     0x5ca690ba6321 - <unknown>
[INFO] [stdout]   11:     0x5ca690ce3793 - <unknown>
[INFO] [stdout]   12:     0x5ca690b8f3da - <unknown>
[INFO] [stdout]   13:     0x5ca690b9ba79 - <unknown>
[INFO] [stdout]   14:     0x5ca690d5ae3b - <unknown>
[INFO] [stdout]   15:     0x5ca690d56792 - <unknown>
[INFO] [stdout]   16:     0x5ca690d5623c - <unknown>
[INFO] [stdout]   17:     0x5ca690d7176c - <unknown>
[INFO] [stdout]   18:     0x5ca690d42d5a - <unknown>
[INFO] [stdout]   19:     0x76685c3dedfa - <unknown>
[INFO] [stdout]   20:     0x76685c4723d4 - clone
[INFO] [stdout]   21:                0x0 - <unknown>
[INFO] [stdout] 
[INFO] [stdout] ---- test::test_healthy_borrow stdout ----
[INFO] [stdout] Writing test snapshot file for test "test::test_healthy_borrow" to "test_snapshots/test/test_healthy_borrow.1.json".
[INFO] [stdout] 
[INFO] [stdout] thread 'test::test_healthy_borrow' (3957) panicked at /opt/rustwide/cargo-home/registry/src/index.crates.io-1949cf8c6b5b557f/soroban-sdk-27.0.6/src/env.rs:2100:32:
[INFO] [stdout] called `Result::unwrap()` on an `Err` value: Os { code: 30, kind: ReadOnlyFilesystem, message: "Read-only file system" }
[INFO] [stdout] stack backtrace:
[INFO] [stdout]    0:     0x5ca690d1c7d7 - <unknown>
[INFO] [stdout]    1:     0x5ca690ba2b94 - <unknown>
[INFO] [stdout]    2:     0x5ca690d1bd9b - <unknown>
[INFO] [stdout]    3:     0x5ca690d1b999 - <unknown>
[INFO] [stdout]    4:     0x5ca690d1b61a - <unknown>
[INFO] [stdout]    5:     0x5ca690d1b153 - <unknown>
[INFO] [stdout]    6:     0x5ca690d41461 - <unknown>
[INFO] [stdout]    7:     0x5ca690d41419 - <unknown>
[INFO] [stdout]    8:     0x5ca690d4191c - <unknown>
[INFO] [stdout]    9:     0x5ca690ba2a2b - <unknown>
[INFO] [stdout]   10:     0x5ca690ba6321 - <unknown>
[INFO] [stdout]   11:     0x5ca690ce3793 - <unknown>
[INFO] [stdout]   12:     0x5ca690b8f3da - <unknown>
[INFO] [stdout]   13:     0x5ca690b9b8b1 - <unknown>
[INFO] [stdout]   14:     0x5ca690d5ae3b - <unknown>
[INFO] [stdout]   15:     0x5ca690d56792 - <unknown>
[INFO] [stdout]   16:     0x5ca690d5623c - <unknown>
[INFO] [stdout]   17:     0x5ca690d7176c - <unknown>
[INFO] [stdout]   18:     0x5ca690d42d5a - <unknown>
[INFO] [stdout]   19:     0x76685c3dedfa - <unknown>
[INFO] [stdout]   20:     0x76685c4723d4 - clone
[INFO] [stdout]   21:                0x0 - <unknown>
[INFO] [stdout] 
[INFO] [stdout] ---- test::test_successful_liquidation stdout ----
[INFO] [stdout] Writing test snapshot file for test "test::test_successful_liquidation" to "test_snapshots/test/test_successful_liquidation.1.json".
[INFO] [stdout] 
[INFO] [stdout] thread 'test::test_successful_liquidation' (3961) panicked at /opt/rustwide/cargo-home/registry/src/index.crates.io-1949cf8c6b5b557f/soroban-sdk-27.0.6/src/env.rs:2100:32:
[INFO] [stdout] called `Result::unwrap()` on an `Err` value: Os { code: 30, kind: ReadOnlyFilesystem, message: "Read-only file system" }
[INFO] [stdout] stack backtrace:
[INFO] [stdout]    0:     0x5ca690d1c7d7 - <unknown>
[INFO] [stdout]    1:     0x5ca690ba2b94 - <unknown>
[INFO] [stdout]    2:     0x5ca690d1bd9b - <unknown>
[INFO] [stdout]    3:     0x5ca690d1b999 - <unknown>
[INFO] [stdout]    4:     0x5ca690d1b61a - <unknown>
[INFO] [stdout]    5:     0x5ca690d1b153 - <unknown>
[INFO] [stdout]    6:     0x5ca690d41461 - <unknown>
[INFO] [stdout]    7:     0x5ca690d41419 - <unknown>
[INFO] [stdout]    8:     0x5ca690d4191c - <unknown>
[INFO] [stdout]    9:     0x5ca690ba2a2b - <unknown>
[INFO] [stdout]   10:     0x5ca690ba6321 - <unknown>
[INFO] [stdout]   11:     0x5ca690ce3793 - <unknown>
[INFO] [stdout]   12:     0x5ca690b8f3da - <unknown>
[INFO] [stdout]   13:     0x5ca690b9beea - <unknown>
[INFO] [stdout]   14:     0x5ca690d5ae3b - <unknown>
[INFO] [stdout]   15:     0x5ca690d56792 - <unknown>
[INFO] [stdout]   16:     0x5ca690d5623c - <unknown>
[INFO] [stdout]   17:     0x5ca690d7176c - <unknown>
[INFO] [stdout]   18:     0x5ca690d42d5a - <unknown>
[INFO] [stdout]   19:     0x76685c3dedfa - <unknown>
[INFO] [stdout]   20:     0x76685c4723d4 - clone
[INFO] [stdout]   21:                0x0 - <unknown>
[INFO] [stdout] 
[INFO] [stdout] ---- test::test_undercollateralized_borrow_rejected stdout ----
[INFO] [stdout] Writing test snapshot file for test "test::test_undercollateralized_borrow_rejected" to "test_snapshots/test/test_undercollateralized_borrow_rejected.1.json".
[INFO] [stdout] 
[INFO] [stdout] thread 'test::test_undercollateralized_borrow_rejected' (3962) panicked at /opt/rustwide/cargo-home/registry/src/index.crates.io-1949cf8c6b5b557f/soroban-sdk-27.0.6/src/env.rs:2100:32:
[INFO] [stdout] called `Result::unwrap()` on an `Err` value: Os { code: 30, kind: ReadOnlyFilesystem, message: "Read-only file system" }
[INFO] [stdout] stack backtrace:
[INFO] [stdout]    0:     0x5ca690d1c7d7 - <unknown>
[INFO] [stdout]    1:     0x5ca690ba2b94 - <unknown>
[INFO] [stdout]    2:     0x5ca690d1bd9b - <unknown>
[INFO] [stdout]    3:     0x5ca690d1b999 - <unknown>
[INFO] [stdout]    4:     0x5ca690d1b61a - <unknown>
[INFO] [stdout]    5:     0x5ca690d1b153 - <unknown>
[INFO] [stdout]    6:     0x5ca690d41461 - <unknown>
[INFO] [stdout]    7:     0x5ca690d41419 - <unknown>
[INFO] [stdout]    8:     0x5ca690d4191c - <unknown>
[INFO] [stdout]    9:     0x5ca690ba2a2b - <unknown>
[INFO] [stdout]   10:     0x5ca690ba6321 - <unknown>
[INFO] [stdout]   11:     0x5ca690ce3793 - <unknown>
[INFO] [stdout]   12:     0x5ca690b8f3da - <unknown>
[INFO] [stdout]   13:     0x5ca690b9c7f8 - <unknown>
[INFO] [stdout]   14:     0x5ca690d5ae3b - <unknown>
[INFO] [stdout]   15:     0x5ca690d56792 - <unknown>
[INFO] [stdout]   16:     0x5ca690d5623c - <unknown>
[INFO] [stdout]   17:     0x5ca690d7176c - <unknown>
[INFO] [stdout]   18:     0x5ca690d42d5a - <unknown>
[INFO] [stdout]   19:     0x76685c3dedfa - <unknown>
[INFO] [stdout]   20:     0x76685c4723d4 - clone
[INFO] [stdout]   21:                0x0 - <unknown>
[INFO] [stdout] 
[INFO] [stdout] ---- test::test_liquidate_healthy_position_rejected stdout ----
[INFO] [stdout] Writing test snapshot file for test "test::test_liquidate_healthy_position_rejected" to "test_snapshots/test/test_liquidate_healthy_position_rejected.1.json".
[INFO] [stdout] 
[INFO] [stdout] thread 'test::test_liquidate_healthy_position_rejected' (3959) panicked at /opt/rustwide/cargo-home/registry/src/index.crates.io-1949cf8c6b5b557f/soroban-sdk-27.0.6/src/env.rs:2100:32:
[INFO] [stdout] called `Result::unwrap()` on an `Err` value: Os { code: 30, kind: ReadOnlyFilesystem, message: "Read-only file system" }
[INFO] [stdout] stack backtrace:
[INFO] [stdout]    0:     0x5ca690d1c7d7 - <unknown>
[INFO] [stdout]    1:     0x5ca690ba2b94 - <unknown>
[INFO] [stdout]    2:     0x5ca690d1bd9b - <unknown>
[INFO] [stdout]    3:     0x5ca690d1b999 - <unknown>
[INFO] [stdout]    4:     0x5ca690d1b61a - <unknown>
[INFO] [stdout]    5:     0x5ca690d1b153 - <unknown>
[INFO] [stdout]    6:     0x5ca690d41461 - <unknown>
[INFO] [stdout]    7:     0x5ca690d41419 - <unknown>
[INFO] [stdout]    8:     0x5ca690d4191c - <unknown>
[INFO] [stdout]    9:     0x5ca690ba2a2b - <unknown>
[INFO] [stdout]   10:     0x5ca690ba6321 - <unknown>
[INFO] [stdout]   11:     0x5ca690ce3793 - <unknown>
[INFO] [stdout]   12:     0x5ca690b8f3da - <unknown>
[INFO] [stdout]   13:     0x5ca690b9c5b2 - <unknown>
[INFO] [stdout]   14:     0x5ca690d5ae3b - <unknown>
[INFO] [stdout]   15:     0x5ca690d56792 - <unknown>
[INFO] [stdout]   16:     0x5ca690d5623c - <unknown>
[INFO] [stdout]   17:     0x5ca690d7176c - <unknown>
[INFO] [stdout]   18:     0x5ca690d42d5a - <unknown>
[INFO] [stdout]   19:     0x76685c3dedfa - <unknown>
[INFO] [stdout]   20:     0x76685c4723d4 - clone
[INFO] [stdout]   21:                0x0 - <unknown>
[INFO] [stdout] 
[INFO] [stdout] 
[INFO] [stdout] failures:
[INFO] [stdout]     test::test_healthy_borrow
[INFO] [stdout]     test::test_interest_accrues_over_ledgers
[INFO] [stdout]     test::test_liquidate_healthy_position_rejected
[INFO] [stdout]     test::test_stale_oracle_rejected
[INFO] [stdout]     test::test_successful_liquidation
[INFO] [stdout]     test::test_undercollateralized_borrow_rejected
[INFO] [stdout] 
[INFO] [stdout] test result: FAILED. 0 passed; 6 failed; 0 ignored; 0 measured; 0 filtered out; finished in 0.02s
[INFO] [stdout] 
[INFO] running `Command { std: "docker" "inspect" "c6d20e020b4a4d252e770a6430e90329f47b2ca85c1821285c9d68a44a93d7b1", kill_on_drop: false }`
[INFO] running `Command { std: "docker" "rm" "-f" "c6d20e020b4a4d252e770a6430e90329f47b2ca85c1821285c9d68a44a93d7b1", kill_on_drop: false }`
[INFO] [stdout] c6d20e020b4a4d252e770a6430e90329f47b2ca85c1821285c9d68a44a93d7b1
