[INFO] cloning repository https://github.com/mhfan/hello-rust
[INFO] running `Command { std: "git" "-c" "credential.helper=" "-c" "credential.helper=/workspace/cargo-home/bin/git-credential-null" "clone" "--bare" "https://github.com/mhfan/hello-rust" "/workspace/cache/git-repos/https%3A%2F%2Fgithub.com%2Fmhfan%2Fhello-rust", kill_on_drop: false }`
[INFO] [stderr] Cloning into bare repository '/workspace/cache/git-repos/https%3A%2F%2Fgithub.com%2Fmhfan%2Fhello-rust'...
[INFO] running `Command { std: "git" "rev-parse" "HEAD", kill_on_drop: false }`
[INFO] [stdout] c98299b75693ca800791b00c28b4ece818ba011a
[INFO] testing mhfan/hello-rust against 1.99.0-beta.8+cargoflags=--release for beta-release-1.100-2
[INFO] running `Command { std: "git" "clone" "/workspace/cache/git-repos/https%3A%2F%2Fgithub.com%2Fmhfan%2Fhello-rust" "/workspace/builds/worker-7-tc1/source", kill_on_drop: false }`
[INFO] [stderr] Cloning into '/workspace/builds/worker-7-tc1/source'...
[INFO] [stderr] done.
[INFO] started tweaking git repo https://github.com/mhfan/hello-rust
[INFO] finished tweaking git repo https://github.com/mhfan/hello-rust
[INFO] tweaked toml for git repo https://github.com/mhfan/hello-rust written to /workspace/builds/worker-7-tc1/source/Cargo.toml
[INFO] validating manifest of git repo https://github.com/mhfan/hello-rust on toolchain 1.99.0-beta.8
[INFO] running `Command { std: CARGO_HOME="/workspace/cargo-home" RUSTUP_HOME="/workspace/rustup-home" "/workspace/cargo-home/bin/cargo" "+1.99.0-beta.8" "metadata" "--manifest-path" "Cargo.toml" "--no-deps", kill_on_drop: false }`
[INFO] running `Command { std: CARGO_HOME="/workspace/cargo-home" RUSTUP_HOME="/workspace/rustup-home" "/workspace/cargo-home/bin/cargo" "+1.99.0-beta.8" "generate-lockfile" "--manifest-path" "Cargo.toml", kill_on_drop: false }`
[INFO] [stderr]     Updating crates.io index
[INFO] [stderr]      Locking 183 packages to highest compatible versions
[INFO] [stderr]       Adding psm v0.1.24 (available: v0.1.32)
[INFO] running `Command { std: CARGO_HOME="/workspace/cargo-home" RUSTUP_HOME="/workspace/rustup-home" "/workspace/cargo-home/bin/cargo" "+1.99.0-beta.8" "fetch" "--manifest-path" "Cargo.toml", kill_on_drop: false }`
[INFO] [stderr]  Downloading crates ...
[INFO] [stderr]   Downloaded comma v1.0.0
[INFO] [stderr]   Downloaded rexpect v0.7.1
[INFO] [stderr]   Downloaded pest_derive v2.9.4
[INFO] [stderr]   Downloaded pest_generator v2.9.4
[INFO] [stderr]   Downloaded pest_meta v2.9.4
[INFO] [stderr]   Downloaded gxhash v3.5.0
[INFO] [stderr]   Downloaded cxx-build v1.0.205
[INFO] [stderr]   Downloaded scratch v1.0.9
[INFO] [stderr]   Downloaded cxxbridge-flags v1.0.205
[INFO] [stderr]   Downloaded cxxbridge-macro v1.0.205
[INFO] [stderr]   Downloaded cxxbridge-cmd v1.0.205
[INFO] [stderr]   Downloaded cxx v1.0.205
[INFO] running `Command { std: "docker" "create" "-v" "/var/lib/crater-agent-workspace/builds/worker-7-tc1/source:/opt/rustwide/workdir:ro,Z" "-v" "/var/lib/crater-agent-workspace/builds/worker-7-tc1/target:/opt/rustwide/target:rw,Z" "-v" "/var/lib/crater-agent-workspace/cargo-home:/opt/rustwide/cargo-home:ro,Z" "-v" "/var/lib/crater-agent-workspace/rustup-home:/opt/rustwide/rustup-home:ro,Z" "-m" "1610612736" "--network" "none" "ghcr.io/rust-lang/crates-build-env/linux@sha256:77db811e55d90add9212f6832c23229e3de5f1c1f9905e8cb07319ea15df73ac" "sleep" "infinity", kill_on_drop: false }`
[INFO] [stdout] b8e374ab194c61712291a9c22b5da2ddaaa35569d433f31580e6d00475398fec
[INFO] running `Command { std: "docker" "start" "b8e374ab194c61712291a9c22b5da2ddaaa35569d433f31580e6d00475398fec", kill_on_drop: false }`
[INFO] running `Command { std: "docker" "inspect" "b8e374ab194c61712291a9c22b5da2ddaaa35569d433f31580e6d00475398fec", kill_on_drop: false }`
[INFO] running `Command { std: "docker" "exec" "-e" "SOURCE_DIR=/opt/rustwide/workdir" "-e" "CARGO_HOME=/opt/rustwide/cargo-home" "-e" "RUSTUP_HOME=/opt/rustwide/rustup-home" "-e" "CARGO_TARGET_DIR=/opt/rustwide/target" "-w" "/opt/rustwide/workdir" "--user" "0:0" "b8e374ab194c61712291a9c22b5da2ddaaa35569d433f31580e6d00475398fec" "/opt/rustwide/cargo-home/bin/cargo" "+1.99.0-beta.8" "metadata" "--no-deps" "--format-version=1", kill_on_drop: false }`
[INFO] running `Command { std: "docker" "inspect" "b8e374ab194c61712291a9c22b5da2ddaaa35569d433f31580e6d00475398fec", kill_on_drop: false }`
[INFO] running `Command { std: "docker" "exec" "-e" "SOURCE_DIR=/opt/rustwide/workdir" "-e" "CARGO_HOME=/opt/rustwide/cargo-home" "-e" "RUSTUP_HOME=/opt/rustwide/rustup-home" "-e" "CARGO_TARGET_DIR=/opt/rustwide/target" "-e" "CARGO_INCREMENTAL=0" "-e" "RUST_BACKTRACE=full" "-e" "RUSTFLAGS=--cap-lints=warn" "-e" "RUSTDOCFLAGS=--cap-lints=warn" "-w" "/opt/rustwide/workdir" "--user" "0:0" "b8e374ab194c61712291a9c22b5da2ddaaa35569d433f31580e6d00475398fec" "/opt/rustwide/cargo-home/bin/cargo" "+1.99.0-beta.8" "build" "--frozen" "--message-format=json" "--release", kill_on_drop: false }`
[INFO] [stderr]    Compiling libc v0.2.191
[INFO] [stderr]    Compiling find-msvc-tools v0.1.14
[INFO] [stderr]    Compiling cfg-if v1.0.5
[INFO] [stderr]    Compiling proc-macro2 v1.0.107
[INFO] [stderr]    Compiling quote v1.0.47
[INFO] [stderr]    Compiling unicode-ident v1.0.27
[INFO] [stderr]    Compiling ucd-trie v0.1.7
[INFO] [stderr]    Compiling memchr v2.8.3
[INFO] [stderr]    Compiling getrandom v0.4.3
[INFO] [stderr]    Compiling iana-time-zone v0.1.65
[INFO] [stderr]    Compiling zerocopy v0.8.63
[INFO] [stderr]    Compiling getrandom v0.3.4
[INFO] [stderr]    Compiling num-traits v0.2.19
[INFO] [stderr]    Compiling rand_core v0.10.1
[INFO] [stderr]    Compiling ahash v0.8.12
[INFO] [stderr]    Compiling cpufeatures v0.3.1
[INFO] [stderr]    Compiling once_cell v1.21.4
[INFO] [stderr]    Compiling chacha20 v0.10.2
[INFO] [stderr]    Compiling syn v3.0.9
[INFO] [stderr]    Compiling chrono v0.4.45
[INFO] [stderr]    Compiling jobserver v0.1.35
[INFO] [stderr]    Compiling cc v1.8.0
[INFO] [stderr]    Compiling is-terminal v0.4.17
[INFO] [stderr]    Compiling yansi v1.0.1
[INFO] [stderr]    Compiling rand v0.10.3
[INFO] [stderr]    Compiling psm v0.1.24
[INFO] [stderr]    Compiling stacker v0.1.25
[INFO] [stderr]    Compiling inrust v0.3.9 (/opt/rustwide/workdir)
[INFO] [stderr]    Compiling pest v2.9.4
[INFO] [stderr]    Compiling pest_meta v2.9.4
[INFO] [stderr]    Compiling pest_generator v2.9.4
[INFO] [stderr]    Compiling pest_derive v2.9.4
[INFO] [stderr]     Finished `release` profile [optimized] target(s) in 33.26s
[INFO] running `Command { std: "docker" "inspect" "b8e374ab194c61712291a9c22b5da2ddaaa35569d433f31580e6d00475398fec", kill_on_drop: false }`
[INFO] running `Command { std: "docker" "exec" "-e" "SOURCE_DIR=/opt/rustwide/workdir" "-e" "CARGO_HOME=/opt/rustwide/cargo-home" "-e" "RUSTUP_HOME=/opt/rustwide/rustup-home" "-e" "CARGO_TARGET_DIR=/opt/rustwide/target" "-e" "CARGO_INCREMENTAL=0" "-e" "RUST_BACKTRACE=full" "-e" "RUSTFLAGS=--cap-lints=warn" "-e" "RUSTDOCFLAGS=--cap-lints=warn" "-w" "/opt/rustwide/workdir" "--user" "0:0" "b8e374ab194c61712291a9c22b5da2ddaaa35569d433f31580e6d00475398fec" "/opt/rustwide/cargo-home/bin/cargo" "+1.99.0-beta.8" "test" "--frozen" "--no-run" "--message-format=json" "--release", kill_on_drop: false }`
[INFO] [stderr]    Compiling libc v0.2.191
[INFO] [stderr]    Compiling cfg-if v1.0.5
[INFO] [stderr]    Compiling zerocopy v0.8.63
[INFO] [stderr]    Compiling memchr v2.8.3
[INFO] [stderr]    Compiling crossbeam-utils v0.8.23
[INFO] [stderr]    Compiling serde_core v1.0.229
[INFO] [stderr]    Compiling crossbeam-epoch v0.9.21
[INFO] [stderr]    Compiling rand_core v0.10.1
[INFO] [stderr]    Compiling syn v2.0.119
[INFO] [stderr]    Compiling zmij v1.0.23
[INFO] [stderr]    Compiling crossbeam-deque v0.8.8
[INFO] [stderr]    Compiling serde v1.0.229
[INFO] [stderr]    Compiling serde_derive v1.0.229
[INFO] [stderr]    Compiling rayon-core v1.13.0
[INFO] [stderr]    Compiling serde_json v1.0.154
[INFO] [stderr]    Compiling rustix v1.1.5
[INFO] [stderr]    Compiling cfg_aliases v0.2.2
[INFO] [stderr]    Compiling either v1.19.0
[INFO] [stderr]    Compiling regex-syntax v0.8.11
[INFO] [stderr]    Compiling bitflags v2.13.2
[INFO] [stderr]    Compiling nix v0.31.3
[INFO] [stderr]    Compiling num-traits v0.2.19
[INFO] [stderr]    Compiling psm v0.1.24
[INFO] [stderr]    Compiling alloca v0.4.0
[INFO] [stderr]    Compiling thiserror v2.0.21
[INFO] [stderr]    Compiling cpufeatures v0.3.1
[INFO] [stderr]    Compiling ciborium-io v0.2.2
[INFO] [stderr]    Compiling plotters-backend v0.3.7
[INFO] [stderr]    Compiling clap_lex v1.1.1
[INFO] [stderr]    Compiling itertools v0.13.0
[INFO] [stderr]    Compiling aho-corasick v1.1.5
[INFO] [stderr]    Compiling clap_builder v4.6.7
[INFO] [stderr]    Compiling chacha20 v0.10.2
[INFO] [stderr]    Compiling thiserror-impl v2.0.21
[INFO] [stderr]    Compiling plotters-svg v0.3.7
[INFO] [stderr]    Compiling same-file v1.0.6
[INFO] [stderr]    Compiling cast v0.3.0
[INFO] [stderr]    Compiling ucd-trie v0.1.7
[INFO] [stderr]    Compiling fastrand v2.5.0
[INFO] [stderr]    Compiling walkdir v2.5.0
[INFO] [stderr]    Compiling plotters v0.3.7
[INFO] [stderr]    Compiling anes v0.1.6
[INFO] [stderr]    Compiling oorandom v11.1.5
[INFO] [stderr]    Compiling comma v1.0.0
[INFO] [stderr]    Compiling once_cell v1.21.4
[INFO] [stderr]    Compiling rayon v1.12.0
[INFO] [stderr]    Compiling criterion-plot v0.8.2
[INFO] [stderr]    Compiling is-terminal v0.4.17
[INFO] [stderr]    Compiling stacker v0.1.25
[INFO] [stderr]    Compiling getrandom v0.4.3
[INFO] [stderr]    Compiling getrandom v0.3.4
[INFO] [stderr]    Compiling page_size v0.6.0
[INFO] [stderr]    Compiling yansi v1.0.1
[INFO] [stderr]    Compiling tempfile v3.27.0
[INFO] [stderr]    Compiling pest v2.9.4
[INFO] [stderr]    Compiling rand v0.10.3
[INFO] [stderr]    Compiling regex-automata v0.4.18
[INFO] [stderr]    Compiling zerocopy-derive v0.8.63
[INFO] [stderr]    Compiling clap v4.6.7
[INFO] [stderr]    Compiling tinytemplate v1.2.1
[INFO] [stderr]    Compiling regex v1.13.1
[INFO] [stderr]    Compiling rexpect v0.7.1
[INFO] [stderr]    Compiling half v2.7.1
[INFO] [stderr]    Compiling ahash v0.8.12
[INFO] [stderr]    Compiling inrust v0.3.9 (/opt/rustwide/workdir)
[INFO] [stderr]    Compiling ciborium-ll v0.2.2
[INFO] [stderr]    Compiling ciborium v0.2.2
[INFO] [stderr]    Compiling criterion v0.8.2
[INFO] [stderr]     Finished `release` profile [optimized] target(s) in 1m 31s
[INFO] running `Command { std: "docker" "inspect" "b8e374ab194c61712291a9c22b5da2ddaaa35569d433f31580e6d00475398fec", kill_on_drop: false }`
[INFO] running `Command { std: "docker" "exec" "-e" "SOURCE_DIR=/opt/rustwide/workdir" "-e" "CARGO_HOME=/opt/rustwide/cargo-home" "-e" "RUSTUP_HOME=/opt/rustwide/rustup-home" "-e" "CARGO_TARGET_DIR=/opt/rustwide/target" "-e" "CARGO_INCREMENTAL=0" "-e" "RUST_BACKTRACE=full" "-e" "RUSTFLAGS=--cap-lints=warn" "-e" "RUSTDOCFLAGS=--cap-lints=warn" "-w" "/opt/rustwide/workdir" "--user" "0:0" "b8e374ab194c61712291a9c22b5da2ddaaa35569d433f31580e6d00475398fec" "/opt/rustwide/cargo-home/bin/cargo" "+1.99.0-beta.8" "test" "--frozen" "--release", kill_on_drop: false }`
[INFO] [stderr]     Finished `release` profile [optimized] target(s) in 0.20s
[INFO] [stderr]      Running unittests src/lib.rs (/opt/rustwide/target/release/deps/inrust-eb589f4cc085c2af)
[INFO] [stdout] 
[INFO] [stdout] running 12 tests
[INFO] [stdout] Test format rational/expression: a: 5, b: 6
[INFO] [stdout] Test various unit cases ...
[INFO] [stdout] test calc24::tests::solve24_random ... ignored
[INFO] [stdout] test list::tests::iter_mut ... ok
[INFO] [stdout] test calc24::tests::poker_dealer ... ok
[INFO] [stdout] test list::tests::peek ... ok
[INFO] [stdout] test tests::test_g ... ok
[INFO] [stdout] test list::tests::into_iter ... ok
[INFO] [stdout] test calc24::tests::hash_collisions_keep_distinct_expressions ... ok
[INFO] [stdout] test calc24::tests::subset_keys_encode_value_multiplicity ... ok
[INFO] [stdout] test list::tests::iter ... ok
[INFO] [stdout] test list::tests::basics ... ok
[INFO] [stdout] test calc24::tests::solve24_c ... ok
[INFO] [stderr]      Running unittests src/main.rs (/opt/rustwide/target/release/deps/inrust-bfe56dc879f1a74d)
[INFO] [stdout] test calc24::tests::solve24 ... ok
[INFO] [stdout] 
[INFO] [stdout] test result: ok. 11 passed; 0 failed; 1 ignored; 0 measured; 0 filtered out; finished in 0.53s
[INFO] [stdout] 
[INFO] [stdout] 
[INFO] [stdout] running 0 tests
[INFO] [stdout] 
[INFO] [stdout] test result: ok. 0 passed; 0 failed; 0 ignored; 0 measured; 0 filtered out; finished in 0.00s
[INFO] [stdout] 
[INFO] [stderr]      Running tests/game24_test.rs (/opt/rustwide/target/release/deps/game24_test-252fc02cd4c132b3)
[INFO] [stdout] 
[INFO] [stdout] running 3 tests
[INFO] [stdout] test largest ... ok
[INFO] [stdout] test game24_sols ... ok
[INFO] [stdout] test inrust_cli ... ok
[INFO] [stdout] 
[INFO] [stdout] test result: ok. 3 passed; 0 failed; 0 ignored; 0 measured; 0 filtered out; finished in 0.82s
[INFO] [stdout] 
[INFO] [stderr]    Doc-tests inrust
[INFO] [stdout] 
[INFO] [stdout] running 14 tests
[INFO] [stdout] test src/calc24.rs - calc24::calc24_first (line 607) ... FAILED
[INFO] [stdout] test src/calc24.rs - calc24::Expr::from_str (line 242) ... FAILED
[INFO] [stdout] test src/prime.rs - prime::is_prime (line 29) ... FAILED
[INFO] [stdout] test src/calc24.rs - calc24::hash_combine (line 339) ... FAILED
[INFO] [stdout] test src/lib.rs - misc::powerset (line 45) ... ok
[INFO] [stdout] test src/calc24.rs - calc24::RNum<T>::fmt (line 76) ... ok
[INFO] [stdout] test src/lib.rs - misc::fibonacci (line 28) ... ok
[INFO] [stdout] test src/lib.rs - misc::largest (line 99) ... ok
[INFO] [stdout] test src/calc24.rs - calc24::Expr::eq (line 301) ... ok
[INFO] [stdout] test src/lib.rs - misc::shell_pipe (line 76) ... ok
[INFO] [stdout] test src/calc24.rs - calc24::game24_solvable (line 664) ... ok
[INFO] [stdout] test src/calc24.rs - calc24::RNum<T>::reduced (line 39) ... ok
[INFO] [stdout] test src/prime.rs - prime::prime_factor (line 38) ... ok
[INFO] [stdout] test src/prime.rs - prime::isqrt (line 8) ... ok
[INFO] [stdout] 
[INFO] [stdout] failures:
[INFO] [stdout] 
[INFO] [stdout] ---- src/calc24.rs - calc24::calc24_first (line 607) stdout ----
[INFO] [stdout] Couldn't compile the test.
[INFO] [stdout] ---- src/calc24.rs - calc24::Expr::from_str (line 242) stdout ----
[INFO] [stdout] Couldn't compile the test.
[INFO] [stdout] ---- src/prime.rs - prime::is_prime (line 29) stdout ----
[INFO] [stdout] Couldn't compile the test.
[INFO] [stdout] ---- src/calc24.rs - calc24::hash_combine (line 339) stdout ----
[INFO] [stdout] Couldn't compile the test.
[INFO] [stdout] 
[INFO] [stdout] failures:
[INFO] [stdout]     src/calc24.rs - calc24::Expr::from_str (line 242)
[INFO] [stdout]     src/calc24.rs - calc24::calc24_first (line 607)
[INFO] [stdout]     src/calc24.rs - calc24::hash_combine (line 339)
[INFO] [stdout]     src/prime.rs - prime::is_prime (line 29)
[INFO] [stdout] 
[INFO] [stdout] test result: FAILED. 10 passed; 4 failed; 0 ignored; 0 measured; 0 filtered out; finished in 16.01s
[INFO] [stdout] 
[INFO] [stderr] error: doctest failed, to rerun pass `--doc`
[INFO] running `Command { std: "docker" "inspect" "b8e374ab194c61712291a9c22b5da2ddaaa35569d433f31580e6d00475398fec", kill_on_drop: false }`
[INFO] running `Command { std: "docker" "rm" "-f" "b8e374ab194c61712291a9c22b5da2ddaaa35569d433f31580e6d00475398fec", kill_on_drop: false }`
[INFO] [stdout] b8e374ab194c61712291a9c22b5da2ddaaa35569d433f31580e6d00475398fec
