[INFO] cloning repository https://github.com/maxkryvoshyya/algorithm_problem
[INFO] running `Command { std: "git" "-c" "credential.helper=" "-c" "credential.helper=/workspace/cargo-home/bin/git-credential-null" "clone" "--bare" "https://github.com/maxkryvoshyya/algorithm_problem" "/workspace/cache/git-repos/https%3A%2F%2Fgithub.com%2Fmaxkryvoshyya%2Falgorithm_problem", kill_on_drop: false }`
[INFO] [stderr] Cloning into bare repository '/workspace/cache/git-repos/https%3A%2F%2Fgithub.com%2Fmaxkryvoshyya%2Falgorithm_problem'...
[INFO] running `Command { std: "git" "rev-parse" "HEAD", kill_on_drop: false }`
[INFO] [stdout] bb3522dccf842ee465c23277eda2e4e00acfde3d
[INFO] testing maxkryvoshyya/algorithm_problem against 1.100.0-beta.1+cargoflags=--release for beta-release-1.100-2
[INFO] running `Command { std: "git" "clone" "/workspace/cache/git-repos/https%3A%2F%2Fgithub.com%2Fmaxkryvoshyya%2Falgorithm_problem" "/workspace/builds/worker-3-tc2/source", kill_on_drop: false }`
[INFO] [stderr] Cloning into '/workspace/builds/worker-3-tc2/source'...
[INFO] [stderr] done.
[INFO] started tweaking git repo https://github.com/maxkryvoshyya/algorithm_problem
[INFO] finished tweaking git repo https://github.com/maxkryvoshyya/algorithm_problem
[INFO] tweaked toml for git repo https://github.com/maxkryvoshyya/algorithm_problem written to /workspace/builds/worker-3-tc2/source/Cargo.toml
[INFO] validating manifest of git repo https://github.com/maxkryvoshyya/algorithm_problem on toolchain 1.100.0-beta.1
[INFO] running `Command { std: CARGO_HOME="/workspace/cargo-home" RUSTUP_HOME="/workspace/rustup-home" "/workspace/cargo-home/bin/cargo" "+1.100.0-beta.1" "metadata" "--manifest-path" "Cargo.toml" "--no-deps", kill_on_drop: false }`
[INFO] crate git repo https://github.com/maxkryvoshyya/algorithm_problem already has a lockfile, it will not be regenerated
[INFO] running `Command { std: CARGO_HOME="/workspace/cargo-home" RUSTUP_HOME="/workspace/rustup-home" "/workspace/cargo-home/bin/cargo" "+1.100.0-beta.1" "fetch" "--manifest-path" "Cargo.toml", kill_on_drop: false }`
[INFO] running `Command { std: "docker" "create" "-v" "/var/lib/crater-agent-workspace/builds/worker-3-tc2/source:/opt/rustwide/workdir:ro,Z" "-v" "/var/lib/crater-agent-workspace/builds/worker-3-tc2/target:/opt/rustwide/target:rw,Z" "-v" "/var/lib/crater-agent-workspace/cargo-home:/opt/rustwide/cargo-home:ro,Z" "-v" "/var/lib/crater-agent-workspace/rustup-home:/opt/rustwide/rustup-home:ro,Z" "-m" "1610612736" "--network" "none" "ghcr.io/rust-lang/crates-build-env/linux@sha256:77db811e55d90add9212f6832c23229e3de5f1c1f9905e8cb07319ea15df73ac" "sleep" "infinity", kill_on_drop: false }`
[INFO] [stdout] d75ccdce3be11af6ea11a7899f6da19d27fddd38e43646d96fc1ef01d2fbc8e6
[INFO] running `Command { std: "docker" "start" "d75ccdce3be11af6ea11a7899f6da19d27fddd38e43646d96fc1ef01d2fbc8e6", kill_on_drop: false }`
[INFO] running `Command { std: "docker" "inspect" "d75ccdce3be11af6ea11a7899f6da19d27fddd38e43646d96fc1ef01d2fbc8e6", kill_on_drop: false }`
[INFO] running `Command { std: "docker" "exec" "-e" "SOURCE_DIR=/opt/rustwide/workdir" "-e" "CARGO_HOME=/opt/rustwide/cargo-home" "-e" "RUSTUP_HOME=/opt/rustwide/rustup-home" "-e" "CARGO_TARGET_DIR=/opt/rustwide/target" "-w" "/opt/rustwide/workdir" "--user" "0:0" "d75ccdce3be11af6ea11a7899f6da19d27fddd38e43646d96fc1ef01d2fbc8e6" "/opt/rustwide/cargo-home/bin/cargo" "+1.100.0-beta.1" "metadata" "--no-deps" "--format-version=1", kill_on_drop: false }`
[INFO] running `Command { std: "docker" "inspect" "d75ccdce3be11af6ea11a7899f6da19d27fddd38e43646d96fc1ef01d2fbc8e6", kill_on_drop: false }`
[INFO] running `Command { std: "docker" "exec" "-e" "SOURCE_DIR=/opt/rustwide/workdir" "-e" "CARGO_HOME=/opt/rustwide/cargo-home" "-e" "RUSTUP_HOME=/opt/rustwide/rustup-home" "-e" "CARGO_TARGET_DIR=/opt/rustwide/target" "-e" "CARGO_INCREMENTAL=0" "-e" "RUST_BACKTRACE=full" "-e" "RUSTFLAGS=--cap-lints=warn" "-e" "RUSTDOCFLAGS=--cap-lints=warn" "-w" "/opt/rustwide/workdir" "--user" "0:0" "d75ccdce3be11af6ea11a7899f6da19d27fddd38e43646d96fc1ef01d2fbc8e6" "/opt/rustwide/cargo-home/bin/cargo" "+1.100.0-beta.1" "build" "--frozen" "--message-format=json" "--release", kill_on_drop: false }`
[INFO] [stderr]    Compiling algorithm_problem v0.1.0 (/opt/rustwide/workdir)
[INFO] [stderr]     Finished `release` profile [optimized] target(s) in 0.87s
[INFO] running `Command { std: "docker" "inspect" "d75ccdce3be11af6ea11a7899f6da19d27fddd38e43646d96fc1ef01d2fbc8e6", kill_on_drop: false }`
[INFO] running `Command { std: "docker" "exec" "-e" "SOURCE_DIR=/opt/rustwide/workdir" "-e" "CARGO_HOME=/opt/rustwide/cargo-home" "-e" "RUSTUP_HOME=/opt/rustwide/rustup-home" "-e" "CARGO_TARGET_DIR=/opt/rustwide/target" "-e" "CARGO_INCREMENTAL=0" "-e" "RUST_BACKTRACE=full" "-e" "RUSTFLAGS=--cap-lints=warn" "-e" "RUSTDOCFLAGS=--cap-lints=warn" "-w" "/opt/rustwide/workdir" "--user" "0:0" "d75ccdce3be11af6ea11a7899f6da19d27fddd38e43646d96fc1ef01d2fbc8e6" "/opt/rustwide/cargo-home/bin/cargo" "+1.100.0-beta.1" "test" "--frozen" "--no-run" "--message-format=json" "--release", kill_on_drop: false }`
[INFO] [stderr]    Compiling algorithm_problem v0.1.0 (/opt/rustwide/workdir)
[INFO] [stderr]     Finished `release` profile [optimized] target(s) in 0.74s
[INFO] running `Command { std: "docker" "inspect" "d75ccdce3be11af6ea11a7899f6da19d27fddd38e43646d96fc1ef01d2fbc8e6", kill_on_drop: false }`
[INFO] running `Command { std: "docker" "exec" "-e" "SOURCE_DIR=/opt/rustwide/workdir" "-e" "CARGO_HOME=/opt/rustwide/cargo-home" "-e" "RUSTUP_HOME=/opt/rustwide/rustup-home" "-e" "CARGO_TARGET_DIR=/opt/rustwide/target" "-e" "CARGO_INCREMENTAL=0" "-e" "RUST_BACKTRACE=full" "-e" "RUSTFLAGS=--cap-lints=warn" "-e" "RUSTDOCFLAGS=--cap-lints=warn" "-w" "/opt/rustwide/workdir" "--user" "0:0" "d75ccdce3be11af6ea11a7899f6da19d27fddd38e43646d96fc1ef01d2fbc8e6" "/opt/rustwide/cargo-home/bin/cargo" "+1.100.0-beta.1" "test" "--frozen" "--release", kill_on_drop: false }`
[INFO] [stderr]     Finished `release` profile [optimized] target(s) in 0.02s
[INFO] [stderr]      Running unittests src/lib.rs (/opt/rustwide/target/release/build/algorithm_problem/502b546bd838df5c/out/algorithm_problem-502b546bd838df5c)
[INFO] [stdout] 
[INFO] [stdout] running 0 tests
[INFO] [stdout] 
[INFO] [stdout] test result: ok. 0 passed; 0 failed; 0 ignored; 0 measured; 0 filtered out; finished in 0.00s
[INFO] [stdout] 
[INFO] [stderr]      Running unittests src/main.rs (/opt/rustwide/target/release/build/algorithm_problem/a61ffcb8470d878c/out/algorithm_problem-a61ffcb8470d878c)
[INFO] [stdout] 
[INFO] [stdout] running 0 tests
[INFO] [stdout] 
[INFO] [stdout] test result: ok. 0 passed; 0 failed; 0 ignored; 0 measured; 0 filtered out; finished in 0.00s
[INFO] [stdout] 
[INFO] [stderr]      Running tests/unit_tests.rs (/opt/rustwide/target/release/build/algorithm_problem/e43ba8af01eb004a/out/unit_tests-e43ba8af01eb004a)
[INFO] [stdout] 
[INFO] [stdout] running 12 tests
[INFO] [stdout] test query_12 ... ok
[INFO] [stdout] test query_1 ... ok
[INFO] [stdout] test query_4 ... ok
[INFO] [stdout] test query_2 ... ok
[INFO] [stdout] test query_6 ... ok
[INFO] [stdout] test query_8 ... ok
[INFO] [stdout] test query_9 ... ok
[INFO] [stdout] test query_5 ... ok
[INFO] [stdout] test query_11 ... ok
[INFO] [stdout] test query_3 ... ok
[INFO] [stdout] test query_10 ... ok
[INFO] [stdout] test query_7 ... ok
[INFO] [stdout] 
[INFO] [stdout] test result: ok. 12 passed; 0 failed; 0 ignored; 0 measured; 0 filtered out; finished in 0.02s
[INFO] [stdout] 
[INFO] [stderr]    Doc-tests algorithm_problem
[INFO] [stdout] 
[INFO] [stdout] running 5 tests
[INFO] [stdout] test src/lib.rs - i32_parse (line 276) ... FAILED
[INFO] [stdout] test src/lib.rs - Value::ready_to_use (line 186) ... FAILED
[INFO] [stdout] test src/lib.rs - Value::print_results (line 214) ... FAILED
[INFO] [stdout] test src/lib.rs - Value::attempt (line 35) ... FAILED
[INFO] [stdout] test src/lib.rs - check_key_any (line 240) ... FAILED
[INFO] [stdout] 
[INFO] [stdout] failures:
[INFO] [stdout] 
[INFO] [stdout] ---- src/lib.rs - i32_parse (line 276) stdout ----
[INFO] [stdout] error[E0425]: cannot find function `i32_parse` in this scope
[INFO] [stdout]    --> src/lib.rs:279:15
[INFO] [stdout]     |
[INFO] [stdout] 279 | let allowed = i32_parse(allowed);
[INFO] [stdout]     |               ^^^^^^^^^ not found in this scope
[INFO] [stdout] 
[INFO] [stdout] error: aborting due to 1 previous error
[INFO] [stdout] 
[INFO] [stdout] For more information about this error, try `rustc --explain E0425`.
[INFO] [stdout] Couldn't compile the test.
[INFO] [stdout] ---- src/lib.rs - Value::ready_to_use (line 186) stdout ----
[INFO] [stdout] error[E0422]: cannot find struct, variant or union type `Value` in this scope
[INFO] [stdout]    --> src/lib.rs:187:17
[INFO] [stdout]     |
[INFO] [stdout] 187 | let mut query = Value {
[INFO] [stdout]     |                 ^^^^^ not found in this scope
[INFO] [stdout] 
[INFO] [stdout] error: aborting due to 1 previous error
[INFO] [stdout] 
[INFO] [stdout] For more information about this error, try `rustc --explain E0422`.
[INFO] [stdout] Couldn't compile the test.
[INFO] [stdout] ---- src/lib.rs - Value::print_results (line 214) stdout ----
[INFO] [stdout] error[E0422]: cannot find struct, variant or union type `Value` in this scope
[INFO] [stdout]    --> src/lib.rs:215:13
[INFO] [stdout]     |
[INFO] [stdout] 215 | let query = Value {
[INFO] [stdout]     |             ^^^^^ not found in this scope
[INFO] [stdout] 
[INFO] [stdout] error: aborting due to 1 previous error
[INFO] [stdout] 
[INFO] [stdout] For more information about this error, try `rustc --explain E0422`.
[INFO] [stdout] Couldn't compile the test.
[INFO] [stdout] ---- src/lib.rs - Value::attempt (line 35) stdout ----
[INFO] [stdout] error[E0422]: cannot find struct, variant or union type `Value` in this scope
[INFO] [stdout]   --> src/lib.rs:36:13
[INFO] [stdout]    |
[INFO] [stdout] 36 | let query = Value {
[INFO] [stdout]    |             ^^^^^ not found in this scope
[INFO] [stdout] 
[INFO] [stdout] error: aborting due to 1 previous error
[INFO] [stdout] 
[INFO] [stdout] For more information about this error, try `rustc --explain E0422`.
[INFO] [stdout] Couldn't compile the test.
[INFO] [stdout] ---- src/lib.rs - check_key_any (line 240) stdout ----
[INFO] [stdout] error[E0425]: cannot find function `check_key_any` in this scope
[INFO] [stdout]    --> src/lib.rs:244:1
[INFO] [stdout]     |
[INFO] [stdout] 244 | check_key_any(&mut allowed);
[INFO] [stdout]     | ^^^^^^^^^^^^^ not found in this scope
[INFO] [stdout] 
[INFO] [stdout] error[E0425]: cannot find function `check_key_any` in this scope
[INFO] [stdout]    --> src/lib.rs:245:1
[INFO] [stdout]     |
[INFO] [stdout] 245 | check_key_any(&mut preferred);
[INFO] [stdout]     | ^^^^^^^^^^^^^ not found in this scope
[INFO] [stdout] 
[INFO] [stdout] error: aborting due to 2 previous errors
[INFO] [stdout] 
[INFO] [stdout] For more information about this error, try `rustc --explain E0425`.
[INFO] [stdout] Couldn't compile the test.
[INFO] [stdout] 
[INFO] [stdout] failures:
[INFO] [stdout]     src/lib.rs - Value::attempt (line 35)
[INFO] [stdout]     src/lib.rs - Value::print_results (line 214)
[INFO] [stdout]     src/lib.rs - Value::ready_to_use (line 186)
[INFO] [stdout]     src/lib.rs - check_key_any (line 240)
[INFO] [stdout]     src/lib.rs - i32_parse (line 276)
[INFO] [stdout] 
[INFO] [stdout] test result: FAILED. 0 passed; 5 failed; 0 ignored; 0 measured; 0 filtered out; finished in 0.19s
[INFO] [stdout] 
[INFO] [stderr] error: doctest failed, to rerun pass `--doc`
[INFO] running `Command { std: "docker" "inspect" "d75ccdce3be11af6ea11a7899f6da19d27fddd38e43646d96fc1ef01d2fbc8e6", kill_on_drop: false }`
[INFO] running `Command { std: "docker" "rm" "-f" "d75ccdce3be11af6ea11a7899f6da19d27fddd38e43646d96fc1ef01d2fbc8e6", kill_on_drop: false }`
[INFO] [stdout] d75ccdce3be11af6ea11a7899f6da19d27fddd38e43646d96fc1ef01d2fbc8e6
