[INFO] cloning repository https://github.com/mavdi/delta
[INFO] running `Command { std: "git" "-c" "credential.helper=" "-c" "credential.helper=/workspace/cargo-home/bin/git-credential-null" "clone" "--bare" "https://github.com/mavdi/delta" "/workspace/cache/git-repos/https%3A%2F%2Fgithub.com%2Fmavdi%2Fdelta", kill_on_drop: false }`
[INFO] [stderr] Cloning into bare repository '/workspace/cache/git-repos/https%3A%2F%2Fgithub.com%2Fmavdi%2Fdelta'...
[INFO] running `Command { std: "git" "rev-parse" "HEAD", kill_on_drop: false }`
[INFO] [stdout] 5907b0c07a8e7fb9656adf972653acfed240f54b
[INFO] testing mavdi/delta against 1.99.0-beta.8+cargoflags=--release for beta-release-1.100-2
[INFO] running `Command { std: "git" "clone" "/workspace/cache/git-repos/https%3A%2F%2Fgithub.com%2Fmavdi%2Fdelta" "/workspace/builds/worker-7-tc1/source", kill_on_drop: false }`
[INFO] [stderr] Cloning into '/workspace/builds/worker-7-tc1/source'...
[INFO] [stderr] done.
[INFO] started tweaking git repo https://github.com/mavdi/delta
[INFO] finished tweaking git repo https://github.com/mavdi/delta
[INFO] tweaked toml for git repo https://github.com/mavdi/delta written to /workspace/builds/worker-7-tc1/source/Cargo.toml
[INFO] validating manifest of git repo https://github.com/mavdi/delta on toolchain 1.99.0-beta.8
[INFO] running `Command { std: CARGO_HOME="/workspace/cargo-home" RUSTUP_HOME="/workspace/rustup-home" "/workspace/cargo-home/bin/cargo" "+1.99.0-beta.8" "metadata" "--manifest-path" "Cargo.toml" "--no-deps", kill_on_drop: false }`
[INFO] crate git repo https://github.com/mavdi/delta already has a lockfile, it will not be regenerated
[INFO] running `Command { std: CARGO_HOME="/workspace/cargo-home" RUSTUP_HOME="/workspace/rustup-home" "/workspace/cargo-home/bin/cargo" "+1.99.0-beta.8" "fetch" "--manifest-path" "Cargo.toml", kill_on_drop: false }`
[INFO] [stderr]  Downloading crates ...
[INFO] [stderr]   Downloaded icu_properties v2.1.1
[INFO] [stderr]   Downloaded cc v1.2.48
[INFO] [stderr]   Downloaded wasm-bindgen-futures v0.4.56
[INFO] [stderr]   Downloaded rsa v0.9.9
[INFO] [stderr]   Downloaded mio v1.1.0
[INFO] [stderr]   Downloaded icu_properties_data v2.1.1
[INFO] [stderr]   Downloaded iri-string v0.7.9
[INFO] [stderr]   Downloaded reqwest v0.12.26
[INFO] [stderr]   Downloaded tokio-util v0.7.17
[INFO] [stderr]   Downloaded chrono v0.4.42
[INFO] [stderr]   Downloaded web-sys v0.3.83
[INFO] running `Command { std: "docker" "create" "-v" "/var/lib/crater-agent-workspace/builds/worker-7-tc1/source:/opt/rustwide/workdir:ro,Z" "-v" "/var/lib/crater-agent-workspace/builds/worker-7-tc1/target:/opt/rustwide/target:rw,Z" "-v" "/var/lib/crater-agent-workspace/cargo-home:/opt/rustwide/cargo-home:ro,Z" "-v" "/var/lib/crater-agent-workspace/rustup-home:/opt/rustwide/rustup-home:ro,Z" "-m" "1610612736" "--network" "none" "ghcr.io/rust-lang/crates-build-env/linux@sha256:77db811e55d90add9212f6832c23229e3de5f1c1f9905e8cb07319ea15df73ac" "sleep" "infinity", kill_on_drop: false }`
[INFO] [stdout] 3c868d641797d59aaf700eda23156450404f04d68844058e164fdeda3157a103
[INFO] running `Command { std: "docker" "start" "3c868d641797d59aaf700eda23156450404f04d68844058e164fdeda3157a103", kill_on_drop: false }`
[INFO] running `Command { std: "docker" "inspect" "3c868d641797d59aaf700eda23156450404f04d68844058e164fdeda3157a103", kill_on_drop: false }`
[INFO] running `Command { std: "docker" "exec" "-e" "SOURCE_DIR=/opt/rustwide/workdir" "-e" "CARGO_HOME=/opt/rustwide/cargo-home" "-e" "RUSTUP_HOME=/opt/rustwide/rustup-home" "-e" "CARGO_TARGET_DIR=/opt/rustwide/target" "-w" "/opt/rustwide/workdir" "--user" "0:0" "3c868d641797d59aaf700eda23156450404f04d68844058e164fdeda3157a103" "/opt/rustwide/cargo-home/bin/cargo" "+1.99.0-beta.8" "metadata" "--no-deps" "--format-version=1", kill_on_drop: false }`
[INFO] running `Command { std: "docker" "inspect" "3c868d641797d59aaf700eda23156450404f04d68844058e164fdeda3157a103", kill_on_drop: false }`
[INFO] running `Command { std: "docker" "exec" "-e" "SOURCE_DIR=/opt/rustwide/workdir" "-e" "CARGO_HOME=/opt/rustwide/cargo-home" "-e" "RUSTUP_HOME=/opt/rustwide/rustup-home" "-e" "CARGO_TARGET_DIR=/opt/rustwide/target" "-e" "CARGO_INCREMENTAL=0" "-e" "RUST_BACKTRACE=full" "-e" "RUSTFLAGS=--cap-lints=warn" "-e" "RUSTDOCFLAGS=--cap-lints=warn" "-w" "/opt/rustwide/workdir" "--user" "0:0" "3c868d641797d59aaf700eda23156450404f04d68844058e164fdeda3157a103" "/opt/rustwide/cargo-home/bin/cargo" "+1.99.0-beta.8" "build" "--frozen" "--message-format=json" "--release", kill_on_drop: false }`
[INFO] [stderr]    Compiling proc-macro2 v1.0.103
[INFO] [stderr]    Compiling unicode-ident v1.0.22
[INFO] [stderr]    Compiling quote v1.0.42
[INFO] [stderr]    Compiling pin-project-lite v0.2.16
[INFO] [stderr]    Compiling futures-core v0.3.31
[INFO] [stderr]    Compiling memchr v2.7.6
[INFO] [stderr]    Compiling futures-sink v0.3.31
[INFO] [stderr]    Compiling num-traits v0.2.19
[INFO] [stderr]    Compiling futures-io v0.3.31
[INFO] [stderr]    Compiling futures-channel v0.3.31
[INFO] [stderr]    Compiling futures-task v0.3.31
[INFO] [stderr]    Compiling slab v0.4.11
[INFO] [stderr]    Compiling once_cell v1.21.3
[INFO] [stderr]    Compiling thiserror v2.0.17
[INFO] [stderr]    Compiling serde_json v1.0.145
[INFO] [stderr]    Compiling anyhow v1.0.100
[INFO] [stderr]    Compiling iana-time-zone v0.1.64
[INFO] [stderr]    Compiling ryu v1.0.20
[INFO] [stderr]    Compiling itoa v1.0.15
[INFO] [stderr]    Compiling tracing-core v0.1.35
[INFO] [stderr]    Compiling tokio v1.48.0
[INFO] [stderr]    Compiling syn v2.0.111
[INFO] [stderr]    Compiling futures-macro v0.3.31
[INFO] [stderr]    Compiling serde_derive v1.0.228
[INFO] [stderr]    Compiling tracing-attributes v0.1.31
[INFO] [stderr]    Compiling thiserror-impl v2.0.17
[INFO] [stderr]    Compiling async-trait v0.1.89
[INFO] [stderr]    Compiling futures-util v0.3.31
[INFO] [stderr]    Compiling tracing v0.1.43
[INFO] [stderr]    Compiling serde v1.0.228
[INFO] [stderr]    Compiling chrono v0.4.42
[INFO] [stderr]    Compiling futures-executor v0.3.31
[INFO] [stderr]    Compiling futures v0.3.31
[INFO] [stderr]    Compiling deltaflow v0.6.0 (/opt/rustwide/workdir)
[INFO] [stderr]     Finished `release` profile [optimized] target(s) in 31.63s
[INFO] running `Command { std: "docker" "inspect" "3c868d641797d59aaf700eda23156450404f04d68844058e164fdeda3157a103", kill_on_drop: false }`
[INFO] running `Command { std: "docker" "exec" "-e" "SOURCE_DIR=/opt/rustwide/workdir" "-e" "CARGO_HOME=/opt/rustwide/cargo-home" "-e" "RUSTUP_HOME=/opt/rustwide/rustup-home" "-e" "CARGO_TARGET_DIR=/opt/rustwide/target" "-e" "CARGO_INCREMENTAL=0" "-e" "RUST_BACKTRACE=full" "-e" "RUSTFLAGS=--cap-lints=warn" "-e" "RUSTDOCFLAGS=--cap-lints=warn" "-w" "/opt/rustwide/workdir" "--user" "0:0" "3c868d641797d59aaf700eda23156450404f04d68844058e164fdeda3157a103" "/opt/rustwide/cargo-home/bin/cargo" "+1.99.0-beta.8" "test" "--frozen" "--no-run" "--message-format=json" "--release", kill_on_drop: false }`
[INFO] [stderr]    Compiling syn v2.0.111
[INFO] [stderr]    Compiling libc v0.2.178
[INFO] [stderr]    Compiling serde_core v1.0.228
[INFO] [stderr]    Compiling typenum v1.19.0
[INFO] [stderr]    Compiling serde v1.0.228
[INFO] [stderr]    Compiling icu_normalizer_data v2.1.1
[INFO] [stderr]    Compiling icu_properties_data v2.1.1
[INFO] [stderr]    Compiling stable_deref_trait v1.2.1
[INFO] [stderr]    Compiling crossbeam-utils v0.8.21
[INFO] [stderr]    Compiling futures-core v0.3.31
[INFO] [stderr]    Compiling bytes v1.11.0
[INFO] [stderr]    Compiling num-traits v0.2.19
[INFO] [stderr]    Compiling smallvec v1.15.1
[INFO] [stderr]    Compiling serde_json v1.0.145
[INFO] [stderr]    Compiling litemap v0.8.1
[INFO] [stderr]    Compiling writeable v0.6.2
[INFO] [stderr]    Compiling futures-channel v0.3.31
[INFO] [stderr]    Compiling find-msvc-tools v0.1.5
[INFO] [stderr]    Compiling pin-project-lite v0.2.16
[INFO] [stderr]    Compiling cc v1.2.48
[INFO] [stderr]    Compiling generic-array v0.14.7
[INFO] [stderr]    Compiling scopeguard v1.2.0
[INFO] [stderr]    Compiling pkg-config v0.3.32
[INFO] [stderr]    Compiling socket2 v0.6.1
[INFO] [stderr]    Compiling mio v1.1.0
[INFO] [stderr]    Compiling signal-hook-registry v1.4.7
[INFO] [stderr]    Compiling libsqlite3-sys v0.30.1
[INFO] [stderr]    Compiling lock_api v0.4.14
[INFO] [stderr]    Compiling futures-io v0.3.31
[INFO] [stderr]    Compiling futures-sink v0.3.31
[INFO] [stderr]    Compiling parking_lot_core v0.9.12
[INFO] [stderr]    Compiling memchr v2.7.6
[INFO] [stderr]    Compiling percent-encoding v2.3.2
[INFO] [stderr]    Compiling equivalent v1.0.2
[INFO] [stderr]    Compiling form_urlencoded v1.2.2
[INFO] [stderr]    Compiling block-buffer v0.10.4
[INFO] [stderr]    Compiling crypto-common v0.1.7
[INFO] [stderr]    Compiling foldhash v0.1.5
[INFO] [stderr]    Compiling futures-task v0.3.31
[INFO] [stderr]    Compiling once_cell v1.21.3
[INFO] [stderr]    Compiling allocator-api2 v0.2.21
[INFO] [stderr]    Compiling slab v0.4.11
[INFO] [stderr]    Compiling log v0.4.29
[INFO] [stderr]    Compiling ryu v1.0.20
[INFO] [stderr]    Compiling utf8_iter v1.0.4
[INFO] [stderr]    Compiling itoa v1.0.15
[INFO] [stderr]    Compiling futures-util v0.3.31
[INFO] [stderr]    Compiling hashbrown v0.15.5
[INFO] [stderr]    Compiling tracing-core v0.1.35
[INFO] [stderr]    Compiling parking_lot v0.12.5
[INFO] [stderr]    Compiling digest v0.10.7
[INFO] [stderr]    Compiling tokio v1.48.0
[INFO] [stderr]    Compiling concurrent-queue v2.5.0
[INFO] [stderr]    Compiling thiserror v2.0.17
[INFO] [stderr]    Compiling hashbrown v0.16.1
[INFO] [stderr]    Compiling cpufeatures v0.2.17
[INFO] [stderr]    Compiling crc-catalog v2.4.0
[INFO] [stderr]    Compiling parking v2.2.1
[INFO] [stderr]    Compiling event-listener v5.4.1
[INFO] [stderr]    Compiling crc v3.4.0
[INFO] [stderr]    Compiling synstructure v0.13.2
[INFO] [stderr]    Compiling hashlink v0.10.0
[INFO] [stderr]    Compiling sha2 v0.10.9
[INFO] [stderr]    Compiling indexmap v2.12.1
[INFO] [stderr]    Compiling futures-intrusive v0.5.0
[INFO] [stderr]    Compiling crossbeam-queue v0.3.12
[INFO] [stderr]    Compiling spin v0.9.8
[INFO] [stderr]    Compiling http v1.4.0
[INFO] [stderr]    Compiling base64 v0.22.1
[INFO] [stderr]    Compiling zerofrom-derive v0.1.6
[INFO] [stderr]    Compiling yoke-derive v0.8.1
[INFO] [stderr]    Compiling zerovec-derive v0.11.2
[INFO] [stderr]    Compiling displaydoc v0.2.5
[INFO] [stderr]    Compiling serde_derive v1.0.228
[INFO] [stderr]    Compiling tracing-attributes v0.1.31
[INFO] [stderr]    Compiling futures-macro v0.3.31
[INFO] [stderr]    Compiling zerofrom v0.1.6
[INFO] [stderr]    Compiling yoke v0.8.1
[INFO] [stderr]    Compiling zerovec v0.11.5
[INFO] [stderr]    Compiling zerotrie v0.2.3
[INFO] [stderr]    Compiling tokio-macros v2.6.0
[INFO] [stderr]    Compiling thiserror-impl v2.0.17
[INFO] [stderr]    Compiling tinystr v0.8.2
[INFO] [stderr]    Compiling potential_utf v0.1.4
[INFO] [stderr]    Compiling icu_locale_core v2.1.1
[INFO] [stderr]    Compiling icu_collections v2.1.1
[INFO] [stderr]    Compiling icu_provider v2.1.1
[INFO] [stderr]    Compiling tracing v0.1.43
[INFO] [stderr]    Compiling tokio-stream v0.1.17
[INFO] [stderr]    Compiling icu_properties v2.1.1
[INFO] [stderr]    Compiling icu_normalizer v2.1.1
[INFO] [stderr]    Compiling idna_adapter v1.2.1
[INFO] [stderr]    Compiling either v1.15.0
[INFO] [stderr]    Compiling idna v1.1.0
[INFO] [stderr]    Compiling serde_urlencoded v0.7.1
[INFO] [stderr]    Compiling futures-executor v0.3.31
[INFO] [stderr]    Compiling http-body v1.0.1
[INFO] [stderr]    Compiling atoi v2.0.0
[INFO] [stderr]    Compiling url v2.5.7
[INFO] [stderr]    Compiling flume v0.11.1
[INFO] [stderr]    Compiling sqlx-core v0.8.6
[INFO] [stderr]    Compiling sqlx-sqlite v0.8.6
[INFO] [stderr]    Compiling async-trait v0.1.89
[INFO] [stderr]    Compiling hyper v1.8.1
[INFO] [stderr]    Compiling http-body-util v0.1.3
[INFO] [stderr]    Compiling chrono v0.4.42
[INFO] [stderr]    Compiling axum-core v0.4.5
[INFO] [stderr]    Compiling tower v0.5.2
[INFO] [stderr]    Compiling hyper-util v0.1.19
[INFO] [stderr]    Compiling sqlx-macros-core v0.8.6
[INFO] [stderr]    Compiling futures v0.3.31
[INFO] [stderr]    Compiling serde_path_to_error v0.1.20
[INFO] [stderr]    Compiling sqlx-macros v0.8.6
[INFO] [stderr]    Compiling axum v0.7.9
[INFO] [stderr]    Compiling sqlx v0.8.6
[INFO] [stderr]    Compiling deltaflow v0.6.0 (/opt/rustwide/workdir)
[INFO] [stderr]    Compiling deltaflow-harness v0.3.0 (/opt/rustwide/workdir/deltaflow-harness)
[INFO] [stdout] warning: associated function `from_graphs` is never used
[INFO] [stdout]   --> deltaflow-harness/src/graph.rs:35:12
[INFO] [stdout]    |
[INFO] [stdout] 34 | impl GraphResponse {
[INFO] [stdout]    | ------------------ associated function in this implementation
[INFO] [stdout] 35 |     pub fn from_graphs(graphs: Vec<PipelineGraph>) -> Self {
[INFO] [stdout]    |            ^^^^^^^^^^^
[INFO] [stdout]    |
[INFO] [stdout]    = note: `#[warn(dead_code)]` (part of `#[warn(unused)]`) on by default
[INFO] [stdout] 
[INFO] [stdout] 
[INFO] [stdout] warning: use of deprecated method `deltaflow::BuiltPipeline::<I, O, Chain>::get_spawned`: Use get_spawned_from_result instead
[INFO] [stdout]   --> tests/fork_fanout_test.rs:66:28
[INFO] [stdout]    |
[INFO] [stdout] 66 |     let spawned = pipeline.get_spawned(&output);
[INFO] [stdout]    |                            ^^^^^^^^^^^
[INFO] [stdout]    |
[INFO] [stdout]    = note: `#[warn(deprecated)]` on by default
[INFO] [stdout] 
[INFO] [stdout] 
[INFO] [stdout] warning: use of deprecated method `deltaflow::BuiltPipeline::<I, O, Chain>::get_spawned`: Use get_spawned_from_result instead
[INFO] [stdout]   --> tests/fork_fanout_test.rs:90:28
[INFO] [stdout]    |
[INFO] [stdout] 90 |     let spawned = pipeline.get_spawned(&output);
[INFO] [stdout]    |                            ^^^^^^^^^^^
[INFO] [stdout] 
[INFO] [stdout] 
[INFO] [stdout] warning: use of deprecated method `deltaflow::BuiltPipeline::<I, O, Chain>::get_spawned`: Use get_spawned_from_result instead
[INFO] [stdout]    --> tests/fork_fanout_test.rs:110:28
[INFO] [stdout]     |
[INFO] [stdout] 110 |     let spawned = pipeline.get_spawned(&output);
[INFO] [stdout]     |                            ^^^^^^^^^^^
[INFO] [stdout] 
[INFO] [stdout] 
[INFO] [stdout] warning: use of deprecated method `deltaflow::BuiltPipeline::<I, O, Chain>::get_spawned`: Use get_spawned_from_result instead
[INFO] [stdout]    --> tests/fork_fanout_test.rs:143:28
[INFO] [stdout]     |
[INFO] [stdout] 143 |     let spawned = pipeline.get_spawned(&output);
[INFO] [stdout]     |                            ^^^^^^^^^^^
[INFO] [stdout] 
[INFO] [stdout] 
[INFO] [stdout] warning: use of deprecated method `deltaflow::BuiltPipeline::<I, O, Chain>::get_spawned`: Use get_spawned_from_result instead
[INFO] [stdout]    --> tests/fork_fanout_test.rs:183:28
[INFO] [stdout]     |
[INFO] [stdout] 183 |     let spawned = pipeline.get_spawned(&output);
[INFO] [stdout]     |                            ^^^^^^^^^^^
[INFO] [stdout] 
[INFO] [stdout] 
[INFO] [stdout] warning: struct `ConditionalFailStep` is never constructed
[INFO] [stdout]   --> tests/failure_modes_test.rs:80:8
[INFO] [stdout]    |
[INFO] [stdout] 80 | struct ConditionalFailStep {
[INFO] [stdout]    |        ^^^^^^^^^^^^^^^^^^^
[INFO] [stdout]    |
[INFO] [stdout]    = note: `#[warn(dead_code)]` (part of `#[warn(unused)]`) on by default
[INFO] [stdout] 
[INFO] [stdout] 
[INFO] [stderr]     Finished `release` profile [optimized] target(s) in 6m 53s
[INFO] running `Command { std: "docker" "inspect" "3c868d641797d59aaf700eda23156450404f04d68844058e164fdeda3157a103", kill_on_drop: false }`
[INFO] running `Command { std: "docker" "exec" "-e" "SOURCE_DIR=/opt/rustwide/workdir" "-e" "CARGO_HOME=/opt/rustwide/cargo-home" "-e" "RUSTUP_HOME=/opt/rustwide/rustup-home" "-e" "CARGO_TARGET_DIR=/opt/rustwide/target" "-e" "CARGO_INCREMENTAL=0" "-e" "RUST_BACKTRACE=full" "-e" "RUSTFLAGS=--cap-lints=warn" "-e" "RUSTDOCFLAGS=--cap-lints=warn" "-w" "/opt/rustwide/workdir" "--user" "0:0" "3c868d641797d59aaf700eda23156450404f04d68844058e164fdeda3157a103" "/opt/rustwide/cargo-home/bin/cargo" "+1.99.0-beta.8" "test" "--frozen" "--release", kill_on_drop: false }`
[INFO] [stderr] warning: associated function `from_graphs` is never used
[INFO] [stderr]   --> deltaflow-harness/src/graph.rs:35:12
[INFO] [stderr]    |
[INFO] [stderr] 34 | impl GraphResponse {
[INFO] [stderr]    | ------------------ associated function in this implementation
[INFO] [stderr] 35 |     pub fn from_graphs(graphs: Vec<PipelineGraph>) -> Self {
[INFO] [stderr]    |            ^^^^^^^^^^^
[INFO] [stderr]    |
[INFO] [stderr]    = note: `#[warn(dead_code)]` (part of `#[warn(unused)]`) on by default
[INFO] [stderr] 
[INFO] [stderr] warning: `deltaflow-harness` (lib) generated 1 warning
[INFO] [stderr] warning: use of deprecated method `deltaflow::BuiltPipeline::<I, O, Chain>::get_spawned`: Use get_spawned_from_result instead
[INFO] [stderr]   --> tests/fork_fanout_test.rs:66:28
[INFO] [stderr]    |
[INFO] [stderr] 66 |     let spawned = pipeline.get_spawned(&output);
[INFO] [stderr]    |                            ^^^^^^^^^^^
[INFO] [stderr]    |
[INFO] [stderr]    = note: `#[warn(deprecated)]` on by default
[INFO] [stderr] 
[INFO] [stderr] warning: use of deprecated method `deltaflow::BuiltPipeline::<I, O, Chain>::get_spawned`: Use get_spawned_from_result instead
[INFO] [stderr]   --> tests/fork_fanout_test.rs:90:28
[INFO] [stderr]    |
[INFO] [stderr] 90 |     let spawned = pipeline.get_spawned(&output);
[INFO] [stderr]    |                            ^^^^^^^^^^^
[INFO] [stderr] 
[INFO] [stderr] warning: use of deprecated method `deltaflow::BuiltPipeline::<I, O, Chain>::get_spawned`: Use get_spawned_from_result instead
[INFO] [stderr]    --> tests/fork_fanout_test.rs:110:28
[INFO] [stderr]     |
[INFO] [stderr] 110 |     let spawned = pipeline.get_spawned(&output);
[INFO] [stderr]     |                            ^^^^^^^^^^^
[INFO] [stderr] 
[INFO] [stderr] warning: use of deprecated method `deltaflow::BuiltPipeline::<I, O, Chain>::get_spawned`: Use get_spawned_from_result instead
[INFO] [stderr]    --> tests/fork_fanout_test.rs:143:28
[INFO] [stderr]     |
[INFO] [stderr] 143 |     let spawned = pipeline.get_spawned(&output);
[INFO] [stderr]     |                            ^^^^^^^^^^^
[INFO] [stderr] 
[INFO] [stderr] warning: use of deprecated method `deltaflow::BuiltPipeline::<I, O, Chain>::get_spawned`: Use get_spawned_from_result instead
[INFO] [stderr]    --> tests/fork_fanout_test.rs:183:28
[INFO] [stderr]     |
[INFO] [stderr] 183 |     let spawned = pipeline.get_spawned(&output);
[INFO] [stderr]     |                            ^^^^^^^^^^^
[INFO] [stderr] 
[INFO] [stderr] warning: struct `ConditionalFailStep` is never constructed
[INFO] [stderr]   --> tests/failure_modes_test.rs:80:8
[INFO] [stderr]    |
[INFO] [stderr] 80 | struct ConditionalFailStep {
[INFO] [stderr]    |        ^^^^^^^^^^^^^^^^^^^
[INFO] [stderr]    |
[INFO] [stderr]    = note: `#[warn(dead_code)]` (part of `#[warn(unused)]`) on by default
[INFO] [stderr] 
[INFO] [stderr] warning: `deltaflow` (test "fork_fanout_test") generated 5 warnings
[INFO] [stderr] warning: `deltaflow` (test "failure_modes_test") generated 1 warning
[INFO] [stderr]     Finished `release` profile [optimized] target(s) in 0.36s
[INFO] [stderr]      Running unittests src/lib.rs (/opt/rustwide/target/release/deps/deltaflow-dcd18965c34120f6)
[INFO] [stdout] 
[INFO] [stdout] running 4 tests
[INFO] [stdout] test retry::tests::test_exponential_caps_at_max ... ok
[INFO] [stdout] test retry::tests::test_fixed_policy ... ok
[INFO] [stderr]      Running tests/concurrency_bug_test.rs (/opt/rustwide/target/release/deps/concurrency_bug_test-ceb7d4a89e9d4fb8)
[INFO] [stdout] test retry::tests::test_none_policy ... ok
[INFO] [stdout] test retry::tests::test_exponential_policy ... ok
[INFO] [stdout] 
[INFO] [stdout] test result: ok. 4 passed; 0 failed; 0 ignored; 0 measured; 0 filtered out; finished in 0.00s
[INFO] [stdout] 
[INFO] [stdout] 
[INFO] [stdout] running 3 tests
[INFO] [stdout] test test_orphan_tasks_recovered_on_startup ... ok
[INFO] [stdout] test test_pipeline_concurrency_limit_enforced ... ok
[INFO] [stderr]      Running tests/delayed_emit_test.rs (/opt/rustwide/target/release/deps/delayed_emit_test-1a26994c88d1b97c)
[INFO] [stdout] test test_database_running_count_respects_concurrency ... ok
[INFO] [stdout] 
[INFO] [stdout] test result: ok. 3 passed; 0 failed; 0 ignored; 0 measured; 0 filtered out; finished in 2.05s
[INFO] [stdout] 
[INFO] [stdout] 
[INFO] [stdout] running 5 tests
[INFO] [stdout] test test_immediate_emit_has_no_delay ... ok
[INFO] [stdout] test test_pipeline_graph_includes_delay ... ok
[INFO] [stdout] test test_delayed_emit_claimable_after_scheduled_time ... ok
[INFO] [stdout] test test_mixed_immediate_and_delayed_emits ... ok
[INFO] [stderr]      Running tests/failure_modes_test.rs (/opt/rustwide/target/release/deps/failure_modes_test-4faac7c0f7066a7e)
[INFO] [stdout] test test_delayed_emit_schedules_for_future ... ok
[INFO] [stdout] 
[INFO] [stdout] test result: ok. 5 passed; 0 failed; 0 ignored; 0 measured; 0 filtered out; finished in 0.01s
[INFO] [stdout] 
[INFO] [stdout] 
[INFO] [stdout] running 3 tests
[INFO] [stdout] test test_step_failure_sibling_branches_continue ... ok
[INFO] [stdout] test test_multiple_fork_predicates_execute ... ok
[INFO] [stdout] test test_branch_isolation_downstream_failure ... ok
[INFO] [stdout] 
[INFO] [stdout] test result: ok. 3 passed; 0 failed; 0 ignored; 0 measured; 0 filtered out; finished in 0.81s
[INFO] [stdout] 
[INFO] [stderr]      Running tests/fork_fanout_test.rs (/opt/rustwide/target/release/deps/fork_fanout_test-4caf87c0ff1ac461)
[INFO] [stdout] 
[INFO] [stdout] running 11 tests
[INFO] [stdout] test test_combined_fork_fanout_spawn_from ... ok
[INFO] [stdout] test test_graph_serializes_to_json ... ok
[INFO] [stdout] test test_fork_when_predicate_does_not_match ... ok
[INFO] [stdout] test test_multiple_forks_all_matching_fire ... ok
[INFO] [stdout] test test_fork_when_predicate_matches ... ok
[INFO] [stdout] test test_fan_out_spawns_to_all_targets ... ok
[INFO] [stdout] test test_fork_when_with_description ... ok
[INFO] [stdout] test test_to_graph_exports_structure ... ok
[INFO] [stdout] test test_fork_to_unknown_pipeline_fails_gracefully ... ok
[INFO] [stdout] test test_runner_executes_forked_tasks ... ok
[INFO] [stdout] test test_runner_executes_fan_out_to_all_targets ... ok
[INFO] [stdout] 
[INFO] [stdout] test result: ok. 11 passed; 0 failed; 0 ignored; 0 measured; 0 filtered out; finished in 0.52s
[INFO] [stdout] 
[INFO] [stderr]      Running tests/integration.rs (/opt/rustwide/target/release/deps/integration-aa79547799e601a4)
[INFO] [stdout] 
[INFO] [stdout] running 4 tests
[INFO] [stdout] test test_pipeline_permanent_failure ... ok
[INFO] [stdout] test test_simple_pipeline ... ok
[INFO] [stdout] test test_pipeline_retries_exhausted ... ok
[INFO] [stdout] test test_pipeline_with_retry_success ... ok
[INFO] [stdout] 
[INFO] [stdout] test result: ok. 4 passed; 0 failed; 0 ignored; 0 measured; 0 filtered out; finished in 0.03s
[INFO] [stdout] 
[INFO] [stdout] 
[INFO] [stdout] running 17 tests
[INFO] [stderr]      Running tests/metadata_test.rs (/opt/rustwide/target/release/deps/metadata_test-06267d53e0a58b26)
[INFO] [stdout] test test_emit_node_has_metadata ... ok
[INFO] [stdout] test test_fan_out_node_has_metadata ... ok
[INFO] [stdout] test test_fork_builder_desc ... ok
[INFO] [stdout] test test_chained_spawn_builders ... ok
[INFO] [stdout] test test_emit_builder_desc ... ok
[INFO] [stdout] test test_fan_out_builder_desc ... ok
[INFO] [stdout] test test_metadata_default_is_empty ... ok
[INFO] [stdout] test test_metadata_builder_chain ... ok
[INFO] [stdout] test test_metadata_with_tags ... ok
[INFO] [stdout] test test_step_node_has_metadata ... ok
[INFO] [stdout] test test_step_without_metadata_has_empty_metadata ... ok
[INFO] [stdout] test test_step_builder_chain_metadata ... ok
[INFO] [stdout] test test_metadata_with_description ... ok
[INFO] [stdout] test test_step_builder_tag ... ok
[INFO] [stdout] test test_step_builder_desc ... ok
[INFO] [stdout] test test_fork_builder_tag ... ok
[INFO] [stdout] test test_fork_node_has_metadata ... ok
[INFO] [stdout] 
[INFO] [stdout] test result: ok. 17 passed; 0 failed; 0 ignored; 0 measured; 0 filtered out; finished in 0.01s
[INFO] [stdout] 
[INFO] [stderr]      Running tests/ordering_test.rs (/opt/rustwide/target/release/deps/ordering_test-e7df33ce2f544b27)
[INFO] [stdout] 
[INFO] [stdout] running 4 tests
[INFO] [stdout] test test_priority_routing ... ok
[INFO] [stdout] test test_late_arrival_routing ... ok
[INFO] [stdout] test test_batch_boundary_routing ... ok
[INFO] [stdout] test test_sequence_preservation_across_branches ... FAILED
[INFO] [stdout] 
[INFO] [stdout] failures:
[INFO] [stdout] 
[INFO] [stdout] ---- test_sequence_preservation_across_branches stdout ----
[INFO] [stdout] 
[INFO] [stdout] thread 'test_sequence_preservation_across_branches' (3865) panicked at tests/ordering_test.rs:164:5:
[INFO] [stdout] assertion `left == right` failed: Branch B should maintain sequence order
[INFO] [stdout]   left: [1, 2, 3, 4, 5, 6, 7, 8, 9]
[INFO] [stdout]  right: [1, 2, 3, 4, 5, 6, 7, 8, 9, 10]
[INFO] [stdout] stack backtrace:
[INFO] [stdout]    0:     0x58b567ad3ab1 - <<std[70759c8f55707aa4]::sys::backtrace::BacktraceLock>::print::DisplayBacktrace as core[df12db4294e9bfd3]::fmt::Display>::fmt
[INFO] [stdout]    1:     0x58b567ae92aa - core[df12db4294e9bfd3]::fmt::write
[INFO] [stdout]    2:     0x58b567ad812c - <alloc[2182bb758b4b3781]::vec::Vec<u8> as core[df12db4294e9bfd3]::io::write::Write>::write_fmt
[INFO] [stdout]    3:     0x58b567aaf6b6 - std[70759c8f55707aa4]::panicking::default_hook::{closure#0}
[INFO] [stdout]    4:     0x58b567acbcf9 - std[70759c8f55707aa4]::panicking::default_hook
[INFO] [stdout]    5:     0x58b56780df70 - test[9d35eded1c95d3be]::test_main_inner::<test[9d35eded1c95d3be]::test_main_static::{closure#0}>::{closure#0}
[INFO] [stdout]    6:     0x58b567acc022 - std[70759c8f55707aa4]::panicking::panic_with_hook
[INFO] [stdout]    7:     0x58b567aaf762 - std[70759c8f55707aa4]::panicking::panic_handler::{closure#0}
[INFO] [stdout]    8:     0x58b567aa84b9 - std[70759c8f55707aa4]::sys::backtrace::__rust_end_short_backtrace::<std[70759c8f55707aa4]::panicking::panic_handler::{closure#0}, !>
[INFO] [stdout]    9:     0x58b567ab035d - __rustc[8fa7c3cbc660c2b3]::rust_begin_unwind
[INFO] [stdout]   10:     0x58b567ae9a0c - core[df12db4294e9bfd3]::panicking::panic_fmt
[INFO] [stdout]   11:     0x58b567ae9983 - core[df12db4294e9bfd3]::panicking::assert_failed_inner
[INFO] [stdout]   12:     0x58b5677f719e - core[df12db4294e9bfd3]::panicking::assert_failed::<alloc[2182bb758b4b3781]::vec::Vec<u64>, alloc[2182bb758b4b3781]::vec::Vec<u64>>
[INFO] [stdout]   13:     0x58b5677b51fc - ordering_test[8707605d62820a4f]::test_sequence_preservation_across_branches::{closure#0}
[INFO] [stdout]   14:     0x58b5677ef033 - <tokio[422e57511263fe06]::runtime::scheduler::current_thread::Context>::enter::<core[df12db4294e9bfd3]::task::poll::Poll<()>, <tokio[422e57511263fe06]::runtime::scheduler::current_thread::CoreGuard>::block_on<core[df12db4294e9bfd3]::pin::Pin<&mut core[df12db4294e9bfd3]::pin::Pin<&mut dyn core[df12db4294e9bfd3]::future::future::Future<Output = ()>>>>::{closure#0}::{closure#0}>
[INFO] [stdout]   15:     0x58b5677e909c - <tokio[422e57511263fe06]::runtime::context::scoped::Scoped<tokio[422e57511263fe06]::runtime::scheduler::Context>>::set::<<tokio[422e57511263fe06]::runtime::scheduler::current_thread::CoreGuard>::enter<<tokio[422e57511263fe06]::runtime::scheduler::current_thread::CoreGuard>::block_on<core[df12db4294e9bfd3]::pin::Pin<&mut core[df12db4294e9bfd3]::pin::Pin<&mut dyn core[df12db4294e9bfd3]::future::future::Future<Output = ()>>>>::{closure#0}, core[df12db4294e9bfd3]::option::Option<()>>::{closure#0}, (alloc[2182bb758b4b3781]::boxed::Box<tokio[422e57511263fe06]::runtime::scheduler::current_thread::Core>, core[df12db4294e9bfd3]::option::Option<()>)>
[INFO] [stdout]   16:     0x58b5677eec5c - <tokio[422e57511263fe06]::runtime::runtime::Runtime>::block_on::<core[df12db4294e9bfd3]::pin::Pin<&mut dyn core[df12db4294e9bfd3]::future::future::Future<Output = ()>>>
[INFO] [stdout]   17:     0x58b5677bb69e - <ordering_test[8707605d62820a4f]::test_sequence_preservation_across_branches::{closure#0} as core[df12db4294e9bfd3]::ops::function::FnOnce<()>>::call_once
[INFO] [stdout]   18:     0x58b56780125b - test[9d35eded1c95d3be]::__rust_begin_short_backtrace::<core[df12db4294e9bfd3]::result::Result<(), alloc[2182bb758b4b3781]::string::String>, fn() -> core[df12db4294e9bfd3]::result::Result<(), alloc[2182bb758b4b3781]::string::String>>
[INFO] [stdout]   19:     0x58b56780e8c5 - test[9d35eded1c95d3be]::run_test::{closure#0}
[INFO] [stdout]   20:     0x58b567808184 - std[70759c8f55707aa4]::sys::backtrace::__rust_begin_short_backtrace::<test[9d35eded1c95d3be]::run_test::{closure#1}, ()>
[INFO] [stdout]   21:     0x58b567811a22 - <std[70759c8f55707aa4]::thread::lifecycle::spawn_unchecked<test[9d35eded1c95d3be]::run_test::{closure#1}, ()>::{closure#1} as core[df12db4294e9bfd3]::ops::function::FnOnce<()>>::call_once::{shim:vtable#0}
[INFO] [stdout]   22:     0x58b567ad3349 - <std[70759c8f55707aa4]::sys::thread::unix::Thread>::new::thread_start
[INFO] [stdout]   23:     0x79a27be78dfa - <unknown>
[INFO] [stdout]   24:     0x79a27bf0c3d4 - clone
[INFO] [stdout]   25:                0x0 - <unknown>
[INFO] [stdout] 
[INFO] [stdout] 
[INFO] [stdout] failures:
[INFO] [stdout]     test_sequence_preservation_across_branches
[INFO] [stdout] 
[INFO] [stdout] test result: FAILED. 3 passed; 1 failed; 0 ignored; 0 measured; 0 filtered out; finished in 1.51s
[INFO] [stdout] 
[INFO] [stderr] error: test failed, to rerun pass `--test ordering_test`
[INFO] running `Command { std: "docker" "inspect" "3c868d641797d59aaf700eda23156450404f04d68844058e164fdeda3157a103", kill_on_drop: false }`
[INFO] running `Command { std: "docker" "rm" "-f" "3c868d641797d59aaf700eda23156450404f04d68844058e164fdeda3157a103", kill_on_drop: false }`
[INFO] [stdout] 3c868d641797d59aaf700eda23156450404f04d68844058e164fdeda3157a103
