[INFO] cloning repository https://github.com/mari0w/blockwright
[INFO] running `Command { std: "git" "-c" "credential.helper=" "-c" "credential.helper=/workspace/cargo-home/bin/git-credential-null" "clone" "--bare" "https://github.com/mari0w/blockwright" "/workspace/cache/git-repos/https%3A%2F%2Fgithub.com%2Fmari0w%2Fblockwright", kill_on_drop: false }`
[INFO] [stderr] Cloning into bare repository '/workspace/cache/git-repos/https%3A%2F%2Fgithub.com%2Fmari0w%2Fblockwright'...
[INFO] running `Command { std: "git" "rev-parse" "HEAD", kill_on_drop: false }`
[INFO] [stdout] 96edb7bf0116af385f91fec65d2f5038ba238a72
[INFO] testing mari0w/blockwright against 1.99.0-beta.8+cargoflags=--release for beta-release-1.100-2
[INFO] running `Command { std: "git" "clone" "/workspace/cache/git-repos/https%3A%2F%2Fgithub.com%2Fmari0w%2Fblockwright" "/workspace/builds/worker-4-tc1/source", kill_on_drop: false }`
[INFO] [stderr] Cloning into '/workspace/builds/worker-4-tc1/source'...
[INFO] [stderr] done.
[INFO] started tweaking git repo https://github.com/mari0w/blockwright
[INFO] finished tweaking git repo https://github.com/mari0w/blockwright
[INFO] tweaked toml for git repo https://github.com/mari0w/blockwright written to /workspace/builds/worker-4-tc1/source/Cargo.toml
[INFO] validating manifest of git repo https://github.com/mari0w/blockwright on toolchain 1.99.0-beta.8
[INFO] running `Command { std: CARGO_HOME="/workspace/cargo-home" RUSTUP_HOME="/workspace/rustup-home" "/workspace/cargo-home/bin/cargo" "+1.99.0-beta.8" "metadata" "--manifest-path" "Cargo.toml" "--no-deps", kill_on_drop: false }`
[INFO] crate git repo https://github.com/mari0w/blockwright already has a lockfile, it will not be regenerated
[INFO] running `Command { std: CARGO_HOME="/workspace/cargo-home" RUSTUP_HOME="/workspace/rustup-home" "/workspace/cargo-home/bin/cargo" "+1.99.0-beta.8" "fetch" "--manifest-path" "Cargo.toml", kill_on_drop: false }`
[INFO] [stderr]     Updating crates.io index
[INFO] [stderr]  Downloading crates ...
[INFO] [stderr]   Downloaded libyaml-rs v0.3.0
[INFO] [stderr]   Downloaded yaml_serde v0.10.4
[INFO] running `Command { std: "docker" "create" "-v" "/var/lib/crater-agent-workspace/builds/worker-4-tc1/source:/opt/rustwide/workdir:ro,Z" "-v" "/var/lib/crater-agent-workspace/builds/worker-4-tc1/target:/opt/rustwide/target:rw,Z" "-v" "/var/lib/crater-agent-workspace/cargo-home:/opt/rustwide/cargo-home:ro,Z" "-v" "/var/lib/crater-agent-workspace/rustup-home:/opt/rustwide/rustup-home:ro,Z" "-m" "1610612736" "--network" "none" "ghcr.io/rust-lang/crates-build-env/linux@sha256:77db811e55d90add9212f6832c23229e3de5f1c1f9905e8cb07319ea15df73ac" "sleep" "infinity", kill_on_drop: false }`
[INFO] [stdout] c49c2b9a69292162fc646d008835b06c03a3611cda3e0d3e733bc72f3cc4bc6b
[INFO] running `Command { std: "docker" "start" "c49c2b9a69292162fc646d008835b06c03a3611cda3e0d3e733bc72f3cc4bc6b", kill_on_drop: false }`
[INFO] running `Command { std: "docker" "inspect" "c49c2b9a69292162fc646d008835b06c03a3611cda3e0d3e733bc72f3cc4bc6b", kill_on_drop: false }`
[INFO] running `Command { std: "docker" "exec" "-e" "SOURCE_DIR=/opt/rustwide/workdir" "-e" "CARGO_HOME=/opt/rustwide/cargo-home" "-e" "RUSTUP_HOME=/opt/rustwide/rustup-home" "-e" "CARGO_TARGET_DIR=/opt/rustwide/target" "-w" "/opt/rustwide/workdir" "--user" "0:0" "c49c2b9a69292162fc646d008835b06c03a3611cda3e0d3e733bc72f3cc4bc6b" "/opt/rustwide/cargo-home/bin/cargo" "+1.99.0-beta.8" "metadata" "--no-deps" "--format-version=1", kill_on_drop: false }`
[INFO] running `Command { std: "docker" "inspect" "c49c2b9a69292162fc646d008835b06c03a3611cda3e0d3e733bc72f3cc4bc6b", kill_on_drop: false }`
[INFO] running `Command { std: "docker" "exec" "-e" "SOURCE_DIR=/opt/rustwide/workdir" "-e" "CARGO_HOME=/opt/rustwide/cargo-home" "-e" "RUSTUP_HOME=/opt/rustwide/rustup-home" "-e" "CARGO_TARGET_DIR=/opt/rustwide/target" "-e" "CARGO_INCREMENTAL=0" "-e" "RUST_BACKTRACE=full" "-e" "RUSTFLAGS=--cap-lints=warn" "-e" "RUSTDOCFLAGS=--cap-lints=warn" "-w" "/opt/rustwide/workdir" "--user" "0:0" "c49c2b9a69292162fc646d008835b06c03a3611cda3e0d3e733bc72f3cc4bc6b" "/opt/rustwide/cargo-home/bin/cargo" "+1.99.0-beta.8" "build" "--frozen" "--message-format=json" "--release", kill_on_drop: false }`
[INFO] [stderr]    Compiling cc v1.2.62
[INFO] [stderr]    Compiling rustls-pki-types v1.14.1
[INFO] [stderr]    Compiling errno v0.3.14
[INFO] [stderr]    Compiling getrandom v0.2.17
[INFO] [stderr]    Compiling rustls v0.23.40
[INFO] [stderr]    Compiling zerovec-derive v0.11.3
[INFO] [stderr]    Compiling displaydoc v0.2.5
[INFO] [stderr]    Compiling tracing-attributes v0.1.31
[INFO] [stderr]    Compiling tokio-macros v2.7.0
[INFO] [stderr]    Compiling simd-adler32 v0.3.9
[INFO] [stderr]    Compiling num-traits v0.2.19
[INFO] [stderr]    Compiling serde v1.0.228
[INFO] [stderr]    Compiling zerofrom v0.1.8
[INFO] [stderr]    Compiling bitflags v2.11.1
[INFO] [stderr]    Compiling serde_json v1.0.150
[INFO] [stderr]    Compiling quick-error v2.0.1
[INFO] [stderr]    Compiling zune-core v0.5.1
[INFO] [stderr]    Compiling hashbrown v0.17.1
[INFO] [stderr]    Compiling yoke v0.8.2
[INFO] [stderr]    Compiling signal-hook-registry v1.4.8
[INFO] [stderr]    Compiling miniz_oxide v0.8.9
[INFO] [stderr]    Compiling fdeflate v0.3.7
[INFO] [stderr]    Compiling weezl v0.1.12
[INFO] [stderr]    Compiling pxfm v0.1.29
[INFO] [stderr]    Compiling zune-jpeg v0.5.15
[INFO] [stderr]    Compiling tokio v1.52.3
[INFO] [stderr]    Compiling zerotrie v0.2.4
[INFO] [stderr]    Compiling serde_urlencoded v0.7.1
[INFO] [stderr]    Compiling webpki-roots v1.0.7
[INFO] [stderr]    Compiling gif v0.14.2
[INFO] [stderr]    Compiling flate2 v1.1.9
[INFO] [stderr]    Compiling image-webp v0.2.4
[INFO] [stderr]    Compiling zerovec v0.11.6
[INFO] [stderr]    Compiling indexmap v2.14.0
[INFO] [stderr]    Compiling matchers v0.2.0
[INFO] [stderr]    Compiling include_dir_macros v0.7.4
[INFO] [stderr]    Compiling tracing-log v0.2.0
[INFO] [stderr]    Compiling thread_local v1.1.9
[INFO] [stderr]    Compiling ring v0.17.14
[INFO] [stderr]    Compiling nu-ansi-term v0.50.3
[INFO] [stderr]    Compiling libyaml-rs v0.3.0
[INFO] [stderr]    Compiling tracing v0.1.44
[INFO] [stderr]    Compiling bytemuck v1.25.0
[INFO] [stderr]    Compiling png v0.18.1
[INFO] [stderr]    Compiling axum-core v0.5.6
[INFO] [stderr]    Compiling tracing-subscriber v0.3.23
[INFO] [stderr]    Compiling include_dir v0.7.4
[INFO] [stderr]    Compiling tinystr v0.8.3
[INFO] [stderr]    Compiling potential_utf v0.1.5
[INFO] [stderr]    Compiling icu_collections v2.2.0
[INFO] [stderr]    Compiling icu_locale_core v2.2.0
[INFO] [stderr]    Compiling yaml_serde v0.10.4
[INFO] [stderr]    Compiling icu_provider v2.2.0
[INFO] [stderr]    Compiling icu_properties v2.2.0
[INFO] [stderr]    Compiling icu_normalizer v2.2.0
[INFO] [stderr]    Compiling moxcms v0.8.1
[INFO] [stderr]    Compiling idna_adapter v1.2.2
[INFO] [stderr]    Compiling idna v1.1.0
[INFO] [stderr]    Compiling url v2.5.8
[INFO] [stderr]    Compiling hyper v1.9.0
[INFO] [stderr]    Compiling tower v0.5.3
[INFO] [stderr]    Compiling tower-http v0.6.11
[INFO] [stderr]    Compiling image v0.25.10
[INFO] [stderr]    Compiling hyper-util v0.1.20
[INFO] [stderr]    Compiling axum v0.8.9
[INFO] [stderr]    Compiling rustls-webpki v0.103.13
[INFO] [stderr]    Compiling tokio-rustls v0.26.4
[INFO] [stderr]    Compiling hyper-rustls v0.27.9
[INFO] [stderr]    Compiling reqwest v0.12.28
[INFO] [stderr]    Compiling blockwright-controller v0.1.3 (/opt/rustwide/workdir/apps/controller)
[INFO] [stderr]     Finished `release` profile [optimized] target(s) in 3m 28s
[INFO] running `Command { std: "docker" "inspect" "c49c2b9a69292162fc646d008835b06c03a3611cda3e0d3e733bc72f3cc4bc6b", kill_on_drop: false }`
[INFO] running `Command { std: "docker" "exec" "-e" "SOURCE_DIR=/opt/rustwide/workdir" "-e" "CARGO_HOME=/opt/rustwide/cargo-home" "-e" "RUSTUP_HOME=/opt/rustwide/rustup-home" "-e" "CARGO_TARGET_DIR=/opt/rustwide/target" "-e" "CARGO_INCREMENTAL=0" "-e" "RUST_BACKTRACE=full" "-e" "RUSTFLAGS=--cap-lints=warn" "-e" "RUSTDOCFLAGS=--cap-lints=warn" "-w" "/opt/rustwide/workdir" "--user" "0:0" "c49c2b9a69292162fc646d008835b06c03a3611cda3e0d3e733bc72f3cc4bc6b" "/opt/rustwide/cargo-home/bin/cargo" "+1.99.0-beta.8" "test" "--frozen" "--no-run" "--message-format=json" "--release", kill_on_drop: false }`
[INFO] [stderr]    Compiling blockwright-controller v0.1.3 (/opt/rustwide/workdir/apps/controller)
[INFO] [stderr]     Finished `release` profile [optimized] target(s) in 47.62s
[INFO] running `Command { std: "docker" "inspect" "c49c2b9a69292162fc646d008835b06c03a3611cda3e0d3e733bc72f3cc4bc6b", kill_on_drop: false }`
[INFO] running `Command { std: "docker" "exec" "-e" "SOURCE_DIR=/opt/rustwide/workdir" "-e" "CARGO_HOME=/opt/rustwide/cargo-home" "-e" "RUSTUP_HOME=/opt/rustwide/rustup-home" "-e" "CARGO_TARGET_DIR=/opt/rustwide/target" "-e" "CARGO_INCREMENTAL=0" "-e" "RUST_BACKTRACE=full" "-e" "RUSTFLAGS=--cap-lints=warn" "-e" "RUSTDOCFLAGS=--cap-lints=warn" "-w" "/opt/rustwide/workdir" "--user" "0:0" "c49c2b9a69292162fc646d008835b06c03a3611cda3e0d3e733bc72f3cc4bc6b" "/opt/rustwide/cargo-home/bin/cargo" "+1.99.0-beta.8" "test" "--frozen" "--release", kill_on_drop: false }`
[INFO] [stderr]     Finished `release` profile [optimized] target(s) in 0.18s
[INFO] [stderr]      Running unittests src/lib.rs (/opt/rustwide/target/release/deps/blockwright_controller-e71bf0e0cff9f0d6)
[INFO] [stdout] 
[INFO] [stdout] running 160 tests
[INFO] [stdout] test config::tests::accepts_matrix_allowed_sender_without_room_id ... ok
[INFO] [stdout] test config::tests::llm_runtime_config_accepts_openai_deepseek_doubao_and_gemini ... ok
[INFO] [stdout] test config::tests::accepts_matrix_polling_tool ... ok
[INFO] [stdout] test config::tests::rejects_enabled_webhook_only_chat_tool ... ok
[INFO] [stdout] test config::tests::accepts_enabled_dingtalk_stream_tool ... ok
[INFO] [stdout] test config::tests::llm_runtime_config_rejects_invalid_active_base_url ... ok
[INFO] [stdout] test config::tests::llm_runtime_config_accepts_api_provider_aliases ... ok
[INFO] [stdout] test config::tests::llm_runtime_config_rejects_invalid_api_key_env_name ... ok
[INFO] [stdout] test http::web::tests::non_build_queue_jobs_do_not_read_stale_build_records ... ok
[INFO] [stdout] test http::chat::tests::parses_dingtalk_picture_message_as_image_attachment ... ok
[INFO] [stdout] test http::chat::tests::parses_dingtalk_rich_text_with_text_and_image ... ok
[INFO] [stdout] test http::robot::tests::live_context_detection_covers_common_read_requests ... ok
[INFO] [stdout] test http::chat::tests::matrix_local_config_request_writes_chat_tool_without_secret ... ok
[INFO] [stdout] test http::robot::tests::live_context_detection_ignores_plain_chat ... ok
[INFO] [stdout] test http::web::tests::build_queue_jobs_still_read_build_records ... ok
[INFO] [stdout] test http::web::tests::empty_web_text_with_image_defaults_to_recreation_request ... ok
[INFO] [stdout] test config::tests::local_friendly_inbound_modes_exclude_webhook ... ok
[INFO] [stdout] test config::tests::local_server_config_uses_thirty_minute_codex_timeout_and_medium_reasoning ... ok
[INFO] [stdout] test config::tests::missing_llm_runtime_config_defaults_to_codex_cli ... ok
[INFO] [stdout] test http::web::tests::non_empty_web_text_is_preserved ... ok
[INFO] [stdout] test config::tests::rejects_matrix_non_polling_tool ... ok
[INFO] [stdout] test http::chat::tests::env_value_is_upserted_without_leaking_duplicates ... ok
[INFO] [stdout] test http::chat::tests::parses_dingtalk_text_message ... ok
[INFO] [stdout] test https::tests::openssl_config_includes_localhost_and_lan_ip ... ok
[INFO] [stdout] test https::tests::untrusted_certificate_alert_matches_mobile_tls_failure ... ok
[INFO] [stdout] test integrations::codex::tests::command_parts_supports_cli_options ... ok
[INFO] [stdout] test integrations::codex::tests::failure_message_extracts_network_diagnostic_without_prompt ... ok
[INFO] [stdout] test integrations::codex::tests::extracts_thread_id_from_json_stdout ... ok
[INFO] [stdout] test integrations::codex::tests::failure_message_omits_unstructured_stderr ... ok
[INFO] [stdout] test integrations::codex::tests::failure_message_extracts_api_error_from_json_stdout ... ok
[INFO] [stdout] test integrations::codex::tests::command_parts_tolerates_exec_prefix ... ok
[INFO] [stdout] test integrations::codex::tests::disabled_client_returns_none_without_running_command ... ok
[INFO] [stdout] test integrations::codex::tests::failure_message_reports_empty_stderr_hint ... ok
[INFO] [stdout] test integrations::codex::tests::failure_message_extracts_api_error_without_prompt ... ok
[INFO] [stdout] test integrations::codex::tests::nvm_codex_paths_prefers_newer_node_versions ... ok
[INFO] [stdout] test integrations::codex::tests::plan_response_schema_exposes_site_plan_without_block_count_caps ... ok
[INFO] [stdout] test integrations::codex::tests::stderr_diagnostic_summarizes_proxy_failures_without_credentials ... ok
[INFO] [stdout] test integrations::codex::tests::plan_response_schema_uses_strict_closed_objects ... ok
[INFO] [stdout] test integrations::codex::tests::proxy_env_value_redacts_credentials ... ok
[INFO] [stdout] test integrations::codex::tests::resolve_command_program_keeps_absolute_parent_on_path ... ok
[INFO] [stdout] test integrations::codex::tests::response_schema_files_are_packaged_with_controller_source ... ok
[INFO] [stdout] test integrations::codex::tests::structured_output_reconnect_can_trigger_early_retry ... ok
[INFO] [stdout] test integrations::codex::tests::summarizes_codex_json_events_without_leaking_model_text ... ok
[INFO] [stdout] test integrations::codex::tests::terminal_error_waits_until_final_reconnect_and_marks_retriable ... ok
[INFO] [stdout] test integrations::codex::tests::stderr_diagnostic_ignores_codex_websocket_trace_info ... ok
[INFO] [stdout] test integrations::codex::tests::stderr_diagnostic_keeps_trusted_directory_failure ... ok
[INFO] [stdout] test integrations::codex::tests::stderr_diagnostic_ignores_codex_ca_selection_info ... ok
[INFO] [stdout] test integrations::codex::tests::stderr_diagnostic_keeps_actual_tls_failure ... ok
[INFO] [stdout] test integrations::codex::tests::summarizes_error_progress_with_safe_detail ... ok
[INFO] [stdout] test integrations::codex::tests::summarizes_tool_and_command_progress_with_safe_detail ... ok
[INFO] [stdout] test integrations::codex_home::tests::auth_link_updates_wrong_symlink ... ok
[INFO] [stdout] test integrations::codex_home::tests::packages_blockwright_skills ... ok
[INFO] [stdout] test integrations::llm::tests::image_input_available_tracks_provider_support_and_codex_fallback ... ok
[INFO] [stdout] test integrations::llm::tests::openai_and_doubao_use_json_schema_response_format ... ok
[INFO] [stdout] test integrations::llm::tests::chat_completion_url_accepts_base_or_full_endpoint ... ok
[INFO] [stdout] test integrations::llm::tests::gemini_generate_content_url_accepts_base_or_full_endpoint ... ok
[INFO] [stdout] test integrations::llm::tests::api_provider_does_not_replay_local_session_history ... ok
[INFO] [stdout] test integrations::llm::tests::doubao_provider_sends_openai_compatible_chat_completion_request ... ok
[INFO] [stdout] test integrations::codex_home::tests::runtime_config_registers_blockwright_mcp_proxy ... ok
[INFO] [stdout] test integrations::matrix::tests::matrix_unauthorized_error_is_detected_for_config_hint ... ok
[INFO] [stdout] test integrations::matrix::tests::parses_matrix_text_events_from_configured_room ... ok
[INFO] [stdout] test integrations::llm::tests::reads_api_key_from_env_file_without_requiring_process_env ... ok
[INFO] [stdout] test mcp::tests::nearby_build_match_filters_by_world_and_radius ... ok
[INFO] [stdout] test integrations::matrix::tests::allows_personal_token_messages_but_skips_sent_replies ... ok
[INFO] [stdout] test integrations::matrix::tests::can_listen_to_any_joined_room_for_allowed_sender ... ok
[INFO] [stdout] test integrations::matrix::tests::ignores_non_text_or_other_room_events ... ok
[INFO] [stdout] test integrations::llm::tests::gemini_request_sends_only_current_message_and_inline_images ... ok
[INFO] [stdout] test mcp::tests::give_item_tool_enqueues_visible_hand_delivery ... ok
[INFO] [stdout] test integrations::llm::tests::gemini_provider_sends_generate_content_request ... ok
[INFO] [stdout] test mcp::tests::tools_list_exposes_blockwright_tools_only ... ok
[INFO] [stdout] test mcp::tests::validates_blueprint_material_counts ... ok
[INFO] [stdout] test mcp::tests::validation_reports_mismatched_materials ... ok
[INFO] [stdout] test integrations::codex_home::tests::sync_preserves_unmanaged_skills_and_updates_packaged_content ... ok
[INFO] [stdout] test integrations::codex_home::tests::sync_removes_only_stale_packaged_files ... ok
[INFO] [stdout] test services::blueprint_store::tests::save_persists_spec_and_expanded_hash ... ok
[INFO] [stdout] test mcp::tests::place_blocks_tool_registers_build_before_enqueue ... ok
[INFO] [stdout] test services::build_store::tests::applies_failed_result_when_report_has_mismatch ... ok
[INFO] [stdout] test services::blueprint_store::tests::rejects_empty_or_unsafe_blueprint_ids ... ok
[INFO] [stdout] test services::blueprint_store::tests::saves_loads_and_lists_blueprints_by_id ... ok
[INFO] [stdout] test services::image_blueprint::tests::generates_vertical_mural_with_relative_coordinates ... ok
[INFO] [stdout] test services::build_store::tests::registers_planned_build_from_place_blocks_action ... ok
[INFO] [stdout] test services::build_store::tests::applies_failed_result_when_report_is_missing ... ok
[INFO] [stdout] test mcp::tests::place_blocks_tool_chunks_large_build_before_enqueue ... ok
[INFO] [stdout] test services::blueprint_store::tests::deletes_blueprint_from_memory_and_disk ... ok
[INFO] [stdout] test services::image_blueprint::tests::detects_local_image_recreation_request ... ok
[INFO] [stdout] test services::job_queue::tests::enqueue_assigns_incrementing_job_ids ... ok
[INFO] [stdout] test services::job_queue::tests::merge_pending_scan_job_keeps_one_job_and_latest_requirements ... ok
[INFO] [stdout] test services::job_queue::tests::pop_next_returns_first_matching_server_without_losing_others ... ok
[INFO] [stdout] test services::job_queue::tests::status_keeps_live_query_result_payload ... ok
[INFO] [stdout] test services::image_blueprint::tests::high_fidelity_words_raise_default_size ... ok
[INFO] [stdout] test services::job_queue::tests::merge_pending_scan_job_ignores_different_target_player ... ok
[INFO] [stdout] test services::job_queue::tests::enqueue_with_reserved_id_preserves_id ... ok
[INFO] [stdout] test services::job_queue::tests::status_tracks_claimed_and_result_phases ... ok
[INFO] [stdout] test services::blueprint_store::tests::finds_first_blueprint_by_tag_deterministically ... ok
[INFO] [stdout] test services::build_store::tests::applies_success_result_when_report_matches_expected ... ok
[INFO] [stdout] test integrations::codex::tests::runtime_home_is_passed_as_codex_home ... ok
[INFO] [stdout] test integrations::llm::tests::text_only_api_provider_falls_back_to_codex_for_image_input ... ok
[INFO] [stdout] test services::planner::tests::codex_build_keeps_front_target_and_prepares_supported_footprint ... ok
[INFO] [stdout] test services::build_store::tests::deletes_build_record_from_memory_and_disk ... ok
[INFO] [stdout] test integrations::codex::tests::image_paths_are_passed_to_codex_cli ... ok
[INFO] [stdout] test services::planner::tests::codex_disabled_does_not_use_local_keyword_fallback ... ok
[INFO] [stdout] test services::planner::tests::chat_plan_replies_without_minecraft_actions ... ok
[INFO] [stdout] test services::planner::tests::codex_failure_reply_includes_trace_id_and_log_path ... ok
[INFO] [stdout] test services::planner::tests::codex_not_found_failure_mentions_missing_command ... ok
[INFO] [stdout] test services::planner::tests::codex_blueprint_takes_precedence_over_builtin_house_template ... ok
[INFO] [stdout] test services::planner::tests::codex_build_shifts_large_footprint_away_from_player_body ... ok
[INFO] [stdout] test services::planner::tests::codex_build_uses_scan_ground_and_soft_clear_policy ... ok
[INFO] [stdout] test services::planner::tests::carousel_request_enters_codex_blueprint_planner ... ok
[INFO] [stdout] test integrations::codex::tests::structured_output_failure_retries_without_output_schema ... ok
[INFO] [stdout] test services::planner::tests::context_bundle_bounds_large_scan_samples ... ok
[INFO] [stdout] test services::planner::tests::codex_build_prepares_foundation_when_no_good_surface_exists ... ok
[INFO] [stdout] test services::planner::tests::context_bundle_does_not_embed_stored_blueprints_or_builds_by_default ... ok
[INFO] [stdout] test services::planner::tests::codex_build_keeps_front_target_and_integrates_water_surface ... ok
[INFO] [stdout] test services::planner::tests::english_llm_auth_failure_mentions_api_key ... ok
[INFO] [stdout] test services::planner::tests::codex_process_failure_replies_with_admin_hint ... ok
[INFO] [stdout] test services::planner::tests::codex_build_auto_clears_when_no_better_position_exists ... ok
[INFO] [stdout] test services::planner::tests::english_plan_prompt_requires_english_reply ... ok
[INFO] [stdout] test services::planner::tests::expands_blueprint_primitives_before_parsing_plan ... ok
[INFO] [stdout] test services::planner::tests::english_client_plan_prompt_overrides_chinese_request_text ... ok
[INFO] [stdout] test services::planner::tests::codex_plan_handles_build_edit_without_local_keyword_rules ... ok
[INFO] [stdout] test services::planner::tests::large_place_blocks_actions_are_chunked_for_tick_execution ... ok
[INFO] [stdout] test integrations::codex::tests::context_window_full_resets_saved_session_and_retries_fresh ... ok
[INFO] [stdout] test services::planner::tests::codex_blueprint_handles_treehouse_request ... ok
[INFO] [stdout] test services::planner::tests::llm_payment_failure_mentions_balance_instead_of_config ... ok
[INFO] [stdout] test services::planner::tests::local_image_attachment_paths_collects_existing_local_images ... ok
[INFO] [stdout] test services::planner::tests::parses_codex_plan_for_diamond_pickaxe ... ok
[INFO] [stdout] test integrations::codex::tests::schema_requests_pass_output_schema_to_local_cli ... ok
[INFO] [stdout] test services::planner::tests::parses_codex_plan_for_minecraft_command ... ok
[INFO] [stdout] test services::planner::tests::parses_codex_plan_with_blueprint_even_when_wrapped ... ok
[INFO] [stdout] test services::planner::tests::parses_scan_request_plan ... ok
[INFO] [stdout] test services::planner::tests::parses_structured_output_action_with_unused_nullable_fields ... ok
[INFO] [stdout] test services::planner::tests::placement_note_matches_detected_reply_language ... ok
[INFO] [stdout] test services::planner::tests::plan_prompt_uses_context_bundle_and_keeps_workflow_in_codex ... ok
[INFO] [stdout] test services::planner::tests::local_image_recreation_generates_pixel_blueprint_without_codex ... ok
[INFO] [stdout] test services::planner::tests::codex_plans_diamond_pickaxe_before_loose_diamond_match ... ok
[INFO] [stdout] test services::planner::tests::non_site_request_omits_provided_nearby_scan ... ok
[INFO] [stdout] test services::planner::tests::repairs_common_blueprint_shape_from_model_output ... ok
[INFO] [stdout] test services::planner::tests::repairs_plan_missing_safe_protocol_defaults ... ok
[INFO] [stdout] test services::planner::tests::codex_enabled_building_image_uses_3d_planner_not_pixel_mural ... ok
[INFO] [stdout] test services::planner::tests::codex_site_plan_controls_origin_clearing_and_foundation ... ok
[INFO] [stdout] test services::planner::tests::build_failure_requests_scan_instead_of_confirmation_when_codex_enabled ... ok
[INFO] [stdout] test services::planner::tests::repairs_scan_request_with_tool_like_fields ... ok
[INFO] [stdout] test services::planner::tests::standalone_blueprint_reply_uses_player_language ... ok
[INFO] [stdout] test services::planner::tests::stored_context_helper_collapses_chunked_build_actions ... ok
[INFO] [stdout] test services::progress::tests::progress_store_keeps_latest_snapshot_with_sequence ... ok
[INFO] [stdout] test services::planner::tests::stored_context_helpers_bound_large_blueprint_and_build_block_samples ... ok
[INFO] [stdout] test services::planner::tests::response_language_detection_follows_player_text ... ok
[INFO] [stdout] test services::planner::tests::image_attachment_enters_codex_blueprint_without_magic_text ... ok
[INFO] [stdout] test services::planner::tests::simple_action_context_omits_blueprints_and_build_history ... ok
[INFO] [stdout] test services::planner::tests::english_request_does_not_return_chinese_model_reply ... ok
[INFO] [stdout] test services::planner::tests::codex_build_shifts_away_from_hard_overlap ... ok
[INFO] [stdout] test integrations::codex::tests::session_key_resumes_same_codex_thread ... ok
[INFO] [stdout] test services::planner::tests::plans_diamonds_without_confusing_them_with_diamond_sword ... ok
[INFO] [stdout] test services::planner::tests::plans_diamond_sword ... ok
[INFO] [stdout] test services::planner::tests::invalid_build_after_scan_asks_codex_to_repair_plan ... ok
[INFO] [stdout] test services::planner::tests::english_client_language_overrides_chinese_request_text ... ok
[INFO] [stdout] test services::planner::tests::enabled_codex_failure_does_not_fall_back_to_keyword_rules ... ok
[INFO] [stdout] test services::planner::tests::planner_reuses_codex_session_key_for_same_player ... ok
[INFO] [stdout] test services::planner::tests::image_recreation_quality_gate_repairs_tiny_blueprint ... ok
[INFO] [stdout] test services::planner::tests::text_only_api_without_codex_keeps_local_image_blueprint_fallback ... ok
[INFO] [stdout] 
[INFO] [stdout] test result: ok. 160 passed; 0 failed; 0 ignored; 0 measured; 0 filtered out; finished in 0.56s
[INFO] [stdout] 
[INFO] [stderr]      Running unittests src/main.rs (/opt/rustwide/target/release/deps/blockwright_controller-18bb9a0ecf669cfe)
[INFO] [stdout] 
[INFO] [stdout] running 3 tests
[INFO] [stdout] test tests::ca_certificate_download_url_uses_http_web_endpoint ... ok
[INFO] [stdout] test tests::loopback_host_is_not_lan_accessible ... ok
[INFO] [stderr]      Running tests/api.rs (/opt/rustwide/target/release/deps/api-915328242afd0191)
[INFO] [stdout] test tests::wildcard_host_is_lan_accessible ... ok
[INFO] [stdout] 
[INFO] [stdout] test result: ok. 3 passed; 0 failed; 0 ignored; 0 measured; 0 filtered out; finished in 0.00s
[INFO] [stdout] 
[INFO] [stdout] 
[INFO] [stdout] running 29 tests
[INFO] [stdout] test api_routes_require_shared_token ... ok
[INFO] [stdout] test llm_config_endpoint_rejects_invalid_api_base_url ... ok
[INFO] [stdout] test llm_config_endpoint_rejects_invalid_api_key_env_name ... ok
[INFO] [stdout] test llm_config_endpoint_writes_untracked_config_and_env ... ok
[INFO] [stdout] test chat_adapters_are_loaded_from_untracked_runtime_config ... ok
[INFO] [stdout] test matrix_local_config_endpoint_writes_untracked_config_and_env ... ok
[INFO] [stdout] test chat_config_endpoint_writes_selected_tools_without_secret_leaks ... ok
[INFO] [stdout] test public_health_does_not_require_token ... ok
[INFO] [stdout] test matrix_local_config_endpoint_allows_disabled_without_sender_or_token ... FAILED
[INFO] [stdout] test web_chat_reply_does_not_queue_minecraft_job ... ok
[INFO] [stdout] test robot_message_queues_job_for_minecraft_poller ... ok
[INFO] [stdout] test generic_robot_message_with_image_attachment_enters_codex_blueprint ... ok
[INFO] [stdout] test minecraft_modification_without_scan_asks_fabric_to_rescan_once ... ok
[INFO] [stdout] test minecraft_message_returns_actions_without_queueing_a_job ... ok
[INFO] [stdout] test minecraft_modification_with_unrecorded_scan_uses_codex_plan ... ok
[INFO] [stdout] test minecraft_progress_endpoint_reports_codex_phase_for_request ... ok
[INFO] [stdout] test web_https_ca_certificate_download_uses_cer_inline_response ... ok
[INFO] [stdout] test web_chat_page_and_image_message_work_without_api_token ... ok
[INFO] [stdout] test build_job_result_updates_persisted_build_record ... ok
[INFO] [stdout] test api_provider_robot_message_prefetches_nearby_scan_before_prompt ... ok
[INFO] [stdout] test web_existing_edit_followups_merge_pending_scan_job ... ok
[INFO] [stdout] test dingtalk_stream_picture_message_queues_codex_blueprint_job ... ok
[INFO] [stdout] test web_existing_edit_queues_minecraft_scan_instead_of_manual_bw_hint ... ok
[INFO] [stdout] test web_job_status_reports_queue_claim_and_result ... ok
[INFO] [stdout] test web_item_job_status_does_not_blame_player_wording ... ok
[INFO] [stdout] test minecraft_build_message_returns_job_id_for_direct_execution ... ok
[INFO] [stdout] test minecraft_whole_build_replacement_does_not_ask_for_part ... ok
[INFO] [stdout] test web_voice_translate_uses_codex_without_api_token ... ok
[INFO] [stdout] test minecraft_modification_with_scan_uses_codex_plan ... ok
[INFO] [stdout] 
[INFO] [stdout] failures:
[INFO] [stdout] 
[INFO] [stdout] ---- matrix_local_config_endpoint_allows_disabled_without_sender_or_token stdout ----
[INFO] [stdout] 
[INFO] [stdout] thread 'matrix_local_config_endpoint_allows_disabled_without_sender_or_token' (2179) panicked at apps/controller/tests/api.rs:2055:5:
[INFO] [stdout] assertion `left == right` failed
[INFO] [stdout]   left: Bool(true)
[INFO] [stdout]  right: false
[INFO] [stdout] stack backtrace:
[INFO] [stdout]    0:     0x58c33c4263b1 - <<std[70759c8f55707aa4]::sys::backtrace::BacktraceLock>::print::DisplayBacktrace as core[df12db4294e9bfd3]::fmt::Display>::fmt
[INFO] [stdout]    1:     0x58c33c43f0ea - core[df12db4294e9bfd3]::fmt::write
[INFO] [stdout]    2:     0x58c33c42b85c - <alloc[2182bb758b4b3781]::vec::Vec<u8> as core[df12db4294e9bfd3]::io::write::Write>::write_fmt
[INFO] [stdout]    3:     0x58c33c3fe746 - std[70759c8f55707aa4]::panicking::default_hook::{closure#0}
[INFO] [stdout]    4:     0x58c33c41cf59 - std[70759c8f55707aa4]::panicking::default_hook
[INFO] [stdout]    5:     0x58c33be03020 - test[9d35eded1c95d3be]::test_main_inner::<test[9d35eded1c95d3be]::test_main_static::{closure#0}>::{closure#0}
[INFO] [stdout]    6:     0x58c33c41d282 - std[70759c8f55707aa4]::panicking::panic_with_hook
[INFO] [stdout]    7:     0x58c33c3fe7f2 - std[70759c8f55707aa4]::panicking::panic_handler::{closure#0}
[INFO] [stdout]    8:     0x58c33c3f6f59 - std[70759c8f55707aa4]::sys::backtrace::__rust_end_short_backtrace::<std[70759c8f55707aa4]::panicking::panic_handler::{closure#0}, !>
[INFO] [stdout]    9:     0x58c33c3ff9ad - __rustc[8fa7c3cbc660c2b3]::rust_begin_unwind
[INFO] [stdout]   10:     0x58c33c43f84c - core[df12db4294e9bfd3]::panicking::panic_fmt
[INFO] [stdout]   11:     0x58c33c43f763 - core[df12db4294e9bfd3]::panicking::assert_failed_inner
[INFO] [stdout]   12:     0x58c33bde6aa6 - core[df12db4294e9bfd3]::panicking::assert_failed::<serde_json[efa518210be1da47]::value::Value, bool>
[INFO] [stdout]   13:     0x58c33bda52f8 - api[527dfb5f1d7b23b9]::matrix_local_config_endpoint_allows_disabled_without_sender_or_token::{closure#0}
[INFO] [stdout]   14:     0x58c33bdee0cb - <tokio[ea50dc51ae2e5e2e]::runtime::runtime::Runtime>::block_on::<core[df12db4294e9bfd3]::pin::Pin<&mut dyn core[df12db4294e9bfd3]::future::future::Future<Output = ()>>>
[INFO] [stdout]   15:     0x58c33bdb233e - <api[527dfb5f1d7b23b9]::matrix_local_config_endpoint_allows_disabled_without_sender_or_token::{closure#0} as core[df12db4294e9bfd3]::ops::function::FnOnce<()>>::call_once
[INFO] [stdout]   16:     0x58c33bdf630b - test[9d35eded1c95d3be]::__rust_begin_short_backtrace::<core[df12db4294e9bfd3]::result::Result<(), alloc[2182bb758b4b3781]::string::String>, fn() -> core[df12db4294e9bfd3]::result::Result<(), alloc[2182bb758b4b3781]::string::String>>
[INFO] [stdout]   17:     0x58c33be03975 - test[9d35eded1c95d3be]::run_test::{closure#0}
[INFO] [stdout]   18:     0x58c33bdfd234 - std[70759c8f55707aa4]::sys::backtrace::__rust_begin_short_backtrace::<test[9d35eded1c95d3be]::run_test::{closure#1}, ()>
[INFO] [stdout]   19:     0x58c33be06ad2 - <std[70759c8f55707aa4]::thread::lifecycle::spawn_unchecked<test[9d35eded1c95d3be]::run_test::{closure#1}, ()>::{closure#1} as core[df12db4294e9bfd3]::ops::function::FnOnce<()>>::call_once::{shim:vtable#0}
[INFO] [stdout]   20:     0x58c33c425059 - <std[70759c8f55707aa4]::sys::thread::unix::Thread>::new::thread_start
[INFO] [stdout]   21:     0x72a7999c9dfa - <unknown>
[INFO] [stdout]   22:     0x72a799a5d3d4 - clone
[INFO] [stdout]   23:                0x0 - <unknown>
[INFO] [stdout] 
[INFO] [stdout] 
[INFO] [stdout] failures:
[INFO] [stdout]     matrix_local_config_endpoint_allows_disabled_without_sender_or_token
[INFO] [stdout] 
[INFO] [stdout] test result: FAILED. 28 passed; 1 failed; 0 ignored; 0 measured; 0 filtered out; finished in 0.37s
[INFO] [stdout] 
[INFO] [stderr] error: test failed, to rerun pass `--test api`
[INFO] running `Command { std: "docker" "inspect" "c49c2b9a69292162fc646d008835b06c03a3611cda3e0d3e733bc72f3cc4bc6b", kill_on_drop: false }`
[INFO] running `Command { std: "docker" "rm" "-f" "c49c2b9a69292162fc646d008835b06c03a3611cda3e0d3e733bc72f3cc4bc6b", kill_on_drop: false }`
[INFO] [stdout] c49c2b9a69292162fc646d008835b06c03a3611cda3e0d3e733bc72f3cc4bc6b
