[INFO] cloning repository https://github.com/marcgs/SplitVibe-Rust-v2
[INFO] running `Command { std: "git" "-c" "credential.helper=" "-c" "credential.helper=/workspace/cargo-home/bin/git-credential-null" "clone" "--bare" "https://github.com/marcgs/SplitVibe-Rust-v2" "/workspace/cache/git-repos/https%3A%2F%2Fgithub.com%2Fmarcgs%2FSplitVibe-Rust-v2", kill_on_drop: false }`
[INFO] [stderr] Cloning into bare repository '/workspace/cache/git-repos/https%3A%2F%2Fgithub.com%2Fmarcgs%2FSplitVibe-Rust-v2'...
[INFO] running `Command { std: "git" "rev-parse" "HEAD", kill_on_drop: false }`
[INFO] [stdout] eeb81d53da084bcb62fc142c4a6a1d3e8335b590
[INFO] testing marcgs/SplitVibe-Rust-v2 against 1.100.0-beta.1+cargoflags=--release for beta-release-1.100-2
[INFO] running `Command { std: "git" "clone" "/workspace/cache/git-repos/https%3A%2F%2Fgithub.com%2Fmarcgs%2FSplitVibe-Rust-v2" "/workspace/builds/worker-1-tc2/source", kill_on_drop: false }`
[INFO] [stderr] Cloning into '/workspace/builds/worker-1-tc2/source'...
[INFO] [stderr] done.
[INFO] removed /workspace/builds/worker-1-tc2/source/rust-toolchain.toml
[INFO] started tweaking git repo https://github.com/marcgs/SplitVibe-Rust-v2
[INFO] finished tweaking git repo https://github.com/marcgs/SplitVibe-Rust-v2
[INFO] tweaked toml for git repo https://github.com/marcgs/SplitVibe-Rust-v2 written to /workspace/builds/worker-1-tc2/source/Cargo.toml
[INFO] validating manifest of git repo https://github.com/marcgs/SplitVibe-Rust-v2 on toolchain 1.100.0-beta.1
[INFO] running `Command { std: CARGO_HOME="/workspace/cargo-home" RUSTUP_HOME="/workspace/rustup-home" "/workspace/cargo-home/bin/cargo" "+1.100.0-beta.1" "metadata" "--manifest-path" "Cargo.toml" "--no-deps", kill_on_drop: false }`
[INFO] crate git repo https://github.com/marcgs/SplitVibe-Rust-v2 already has a lockfile, it will not be regenerated
[INFO] running `Command { std: CARGO_HOME="/workspace/cargo-home" RUSTUP_HOME="/workspace/rustup-home" "/workspace/cargo-home/bin/cargo" "+1.100.0-beta.1" "fetch" "--manifest-path" "Cargo.toml", kill_on_drop: false }`
[INFO] running `Command { std: "docker" "create" "-v" "/var/lib/crater-agent-workspace/builds/worker-1-tc2/source:/opt/rustwide/workdir:ro,Z" "-v" "/var/lib/crater-agent-workspace/builds/worker-1-tc2/target:/opt/rustwide/target:rw,Z" "-v" "/var/lib/crater-agent-workspace/cargo-home:/opt/rustwide/cargo-home:ro,Z" "-v" "/var/lib/crater-agent-workspace/rustup-home:/opt/rustwide/rustup-home:ro,Z" "-m" "1610612736" "--network" "none" "ghcr.io/rust-lang/crates-build-env/linux@sha256:77db811e55d90add9212f6832c23229e3de5f1c1f9905e8cb07319ea15df73ac" "sleep" "infinity", kill_on_drop: false }`
[INFO] [stdout] ec1086b0293afd93075046fcd0c184342f08891e7eba19dc546e706e19052f46
[INFO] running `Command { std: "docker" "start" "ec1086b0293afd93075046fcd0c184342f08891e7eba19dc546e706e19052f46", kill_on_drop: false }`
[INFO] running `Command { std: "docker" "inspect" "ec1086b0293afd93075046fcd0c184342f08891e7eba19dc546e706e19052f46", kill_on_drop: false }`
[INFO] running `Command { std: "docker" "exec" "-e" "SOURCE_DIR=/opt/rustwide/workdir" "-e" "CARGO_HOME=/opt/rustwide/cargo-home" "-e" "RUSTUP_HOME=/opt/rustwide/rustup-home" "-e" "CARGO_TARGET_DIR=/opt/rustwide/target" "-w" "/opt/rustwide/workdir" "--user" "0:0" "ec1086b0293afd93075046fcd0c184342f08891e7eba19dc546e706e19052f46" "/opt/rustwide/cargo-home/bin/cargo" "+1.100.0-beta.1" "metadata" "--no-deps" "--format-version=1", kill_on_drop: false }`
[INFO] running `Command { std: "docker" "inspect" "ec1086b0293afd93075046fcd0c184342f08891e7eba19dc546e706e19052f46", kill_on_drop: false }`
[INFO] running `Command { std: "docker" "exec" "-e" "SOURCE_DIR=/opt/rustwide/workdir" "-e" "CARGO_HOME=/opt/rustwide/cargo-home" "-e" "RUSTUP_HOME=/opt/rustwide/rustup-home" "-e" "CARGO_TARGET_DIR=/opt/rustwide/target" "-e" "CARGO_INCREMENTAL=0" "-e" "RUST_BACKTRACE=full" "-e" "RUSTFLAGS=--cap-lints=warn" "-e" "RUSTDOCFLAGS=--cap-lints=warn" "-w" "/opt/rustwide/workdir" "--user" "0:0" "ec1086b0293afd93075046fcd0c184342f08891e7eba19dc546e706e19052f46" "/opt/rustwide/cargo-home/bin/cargo" "+1.100.0-beta.1" "build" "--frozen" "--message-format=json" "--release", kill_on_drop: false }`
[INFO] [stderr]    Compiling proc-macro2 v1.0.106
[INFO] [stderr]    Compiling quote v1.0.45
[INFO] [stderr]    Compiling serde v1.0.228
[INFO] [stderr]    Compiling libc v0.2.183
[INFO] [stderr]    Compiling serde_core v1.0.228
[INFO] [stderr]    Compiling pin-project-lite v0.2.17
[INFO] [stderr]    Compiling memchr v2.8.0
[INFO] [stderr]    Compiling typenum v1.19.0
[INFO] [stderr]    Compiling icu_normalizer_data v2.1.1
[INFO] [stderr]    Compiling once_cell v1.21.4
[INFO] [stderr]    Compiling futures-core v0.3.32
[INFO] [stderr]    Compiling icu_properties_data v2.1.2
[INFO] [stderr]    Compiling wasm-bindgen-shared v0.2.114
[INFO] [stderr]    Compiling cfg-if v1.0.4
[INFO] [stderr]    Compiling futures-sink v0.3.32
[INFO] [stderr]    Compiling futures-channel v0.3.32
[INFO] [stderr]    Compiling rustversion v1.0.22
[INFO] [stderr]    Compiling futures-io v0.3.32
[INFO] [stderr]    Compiling crossbeam-utils v0.8.21
[INFO] [stderr]    Compiling futures-task v0.3.32
[INFO] [stderr]    Compiling slab v0.4.12
[INFO] [stderr]    Compiling syn v2.0.117
[INFO] [stderr]    Compiling serde_json v1.0.149
[INFO] [stderr]    Compiling autocfg v1.5.0
[INFO] [stderr]    Compiling num-traits v0.2.19
[INFO] [stderr]    Compiling bumpalo v3.20.2
[INFO] [stderr]    Compiling wasm-bindgen v0.2.114
[INFO] [stderr]    Compiling stable_deref_trait v1.2.1
[INFO] [stderr]    Compiling proc-macro-error-attr2 v2.0.0
[INFO] [stderr]    Compiling litemap v0.8.1
[INFO] [stderr]    Compiling writeable v0.6.2
[INFO] [stderr]    Compiling parking v2.2.1
[INFO] [stderr]    Compiling parking_lot_core v0.9.12
[INFO] [stderr]    Compiling itoa v1.0.17
[INFO] [stderr]    Compiling zerocopy v0.8.42
[INFO] [stderr]    Compiling scopeguard v1.2.0
[INFO] [stderr]    Compiling concurrent-queue v2.5.0
[INFO] [stderr]    Compiling equivalent v1.0.2
[INFO] [stderr]    Compiling unicode-segmentation v1.12.0
[INFO] [stderr]    Compiling lock_api v0.4.14
[INFO] [stderr]    Compiling event-listener v5.4.1
[INFO] [stderr]    Compiling thiserror v2.0.18
[INFO] [stderr]    Compiling bytes v1.11.1
[INFO] [stderr]    Compiling generic-array v0.14.7
[INFO] [stderr]    Compiling proc-macro2-diagnostics v0.10.1
[INFO] [stderr]    Compiling hashbrown v0.16.1
[INFO] [stderr]    Compiling percent-encoding v2.3.2
[INFO] [stderr]    Compiling utf8_iter v1.0.4
[INFO] [stderr]    Compiling unicode-xid v0.2.6
[INFO] [stderr]    Compiling const_format_proc_macros v0.2.34
[INFO] [stderr]    Compiling indexmap v2.13.0
[INFO] [stderr]    Compiling form_urlencoded v1.2.2
[INFO] [stderr]    Compiling throw_error v0.2.0
[INFO] [stderr]    Compiling slotmap v1.1.1
[INFO] [stderr]    Compiling camino v1.2.2
[INFO] [stderr]    Compiling anyhow v1.0.102
[INFO] [stderr]    Compiling crypto-common v0.1.7
[INFO] [stderr]    Compiling block-buffer v0.10.4
[INFO] [stderr]    Compiling convert_case v0.7.1
[INFO] [stderr]    Compiling event-listener-strategy v0.5.4
[INFO] [stderr]    Compiling send_wrapper v0.6.0
[INFO] [stderr]    Compiling subtle v2.6.1
[INFO] [stderr]    Compiling or_poisoned v0.1.0
[INFO] [stderr]    Compiling thiserror v1.0.69
[INFO] [stderr]    Compiling digest v0.10.7
[INFO] [stderr]    Compiling async-lock v3.4.2
[INFO] [stderr]    Compiling const_format v0.2.35
[INFO] [stderr]    Compiling convert_case v0.6.0
[INFO] [stderr]    Compiling xxhash-rust v0.8.15
[INFO] [stderr]    Compiling guardian v1.3.0
[INFO] [stderr]    Compiling base64 v0.22.1
[INFO] [stderr]    Compiling rustc-hash v2.1.1
[INFO] [stderr]    Compiling synstructure v0.13.2
[INFO] [stderr]    Compiling wasm-bindgen-macro-support v0.2.114
[INFO] [stderr]    Compiling proc-macro-error2 v2.0.1
[INFO] [stderr]    Compiling server_fn_macro v0.7.8
[INFO] [stderr]    Compiling getrandom v0.4.2
[INFO] [stderr]    Compiling utf8-width v0.1.8
[INFO] [stderr]    Compiling yansi v1.0.1
[INFO] [stderr]    Compiling rust_decimal v1.40.0
[INFO] [stderr]    Compiling toml_parser v1.0.9+spec-1.1.0
[INFO] [stderr]    Compiling html-escape v0.2.13
[INFO] [stderr]    Compiling either_of v0.1.8
[INFO] [stderr]    Compiling toml_datetime v1.0.0+spec-1.1.0
[INFO] [stderr]    Compiling serde_derive v1.0.228
[INFO] [stderr]    Compiling zerofrom-derive v0.1.6
[INFO] [stderr]    Compiling yoke-derive v0.8.1
[INFO] [stderr]    Compiling zerovec-derive v0.11.2
[INFO] [stderr]    Compiling displaydoc v0.2.5
[INFO] [stderr]    Compiling thiserror-impl v2.0.18
[INFO] [stderr]    Compiling zerofrom v0.1.6
[INFO] [stderr]    Compiling yoke v0.8.1
[INFO] [stderr]    Compiling futures-macro v0.3.32
[INFO] [stderr]    Compiling zerovec v0.11.5
[INFO] [stderr]    Compiling wasm-bindgen-macro v0.2.114
[INFO] [stderr]    Compiling futures-util v0.3.32
[INFO] [stderr]    Compiling tinystr v0.8.2
[INFO] [stderr]    Compiling potential_utf v0.1.4
[INFO] [stderr]    Compiling icu_locale_core v2.1.1
[INFO] [stderr]    Compiling zerotrie v0.2.3
[INFO] [stderr]    Compiling icu_collections v2.1.1
[INFO] [stderr]    Compiling icu_provider v2.1.1
[INFO] [stderr]    Compiling js-sys v0.3.91
[INFO] [stderr]    Compiling icu_properties v2.1.2
[INFO] [stderr]    Compiling smallvec v1.15.1
[INFO] [stderr]    Compiling parking_lot v0.12.5
[INFO] [stderr]    Compiling icu_normalizer v2.1.1
[INFO] [stderr]    Compiling either v1.15.0
[INFO] [stderr]    Compiling idna_adapter v1.2.1
[INFO] [stderr]    Compiling proc-macro-utils v0.10.0
[INFO] [stderr]    Compiling idna v1.1.0
[INFO] [stderr]    Compiling futures-executor v0.3.32
[INFO] [stderr]    Compiling tracing-attributes v0.1.31
[INFO] [stderr]    Compiling futures v0.3.32
[INFO] [stderr]    Compiling url v2.5.8
[INFO] [stderr]    Compiling derive-where v1.6.0
[INFO] [stderr]    Compiling hydration_context v0.2.1
[INFO] [stderr]    Compiling thiserror-impl v1.0.69
[INFO] [stderr]    Compiling syn_derive v0.2.0
[INFO] [stderr]    Compiling manyhow-macros v0.11.4
[INFO] [stderr]    Compiling quote-use-macros v0.8.4
[INFO] [stderr]    Compiling itertools v0.14.0
[INFO] [stderr]    Compiling pin-project-internal v1.1.11
[INFO] [stderr]    Compiling reactive_stores_macro v0.1.8
[INFO] [stderr]    Compiling quote-use v0.8.4
[INFO] [stderr]    Compiling manyhow v0.11.4
[INFO] [stderr]    Compiling oco_ref v0.2.1
[INFO] [stderr]    Compiling async-trait v0.1.89
[INFO] [stderr]    Compiling serde_spanned v1.0.4
[INFO] [stderr]    Compiling http v1.4.0
[INFO] [stderr]    Compiling mio v1.1.1
[INFO] [stderr]    Compiling socket2 v0.6.3
[INFO] [stderr]    Compiling pin-project v1.1.11
[INFO] [stderr]    Compiling getrandom v0.2.17
[INFO] [stderr]    Compiling aho-corasick v1.1.4
[INFO] [stderr]    Compiling zmij v1.0.21
[INFO] [stderr]    Compiling tinyvec_macros v0.1.1
[INFO] [stderr]    Compiling linear-map v1.2.0
[INFO] [stderr]    Compiling foldhash v0.1.5
[INFO] [stderr]    Compiling next_tuple v0.1.0
[INFO] [stderr]    Compiling const_str_slice_concat v0.1.0
[INFO] [stderr]    Compiling drain_filter_polyfill v0.1.3
[INFO] [stderr]    Compiling regex-syntax v0.8.10
[INFO] [stderr]    Compiling dyn-clone v1.0.20
[INFO] [stderr]    Compiling prettyplease v0.2.37
[INFO] [stderr]    Compiling interpolator v0.5.0
[INFO] [stderr]    Compiling same-file v1.0.6
[INFO] [stderr]    Compiling hashbrown v0.14.5
[INFO] [stderr]    Compiling arrayvec v0.7.6
[INFO] [stderr]    Compiling collection_literals v1.0.3
[INFO] [stderr]    Compiling allocator-api2 v0.2.21
[INFO] [stderr]    Compiling attribute-derive-macro v0.10.5
[INFO] [stderr]    Compiling tracing-core v0.1.36
[INFO] [stderr]    Compiling dashmap v6.1.0
[INFO] [stderr]    Compiling hashbrown v0.15.5
[INFO] [stderr]    Compiling wasm-bindgen-futures v0.4.64
[INFO] [stderr]    Compiling web-sys v0.3.91
[INFO] [stderr]    Compiling any_spawner v0.2.0
[INFO] [stderr]    Compiling reactive_graph v0.1.8
[INFO] [stderr]    Compiling regex-automata v0.4.14
[INFO] [stderr]    Compiling tokio v1.50.0
[INFO] [stderr]    Compiling reactive_stores v0.1.8
[INFO] [stderr]    Compiling walkdir v2.5.0
[INFO] [stderr]    Compiling tinyvec v1.10.0
[INFO] [stderr]    Compiling rand_core v0.6.4
[INFO] [stderr]    Compiling toml v1.0.6+spec-1.1.0
[INFO] [stderr]    Compiling serde_qs v0.13.0
[INFO] [stderr]    Compiling rstml v0.12.1
[INFO] [stderr]    Compiling ppv-lite86 v0.2.21
[INFO] [stderr]    Compiling typed-builder-macro v0.20.1
[INFO] [stderr]    Compiling server_fn_macro_default v0.7.8
[INFO] [stderr]    Compiling log v0.4.29
[INFO] [stderr]    Compiling iana-time-zone v0.1.65
[INFO] [stderr]    Compiling crc-catalog v2.4.0
[INFO] [stderr]    Compiling cpufeatures v0.2.17
[INFO] [stderr]    Compiling sha2 v0.10.9
[INFO] [stderr]    Compiling crc v3.4.0
[INFO] [stderr]    Compiling tracing v0.1.44
[INFO] [stderr]    Compiling config v0.15.20
[INFO] [stderr]    Compiling chrono v0.4.44
[INFO] [stderr]    Compiling typed-builder v0.20.1
[INFO] [stderr]    Compiling uuid v1.22.0
[INFO] [stderr]    Compiling leptos_hot_reload v0.7.8
[INFO] [stderr]    Compiling rand_chacha v0.3.1
[INFO] [stderr]    Compiling unicode-normalization v0.1.25
[INFO] [stderr]    Compiling tokio-stream v0.1.18
[INFO] [stderr]    Compiling regex v1.12.3
[INFO] [stderr]    Compiling hashlink v0.10.0
[INFO] [stderr]    Compiling attribute-derive v0.10.5
[INFO] [stderr]    Compiling futures-intrusive v0.5.0
[INFO] [stderr]    Compiling codee v0.3.5
[INFO] [stderr]    Compiling crossbeam-queue v0.3.12
[INFO] [stderr]    Compiling hmac v0.12.1
[INFO] [stderr]    Compiling unicode-properties v0.1.4
[INFO] [stderr]    Compiling unicode-bidi v0.3.18
[INFO] [stderr]    Compiling leptos_macro v0.7.9
[INFO] [stderr]    Compiling stringprep v0.1.5
[INFO] [stderr]    Compiling sqlx-core v0.8.6
[INFO] [stderr]    Compiling hkdf v0.12.4
[INFO] [stderr]    Compiling leptos_config v0.7.8
[INFO] [stderr]    Compiling gloo-utils v0.2.0
[INFO] [stderr]    Compiling gloo-net v0.6.0
[INFO] [stderr]    Compiling tachys v0.1.9
[INFO] [stderr]    Compiling rand v0.8.5
[INFO] [stderr]    Compiling atoi v2.0.0
[INFO] [stderr]    Compiling md-5 v0.10.6
[INFO] [stderr]    Compiling hex v0.4.3
[INFO] [stderr]    Compiling bitflags v2.11.0
[INFO] [stderr]    Compiling wasm-streams v0.4.2
[INFO] [stderr]    Compiling dotenvy v0.15.7
[INFO] [stderr]    Compiling home v0.5.12
[INFO] [stderr]    Compiling byteorder v1.5.0
[INFO] [stderr]    Compiling whoami v1.6.1
[INFO] [stderr]    Compiling sqlx-postgres v0.8.6
[INFO] [stderr]    Compiling server_fn v0.7.8
[INFO] [stderr]    Compiling leptos_router_macro v0.7.8
[INFO] [stderr]    Compiling sqlx-macros-core v0.8.6
[INFO] [stderr]    Compiling splitvibe-core v0.1.0 (/opt/rustwide/workdir/crates/splitvibe-core)
[INFO] [stderr]    Compiling sqlx-macros v0.8.6
[INFO] [stderr]    Compiling leptos_dom v0.7.8
[INFO] [stderr]    Compiling leptos_server v0.7.8
[INFO] [stderr]    Compiling leptos v0.7.8
[INFO] [stderr]    Compiling sqlx v0.8.6
[INFO] [stderr]    Compiling splitvibe-db v0.1.0 (/opt/rustwide/workdir/crates/splitvibe-db)
[INFO] [stderr]    Compiling leptos_meta v0.7.8
[INFO] [stderr]    Compiling leptos_router v0.7.8
[INFO] [stderr]    Compiling splitvibe-server v0.1.0 (/opt/rustwide/workdir/crates/splitvibe-server)
[INFO] [stderr] warning: unused dependency `thiserror`
[INFO] [stderr]  --> crates/splitvibe-core/Cargo.toml:8:1
[INFO] [stderr]   |
[INFO] [stderr] 8 | thiserror = "2"
[INFO] [stderr]   | ^^^^^^^^^^^^^^^
[INFO] [stderr]   |
[INFO] [stderr]   = note: `cargo::unused_dependencies` is set to `warn` by default
[INFO] [stderr] help: consider removing the dependency on `thiserror`
[INFO] [stderr] warning: `splitvibe-core` (manifest) generated 1 warning
[INFO] [stderr] warning: unused dependency `tracing`
[INFO] [stderr]   --> crates/splitvibe-server/Cargo.toml:29:1
[INFO] [stderr]    |
[INFO] [stderr] 29 | tracing = "0.1"
[INFO] [stderr]    | ^^^^^^^^^^^^^^^
[INFO] [stderr]    |
[INFO] [stderr]    = note: `cargo::unused_dependencies` is set to `warn` by default
[INFO] [stderr] help: consider removing the dependency on `tracing`
[INFO] [stderr] warning: `splitvibe-server` (manifest) generated 1 warning
[INFO] [stderr]     Finished `release` profile [optimized] target(s) in 6m 59s
[INFO] [stderr] warning: the following packages contain code that will be rejected by a future version of Rust: attribute-derive-macro v0.10.5, proc-macro-error2 v2.0.1
[INFO] [stderr] note: to see what the problems were, use the option `--future-incompat-report`, or run `cargo report future-incompatibilities --id 1`
[INFO] running `Command { std: "docker" "inspect" "ec1086b0293afd93075046fcd0c184342f08891e7eba19dc546e706e19052f46", kill_on_drop: false }`
[INFO] running `Command { std: "docker" "exec" "-e" "SOURCE_DIR=/opt/rustwide/workdir" "-e" "CARGO_HOME=/opt/rustwide/cargo-home" "-e" "RUSTUP_HOME=/opt/rustwide/rustup-home" "-e" "CARGO_TARGET_DIR=/opt/rustwide/target" "-e" "CARGO_INCREMENTAL=0" "-e" "RUST_BACKTRACE=full" "-e" "RUSTFLAGS=--cap-lints=warn" "-e" "RUSTDOCFLAGS=--cap-lints=warn" "-w" "/opt/rustwide/workdir" "--user" "0:0" "ec1086b0293afd93075046fcd0c184342f08891e7eba19dc546e706e19052f46" "/opt/rustwide/cargo-home/bin/cargo" "+1.100.0-beta.1" "test" "--frozen" "--no-run" "--message-format=json" "--release", kill_on_drop: false }`
[INFO] [stderr]    Compiling errno v0.3.14
[INFO] [stderr]    Compiling tokio-macros v2.6.1
[INFO] [stderr]    Compiling rust_decimal_macros v1.40.0
[INFO] [stderr]    Compiling sdd v3.0.10
[INFO] [stderr]    Compiling serial_test_derive v3.4.0
[INFO] [stderr]    Compiling splitvibe-server v0.1.0 (/opt/rustwide/workdir/crates/splitvibe-server)
[INFO] [stderr]    Compiling signal-hook-registry v1.4.8
[INFO] [stderr]    Compiling scc v2.4.0
[INFO] [stderr]    Compiling splitvibe-core v0.1.0 (/opt/rustwide/workdir/crates/splitvibe-core)
[INFO] [stderr]    Compiling tokio v1.50.0
[INFO] [stderr]    Compiling serial_test v3.4.0
[INFO] [stderr]    Compiling tokio-stream v0.1.18
[INFO] [stderr]    Compiling sqlx-core v0.8.6
[INFO] [stderr]    Compiling sqlx-postgres v0.8.6
[INFO] [stderr]    Compiling sqlx v0.8.6
[INFO] [stderr]    Compiling splitvibe-db v0.1.0 (/opt/rustwide/workdir/crates/splitvibe-db)
[INFO] [stderr] warning: unused dependency `thiserror`
[INFO] [stderr]  --> crates/splitvibe-core/Cargo.toml:8:1
[INFO] [stderr]   |
[INFO] [stderr] 8 | thiserror = "2"
[INFO] [stderr]   | ^^^^^^^^^^^^^^^
[INFO] [stderr]   |
[INFO] [stderr]   = note: `cargo::unused_dependencies` is set to `warn` by default
[INFO] [stderr] help: consider removing the dependency on `thiserror`
[INFO] [stderr] warning: `splitvibe-core` (manifest) generated 1 warning
[INFO] [stderr] warning: unused dependency `tracing`
[INFO] [stderr]   --> crates/splitvibe-server/Cargo.toml:29:1
[INFO] [stderr]    |
[INFO] [stderr] 29 | tracing = "0.1"
[INFO] [stderr]    | ^^^^^^^^^^^^^^^
[INFO] [stderr]    |
[INFO] [stderr]    = note: `cargo::unused_dependencies` is set to `warn` by default
[INFO] [stderr] help: consider removing the dependency on `tracing`
[INFO] [stderr] warning: `splitvibe-server` (manifest) generated 1 warning
[INFO] [stderr]     Finished `release` profile [optimized] target(s) in 2m 11s
[INFO] [stderr] warning: the following packages contain code that will be rejected by a future version of Rust: attribute-derive-macro v0.10.5, proc-macro-error2 v2.0.1
[INFO] [stderr] note: to see what the problems were, use the option `--future-incompat-report`, or run `cargo report future-incompatibilities --id 1`
[INFO] running `Command { std: "docker" "inspect" "ec1086b0293afd93075046fcd0c184342f08891e7eba19dc546e706e19052f46", kill_on_drop: false }`
[INFO] running `Command { std: "docker" "exec" "-e" "SOURCE_DIR=/opt/rustwide/workdir" "-e" "CARGO_HOME=/opt/rustwide/cargo-home" "-e" "RUSTUP_HOME=/opt/rustwide/rustup-home" "-e" "CARGO_TARGET_DIR=/opt/rustwide/target" "-e" "CARGO_INCREMENTAL=0" "-e" "RUST_BACKTRACE=full" "-e" "RUSTFLAGS=--cap-lints=warn" "-e" "RUSTDOCFLAGS=--cap-lints=warn" "-w" "/opt/rustwide/workdir" "--user" "0:0" "ec1086b0293afd93075046fcd0c184342f08891e7eba19dc546e706e19052f46" "/opt/rustwide/cargo-home/bin/cargo" "+1.100.0-beta.1" "test" "--frozen" "--release", kill_on_drop: false }`
[INFO] [stderr] warning: unused dependency `thiserror`
[INFO] [stderr]  --> crates/splitvibe-core/Cargo.toml:8:1
[INFO] [stderr]   |
[INFO] [stderr] 8 | thiserror = "2"
[INFO] [stderr]   | ^^^^^^^^^^^^^^^
[INFO] [stderr]   |
[INFO] [stderr]   = note: `cargo::unused_dependencies` is set to `warn` by default
[INFO] [stderr] help: consider removing the dependency on `thiserror`
[INFO] [stderr] warning: `splitvibe-core` (manifest) generated 1 warning
[INFO] [stderr] warning: unused dependency `tracing`
[INFO] [stderr]   --> crates/splitvibe-server/Cargo.toml:29:1
[INFO] [stderr]    |
[INFO] [stderr] 29 | tracing = "0.1"
[INFO] [stderr]    | ^^^^^^^^^^^^^^^
[INFO] [stderr]    |
[INFO] [stderr]    = note: `cargo::unused_dependencies` is set to `warn` by default
[INFO] [stderr] help: consider removing the dependency on `tracing`
[INFO] [stderr] warning: `splitvibe-server` (manifest) generated 1 warning
[INFO] [stderr]     Finished `release` profile [optimized] target(s) in 0.62s
[INFO] [stderr] warning: the following packages contain code that will be rejected by a future version of Rust: attribute-derive-macro v0.10.5, proc-macro-error2 v2.0.1
[INFO] [stderr] note: to see what the problems were, use the option `--future-incompat-report`, or run `cargo report future-incompatibilities --id 1`
[INFO] [stderr]      Running unittests src/lib.rs (/opt/rustwide/target/release/build/splitvibe-core/502e49affa76e359/out/splitvibe_core-502e49affa76e359)
[INFO] [stdout] 
[INFO] [stdout] running 31 tests
[INFO] [stdout] test balance::tests::test_alice_owed_total ... ok
[INFO] [stdout] test balance::tests::test_single_expense_equal_split_three_ways ... ok
[INFO] [stdout] test balance::tests::test_settlement_partial ... ok
[INFO] [stdout] test balance::tests::test_all_settled_up ... ok
[INFO] [stdout] test balance::tests::test_settlement_clears_debt ... ok
[INFO] [stdout] test balance::tests::test_full_settlement_clears_all ... ok
[INFO] [stdout] test balance::tests::test_no_expenses_returns_no_debts ... ok
[INFO] [stdout] test balance::tests::test_multiple_expenses_simplified ... ok
[INFO] [stdout] test models::tests::mock_users_have_unique_names ... ok
[INFO] [stdout] test models::tests::mock_users_have_unique_avatar_urls ... ok
[INFO] [stdout] test split::tests::test_even_split ... ok
[INFO] [stdout] test split::tests::test_two_way_split ... ok
[INFO] [stdout] test split::tests::test_single_participant ... ok
[INFO] [stdout] test balance::tests::test_single_payer_single_member_no_debts ... ok
[INFO] [stdout] test split::tests::test_sum_always_equals_total ... ok
[INFO] [stdout] test validation::tests::test_expense_amount_invalid_format ... ok
[INFO] [stdout] test validation::tests::test_expense_amount_negative ... ok
[INFO] [stdout] test split::tests::test_remainder_distribution ... ok
[INFO] [stdout] test validation::tests::test_expense_amount_valid ... ok
[INFO] [stdout] test validation::tests::test_expense_title_empty ... ok
[INFO] [stdout] test validation::tests::test_expense_title_valid ... ok
[INFO] [stdout] test validation::tests::test_expense_amount_zero ... ok
[INFO] [stdout] test validation::tests::test_max_length_name_is_valid ... ok
[INFO] [stdout] test validation::tests::test_too_long_name_is_invalid ... ok
[INFO] [stdout] test models::tests::mock_users_have_unique_ids ... ok
[INFO] [stdout] test validation::tests::test_split_members_empty ... ok
[INFO] [stdout] test validation::tests::test_split_members_valid ... ok
[INFO] [stdout] test split::tests::test_alphabetical_ordering ... ok
[INFO] [stdout] test validation::tests::test_valid_name ... ok
[INFO] [stderr]      Running unittests src/lib.rs (/opt/rustwide/target/release/build/splitvibe-db/2577fd0e9b8711e4/out/splitvibe_db-2577fd0e9b8711e4)
[INFO] [stdout] test tests::core_crate_loads ... ok
[INFO] [stdout] test validation::tests::test_empty_name_is_invalid ... ok
[INFO] [stdout] 
[INFO] [stdout] test result: ok. 31 passed; 0 failed; 0 ignored; 0 measured; 0 filtered out; finished in 0.03s
[INFO] [stdout] 
[INFO] [stdout] 
[INFO] [stdout] running 0 tests
[INFO] [stdout] 
[INFO] [stdout] test result: ok. 0 passed; 0 failed; 0 ignored; 0 measured; 0 filtered out; finished in 0.00s
[INFO] [stdout] 
[INFO] [stderr]      Running tests/expense_tests.rs (/opt/rustwide/target/release/build/splitvibe-db/04f51620abf23410/out/expense_tests-04f51620abf23410)
[INFO] [stdout] 
[INFO] [stdout] running 5 tests
[INFO] [stdout] test test_list_expenses_for_group ... FAILED
[INFO] [stdout] test test_list_expenses_excludes_deleted ... FAILED
[INFO] [stdout] test test_get_expense_data_for_balances ... FAILED
[INFO] [stdout] test test_get_expense_data_excludes_deleted ... FAILED
[INFO] [stdout] test test_create_expense_returns_expense ... FAILED
[INFO] [stdout] 
[INFO] [stdout] failures:
[INFO] [stdout] 
[INFO] [stdout] ---- test_list_expenses_for_group stdout ----
[INFO] [stdout] 
[INFO] [stdout] thread 'test_list_expenses_for_group' (5480) panicked at crates/splitvibe-db/tests/expense_tests.rs:9:39:
[INFO] [stdout] DATABASE_URL must be set for integration tests: NotPresent
[INFO] [stdout] stack backtrace:
[INFO] [stdout]    0:     0x5828c458e2e1 - <<std[617be2ca0a6fd877]::sys::backtrace::BacktraceLock>::print::DisplayBacktrace as core[a373ad73a504971]::fmt::Display>::fmt
[INFO] [stdout]    1:     0x5828c45a51ca - core[a373ad73a504971]::fmt::write
[INFO] [stdout]    2:     0x5828c4592abc - <alloc[2e1b2a31b91974c5]::vec::Vec<u8> as core[a373ad73a504971]::io::write::Write>::write_fmt
[INFO] [stdout]    3:     0x5828c4568876 - std[617be2ca0a6fd877]::panicking::default_hook::{closure#0}
[INFO] [stdout]    4:     0x5828c4585839 - std[617be2ca0a6fd877]::panicking::default_hook
[INFO] [stdout]    5:     0x5828c4428c20 - test[aada8e7e76ba119b]::test_main_inner::{closure#0}
[INFO] [stdout]    6:     0x5828c4585b62 - std[617be2ca0a6fd877]::panicking::panic_with_hook
[INFO] [stdout]    7:     0x5828c4568922 - std[617be2ca0a6fd877]::panicking::panic_handler::{closure#0}
[INFO] [stdout]    8:     0x5828c4561189 - std[617be2ca0a6fd877]::sys::backtrace::__rust_end_short_backtrace::<std[617be2ca0a6fd877]::panicking::panic_handler::{closure#0}, !>
[INFO] [stdout]    9:     0x5828c45697bd - __rustc[ea4f61d10b84890b]::rust_begin_unwind
[INFO] [stdout]   10:     0x5828c45a592c - core[a373ad73a504971]::panicking::panic_fmt
[INFO] [stdout]   11:     0x5828c45a5702 - core[a373ad73a504971]::result::unwrap_failed
[INFO] [stdout]   12:     0x5828c43cf8b1 - expense_tests[51018baa59d4669c]::setup_pool::{closure#0}
[INFO] [stdout]   13:     0x5828c43cb36e - expense_tests[51018baa59d4669c]::test_list_expenses_for_group::{closure#0}::{closure#0}
[INFO] [stdout]   14:     0x5828c4401d63 - <tokio[9ee746dbc72c71a7]::runtime::scheduler::current_thread::Context>::enter::<core[a373ad73a504971]::task::poll::Poll<()>, <tokio[9ee746dbc72c71a7]::runtime::scheduler::current_thread::CoreGuard>::block_on<core[a373ad73a504971]::pin::Pin<&mut core[a373ad73a504971]::pin::Pin<&mut dyn core[a373ad73a504971]::future::future::Future<Output = ()>>>>::{closure#0}::{closure#0}>
[INFO] [stdout]   15:     0x5828c43f26c9 - <std[617be2ca0a6fd877]::thread::local::LocalKey<tokio[9ee746dbc72c71a7]::runtime::context::Context>>::with::<tokio[9ee746dbc72c71a7]::runtime::context::set_scheduler<(alloc[2e1b2a31b91974c5]::boxed::Box<tokio[9ee746dbc72c71a7]::runtime::scheduler::current_thread::Core>, core[a373ad73a504971]::option::Option<()>), <tokio[9ee746dbc72c71a7]::runtime::scheduler::current_thread::CoreGuard>::enter<<tokio[9ee746dbc72c71a7]::runtime::scheduler::current_thread::CoreGuard>::block_on<core[a373ad73a504971]::pin::Pin<&mut core[a373ad73a504971]::pin::Pin<&mut dyn core[a373ad73a504971]::future::future::Future<Output = ()>>>>::{closure#0}, core[a373ad73a504971]::option::Option<()>>::{closure#0}>::{closure#0}, (alloc[2e1b2a31b91974c5]::boxed::Box<tokio[9ee746dbc72c71a7]::runtime::scheduler::current_thread::Core>, core[a373ad73a504971]::option::Option<()>)>
[INFO] [stdout]   16:     0x5828c4402657 - <tokio[9ee746dbc72c71a7]::runtime::scheduler::current_thread::CoreGuard>::block_on::<core[a373ad73a504971]::pin::Pin<&mut core[a373ad73a504971]::pin::Pin<&mut dyn core[a373ad73a504971]::future::future::Future<Output = ()>>>>
[INFO] [stdout]   17:     0x5828c43f5de7 - tokio[9ee746dbc72c71a7]::runtime::context::runtime::enter_runtime::<<tokio[9ee746dbc72c71a7]::runtime::scheduler::current_thread::CurrentThread>::block_on<core[a373ad73a504971]::pin::Pin<&mut dyn core[a373ad73a504971]::future::future::Future<Output = ()>>>::{closure#0}, ()>
[INFO] [stdout]   18:     0x5828c4416d05 - <tokio[9ee746dbc72c71a7]::runtime::runtime::Runtime>::block_on::<core[a373ad73a504971]::pin::Pin<&mut dyn core[a373ad73a504971]::future::future::Future<Output = ()>>>
[INFO] [stdout]   19:     0x5828c43d9beb - <expense_tests[51018baa59d4669c]::test_list_expenses_for_group::{closure#0} as core[a373ad73a504971]::ops::function::FnOnce<()>>::call_once
[INFO] [stdout]   20:     0x5828c4540757 - serial_test[378dc3a3ee698805]::serial_code_lock::local_serial_core
[INFO] [stdout]   21:     0x5828c43d992d - <expense_tests[51018baa59d4669c]::test_list_expenses_for_group::{closure#0} as core[a373ad73a504971]::ops::function::FnOnce<()>>::call_once
[INFO] [stdout]   22:     0x5828c441c06b - test[aada8e7e76ba119b]::__rust_begin_short_backtrace::<core[a373ad73a504971]::result::Result<(), alloc[2e1b2a31b91974c5]::string::String>, fn() -> core[a373ad73a504971]::result::Result<(), alloc[2e1b2a31b91974c5]::string::String>>
[INFO] [stdout]   23:     0x5828c4429245 - test[aada8e7e76ba119b]::run_test::{closure#0}
[INFO] [stdout]   24:     0x5828c4422b34 - std[617be2ca0a6fd877]::sys::backtrace::__rust_begin_short_backtrace::<test[aada8e7e76ba119b]::run_test::{closure#1}, ()>
[INFO] [stdout]   25:     0x5828c442c2d2 - <std[617be2ca0a6fd877]::thread::lifecycle::spawn_unchecked<test[aada8e7e76ba119b]::run_test::{closure#1}, ()>::{closure#1} as core[a373ad73a504971]::ops::function::FnOnce<()>>::call_once::{shim:vtable#0}
[INFO] [stdout]   26:     0x5828c458d11f - <std[617be2ca0a6fd877]::sys::thread::unix::Thread>::new::thread_start
[INFO] [stdout]   27:     0x76dbbe4e0dfa - <unknown>
[INFO] [stdout]   28:     0x76dbbe5743d4 - clone
[INFO] [stdout]   29:                0x0 - <unknown>
[INFO] [stdout] 
[INFO] [stdout] ---- test_list_expenses_excludes_deleted stdout ----
[INFO] [stdout] 
[INFO] [stdout] thread 'test_list_expenses_excludes_deleted' (5479) panicked at crates/splitvibe-db/tests/expense_tests.rs:9:39:
[INFO] [stdout] DATABASE_URL must be set for integration tests: NotPresent
[INFO] [stdout] stack backtrace:
[INFO] [stdout]    0:     0x5828c458e2e1 - <<std[617be2ca0a6fd877]::sys::backtrace::BacktraceLock>::print::DisplayBacktrace as core[a373ad73a504971]::fmt::Display>::fmt
[INFO] [stdout]    1:     0x5828c45a51ca - core[a373ad73a504971]::fmt::write
[INFO] [stdout]    2:     0x5828c4592abc - <alloc[2e1b2a31b91974c5]::vec::Vec<u8> as core[a373ad73a504971]::io::write::Write>::write_fmt
[INFO] [stdout]    3:     0x5828c4568876 - std[617be2ca0a6fd877]::panicking::default_hook::{closure#0}
[INFO] [stdout]    4:     0x5828c4585839 - std[617be2ca0a6fd877]::panicking::default_hook
[INFO] [stdout]    5:     0x5828c4428c20 - test[aada8e7e76ba119b]::test_main_inner::{closure#0}
[INFO] [stdout]    6:     0x5828c4585b62 - std[617be2ca0a6fd877]::panicking::panic_with_hook
[INFO] [stdout]    7:     0x5828c4568922 - std[617be2ca0a6fd877]::panicking::panic_handler::{closure#0}
[INFO] [stdout]    8:     0x5828c4561189 - std[617be2ca0a6fd877]::sys::backtrace::__rust_end_short_backtrace::<std[617be2ca0a6fd877]::panicking::panic_handler::{closure#0}, !>
[INFO] [stdout]    9:     0x5828c45697bd - __rustc[ea4f61d10b84890b]::rust_begin_unwind
[INFO] [stdout]   10:     0x5828c45a592c - core[a373ad73a504971]::panicking::panic_fmt
[INFO] [stdout]   11:     0x5828c45a5702 - core[a373ad73a504971]::result::unwrap_failed
[INFO] [stdout]   12:     0x5828c43cf8b1 - expense_tests[51018baa59d4669c]::setup_pool::{closure#0}
[INFO] [stdout]   13:     0x5828c43cd2ee - expense_tests[51018baa59d4669c]::test_list_expenses_excludes_deleted::{closure#0}::{closure#0}
[INFO] [stdout]   14:     0x5828c4401d63 - <tokio[9ee746dbc72c71a7]::runtime::scheduler::current_thread::Context>::enter::<core[a373ad73a504971]::task::poll::Poll<()>, <tokio[9ee746dbc72c71a7]::runtime::scheduler::current_thread::CoreGuard>::block_on<core[a373ad73a504971]::pin::Pin<&mut core[a373ad73a504971]::pin::Pin<&mut dyn core[a373ad73a504971]::future::future::Future<Output = ()>>>>::{closure#0}::{closure#0}>
[INFO] [stdout]   15:     0x5828c43f26c9 - <std[617be2ca0a6fd877]::thread::local::LocalKey<tokio[9ee746dbc72c71a7]::runtime::context::Context>>::with::<tokio[9ee746dbc72c71a7]::runtime::context::set_scheduler<(alloc[2e1b2a31b91974c5]::boxed::Box<tokio[9ee746dbc72c71a7]::runtime::scheduler::current_thread::Core>, core[a373ad73a504971]::option::Option<()>), <tokio[9ee746dbc72c71a7]::runtime::scheduler::current_thread::CoreGuard>::enter<<tokio[9ee746dbc72c71a7]::runtime::scheduler::current_thread::CoreGuard>::block_on<core[a373ad73a504971]::pin::Pin<&mut core[a373ad73a504971]::pin::Pin<&mut dyn core[a373ad73a504971]::future::future::Future<Output = ()>>>>::{closure#0}, core[a373ad73a504971]::option::Option<()>>::{closure#0}>::{closure#0}, (alloc[2e1b2a31b91974c5]::boxed::Box<tokio[9ee746dbc72c71a7]::runtime::scheduler::current_thread::Core>, core[a373ad73a504971]::option::Option<()>)>
[INFO] [stdout]   16:     0x5828c4402657 - <tokio[9ee746dbc72c71a7]::runtime::scheduler::current_thread::CoreGuard>::block_on::<core[a373ad73a504971]::pin::Pin<&mut core[a373ad73a504971]::pin::Pin<&mut dyn core[a373ad73a504971]::future::future::Future<Output = ()>>>>
[INFO] [stdout]   17:     0x5828c43f5de7 - tokio[9ee746dbc72c71a7]::runtime::context::runtime::enter_runtime::<<tokio[9ee746dbc72c71a7]::runtime::scheduler::current_thread::CurrentThread>::block_on<core[a373ad73a504971]::pin::Pin<&mut dyn core[a373ad73a504971]::future::future::Future<Output = ()>>>::{closure#0}, ()>
[INFO] [stdout]   18:     0x5828c4416d05 - <tokio[9ee746dbc72c71a7]::runtime::runtime::Runtime>::block_on::<core[a373ad73a504971]::pin::Pin<&mut dyn core[a373ad73a504971]::future::future::Future<Output = ()>>>
[INFO] [stdout]   19:     0x5828c43d9fdb - <expense_tests[51018baa59d4669c]::test_list_expenses_excludes_deleted::{closure#0} as core[a373ad73a504971]::ops::function::FnOnce<()>>::call_once
[INFO] [stdout]   20:     0x5828c4540757 - serial_test[378dc3a3ee698805]::serial_code_lock::local_serial_core
[INFO] [stdout]   21:     0x5828c43d9aad - <expense_tests[51018baa59d4669c]::test_list_expenses_excludes_deleted::{closure#0} as core[a373ad73a504971]::ops::function::FnOnce<()>>::call_once
[INFO] [stdout]   22:     0x5828c441c06b - test[aada8e7e76ba119b]::__rust_begin_short_backtrace::<core[a373ad73a504971]::result::Result<(), alloc[2e1b2a31b91974c5]::string::String>, fn() -> core[a373ad73a504971]::result::Result<(), alloc[2e1b2a31b91974c5]::string::String>>
[INFO] [stdout]   23:     0x5828c4429245 - test[aada8e7e76ba119b]::run_test::{closure#0}
[INFO] [stdout]   24:     0x5828c4422b34 - std[617be2ca0a6fd877]::sys::backtrace::__rust_begin_short_backtrace::<test[aada8e7e76ba119b]::run_test::{closure#1}, ()>
[INFO] [stdout]   25:     0x5828c442c2d2 - <std[617be2ca0a6fd877]::thread::lifecycle::spawn_unchecked<test[aada8e7e76ba119b]::run_test::{closure#1}, ()>::{closure#1} as core[a373ad73a504971]::ops::function::FnOnce<()>>::call_once::{shim:vtable#0}
[INFO] [stdout]   26:     0x5828c458d11f - <std[617be2ca0a6fd877]::sys::thread::unix::Thread>::new::thread_start
[INFO] [stdout]   27:     0x76dbbe4e0dfa - <unknown>
[INFO] [stdout]   28:     0x76dbbe5743d4 - clone
[INFO] [stdout]   29:                0x0 - <unknown>
[INFO] [stdout] 
[INFO] [stdout] ---- test_get_expense_data_for_balances stdout ----
[INFO] [stdout] 
[INFO] [stdout] thread 'test_get_expense_data_for_balances' (5478) panicked at crates/splitvibe-db/tests/expense_tests.rs:9:39:
[INFO] [stdout] DATABASE_URL must be set for integration tests: NotPresent
[INFO] [stdout] stack backtrace:
[INFO] [stdout]    0:     0x5828c458e2e1 - <<std[617be2ca0a6fd877]::sys::backtrace::BacktraceLock>::print::DisplayBacktrace as core[a373ad73a504971]::fmt::Display>::fmt
[INFO] [stdout]    1:     0x5828c45a51ca - core[a373ad73a504971]::fmt::write
[INFO] [stdout]    2:     0x5828c4592abc - <alloc[2e1b2a31b91974c5]::vec::Vec<u8> as core[a373ad73a504971]::io::write::Write>::write_fmt
[INFO] [stdout]    3:     0x5828c4568876 - std[617be2ca0a6fd877]::panicking::default_hook::{closure#0}
[INFO] [stdout]    4:     0x5828c4585839 - std[617be2ca0a6fd877]::panicking::default_hook
[INFO] [stdout]    5:     0x5828c4428c20 - test[aada8e7e76ba119b]::test_main_inner::{closure#0}
[INFO] [stdout]    6:     0x5828c4585b62 - std[617be2ca0a6fd877]::panicking::panic_with_hook
[INFO] [stdout]    7:     0x5828c4568922 - std[617be2ca0a6fd877]::panicking::panic_handler::{closure#0}
[INFO] [stdout]    8:     0x5828c4561189 - std[617be2ca0a6fd877]::sys::backtrace::__rust_end_short_backtrace::<std[617be2ca0a6fd877]::panicking::panic_handler::{closure#0}, !>
[INFO] [stdout]    9:     0x5828c45697bd - __rustc[ea4f61d10b84890b]::rust_begin_unwind
[INFO] [stdout]   10:     0x5828c45a592c - core[a373ad73a504971]::panicking::panic_fmt
[INFO] [stdout]   11:     0x5828c45a5702 - core[a373ad73a504971]::result::unwrap_failed
[INFO] [stdout]   12:     0x5828c43cf8b1 - expense_tests[51018baa59d4669c]::setup_pool::{closure#0}
[INFO] [stdout]   13:     0x5828c43cbe1e - expense_tests[51018baa59d4669c]::test_get_expense_data_for_balances::{closure#0}::{closure#0}
[INFO] [stdout]   14:     0x5828c4401d63 - <tokio[9ee746dbc72c71a7]::runtime::scheduler::current_thread::Context>::enter::<core[a373ad73a504971]::task::poll::Poll<()>, <tokio[9ee746dbc72c71a7]::runtime::scheduler::current_thread::CoreGuard>::block_on<core[a373ad73a504971]::pin::Pin<&mut core[a373ad73a504971]::pin::Pin<&mut dyn core[a373ad73a504971]::future::future::Future<Output = ()>>>>::{closure#0}::{closure#0}>
[INFO] [stdout]   15:     0x5828c43f26c9 - <std[617be2ca0a6fd877]::thread::local::LocalKey<tokio[9ee746dbc72c71a7]::runtime::context::Context>>::with::<tokio[9ee746dbc72c71a7]::runtime::context::set_scheduler<(alloc[2e1b2a31b91974c5]::boxed::Box<tokio[9ee746dbc72c71a7]::runtime::scheduler::current_thread::Core>, core[a373ad73a504971]::option::Option<()>), <tokio[9ee746dbc72c71a7]::runtime::scheduler::current_thread::CoreGuard>::enter<<tokio[9ee746dbc72c71a7]::runtime::scheduler::current_thread::CoreGuard>::block_on<core[a373ad73a504971]::pin::Pin<&mut core[a373ad73a504971]::pin::Pin<&mut dyn core[a373ad73a504971]::future::future::Future<Output = ()>>>>::{closure#0}, core[a373ad73a504971]::option::Option<()>>::{closure#0}>::{closure#0}, (alloc[2e1b2a31b91974c5]::boxed::Box<tokio[9ee746dbc72c71a7]::runtime::scheduler::current_thread::Core>, core[a373ad73a504971]::option::Option<()>)>
[INFO] [stdout]   16:     0x5828c4402657 - <tokio[9ee746dbc72c71a7]::runtime::scheduler::current_thread::CoreGuard>::block_on::<core[a373ad73a504971]::pin::Pin<&mut core[a373ad73a504971]::pin::Pin<&mut dyn core[a373ad73a504971]::future::future::Future<Output = ()>>>>
[INFO] [stdout]   17:     0x5828c43f5de7 - tokio[9ee746dbc72c71a7]::runtime::context::runtime::enter_runtime::<<tokio[9ee746dbc72c71a7]::runtime::scheduler::current_thread::CurrentThread>::block_on<core[a373ad73a504971]::pin::Pin<&mut dyn core[a373ad73a504971]::future::future::Future<Output = ()>>>::{closure#0}, ()>
[INFO] [stdout]   18:     0x5828c4416d05 - <tokio[9ee746dbc72c71a7]::runtime::runtime::Runtime>::block_on::<core[a373ad73a504971]::pin::Pin<&mut dyn core[a373ad73a504971]::future::future::Future<Output = ()>>>
[INFO] [stdout]   19:     0x5828c43d9d3b - <expense_tests[51018baa59d4669c]::test_get_expense_data_for_balances::{closure#0} as core[a373ad73a504971]::ops::function::FnOnce<()>>::call_once
[INFO] [stdout]   20:     0x5828c4540757 - serial_test[378dc3a3ee698805]::serial_code_lock::local_serial_core
[INFO] [stdout]   21:     0x5828c43d99ad - <expense_tests[51018baa59d4669c]::test_get_expense_data_for_balances::{closure#0} as core[a373ad73a504971]::ops::function::FnOnce<()>>::call_once
[INFO] [stdout]   22:     0x5828c441c06b - test[aada8e7e76ba119b]::__rust_begin_short_backtrace::<core[a373ad73a504971]::result::Result<(), alloc[2e1b2a31b91974c5]::string::String>, fn() -> core[a373ad73a504971]::result::Result<(), alloc[2e1b2a31b91974c5]::string::String>>
[INFO] [stdout]   23:     0x5828c4429245 - test[aada8e7e76ba119b]::run_test::{closure#0}
[INFO] [stdout]   24:     0x5828c4422b34 - std[617be2ca0a6fd877]::sys::backtrace::__rust_begin_short_backtrace::<test[aada8e7e76ba119b]::run_test::{closure#1}, ()>
[INFO] [stdout]   25:     0x5828c442c2d2 - <std[617be2ca0a6fd877]::thread::lifecycle::spawn_unchecked<test[aada8e7e76ba119b]::run_test::{closure#1}, ()>::{closure#1} as core[a373ad73a504971]::ops::function::FnOnce<()>>::call_once::{shim:vtable#0}
[INFO] [stdout]   26:     0x5828c458d11f - <std[617be2ca0a6fd877]::sys::thread::unix::Thread>::new::thread_start
[INFO] [stdout]   27:     0x76dbbe4e0dfa - <unknown>
[INFO] [stdout]   28:     0x76dbbe5743d4 - clone
[INFO] [stdout]   29:                0x0 - <unknown>
[INFO] [stdout] 
[INFO] [stdout] ---- test_get_expense_data_excludes_deleted stdout ----
[INFO] [stdout] 
[INFO] [stdout] thread 'test_get_expense_data_excludes_deleted' (5477) panicked at crates/splitvibe-db/tests/expense_tests.rs:9:39:
[INFO] [stdout] DATABASE_URL must be set for integration tests: NotPresent
[INFO] [stdout] stack backtrace:
[INFO] [stdout]    0:     0x5828c458e2e1 - <<std[617be2ca0a6fd877]::sys::backtrace::BacktraceLock>::print::DisplayBacktrace as core[a373ad73a504971]::fmt::Display>::fmt
[INFO] [stdout]    1:     0x5828c45a51ca - core[a373ad73a504971]::fmt::write
[INFO] [stdout]    2:     0x5828c4592abc - <alloc[2e1b2a31b91974c5]::vec::Vec<u8> as core[a373ad73a504971]::io::write::Write>::write_fmt
[INFO] [stdout]    3:     0x5828c4568876 - std[617be2ca0a6fd877]::panicking::default_hook::{closure#0}
[INFO] [stdout]    4:     0x5828c4585839 - std[617be2ca0a6fd877]::panicking::default_hook
[INFO] [stdout]    5:     0x5828c4428c20 - test[aada8e7e76ba119b]::test_main_inner::{closure#0}
[INFO] [stdout]    6:     0x5828c4585b62 - std[617be2ca0a6fd877]::panicking::panic_with_hook
[INFO] [stdout]    7:     0x5828c4568922 - std[617be2ca0a6fd877]::panicking::panic_handler::{closure#0}
[INFO] [stdout]    8:     0x5828c4561189 - std[617be2ca0a6fd877]::sys::backtrace::__rust_end_short_backtrace::<std[617be2ca0a6fd877]::panicking::panic_handler::{closure#0}, !>
[INFO] [stdout]    9:     0x5828c45697bd - __rustc[ea4f61d10b84890b]::rust_begin_unwind
[INFO] [stdout]   10:     0x5828c45a592c - core[a373ad73a504971]::panicking::panic_fmt
[INFO] [stdout]   11:     0x5828c45a5702 - core[a373ad73a504971]::result::unwrap_failed
[INFO] [stdout]   12:     0x5828c43cf8b1 - expense_tests[51018baa59d4669c]::setup_pool::{closure#0}
[INFO] [stdout]   13:     0x5828c43cdbde - expense_tests[51018baa59d4669c]::test_get_expense_data_excludes_deleted::{closure#0}::{closure#0}
[INFO] [stdout]   14:     0x5828c4401d63 - <tokio[9ee746dbc72c71a7]::runtime::scheduler::current_thread::Context>::enter::<core[a373ad73a504971]::task::poll::Poll<()>, <tokio[9ee746dbc72c71a7]::runtime::scheduler::current_thread::CoreGuard>::block_on<core[a373ad73a504971]::pin::Pin<&mut core[a373ad73a504971]::pin::Pin<&mut dyn core[a373ad73a504971]::future::future::Future<Output = ()>>>>::{closure#0}::{closure#0}>
[INFO] [stdout]   15:     0x5828c43f26c9 - <std[617be2ca0a6fd877]::thread::local::LocalKey<tokio[9ee746dbc72c71a7]::runtime::context::Context>>::with::<tokio[9ee746dbc72c71a7]::runtime::context::set_scheduler<(alloc[2e1b2a31b91974c5]::boxed::Box<tokio[9ee746dbc72c71a7]::runtime::scheduler::current_thread::Core>, core[a373ad73a504971]::option::Option<()>), <tokio[9ee746dbc72c71a7]::runtime::scheduler::current_thread::CoreGuard>::enter<<tokio[9ee746dbc72c71a7]::runtime::scheduler::current_thread::CoreGuard>::block_on<core[a373ad73a504971]::pin::Pin<&mut core[a373ad73a504971]::pin::Pin<&mut dyn core[a373ad73a504971]::future::future::Future<Output = ()>>>>::{closure#0}, core[a373ad73a504971]::option::Option<()>>::{closure#0}>::{closure#0}, (alloc[2e1b2a31b91974c5]::boxed::Box<tokio[9ee746dbc72c71a7]::runtime::scheduler::current_thread::Core>, core[a373ad73a504971]::option::Option<()>)>
[INFO] [stdout]   16:     0x5828c4402657 - <tokio[9ee746dbc72c71a7]::runtime::scheduler::current_thread::CoreGuard>::block_on::<core[a373ad73a504971]::pin::Pin<&mut core[a373ad73a504971]::pin::Pin<&mut dyn core[a373ad73a504971]::future::future::Future<Output = ()>>>>
[INFO] [stdout]   17:     0x5828c43f5de7 - tokio[9ee746dbc72c71a7]::runtime::context::runtime::enter_runtime::<<tokio[9ee746dbc72c71a7]::runtime::scheduler::current_thread::CurrentThread>::block_on<core[a373ad73a504971]::pin::Pin<&mut dyn core[a373ad73a504971]::future::future::Future<Output = ()>>>::{closure#0}, ()>
[INFO] [stdout]   18:     0x5828c4416d05 - <tokio[9ee746dbc72c71a7]::runtime::runtime::Runtime>::block_on::<core[a373ad73a504971]::pin::Pin<&mut dyn core[a373ad73a504971]::future::future::Future<Output = ()>>>
[INFO] [stdout]   19:     0x5828c43da12b - <expense_tests[51018baa59d4669c]::test_get_expense_data_excludes_deleted::{closure#0} as core[a373ad73a504971]::ops::function::FnOnce<()>>::call_once
[INFO] [stdout]   20:     0x5828c4540757 - serial_test[378dc3a3ee698805]::serial_code_lock::local_serial_core
[INFO] [stdout]   21:     0x5828c43d9b2d - <expense_tests[51018baa59d4669c]::test_get_expense_data_excludes_deleted::{closure#0} as core[a373ad73a504971]::ops::function::FnOnce<()>>::call_once
[INFO] [stdout]   22:     0x5828c441c06b - test[aada8e7e76ba119b]::__rust_begin_short_backtrace::<core[a373ad73a504971]::result::Result<(), alloc[2e1b2a31b91974c5]::string::String>, fn() -> core[a373ad73a504971]::result::Result<(), alloc[2e1b2a31b91974c5]::string::String>>
[INFO] [stdout]   23:     0x5828c4429245 - test[aada8e7e76ba119b]::run_test::{closure#0}
[INFO] [stdout]   24:     0x5828c4422b34 - std[617be2ca0a6fd877]::sys::backtrace::__rust_begin_short_backtrace::<test[aada8e7e76ba119b]::run_test::{closure#1}, ()>
[INFO] [stdout]   25:     0x5828c442c2d2 - <std[617be2ca0a6fd877]::thread::lifecycle::spawn_unchecked<test[aada8e7e76ba119b]::run_test::{closure#1}, ()>::{closure#1} as core[a373ad73a504971]::ops::function::FnOnce<()>>::call_once::{shim:vtable#0}
[INFO] [stdout]   26:     0x5828c458d11f - <std[617be2ca0a6fd877]::sys::thread::unix::Thread>::new::thread_start
[INFO] [stdout]   27:     0x76dbbe4e0dfa - <unknown>
[INFO] [stdout]   28:     0x76dbbe5743d4 - clone
[INFO] [stdout]   29:                0x0 - <unknown>
[INFO] [stdout] 
[INFO] [stdout] ---- test_create_expense_returns_expense stdout ----
[INFO] [stdout] 
[INFO] [stdout] thread 'test_create_expense_returns_expense' (5476) panicked at crates/splitvibe-db/tests/expense_tests.rs:9:39:
[INFO] [stdout] DATABASE_URL must be set for integration tests: NotPresent
[INFO] [stdout] stack backtrace:
[INFO] [stdout]    0:     0x5828c458e2e1 - <<std[617be2ca0a6fd877]::sys::backtrace::BacktraceLock>::print::DisplayBacktrace as core[a373ad73a504971]::fmt::Display>::fmt
[INFO] [stdout]    1:     0x5828c45a51ca - core[a373ad73a504971]::fmt::write
[INFO] [stdout]    2:     0x5828c4592abc - <alloc[2e1b2a31b91974c5]::vec::Vec<u8> as core[a373ad73a504971]::io::write::Write>::write_fmt
[INFO] [stdout]    3:     0x5828c4568876 - std[617be2ca0a6fd877]::panicking::default_hook::{closure#0}
[INFO] [stdout]    4:     0x5828c4585839 - std[617be2ca0a6fd877]::panicking::default_hook
[INFO] [stdout]    5:     0x5828c4428c20 - test[aada8e7e76ba119b]::test_main_inner::{closure#0}
[INFO] [stdout]    6:     0x5828c4585b62 - std[617be2ca0a6fd877]::panicking::panic_with_hook
[INFO] [stdout]    7:     0x5828c4568922 - std[617be2ca0a6fd877]::panicking::panic_handler::{closure#0}
[INFO] [stdout]    8:     0x5828c4561189 - std[617be2ca0a6fd877]::sys::backtrace::__rust_end_short_backtrace::<std[617be2ca0a6fd877]::panicking::panic_handler::{closure#0}, !>
[INFO] [stdout]    9:     0x5828c45697bd - __rustc[ea4f61d10b84890b]::rust_begin_unwind
[INFO] [stdout]   10:     0x5828c45a592c - core[a373ad73a504971]::panicking::panic_fmt
[INFO] [stdout]   11:     0x5828c45a5702 - core[a373ad73a504971]::result::unwrap_failed
[INFO] [stdout]   12:     0x5828c43cf8b1 - expense_tests[51018baa59d4669c]::setup_pool::{closure#0}
[INFO] [stdout]   13:     0x5828c43cc9ce - expense_tests[51018baa59d4669c]::test_create_expense_returns_expense::{closure#0}::{closure#0}
[INFO] [stdout]   14:     0x5828c4401d63 - <tokio[9ee746dbc72c71a7]::runtime::scheduler::current_thread::Context>::enter::<core[a373ad73a504971]::task::poll::Poll<()>, <tokio[9ee746dbc72c71a7]::runtime::scheduler::current_thread::CoreGuard>::block_on<core[a373ad73a504971]::pin::Pin<&mut core[a373ad73a504971]::pin::Pin<&mut dyn core[a373ad73a504971]::future::future::Future<Output = ()>>>>::{closure#0}::{closure#0}>
[INFO] [stdout]   15:     0x5828c43f26c9 - <std[617be2ca0a6fd877]::thread::local::LocalKey<tokio[9ee746dbc72c71a7]::runtime::context::Context>>::with::<tokio[9ee746dbc72c71a7]::runtime::context::set_scheduler<(alloc[2e1b2a31b91974c5]::boxed::Box<tokio[9ee746dbc72c71a7]::runtime::scheduler::current_thread::Core>, core[a373ad73a504971]::option::Option<()>), <tokio[9ee746dbc72c71a7]::runtime::scheduler::current_thread::CoreGuard>::enter<<tokio[9ee746dbc72c71a7]::runtime::scheduler::current_thread::CoreGuard>::block_on<core[a373ad73a504971]::pin::Pin<&mut core[a373ad73a504971]::pin::Pin<&mut dyn core[a373ad73a504971]::future::future::Future<Output = ()>>>>::{closure#0}, core[a373ad73a504971]::option::Option<()>>::{closure#0}>::{closure#0}, (alloc[2e1b2a31b91974c5]::boxed::Box<tokio[9ee746dbc72c71a7]::runtime::scheduler::current_thread::Core>, core[a373ad73a504971]::option::Option<()>)>
[INFO] [stdout]   16:     0x5828c4402657 - <tokio[9ee746dbc72c71a7]::runtime::scheduler::current_thread::CoreGuard>::block_on::<core[a373ad73a504971]::pin::Pin<&mut core[a373ad73a504971]::pin::Pin<&mut dyn core[a373ad73a504971]::future::future::Future<Output = ()>>>>
[INFO] [stdout]   17:     0x5828c43f5de7 - tokio[9ee746dbc72c71a7]::runtime::context::runtime::enter_runtime::<<tokio[9ee746dbc72c71a7]::runtime::scheduler::current_thread::CurrentThread>::block_on<core[a373ad73a504971]::pin::Pin<&mut dyn core[a373ad73a504971]::future::future::Future<Output = ()>>>::{closure#0}, ()>
[INFO] [stdout]   18:     0x5828c4416d05 - <tokio[9ee746dbc72c71a7]::runtime::runtime::Runtime>::block_on::<core[a373ad73a504971]::pin::Pin<&mut dyn core[a373ad73a504971]::future::future::Future<Output = ()>>>
[INFO] [stdout]   19:     0x5828c43d9e8b - <expense_tests[51018baa59d4669c]::test_create_expense_returns_expense::{closure#0} as core[a373ad73a504971]::ops::function::FnOnce<()>>::call_once
[INFO] [stdout]   20:     0x5828c4540757 - serial_test[378dc3a3ee698805]::serial_code_lock::local_serial_core
[INFO] [stdout]   21:     0x5828c43d9a2d - <expense_tests[51018baa59d4669c]::test_create_expense_returns_expense::{closure#0} as core[a373ad73a504971]::ops::function::FnOnce<()>>::call_once
[INFO] [stdout]   22:     0x5828c441c06b - test[aada8e7e76ba119b]::__rust_begin_short_backtrace::<core[a373ad73a504971]::result::Result<(), alloc[2e1b2a31b91974c5]::string::String>, fn() -> core[a373ad73a504971]::result::Result<(), alloc[2e1b2a31b91974c5]::string::String>>
[INFO] [stdout]   23:     0x5828c4429245 - test[aada8e7e76ba119b]::run_test::{closure#0}
[INFO] [stdout]   24:     0x5828c4422b34 - std[617be2ca0a6fd877]::sys::backtrace::__rust_begin_short_backtrace::<test[aada8e7e76ba119b]::run_test::{closure#1}, ()>
[INFO] [stdout]   25:     0x5828c442c2d2 - <std[617be2ca0a6fd877]::thread::lifecycle::spawn_unchecked<test[aada8e7e76ba119b]::run_test::{closure#1}, ()>::{closure#1} as core[a373ad73a504971]::ops::function::FnOnce<()>>::call_once::{shim:vtable#0}
[INFO] [stdout]   26:     0x5828c458d11f - <std[617be2ca0a6fd877]::sys::thread::unix::Thread>::new::thread_start
[INFO] [stdout]   27:     0x76dbbe4e0dfa - <unknown>
[INFO] [stdout]   28:     0x76dbbe5743d4 - clone
[INFO] [stdout]   29:                0x0 - <unknown>
[INFO] [stdout] 
[INFO] [stdout] 
[INFO] [stdout] failures:
[INFO] [stdout]     test_create_expense_returns_expense
[INFO] [stdout]     test_get_expense_data_excludes_deleted
[INFO] [stdout]     test_get_expense_data_for_balances
[INFO] [stdout]     test_list_expenses_excludes_deleted
[INFO] [stdout]     test_list_expenses_for_group
[INFO] [stdout] 
[INFO] [stdout] test result: FAILED. 0 passed; 5 failed; 0 ignored; 0 measured; 0 filtered out; finished in 0.01s
[INFO] [stdout] 
[INFO] [stderr] error: test failed, to rerun pass `-p splitvibe-db --test expense_tests`
[INFO] running `Command { std: "docker" "inspect" "ec1086b0293afd93075046fcd0c184342f08891e7eba19dc546e706e19052f46", kill_on_drop: false }`
[INFO] running `Command { std: "docker" "rm" "-f" "ec1086b0293afd93075046fcd0c184342f08891e7eba19dc546e706e19052f46", kill_on_drop: false }`
[INFO] [stdout] ec1086b0293afd93075046fcd0c184342f08891e7eba19dc546e706e19052f46
