[INFO] cloning repository https://github.com/malone-c/woosh
[INFO] running `Command { std: "git" "-c" "credential.helper=" "-c" "credential.helper=/workspace/cargo-home/bin/git-credential-null" "clone" "--bare" "https://github.com/malone-c/woosh" "/workspace/cache/git-repos/https%3A%2F%2Fgithub.com%2Fmalone-c%2Fwoosh", kill_on_drop: false }`
[INFO] [stderr] Cloning into bare repository '/workspace/cache/git-repos/https%3A%2F%2Fgithub.com%2Fmalone-c%2Fwoosh'...
[INFO] running `Command { std: "git" "rev-parse" "HEAD", kill_on_drop: false }`
[INFO] [stdout] 05481ccdee6cc9e568f555783bff78a8c15be233
[INFO] testing malone-c/woosh against 1.99.0-beta.8+cargoflags=--release for beta-release-1.100-2
[INFO] running `Command { std: "git" "clone" "/workspace/cache/git-repos/https%3A%2F%2Fgithub.com%2Fmalone-c%2Fwoosh" "/workspace/builds/worker-7-tc1/source", kill_on_drop: false }`
[INFO] [stderr] Cloning into '/workspace/builds/worker-7-tc1/source'...
[INFO] [stderr] done.
[INFO] started tweaking git repo https://github.com/malone-c/woosh
[INFO] finished tweaking git repo https://github.com/malone-c/woosh
[INFO] tweaked toml for git repo https://github.com/malone-c/woosh written to /workspace/builds/worker-7-tc1/source/Cargo.toml
[INFO] validating manifest of git repo https://github.com/malone-c/woosh on toolchain 1.99.0-beta.8
[INFO] running `Command { std: CARGO_HOME="/workspace/cargo-home" RUSTUP_HOME="/workspace/rustup-home" "/workspace/cargo-home/bin/cargo" "+1.99.0-beta.8" "metadata" "--manifest-path" "Cargo.toml" "--no-deps", kill_on_drop: false }`
[INFO] crate git repo https://github.com/malone-c/woosh already has a lockfile, it will not be regenerated
[INFO] running `Command { std: CARGO_HOME="/workspace/cargo-home" RUSTUP_HOME="/workspace/rustup-home" "/workspace/cargo-home/bin/cargo" "+1.99.0-beta.8" "fetch" "--manifest-path" "Cargo.toml", kill_on_drop: false }`
[INFO] [stderr]     Updating crates.io index
[INFO] [stderr]  Downloading crates ...
[INFO] [stderr]   Downloaded wasm-bindgen v0.2.113
[INFO] [stderr]   Downloaded wasm-bindgen-shared v0.2.113
[INFO] [stderr]   Downloaded spectrum-analyzer v1.7.0
[INFO] [stderr]   Downloaded wasm-bindgen-macro v0.2.113
[INFO] [stderr]   Downloaded daemonize v0.5.0
[INFO] [stderr]   Downloaded ringbuf v0.4.8
[INFO] [stderr]   Downloaded wasm-bindgen-futures v0.4.63
[INFO] [stderr]   Downloaded wasm-bindgen-macro-support v0.2.113
[INFO] [stderr]   Downloaded js-sys v0.3.90
[INFO] [stderr]   Downloaded microfft v0.6.0
[INFO] [stderr]   Downloaded web-sys v0.3.90
[INFO] running `Command { std: "docker" "create" "-v" "/var/lib/crater-agent-workspace/builds/worker-7-tc1/source:/opt/rustwide/workdir:ro,Z" "-v" "/var/lib/crater-agent-workspace/builds/worker-7-tc1/target:/opt/rustwide/target:rw,Z" "-v" "/var/lib/crater-agent-workspace/cargo-home:/opt/rustwide/cargo-home:ro,Z" "-v" "/var/lib/crater-agent-workspace/rustup-home:/opt/rustwide/rustup-home:ro,Z" "-m" "1610612736" "--network" "none" "ghcr.io/rust-lang/crates-build-env/linux@sha256:77db811e55d90add9212f6832c23229e3de5f1c1f9905e8cb07319ea15df73ac" "sleep" "infinity", kill_on_drop: false }`
[INFO] [stdout] a5c661d607f7b842a7a009878074c8511ca960cc97221c07eb2a788338a61860
[INFO] running `Command { std: "docker" "start" "a5c661d607f7b842a7a009878074c8511ca960cc97221c07eb2a788338a61860", kill_on_drop: false }`
[INFO] running `Command { std: "docker" "inspect" "a5c661d607f7b842a7a009878074c8511ca960cc97221c07eb2a788338a61860", kill_on_drop: false }`
[INFO] running `Command { std: "docker" "exec" "-e" "SOURCE_DIR=/opt/rustwide/workdir" "-e" "CARGO_HOME=/opt/rustwide/cargo-home" "-e" "RUSTUP_HOME=/opt/rustwide/rustup-home" "-e" "CARGO_TARGET_DIR=/opt/rustwide/target" "-w" "/opt/rustwide/workdir" "--user" "0:0" "a5c661d607f7b842a7a009878074c8511ca960cc97221c07eb2a788338a61860" "/opt/rustwide/cargo-home/bin/cargo" "+1.99.0-beta.8" "metadata" "--no-deps" "--format-version=1", kill_on_drop: false }`
[INFO] running `Command { std: "docker" "inspect" "a5c661d607f7b842a7a009878074c8511ca960cc97221c07eb2a788338a61860", kill_on_drop: false }`
[INFO] running `Command { std: "docker" "exec" "-e" "SOURCE_DIR=/opt/rustwide/workdir" "-e" "CARGO_HOME=/opt/rustwide/cargo-home" "-e" "RUSTUP_HOME=/opt/rustwide/rustup-home" "-e" "CARGO_TARGET_DIR=/opt/rustwide/target" "-e" "CARGO_INCREMENTAL=0" "-e" "RUST_BACKTRACE=full" "-e" "RUSTFLAGS=--cap-lints=warn" "-e" "RUSTDOCFLAGS=--cap-lints=warn" "-w" "/opt/rustwide/workdir" "--user" "0:0" "a5c661d607f7b842a7a009878074c8511ca960cc97221c07eb2a788338a61860" "/opt/rustwide/cargo-home/bin/cargo" "+1.99.0-beta.8" "build" "--frozen" "--message-format=json" "--release", kill_on_drop: false }`
[INFO] [stderr]    Compiling libc v0.2.182
[INFO] [stderr]    Compiling proc-macro2 v1.0.106
[INFO] [stderr]    Compiling quote v1.0.44
[INFO] [stderr]    Compiling unicode-ident v1.0.24
[INFO] [stderr]    Compiling cfg-if v1.0.4
[INFO] [stderr]    Compiling log v0.4.29
[INFO] [stderr]    Compiling rustversion v1.0.22
[INFO] [stderr]    Compiling lazy_static v1.5.0
[INFO] [stderr]    Compiling autocfg v1.5.0
[INFO] [stderr]    Compiling serde_core v1.0.228
[INFO] [stderr]    Compiling equivalent v1.0.2
[INFO] [stderr]    Compiling serde v1.0.228
[INFO] [stderr]    Compiling pkg-config v0.3.32
[INFO] [stderr]    Compiling smallvec v1.15.1
[INFO] [stderr]    Compiling parking_lot_core v0.9.12
[INFO] [stderr]    Compiling bitflags v2.11.0
[INFO] [stderr]    Compiling bitflags v1.3.2
[INFO] [stderr]    Compiling arrayvec v0.7.6
[INFO] [stderr]    Compiling signal-hook v0.3.18
[INFO] [stderr]    Compiling ident_case v1.0.1
[INFO] [stderr]    Compiling heck v0.5.0
[INFO] [stderr]    Compiling bytemuck v1.25.0
[INFO] [stderr]    Compiling strsim v0.11.1
[INFO] [stderr]    Compiling scopeguard v1.2.0
[INFO] [stderr]    Compiling zerocopy v0.8.39
[INFO] [stderr]    Compiling lock_api v0.4.14
[INFO] [stderr]    Compiling encoding_rs v0.8.35
[INFO] [stderr]    Compiling static_assertions v1.1.0
[INFO] [stderr]    Compiling once_cell v1.21.3
[INFO] [stderr]    Compiling rustix v0.38.44
[INFO] [stderr]    Compiling paste v1.0.15
[INFO] [stderr]    Compiling utf8parse v0.2.2
[INFO] [stderr]    Compiling num-traits v0.2.19
[INFO] [stderr]    Compiling instability v0.3.11
[INFO] [stderr]    Compiling tracing-core v0.1.36
[INFO] [stderr]    Compiling symphonia-core v0.5.5
[INFO] [stderr]    Compiling anstyle-parse v0.2.7
[INFO] [stderr]    Compiling hashbrown v0.16.1
[INFO] [stderr]    Compiling cpal v0.15.3
[INFO] [stderr]    Compiling tinyvec_macros v0.1.1
[INFO] [stderr]    Compiling linux-raw-sys v0.4.15
[INFO] [stderr]    Compiling foldhash v0.1.5
[INFO] [stderr]    Compiling colorchoice v1.0.4
[INFO] [stderr]    Compiling pin-project-lite v0.2.16
[INFO] [stderr]    Compiling alsa-sys v0.3.1
[INFO] [stderr]    Compiling anstyle v1.0.13
[INFO] [stderr]    Compiling byteorder v1.5.0
[INFO] [stderr]    Compiling regex-syntax v0.8.10
[INFO] [stderr]    Compiling either v1.15.0
[INFO] [stderr]    Compiling libm v0.2.16
[INFO] [stderr]    Compiling is_terminal_polyfill v1.70.2
[INFO] [stderr]    Compiling anstyle-query v1.1.5
[INFO] [stderr]    Compiling allocator-api2 v0.2.21
[INFO] [stderr]    Compiling crossbeam-utils v0.8.21
[INFO] [stderr]    Compiling anstream v0.6.21
[INFO] [stderr]    Compiling ogg v0.8.0
[INFO] [stderr]    Compiling itertools v0.13.0
[INFO] [stderr]    Compiling castaway v0.2.4
[INFO] [stderr]    Compiling hashbrown v0.15.5
[INFO] [stderr]    Compiling tinyvec v1.10.0
[INFO] [stderr]    Compiling syn v2.0.117
[INFO] [stderr]    Compiling itoa v1.0.17
[INFO] [stderr]    Compiling option-ext v0.2.0
[INFO] [stderr]    Compiling unicode-width v0.1.14
[INFO] [stderr]    Compiling indexmap v2.13.0
[INFO] [stderr]    Compiling num-complex v0.4.6
[INFO] [stderr]    Compiling dasp_sample v0.11.0
[INFO] [stderr]    Compiling indoc v2.0.7
[INFO] [stderr]    Compiling ryu v1.0.23
[INFO] [stderr]    Compiling errno v0.3.14
[INFO] [stderr]    Compiling signal-hook-registry v1.4.8
[INFO] [stderr]    Compiling mio v1.1.1
[INFO] [stderr]    Compiling getrandom v0.2.17
[INFO] [stderr]    Compiling parking_lot v0.12.5
[INFO] [stderr]    Compiling rand_core v0.6.4
[INFO] [stderr]    Compiling alsa v0.9.1
[INFO] [stderr]    Compiling symphonia-metadata v0.5.5
[INFO] [stderr]    Compiling signal-hook-mio v0.2.5
[INFO] [stderr]    Compiling winnow v0.7.14
[INFO] [stderr]    Compiling toml_write v0.1.2
[INFO] [stderr]    Compiling unicode-segmentation v1.12.0
[INFO] [stderr]    Compiling clap_lex v1.0.0
[INFO] [stderr]    Compiling anyhow v1.0.102
[INFO] [stderr]    Compiling crossterm v0.28.1
[INFO] [stderr]    Compiling clap_builder v4.5.60
[INFO] [stderr]    Compiling regex-automata v0.4.14
[INFO] [stderr]    Compiling lru v0.12.5
[INFO] [stderr]    Compiling microfft v0.6.0
[INFO] [stderr]    Compiling lewton v0.10.2
[INFO] [stderr]    Compiling symphonia-bundle-mp3 v0.5.5
[INFO] [stderr]    Compiling compact_str v0.8.1
[INFO] [stderr]    Compiling dirs-sys v0.4.1
[INFO] [stderr]    Compiling socket2 v0.6.2
[INFO] [stderr]    Compiling unicode-truncate v1.1.0
[INFO] [stderr]    Compiling symphonia v0.5.5
[INFO] [stderr]    Compiling float-cmp v0.10.0
[INFO] [stderr]    Compiling tracing-log v0.2.0
[INFO] [stderr]    Compiling thread_local v1.1.9
[INFO] [stderr]    Compiling sharded-slab v0.1.7
[INFO] [stderr]    Compiling bytes v1.11.1
[INFO] [stderr]    Compiling unicode-width v0.2.0
[INFO] [stderr]    Compiling hound v3.5.1
[INFO] [stderr]    Compiling cassowary v0.3.0
[INFO] [stderr]    Compiling nu-ansi-term v0.50.3
[INFO] [stderr]    Compiling claxon v0.4.3
[INFO] [stderr]    Compiling ringbuf v0.4.8
[INFO] [stderr]    Compiling dirs v5.0.1
[INFO] [stderr]    Compiling rodio v0.20.1
[INFO] [stderr]    Compiling daemonize v0.5.0
[INFO] [stderr]    Compiling spectrum-analyzer v1.7.0
[INFO] [stderr]    Compiling matchers v0.2.0
[INFO] [stderr]    Compiling darling_core v0.23.0
[INFO] [stderr]    Compiling serde_derive v1.0.228
[INFO] [stderr]    Compiling strum_macros v0.26.4
[INFO] [stderr]    Compiling tracing-attributes v0.1.31
[INFO] [stderr]    Compiling tokio-macros v2.6.0
[INFO] [stderr]    Compiling clap_derive v4.5.55
[INFO] [stderr]    Compiling ppv-lite86 v0.2.21
[INFO] [stderr]    Compiling tokio v1.49.0
[INFO] [stderr]    Compiling rand_chacha v0.3.1
[INFO] [stderr]    Compiling rand v0.8.5
[INFO] [stderr]    Compiling strum v0.26.3
[INFO] [stderr]    Compiling tracing v0.1.44
[INFO] [stderr]    Compiling tracing-subscriber v0.3.22
[INFO] [stderr]    Compiling clap v4.5.60
[INFO] [stderr]    Compiling darling_macro v0.23.0
[INFO] [stderr]    Compiling darling v0.23.0
[INFO] [stderr]    Compiling ratatui v0.29.0
[INFO] [stderr]    Compiling toml_datetime v0.6.11
[INFO] [stderr]    Compiling serde_spanned v0.6.9
[INFO] [stderr]    Compiling toml_edit v0.22.27
[INFO] [stderr]    Compiling toml v0.8.23
[INFO] [stderr]    Compiling woosh v0.1.0 (/opt/rustwide/workdir)
[INFO] [stderr]     Finished `release` profile [optimized] target(s) in 1m 42s
[INFO] running `Command { std: "docker" "inspect" "a5c661d607f7b842a7a009878074c8511ca960cc97221c07eb2a788338a61860", kill_on_drop: false }`
[INFO] running `Command { std: "docker" "exec" "-e" "SOURCE_DIR=/opt/rustwide/workdir" "-e" "CARGO_HOME=/opt/rustwide/cargo-home" "-e" "RUSTUP_HOME=/opt/rustwide/rustup-home" "-e" "CARGO_TARGET_DIR=/opt/rustwide/target" "-e" "CARGO_INCREMENTAL=0" "-e" "RUST_BACKTRACE=full" "-e" "RUSTFLAGS=--cap-lints=warn" "-e" "RUSTDOCFLAGS=--cap-lints=warn" "-w" "/opt/rustwide/workdir" "--user" "0:0" "a5c661d607f7b842a7a009878074c8511ca960cc97221c07eb2a788338a61860" "/opt/rustwide/cargo-home/bin/cargo" "+1.99.0-beta.8" "test" "--frozen" "--no-run" "--message-format=json" "--release", kill_on_drop: false }`
[INFO] [stderr]    Compiling rustix v1.1.4
[INFO] [stderr]    Compiling getrandom v0.3.4
[INFO] [stderr]    Compiling linux-raw-sys v0.12.1
[INFO] [stderr]    Compiling fastrand v2.3.0
[INFO] [stderr]    Compiling tempfile v3.26.0
[INFO] [stderr]    Compiling woosh v0.1.0 (/opt/rustwide/workdir)
[INFO] [stderr]     Finished `release` profile [optimized] target(s) in 29.03s
[INFO] running `Command { std: "docker" "inspect" "a5c661d607f7b842a7a009878074c8511ca960cc97221c07eb2a788338a61860", kill_on_drop: false }`
[INFO] running `Command { std: "docker" "exec" "-e" "SOURCE_DIR=/opt/rustwide/workdir" "-e" "CARGO_HOME=/opt/rustwide/cargo-home" "-e" "RUSTUP_HOME=/opt/rustwide/rustup-home" "-e" "CARGO_TARGET_DIR=/opt/rustwide/target" "-e" "CARGO_INCREMENTAL=0" "-e" "RUST_BACKTRACE=full" "-e" "RUSTFLAGS=--cap-lints=warn" "-e" "RUSTDOCFLAGS=--cap-lints=warn" "-w" "/opt/rustwide/workdir" "--user" "0:0" "a5c661d607f7b842a7a009878074c8511ca960cc97221c07eb2a788338a61860" "/opt/rustwide/cargo-home/bin/cargo" "+1.99.0-beta.8" "test" "--frozen" "--release", kill_on_drop: false }`
[INFO] [stderr]     Finished `release` profile [optimized] target(s) in 0.27s
[INFO] [stderr]      Running unittests src/lib.rs (/opt/rustwide/target/release/deps/woosh-95f83f1f954cd4a3)
[INFO] [stdout] 
[INFO] [stdout] running 17 tests
[INFO] [stdout] test daemon::audio::tests::measure_noise_levels ... ignored
[INFO] [stdout] test tui::client::tests::test_decode_multiple_samples ... ok
[INFO] [stdout] test daemon::eq::tests::gain_clamping_constants ... ok
[INFO] [stdout] test daemon::eq::tests::biquad_identity_passthrough ... ok
[INFO] [stdout] test tui::client::tests::test_decode_known_value_negative ... ok
[INFO] [stdout] test tui::client::tests::test_decode_known_value_half ... ok
[INFO] [stdout] test tui::client::tests::test_roundtrip_various_values ... ok
[INFO] [stdout] test tui::client::tests::test_decode_invalid_length_ignored ... ok
[INFO] [stdout] test daemon::audio::tests::brown_noise_clamped ... ok
[INFO] [stdout] test tui::client::tests::test_decode_known_value_one ... ok
[INFO] [stdout] test daemon::audio::tests::white_noise_statistics ... ok
[INFO] [stdout] test daemon::eq::tests::identity_at_zero_gain ... ok
[INFO] [stdout] test tui::client::tests::test_decode_known_value_zero ... ok
[INFO] [stdout] test tui::client::tests::test_roundtrip_small_values ... ok
[INFO] [stdout] test daemon::audio::tests::noise_source_fade_out ... ok
[INFO] [stdout] test daemon::eq::tests::peaking_coeffs_nonzero_gain ... ok
[INFO] [stdout] test daemon::audio::tests::pink_noise_in_range ... ok
[INFO] [stdout] 
[INFO] [stdout] test result: ok. 16 passed; 0 failed; 1 ignored; 0 measured; 0 filtered out; finished in 0.02s
[INFO] [stdout] 
[INFO] [stderr]      Running unittests src/main.rs (/opt/rustwide/target/release/deps/woosh-f39bc8f683e5e116)
[INFO] [stdout] 
[INFO] [stderr]      Running tests/daemon_startup_race_test.rs (/opt/rustwide/target/release/deps/daemon_startup_race_test-21700fc2753d618e)
[INFO] [stdout] running 0 tests
[INFO] [stdout] 
[INFO] [stdout] test result: ok. 0 passed; 0 failed; 0 ignored; 0 measured; 0 filtered out; finished in 0.00s
[INFO] [stdout] 
[INFO] [stdout] 
[INFO] [stdout] running 2 tests
[INFO] [stdout] test test_daemon_connects_after_proper_wait ... FAILED
[INFO] [stdout] test test_daemon_startup_race_condition ... FAILED
[INFO] [stderr] error: test failed, to rerun pass `--test daemon_startup_race_test`
[INFO] [stdout] 
[INFO] [stdout] failures:
[INFO] [stdout] 
[INFO] [stdout] ---- test_daemon_connects_after_proper_wait stdout ----
[INFO] [stdout] 
[INFO] [stdout] thread 'test_daemon_connects_after_proper_wait' (2143) panicked at tests/daemon_startup_race_test.rs:117:5:
[INFO] [stdout] Connection should succeed after proper wait
[INFO] [stdout] stack backtrace:
[INFO] [stdout]    0:     0x5b0b97dac8c5 - <unknown>
[INFO] [stdout]    1:     0x5b0b97d8e93a - <unknown>
[INFO] [stdout]    2:     0x5b0b97dabf5b - <unknown>
[INFO] [stdout]    3:     0x5b0b97daba3f - <unknown>
[INFO] [stdout]    4:     0x5b0b97dab66a - <unknown>
[INFO] [stdout]    5:     0x5b0b97dab1a2 - <unknown>
[INFO] [stdout]    6:     0x5b0b97dd20f2 - <unknown>
[INFO] [stdout]    7:     0x5b0b97dd2079 - <unknown>
[INFO] [stdout]    8:     0x5b0b97dd258c - <unknown>
[INFO] [stdout]    9:     0x5b0b97d8e7cb - <unknown>
[INFO] [stdout]   10:     0x5b0b97d84488 - <unknown>
[INFO] [stdout]   11:     0x5b0b97d70a11 - <unknown>
[INFO] [stdout]   12:     0x5b0b97d8b254 - <unknown>
[INFO] [stdout]   13:     0x5b0b97def50b - <unknown>
[INFO] [stdout]   14:     0x5b0b97deaaff - <unknown>
[INFO] [stdout]   15:     0x5b0b97dea57c - <unknown>
[INFO] [stdout]   16:     0x5b0b97e052bc - <unknown>
[INFO] [stdout]   17:     0x5b0b97dd3da2 - <unknown>
[INFO] [stdout]   18:     0x7eb9bf468dfa - <unknown>
[INFO] [stdout]   19:     0x7eb9bf4fc3d4 - clone
[INFO] [stdout]   20:                0x0 - <unknown>
[INFO] [stdout] 
[INFO] [stdout] ---- test_daemon_startup_race_condition stdout ----
[INFO] [stdout] ✗ Attempt 2: Socket file exists but connection failed: Connection refused (os error 111)
[INFO] [stdout] ✗ Attempt 3: Socket file exists but connection failed: Connection refused (os error 111)
[INFO] [stdout] ✗ Attempt 4: Socket file exists but connection failed: Connection refused (os error 111)
[INFO] [stdout] ✗ Attempt 5: Socket file exists but connection failed: Connection refused (os error 111)
[INFO] [stdout] ✗ Attempt 6: Socket file exists but connection failed: Connection refused (os error 111)
[INFO] [stdout] ✗ Attempt 7: Socket file exists but connection failed: Connection refused (os error 111)
[INFO] [stdout] ✗ Attempt 8: Socket file exists but connection failed: Connection refused (os error 111)
[INFO] [stdout] ✗ Attempt 9: Socket file exists but connection failed: Connection refused (os error 111)
[INFO] [stdout] ✗ Attempt 10: Socket file exists but connection failed: Connection refused (os error 111)
[INFO] [stdout] ✗ Attempt 11: Socket file exists but connection failed: Connection refused (os error 111)
[INFO] [stdout] ✗ Attempt 12: Socket file exists but connection failed: Connection refused (os error 111)
[INFO] [stdout] ✗ Attempt 13: Socket file exists but connection failed: Connection refused (os error 111)
[INFO] [stdout] ✗ Attempt 14: Socket file exists but connection failed: Connection refused (os error 111)
[INFO] [stdout] ✗ Attempt 15: Socket file exists but connection failed: Connection refused (os error 111)
[INFO] [stdout] ✗ Attempt 16: Socket file exists but connection failed: Connection refused (os error 111)
[INFO] [stdout] ✗ Attempt 17: Socket file exists but connection failed: Connection refused (os error 111)
[INFO] [stdout] ✗ Attempt 18: Socket file exists but connection failed: Connection refused (os error 111)
[INFO] [stdout] ✗ Attempt 19: Socket file exists but connection failed: Connection refused (os error 111)
[INFO] [stdout] ✗ Attempt 20: Socket file exists but connection failed: Connection refused (os error 111)
[INFO] [stdout] ✗ Attempt 21: Socket file exists but connection failed: Connection refused (os error 111)
[INFO] [stdout] ✗ Attempt 22: Socket file exists but connection failed: Connection refused (os error 111)
[INFO] [stdout] ✗ Attempt 23: Socket file exists but connection failed: Connection refused (os error 111)
[INFO] [stdout] ✗ Attempt 24: Socket file exists but connection failed: Connection refused (os error 111)
[INFO] [stdout] ✗ Attempt 25: Socket file exists but connection failed: Connection refused (os error 111)
[INFO] [stdout] ✗ Attempt 26: Socket file exists but connection failed: Connection refused (os error 111)
[INFO] [stdout] ✗ Attempt 27: Socket file exists but connection failed: Connection refused (os error 111)
[INFO] [stdout] ✗ Attempt 28: Socket file exists but connection failed: Connection refused (os error 111)
[INFO] [stdout] ✗ Attempt 29: Socket file exists but connection failed: Connection refused (os error 111)
[INFO] [stdout] ✗ Attempt 30: Socket file exists but connection failed: Connection refused (os error 111)
[INFO] [stdout] ✗ Attempt 31: Socket file exists but connection failed: Connection refused (os error 111)
[INFO] [stdout] ✗ Attempt 32: Socket file exists but connection failed: Connection refused (os error 111)
[INFO] [stdout] ✗ Attempt 33: Socket file exists but connection failed: Connection refused (os error 111)
[INFO] [stdout] ✗ Attempt 34: Socket file exists but connection failed: Connection refused (os error 111)
[INFO] [stdout] ✗ Attempt 35: Socket file exists but connection failed: Connection refused (os error 111)
[INFO] [stdout] ✗ Attempt 36: Socket file exists but connection failed: Connection refused (os error 111)
[INFO] [stdout] ✗ Attempt 37: Socket file exists but connection failed: Connection refused (os error 111)
[INFO] [stdout] ✗ Attempt 38: Socket file exists but connection failed: Connection refused (os error 111)
[INFO] [stdout] ✗ Attempt 39: Socket file exists but connection failed: Connection refused (os error 111)
[INFO] [stdout] ✗ Attempt 40: Socket file exists but connection failed: Connection refused (os error 111)
[INFO] [stdout] ✗ Attempt 41: Socket file exists but connection failed: Connection refused (os error 111)
[INFO] [stdout] ✗ Attempt 42: Socket file exists but connection failed: Connection refused (os error 111)
[INFO] [stdout] ✗ Attempt 43: Socket file exists but connection failed: Connection refused (os error 111)
[INFO] [stdout] ✗ Attempt 44: Socket file exists but connection failed: Connection refused (os error 111)
[INFO] [stdout] ✗ Attempt 45: Socket file exists but connection failed: Connection refused (os error 111)
[INFO] [stdout] ✗ Attempt 46: Socket file exists but connection failed: Connection refused (os error 111)
[INFO] [stdout] ✗ Attempt 47: Socket file exists but connection failed: Connection refused (os error 111)
[INFO] [stdout] ✗ Attempt 48: Socket file exists but connection failed: Connection refused (os error 111)
[INFO] [stdout] ✗ Attempt 49: Socket file exists but connection failed: Connection refused (os error 111)
[INFO] [stdout] ✗ Attempt 50: Socket file exists but connection failed: Connection refused (os error 111)
[INFO] [stdout] ✗ Attempt 51: Socket file exists but connection failed: Connection refused (os error 111)
[INFO] [stdout] ✗ Attempt 52: Socket file exists but connection failed: Connection refused (os error 111)
[INFO] [stdout] ✗ Attempt 53: Socket file exists but connection failed: Connection refused (os error 111)
[INFO] [stdout] ✗ Attempt 54: Socket file exists but connection failed: Connection refused (os error 111)
[INFO] [stdout] ✗ Attempt 55: Socket file exists but connection failed: Connection refused (os error 111)
[INFO] [stdout] ✗ Attempt 56: Socket file exists but connection failed: Connection refused (os error 111)
[INFO] [stdout] ✗ Attempt 57: Socket file exists but connection failed: Connection refused (os error 111)
[INFO] [stdout] ✗ Attempt 58: Socket file exists but connection failed: Connection refused (os error 111)
[INFO] [stdout] ✗ Attempt 59: Socket file exists but connection failed: Connection refused (os error 111)
[INFO] [stdout] ✗ Attempt 60: Socket file exists but connection failed: Connection refused (os error 111)
[INFO] [stdout] ✗ Attempt 61: Socket file exists but connection failed: Connection refused (os error 111)
[INFO] [stdout] ✗ Attempt 62: Socket file exists but connection failed: Connection refused (os error 111)
[INFO] [stdout] ✗ Attempt 63: Socket file exists but connection failed: Connection refused (os error 111)
[INFO] [stdout] ✗ Attempt 64: Socket file exists but connection failed: Connection refused (os error 111)
[INFO] [stdout] ✗ Attempt 65: Socket file exists but connection failed: Connection refused (os error 111)
[INFO] [stdout] ✗ Attempt 66: Socket file exists but connection failed: Connection refused (os error 111)
[INFO] [stdout] ✗ Attempt 67: Socket file exists but connection failed: Connection refused (os error 111)
[INFO] [stdout] ✗ Attempt 68: Socket file exists but connection failed: Connection refused (os error 111)
[INFO] [stdout] ✗ Attempt 69: Socket file exists but connection failed: Connection refused (os error 111)
[INFO] [stdout] ✗ Attempt 70: Socket file exists but connection failed: Connection refused (os error 111)
[INFO] [stdout] ✗ Attempt 71: Socket file exists but connection failed: Connection refused (os error 111)
[INFO] [stdout] ✗ Attempt 72: Socket file exists but connection failed: Connection refused (os error 111)
[INFO] [stdout] ✗ Attempt 73: Socket file exists but connection failed: Connection refused (os error 111)
[INFO] [stdout] ✗ Attempt 74: Socket file exists but connection failed: Connection refused (os error 111)
[INFO] [stdout] ✗ Attempt 75: Socket file exists but connection failed: Connection refused (os error 111)
[INFO] [stdout] ✗ Attempt 76: Socket file exists but connection failed: Connection refused (os error 111)
[INFO] [stdout] ✗ Attempt 77: Socket file exists but connection failed: Connection refused (os error 111)
[INFO] [stdout] ✗ Attempt 78: Socket file exists but connection failed: Connection refused (os error 111)
[INFO] [stdout] ✗ Attempt 79: Socket file exists but connection failed: Connection refused (os error 111)
[INFO] [stdout] ✗ Attempt 80: Socket file exists but connection failed: Connection refused (os error 111)
[INFO] [stdout] ✗ Attempt 81: Socket file exists but connection failed: Connection refused (os error 111)
[INFO] [stdout] ✗ Attempt 82: Socket file exists but connection failed: Connection refused (os error 111)
[INFO] [stdout] ✗ Attempt 83: Socket file exists but connection failed: Connection refused (os error 111)
[INFO] [stdout] ✗ Attempt 84: Socket file exists but connection failed: Connection refused (os error 111)
[INFO] [stdout] ✗ Attempt 85: Socket file exists but connection failed: Connection refused (os error 111)
[INFO] [stdout] ✗ Attempt 86: Socket file exists but connection failed: Connection refused (os error 111)
[INFO] [stdout] ✗ Attempt 87: Socket file exists but connection failed: Connection refused (os error 111)
[INFO] [stdout] ✗ Attempt 88: Socket file exists but connection failed: Connection refused (os error 111)
[INFO] [stdout] ✗ Attempt 89: Socket file exists but connection failed: Connection refused (os error 111)
[INFO] [stdout] ✗ Attempt 90: Socket file exists but connection failed: Connection refused (os error 111)
[INFO] [stdout] ✗ Attempt 91: Socket file exists but connection failed: Connection refused (os error 111)
[INFO] [stdout] ✗ Attempt 92: Socket file exists but connection failed: Connection refused (os error 111)
[INFO] [stdout] ✗ Attempt 93: Socket file exists but connection failed: Connection refused (os error 111)
[INFO] [stdout] ✗ Attempt 94: Socket file exists but connection failed: Connection refused (os error 111)
[INFO] [stdout] ✗ Attempt 95: Socket file exists but connection failed: Connection refused (os error 111)
[INFO] [stdout] ✗ Attempt 96: Socket file exists but connection failed: Connection refused (os error 111)
[INFO] [stdout] ✗ Attempt 97: Socket file exists but connection failed: Connection refused (os error 111)
[INFO] [stdout] ✗ Attempt 98: Socket file exists but connection failed: Connection refused (os error 111)
[INFO] [stdout] ✗ Attempt 99: Socket file exists but connection failed: Connection refused (os error 111)
[INFO] [stdout] 
[INFO] [stdout] thread 'test_daemon_startup_race_condition' (2144) panicked at tests/daemon_startup_race_test.rs:69:21:
[INFO] [stdout] ✗ RACE CONDITION: Socket file exists but connection failed after 100 attempts: Connection refused (os error 111)
[INFO] [stdout] This demonstrates the bug - socket file appeared before bind completed.
[INFO] [stdout] stack backtrace:
[INFO] [stdout]    0:     0x5b0b97dac8c5 - <unknown>
[INFO] [stdout]    1:     0x5b0b97d8e93a - <unknown>
[INFO] [stdout]    2:     0x5b0b97dabf5b - <unknown>
[INFO] [stdout]    3:     0x5b0b97daba3f - <unknown>
[INFO] [stdout]    4:     0x5b0b97dab66a - <unknown>
[INFO] [stdout]    5:     0x5b0b97dab1a2 - <unknown>
[INFO] [stdout]    6:     0x5b0b97dd20c1 - <unknown>
[INFO] [stdout]    7:     0x5b0b97dd2079 - <unknown>
[INFO] [stdout]    8:     0x5b0b97dd258c - <unknown>
[INFO] [stdout]    9:     0x5b0b97d8e7cb - <unknown>
[INFO] [stdout]   10:     0x5b0b97d83e06 - <unknown>
[INFO] [stdout]   11:     0x5b0b97d70a11 - <unknown>
[INFO] [stdout]   12:     0x5b0b97d8afc4 - <unknown>
[INFO] [stdout]   13:     0x5b0b97def50b - <unknown>
[INFO] [stdout]   14:     0x5b0b97deaaff - <unknown>
[INFO] [stdout]   15:     0x5b0b97dea57c - <unknown>
[INFO] [stdout]   16:     0x5b0b97e052bc - <unknown>
[INFO] [stdout]   17:     0x5b0b97dd3da2 - <unknown>
[INFO] [stdout]   18:     0x7eb9bf468dfa - <unknown>
[INFO] [stdout]   19:     0x7eb9bf4fc3d4 - clone
[INFO] [stdout]   20:                0x0 - <unknown>
[INFO] [stdout] 
[INFO] [stdout] 
[INFO] [stdout] failures:
[INFO] [stdout]     test_daemon_connects_after_proper_wait
[INFO] [stdout]     test_daemon_startup_race_condition
[INFO] [stdout] 
[INFO] [stdout] test result: FAILED. 0 passed; 2 failed; 0 ignored; 0 measured; 0 filtered out; finished in 0.21s
[INFO] [stdout] 
[INFO] running `Command { std: "docker" "inspect" "a5c661d607f7b842a7a009878074c8511ca960cc97221c07eb2a788338a61860", kill_on_drop: false }`
[INFO] running `Command { std: "docker" "rm" "-f" "a5c661d607f7b842a7a009878074c8511ca960cc97221c07eb2a788338a61860", kill_on_drop: false }`
[INFO] [stdout] a5c661d607f7b842a7a009878074c8511ca960cc97221c07eb2a788338a61860
