[INFO] cloning repository https://github.com/liangzhaoyuan12/apt-manager
[INFO] running `Command { std: "git" "-c" "credential.helper=" "-c" "credential.helper=/workspace/cargo-home/bin/git-credential-null" "clone" "--bare" "https://github.com/liangzhaoyuan12/apt-manager" "/workspace/cache/git-repos/https%3A%2F%2Fgithub.com%2Fliangzhaoyuan12%2Fapt-manager", kill_on_drop: false }`
[INFO] [stderr] Cloning into bare repository '/workspace/cache/git-repos/https%3A%2F%2Fgithub.com%2Fliangzhaoyuan12%2Fapt-manager'...
[INFO] running `Command { std: "git" "rev-parse" "HEAD", kill_on_drop: false }`
[INFO] [stdout] c8f4d4917f8b2ac34aaceec40db7dfde8d2ff45f
[INFO] testing liangzhaoyuan12/apt-manager against 1.100.0-beta.1+cargoflags=--release for beta-release-1.100-2
[INFO] running `Command { std: "git" "clone" "/workspace/cache/git-repos/https%3A%2F%2Fgithub.com%2Fliangzhaoyuan12%2Fapt-manager" "/workspace/builds/worker-2-tc2/source", kill_on_drop: false }`
[INFO] [stderr] Cloning into '/workspace/builds/worker-2-tc2/source'...
[INFO] [stderr] done.
[INFO] started tweaking git repo https://github.com/liangzhaoyuan12/apt-manager
[INFO] finished tweaking git repo https://github.com/liangzhaoyuan12/apt-manager
[INFO] tweaked toml for git repo https://github.com/liangzhaoyuan12/apt-manager written to /workspace/builds/worker-2-tc2/source/Cargo.toml
[INFO] validating manifest of git repo https://github.com/liangzhaoyuan12/apt-manager on toolchain 1.100.0-beta.1
[INFO] running `Command { std: CARGO_HOME="/workspace/cargo-home" RUSTUP_HOME="/workspace/rustup-home" "/workspace/cargo-home/bin/cargo" "+1.100.0-beta.1" "metadata" "--manifest-path" "Cargo.toml" "--no-deps", kill_on_drop: false }`
[INFO] crate git repo https://github.com/liangzhaoyuan12/apt-manager already has a lockfile, it will not be regenerated
[INFO] running `Command { std: CARGO_HOME="/workspace/cargo-home" RUSTUP_HOME="/workspace/rustup-home" "/workspace/cargo-home/bin/cargo" "+1.100.0-beta.1" "fetch" "--manifest-path" "Cargo.toml", kill_on_drop: false }`
[INFO] running `Command { std: "docker" "create" "-v" "/var/lib/crater-agent-workspace/builds/worker-2-tc2/source:/opt/rustwide/workdir:ro,Z" "-v" "/var/lib/crater-agent-workspace/builds/worker-2-tc2/target:/opt/rustwide/target:rw,Z" "-v" "/var/lib/crater-agent-workspace/cargo-home:/opt/rustwide/cargo-home:ro,Z" "-v" "/var/lib/crater-agent-workspace/rustup-home:/opt/rustwide/rustup-home:ro,Z" "-m" "1610612736" "--network" "none" "ghcr.io/rust-lang/crates-build-env/linux@sha256:77db811e55d90add9212f6832c23229e3de5f1c1f9905e8cb07319ea15df73ac" "sleep" "infinity", kill_on_drop: false }`
[INFO] [stdout] 44aeffa5d6a93f3dab71e451e314cbbd1b9c9a40b1f53b39ef6a76e08133cd27
[INFO] running `Command { std: "docker" "start" "44aeffa5d6a93f3dab71e451e314cbbd1b9c9a40b1f53b39ef6a76e08133cd27", kill_on_drop: false }`
[INFO] running `Command { std: "docker" "inspect" "44aeffa5d6a93f3dab71e451e314cbbd1b9c9a40b1f53b39ef6a76e08133cd27", kill_on_drop: false }`
[INFO] running `Command { std: "docker" "exec" "-e" "SOURCE_DIR=/opt/rustwide/workdir" "-e" "CARGO_HOME=/opt/rustwide/cargo-home" "-e" "RUSTUP_HOME=/opt/rustwide/rustup-home" "-e" "CARGO_TARGET_DIR=/opt/rustwide/target" "-w" "/opt/rustwide/workdir" "--user" "0:0" "44aeffa5d6a93f3dab71e451e314cbbd1b9c9a40b1f53b39ef6a76e08133cd27" "/opt/rustwide/cargo-home/bin/cargo" "+1.100.0-beta.1" "metadata" "--no-deps" "--format-version=1", kill_on_drop: false }`
[INFO] running `Command { std: "docker" "inspect" "44aeffa5d6a93f3dab71e451e314cbbd1b9c9a40b1f53b39ef6a76e08133cd27", kill_on_drop: false }`
[INFO] running `Command { std: "docker" "exec" "-e" "SOURCE_DIR=/opt/rustwide/workdir" "-e" "CARGO_HOME=/opt/rustwide/cargo-home" "-e" "RUSTUP_HOME=/opt/rustwide/rustup-home" "-e" "CARGO_TARGET_DIR=/opt/rustwide/target" "-e" "CARGO_INCREMENTAL=0" "-e" "RUST_BACKTRACE=full" "-e" "RUSTFLAGS=--cap-lints=warn" "-e" "RUSTDOCFLAGS=--cap-lints=warn" "-w" "/opt/rustwide/workdir" "--user" "0:0" "44aeffa5d6a93f3dab71e451e314cbbd1b9c9a40b1f53b39ef6a76e08133cd27" "/opt/rustwide/cargo-home/bin/cargo" "+1.100.0-beta.1" "build" "--frozen" "--message-format=json" "--release", kill_on_drop: false }`
[INFO] [stderr]    Compiling winnow v1.0.4
[INFO] [stderr]    Compiling toml_datetime v1.1.1+spec-1.1.0
[INFO] [stderr]    Compiling target-lexicon v0.13.5
[INFO] [stderr]    Compiling serde_spanned v1.1.1
[INFO] [stderr]    Compiling smallvec v1.15.2
[INFO] [stderr]    Compiling version-compare v0.2.1
[INFO] [stderr]    Compiling libc v0.2.189
[INFO] [stderr]    Compiling proc-macro2 v1.0.107
[INFO] [stderr]    Compiling quote v1.0.47
[INFO] [stderr]    Compiling futures-core v0.3.33
[INFO] [stderr]    Compiling futures-task v0.3.33
[INFO] [stderr]    Compiling hashbrown v0.17.1
[INFO] [stderr]    Compiling equivalent v1.0.2
[INFO] [stderr]    Compiling find-msvc-tools v0.1.10
[INFO] [stderr]    Compiling futures-channel v0.3.33
[INFO] [stderr]    Compiling memchr v2.8.3
[INFO] [stderr]    Compiling cc v1.4.2
[INFO] [stderr]    Compiling bitflags v2.13.1
[INFO] [stderr]    Compiling cfg-expr v0.20.8
[INFO] [stderr]    Compiling indexmap v2.14.0
[INFO] [stderr]    Compiling futures-io v0.3.33
[INFO] [stderr]    Compiling toml_parser v1.1.3+spec-1.1.0
[INFO] [stderr]    Compiling syn v2.0.119
[INFO] [stderr]    Compiling syn v3.0.3
[INFO] [stderr]    Compiling scratch v1.0.9
[INFO] [stderr]    Compiling semver v1.0.28
[INFO] [stderr]    Compiling memoffset v0.9.1
[INFO] [stderr]    Compiling unicode-width v0.2.2
[INFO] [stderr]    Compiling toml v1.1.4+spec-1.1.0
[INFO] [stderr]    Compiling rustc_version v0.4.1
[INFO] [stderr]    Compiling termcolor v1.4.1
[INFO] [stderr]    Compiling cxxbridge-flags v1.0.199
[INFO] [stderr]    Compiling toml_edit v0.25.13+spec-1.1.0
[INFO] [stderr]    Compiling parking_lot_core v0.9.12
[INFO] [stderr]    Compiling field-offset v0.3.6
[INFO] [stderr]    Compiling system-deps v7.0.8
[INFO] [stderr]    Compiling codespan-reporting v0.13.1
[INFO] [stderr]    Compiling link-cplusplus v1.0.12
[INFO] [stderr]    Compiling cxx v1.0.199
[INFO] [stderr]    Compiling errno v0.3.14
[INFO] [stderr]    Compiling foldhash v0.2.0
[INFO] [stderr]    Compiling signal-hook-registry v1.4.8
[INFO] [stderr]    Compiling parking_lot v0.12.5
[INFO] [stderr]    Compiling socket2 v0.6.5
[INFO] [stderr]    Compiling proc-macro-crate v3.5.0
[INFO] [stderr]    Compiling glib-sys v0.22.8
[INFO] [stderr]    Compiling gobject-sys v0.22.6
[INFO] [stderr]    Compiling gio-sys v0.22.8
[INFO] [stderr]    Compiling pango-sys v0.22.0
[INFO] [stderr]    Compiling cairo-sys-rs v0.22.0
[INFO] [stderr]    Compiling gdk-pixbuf-sys v0.22.0
[INFO] [stderr]    Compiling gdk4-sys v0.11.4
[INFO] [stderr]    Compiling graphene-sys v0.22.8
[INFO] [stderr]    Compiling gsk4-sys v0.11.4
[INFO] [stderr]    Compiling gtk4-sys v0.11.4
[INFO] [stderr]    Compiling cxx-build v1.0.199
[INFO] [stderr]    Compiling libadwaita-sys v0.9.2
[INFO] [stderr]    Compiling mio v1.2.2
[INFO] [stderr]    Compiling bytes v1.12.1
[INFO] [stderr]    Compiling cxxbridge-macro v1.0.199
[INFO] [stderr]    Compiling tokio-macros v2.7.2
[INFO] [stderr]    Compiling tokio v1.53.1
[INFO] [stderr]    Compiling futures-macro v0.3.33
[INFO] [stderr]    Compiling glib-macros v0.22.6
[INFO] [stderr]    Compiling futures-util v0.3.33
[INFO] [stderr]    Compiling gtk4-macros v0.11.4
[INFO] [stderr]    Compiling rust-apt v0.10.0
[INFO] [stderr]    Compiling futures-executor v0.3.33
[INFO] [stderr]    Compiling glib v0.22.8
[INFO] [stderr]    Compiling gio v0.22.8
[INFO] [stderr]    Compiling cairo-rs v0.22.0
[INFO] [stderr]    Compiling graphene-rs v0.22.8
[INFO] [stderr]    Compiling pango v0.22.8
[INFO] [stderr]    Compiling gdk-pixbuf v0.22.0
[INFO] [stderr]    Compiling gdk4 v0.11.4
[INFO] [stderr]    Compiling gsk4 v0.11.4
[INFO] [stderr]    Compiling gtk4 v0.11.4
[INFO] [stderr]    Compiling libadwaita v0.9.2
[INFO] [stderr]    Compiling apt-manager v0.6.0 (/opt/rustwide/workdir)
[INFO] [stderr]     Finished `release` profile [optimized] target(s) in 4m 16s
[INFO] running `Command { std: "docker" "inspect" "44aeffa5d6a93f3dab71e451e314cbbd1b9c9a40b1f53b39ef6a76e08133cd27", kill_on_drop: false }`
[INFO] running `Command { std: "docker" "exec" "-e" "SOURCE_DIR=/opt/rustwide/workdir" "-e" "CARGO_HOME=/opt/rustwide/cargo-home" "-e" "RUSTUP_HOME=/opt/rustwide/rustup-home" "-e" "CARGO_TARGET_DIR=/opt/rustwide/target" "-e" "CARGO_INCREMENTAL=0" "-e" "RUST_BACKTRACE=full" "-e" "RUSTFLAGS=--cap-lints=warn" "-e" "RUSTDOCFLAGS=--cap-lints=warn" "-w" "/opt/rustwide/workdir" "--user" "0:0" "44aeffa5d6a93f3dab71e451e314cbbd1b9c9a40b1f53b39ef6a76e08133cd27" "/opt/rustwide/cargo-home/bin/cargo" "+1.100.0-beta.1" "test" "--frozen" "--no-run" "--message-format=json" "--release", kill_on_drop: false }`
[INFO] [stderr]    Compiling apt-manager v0.6.0 (/opt/rustwide/workdir)
[INFO] [stderr]     Finished `release` profile [optimized] target(s) in 2.39s
[INFO] running `Command { std: "docker" "inspect" "44aeffa5d6a93f3dab71e451e314cbbd1b9c9a40b1f53b39ef6a76e08133cd27", kill_on_drop: false }`
[INFO] running `Command { std: "docker" "exec" "-e" "SOURCE_DIR=/opt/rustwide/workdir" "-e" "CARGO_HOME=/opt/rustwide/cargo-home" "-e" "RUSTUP_HOME=/opt/rustwide/rustup-home" "-e" "CARGO_TARGET_DIR=/opt/rustwide/target" "-e" "CARGO_INCREMENTAL=0" "-e" "RUST_BACKTRACE=full" "-e" "RUSTFLAGS=--cap-lints=warn" "-e" "RUSTDOCFLAGS=--cap-lints=warn" "-w" "/opt/rustwide/workdir" "--user" "0:0" "44aeffa5d6a93f3dab71e451e314cbbd1b9c9a40b1f53b39ef6a76e08133cd27" "/opt/rustwide/cargo-home/bin/cargo" "+1.100.0-beta.1" "test" "--frozen" "--release", kill_on_drop: false }`
[INFO] [stderr]     Finished `release` profile [optimized] target(s) in 0.11s
[INFO] [stderr]      Running unittests src/main.rs (/opt/rustwide/target/release/build/apt-manager/3e3286c1a19d61e6/out/apt_manager-3e3286c1a19d61e6)
[INFO] [stdout] 
[INFO] [stdout] running 7 tests
[INFO] [stdout] test apt_worker::tests::mtime_is_local_datetime ... FAILED
[INFO] [stdout] test apt_worker::tests::desktop_parse_en_fallback ... FAILED
[INFO] [stdout] test apt_worker::tests::find_desktop_prefers_applications_dir ... ok
[INFO] [stdout] test apt_worker::tests::desktop_parse_zh_and_exec ... FAILED
[INFO] [stdout] test apt_worker::tests::detail_all_fields ... FAILED
[INFO] [stdout] test apt_worker::tests::snapshot_timing ... ok
[INFO] [stdout] test apt_worker::tests::icon_map_finds_installed_desktop_icons ... FAILED
[INFO] [stdout] 
[INFO] [stdout] failures:
[INFO] [stdout] 
[INFO] [stdout] ---- apt_worker::tests::mtime_is_local_datetime stdout ----
[INFO] [stdout] 
[INFO] [stdout] thread 'apt_worker::tests::mtime_is_local_datetime' (1850) panicked at src/apt_worker.rs:597:72:
[INFO] [stdout] mtime
[INFO] [stdout] stack backtrace:
[INFO] [stdout]    0:     0x5ee54a855331 - <<std[617be2ca0a6fd877]::sys::backtrace::BacktraceLock>::print::DisplayBacktrace as core[a373ad73a504971]::fmt::Display>::fmt
[INFO] [stdout]    1:     0x5ee54a86959a - core[a373ad73a504971]::fmt::write
[INFO] [stdout]    2:     0x5ee54a85981c - <alloc[2e1b2a31b91974c5]::vec::Vec<u8> as core[a373ad73a504971]::io::write::Write>::write_fmt
[INFO] [stdout]    3:     0x5ee54a830f26 - std[617be2ca0a6fd877]::panicking::default_hook::{closure#0}
[INFO] [stdout]    4:     0x5ee54a84d459 - std[617be2ca0a6fd877]::panicking::default_hook
[INFO] [stdout]    5:     0x5ee54a7e1910 - test[aada8e7e76ba119b]::test_main_inner::{closure#0}
[INFO] [stdout]    6:     0x5ee54a84d612 - std[617be2ca0a6fd877]::panicking::panic_with_hook
[INFO] [stdout]    7:     0x5ee54a830fd2 - std[617be2ca0a6fd877]::panicking::panic_handler::{closure#0}
[INFO] [stdout]    8:     0x5ee54a829ab9 - std[617be2ca0a6fd877]::sys::backtrace::__rust_end_short_backtrace::<std[617be2ca0a6fd877]::panicking::panic_handler::{closure#0}, !>
[INFO] [stdout]    9:     0x5ee54a831bdd - __rustc[ea4f61d10b84890b]::rust_begin_unwind
[INFO] [stdout]   10:     0x5ee54a869cfc - core[a373ad73a504971]::panicking::panic_fmt
[INFO] [stdout]   11:     0x5ee54a869a54 - core[a373ad73a504971]::option::expect_failed
[INFO] [stdout]   12:     0x5ee54a7d254d - <apt_manager[a9834f57de67df56]::apt_worker::tests::mtime_is_local_datetime::{closure#0} as core[a373ad73a504971]::ops::function::FnOnce<()>>::call_once
[INFO] [stdout]   13:     0x5ee54a7d4d5b - test[aada8e7e76ba119b]::__rust_begin_short_backtrace::<core[a373ad73a504971]::result::Result<(), alloc[2e1b2a31b91974c5]::string::String>, fn() -> core[a373ad73a504971]::result::Result<(), alloc[2e1b2a31b91974c5]::string::String>>
[INFO] [stdout]   14:     0x5ee54a7e1f35 - test[aada8e7e76ba119b]::run_test::{closure#0}
[INFO] [stdout]   15:     0x5ee54a7db824 - std[617be2ca0a6fd877]::sys::backtrace::__rust_begin_short_backtrace::<test[aada8e7e76ba119b]::run_test::{closure#1}, ()>
[INFO] [stdout]   16:     0x5ee54a7e4fc2 - <std[617be2ca0a6fd877]::thread::lifecycle::spawn_unchecked<test[aada8e7e76ba119b]::run_test::{closure#1}, ()>::{closure#1} as core[a373ad73a504971]::ops::function::FnOnce<()>>::call_once::{shim:vtable#0}
[INFO] [stdout]   17:     0x5ee54a85482f - <std[617be2ca0a6fd877]::sys::thread::unix::Thread>::new::thread_start
[INFO] [stdout]   18:     0x70197a833dfa - <unknown>
[INFO] [stdout]   19:     0x70197a8c73d4 - clone
[INFO] [stdout]   20:                0x0 - <unknown>
[INFO] [stdout] 
[INFO] [stdout] ---- apt_worker::tests::desktop_parse_en_fallback stdout ----
[INFO] [stdout] 
[INFO] [stdout] thread 'apt_worker::tests::desktop_parse_en_fallback' (1845) panicked at src/apt_worker.rs:567:79:
[INFO] [stdout] desktop file
[INFO] [stdout] stack backtrace:
[INFO] [stdout]    0:     0x5ee54a855331 - <<std[617be2ca0a6fd877]::sys::backtrace::BacktraceLock>::print::DisplayBacktrace as core[a373ad73a504971]::fmt::Display>::fmt
[INFO] [stdout]    1:     0x5ee54a86959a - core[a373ad73a504971]::fmt::write
[INFO] [stdout]    2:     0x5ee54a85981c - <alloc[2e1b2a31b91974c5]::vec::Vec<u8> as core[a373ad73a504971]::io::write::Write>::write_fmt
[INFO] [stdout]    3:     0x5ee54a830f26 - std[617be2ca0a6fd877]::panicking::default_hook::{closure#0}
[INFO] [stdout]    4:     0x5ee54a84d459 - std[617be2ca0a6fd877]::panicking::default_hook
[INFO] [stdout]    5:     0x5ee54a7e1910 - test[aada8e7e76ba119b]::test_main_inner::{closure#0}
[INFO] [stdout]    6:     0x5ee54a84d612 - std[617be2ca0a6fd877]::panicking::panic_with_hook
[INFO] [stdout]    7:     0x5ee54a830fd2 - std[617be2ca0a6fd877]::panicking::panic_handler::{closure#0}
[INFO] [stdout]    8:     0x5ee54a829ab9 - std[617be2ca0a6fd877]::sys::backtrace::__rust_end_short_backtrace::<std[617be2ca0a6fd877]::panicking::panic_handler::{closure#0}, !>
[INFO] [stdout]    9:     0x5ee54a831bdd - __rustc[ea4f61d10b84890b]::rust_begin_unwind
[INFO] [stdout]   10:     0x5ee54a869cfc - core[a373ad73a504971]::panicking::panic_fmt
[INFO] [stdout]   11:     0x5ee54a869a54 - core[a373ad73a504971]::option::expect_failed
[INFO] [stdout]   12:     0x5ee54a7d2739 - <apt_manager[a9834f57de67df56]::apt_worker::tests::desktop_parse_en_fallback::{closure#0} as core[a373ad73a504971]::ops::function::FnOnce<()>>::call_once
[INFO] [stdout]   13:     0x5ee54a7d4d5b - test[aada8e7e76ba119b]::__rust_begin_short_backtrace::<core[a373ad73a504971]::result::Result<(), alloc[2e1b2a31b91974c5]::string::String>, fn() -> core[a373ad73a504971]::result::Result<(), alloc[2e1b2a31b91974c5]::string::String>>
[INFO] [stdout]   14:     0x5ee54a7e1f35 - test[aada8e7e76ba119b]::run_test::{closure#0}
[INFO] [stdout]   15:     0x5ee54a7db824 - std[617be2ca0a6fd877]::sys::backtrace::__rust_begin_short_backtrace::<test[aada8e7e76ba119b]::run_test::{closure#1}, ()>
[INFO] [stdout]   16:     0x5ee54a7e4fc2 - <std[617be2ca0a6fd877]::thread::lifecycle::spawn_unchecked<test[aada8e7e76ba119b]::run_test::{closure#1}, ()>::{closure#1} as core[a373ad73a504971]::ops::function::FnOnce<()>>::call_once::{shim:vtable#0}
[INFO] [stdout]   17:     0x5ee54a85482f - <std[617be2ca0a6fd877]::sys::thread::unix::Thread>::new::thread_start
[INFO] [stdout]   18:     0x70197a833dfa - <unknown>
[INFO] [stdout]   19:     0x70197a8c73d4 - clone
[INFO] [stdout]   20:                0x0 - <unknown>
[INFO] [stdout] 
[INFO] [stdout] ---- apt_worker::tests::desktop_parse_zh_and_exec stdout ----
[INFO] [stdout] 
[INFO] [stdout] thread 'apt_worker::tests::desktop_parse_zh_and_exec' (1846) panicked at src/apt_worker.rs:559:79:
[INFO] [stdout] desktop file
[INFO] [stdout] stack backtrace:
[INFO] [stdout]    0:     0x5ee54a855331 - <<std[617be2ca0a6fd877]::sys::backtrace::BacktraceLock>::print::DisplayBacktrace as core[a373ad73a504971]::fmt::Display>::fmt
[INFO] [stdout]    1:     0x5ee54a86959a - core[a373ad73a504971]::fmt::write
[INFO] [stdout]    2:     0x5ee54a85981c - <alloc[2e1b2a31b91974c5]::vec::Vec<u8> as core[a373ad73a504971]::io::write::Write>::write_fmt
[INFO] [stdout]    3:     0x5ee54a830f26 - std[617be2ca0a6fd877]::panicking::default_hook::{closure#0}
[INFO] [stdout]    4:     0x5ee54a84d459 - std[617be2ca0a6fd877]::panicking::default_hook
[INFO] [stdout]    5:     0x5ee54a7e1910 - test[aada8e7e76ba119b]::test_main_inner::{closure#0}
[INFO] [stdout]    6:     0x5ee54a84d612 - std[617be2ca0a6fd877]::panicking::panic_with_hook
[INFO] [stdout]    7:     0x5ee54a830fd2 - std[617be2ca0a6fd877]::panicking::panic_handler::{closure#0}
[INFO] [stdout]    8:     0x5ee54a829ab9 - std[617be2ca0a6fd877]::sys::backtrace::__rust_end_short_backtrace::<std[617be2ca0a6fd877]::panicking::panic_handler::{closure#0}, !>
[INFO] [stdout]    9:     0x5ee54a831bdd - __rustc[ea4f61d10b84890b]::rust_begin_unwind
[INFO] [stdout]   10:     0x5ee54a869cfc - core[a373ad73a504971]::panicking::panic_fmt
[INFO] [stdout]   11:     0x5ee54a869a54 - core[a373ad73a504971]::option::expect_failed
[INFO] [stdout]   12:     0x5ee54a7d2992 - <apt_manager[a9834f57de67df56]::apt_worker::tests::desktop_parse_zh_and_exec::{closure#0} as core[a373ad73a504971]::ops::function::FnOnce<()>>::call_once
[INFO] [stdout]   13:     0x5ee54a7d4d5b - test[aada8e7e76ba119b]::__rust_begin_short_backtrace::<core[a373ad73a504971]::result::Result<(), alloc[2e1b2a31b91974c5]::string::String>, fn() -> core[a373ad73a504971]::result::Result<(), alloc[2e1b2a31b91974c5]::string::String>>
[INFO] [stdout]   14:     0x5ee54a7e1f35 - test[aada8e7e76ba119b]::run_test::{closure#0}
[INFO] [stdout]   15:     0x5ee54a7db824 - std[617be2ca0a6fd877]::sys::backtrace::__rust_begin_short_backtrace::<test[aada8e7e76ba119b]::run_test::{closure#1}, ()>
[INFO] [stdout]   16:     0x5ee54a7e4fc2 - <std[617be2ca0a6fd877]::thread::lifecycle::spawn_unchecked<test[aada8e7e76ba119b]::run_test::{closure#1}, ()>::{closure#1} as core[a373ad73a504971]::ops::function::FnOnce<()>>::call_once::{shim:vtable#0}
[INFO] [stdout]   17:     0x5ee54a85482f - <std[617be2ca0a6fd877]::sys::thread::unix::Thread>::new::thread_start
[INFO] [stdout]   18:     0x70197a833dfa - <unknown>
[INFO] [stdout]   19:     0x70197a8c73d4 - clone
[INFO] [stdout]   20:                0x0 - <unknown>
[INFO] [stdout] 
[INFO] [stdout] ---- apt_worker::tests::detail_all_fields stdout ----
[INFO] [stdout] 
[INFO] [stdout] thread 'apt_worker::tests::detail_all_fields' (1847) panicked at src/apt_worker.rs:608:54:
[INFO] [stdout] detail
[INFO] [stdout] stack backtrace:
[INFO] [stdout]    0:     0x5ee54a855331 - <<std[617be2ca0a6fd877]::sys::backtrace::BacktraceLock>::print::DisplayBacktrace as core[a373ad73a504971]::fmt::Display>::fmt
[INFO] [stdout]    1:     0x5ee54a86959a - core[a373ad73a504971]::fmt::write
[INFO] [stdout]    2:     0x5ee54a85981c - <alloc[2e1b2a31b91974c5]::vec::Vec<u8> as core[a373ad73a504971]::io::write::Write>::write_fmt
[INFO] [stdout]    3:     0x5ee54a830f26 - std[617be2ca0a6fd877]::panicking::default_hook::{closure#0}
[INFO] [stdout]    4:     0x5ee54a84d459 - std[617be2ca0a6fd877]::panicking::default_hook
[INFO] [stdout]    5:     0x5ee54a7e1910 - test[aada8e7e76ba119b]::test_main_inner::{closure#0}
[INFO] [stdout]    6:     0x5ee54a84d612 - std[617be2ca0a6fd877]::panicking::panic_with_hook
[INFO] [stdout]    7:     0x5ee54a830fd2 - std[617be2ca0a6fd877]::panicking::panic_handler::{closure#0}
[INFO] [stdout]    8:     0x5ee54a829ab9 - std[617be2ca0a6fd877]::sys::backtrace::__rust_end_short_backtrace::<std[617be2ca0a6fd877]::panicking::panic_handler::{closure#0}, !>
[INFO] [stdout]    9:     0x5ee54a831bdd - __rustc[ea4f61d10b84890b]::rust_begin_unwind
[INFO] [stdout]   10:     0x5ee54a869cfc - core[a373ad73a504971]::panicking::panic_fmt
[INFO] [stdout]   11:     0x5ee54a869a54 - core[a373ad73a504971]::option::expect_failed
[INFO] [stdout]   12:     0x5ee54a7d22e3 - <apt_manager[a9834f57de67df56]::apt_worker::tests::detail_all_fields::{closure#0} as core[a373ad73a504971]::ops::function::FnOnce<()>>::call_once
[INFO] [stdout]   13:     0x5ee54a7d4d5b - test[aada8e7e76ba119b]::__rust_begin_short_backtrace::<core[a373ad73a504971]::result::Result<(), alloc[2e1b2a31b91974c5]::string::String>, fn() -> core[a373ad73a504971]::result::Result<(), alloc[2e1b2a31b91974c5]::string::String>>
[INFO] [stdout]   14:     0x5ee54a7e1f35 - test[aada8e7e76ba119b]::run_test::{closure#0}
[INFO] [stdout]   15:     0x5ee54a7db824 - std[617be2ca0a6fd877]::sys::backtrace::__rust_begin_short_backtrace::<test[aada8e7e76ba119b]::run_test::{closure#1}, ()>
[INFO] [stdout]   16:     0x5ee54a7e4fc2 - <std[617be2ca0a6fd877]::thread::lifecycle::spawn_unchecked<test[aada8e7e76ba119b]::run_test::{closure#1}, ()>::{closure#1} as core[a373ad73a504971]::ops::function::FnOnce<()>>::call_once::{shim:vtable#0}
[INFO] [stdout]   17:     0x5ee54a85482f - <std[617be2ca0a6fd877]::sys::thread::unix::Thread>::new::thread_start
[INFO] [stdout]   18:     0x70197a833dfa - <unknown>
[INFO] [stdout]   19:     0x70197a8c73d4 - clone
[INFO] [stdout]   20:                0x0 - <unknown>
[INFO] [stdout] 
[INFO] [stdout] ---- apt_worker::tests::icon_map_finds_installed_desktop_icons stdout ----
[INFO] [stdout] build_icon_map: 16 entries in 96.401762ms
[INFO] [stdout] 
[INFO] [stdout] thread 'apt_worker::tests::icon_map_finds_installed_desktop_icons' (1849) panicked at src/apt_worker.rs:579:9:
[INFO] [stdout] assertion `left == right` failed
[INFO] [stdout]   left: None
[INFO] [stdout]  right: Some("deepin-music")
[INFO] [stdout] stack backtrace:
[INFO] [stdout]    0:     0x5ee54a855331 - <<std[617be2ca0a6fd877]::sys::backtrace::BacktraceLock>::print::DisplayBacktrace as core[a373ad73a504971]::fmt::Display>::fmt
[INFO] [stdout]    1:     0x5ee54a86959a - core[a373ad73a504971]::fmt::write
[INFO] [stdout]    2:     0x5ee54a85981c - <alloc[2e1b2a31b91974c5]::vec::Vec<u8> as core[a373ad73a504971]::io::write::Write>::write_fmt
[INFO] [stdout]    3:     0x5ee54a830f26 - std[617be2ca0a6fd877]::panicking::default_hook::{closure#0}
[INFO] [stdout]    4:     0x5ee54a84d459 - std[617be2ca0a6fd877]::panicking::default_hook
[INFO] [stdout]    5:     0x5ee54a7e1910 - test[aada8e7e76ba119b]::test_main_inner::{closure#0}
[INFO] [stdout]    6:     0x5ee54a84d612 - std[617be2ca0a6fd877]::panicking::panic_with_hook
[INFO] [stdout]    7:     0x5ee54a830fd2 - std[617be2ca0a6fd877]::panicking::panic_handler::{closure#0}
[INFO] [stdout]    8:     0x5ee54a829ab9 - std[617be2ca0a6fd877]::sys::backtrace::__rust_end_short_backtrace::<std[617be2ca0a6fd877]::panicking::panic_handler::{closure#0}, !>
[INFO] [stdout]    9:     0x5ee54a831bdd - __rustc[ea4f61d10b84890b]::rust_begin_unwind
[INFO] [stdout]   10:     0x5ee54a869cfc - core[a373ad73a504971]::panicking::panic_fmt
[INFO] [stdout]   11:     0x5ee54a869c13 - core[a373ad73a504971]::panicking::assert_failed_inner
[INFO] [stdout]   12:     0x5ee54a7d43bd - core[a373ad73a504971]::panicking::assert_failed::<core[a373ad73a504971]::option::Option<&str>, core[a373ad73a504971]::option::Option<&str>>
[INFO] [stdout]   13:     0x5ee54a7d2efe - <apt_manager[a9834f57de67df56]::apt_worker::tests::icon_map_finds_installed_desktop_icons::{closure#0} as core[a373ad73a504971]::ops::function::FnOnce<()>>::call_once
[INFO] [stdout]   14:     0x5ee54a7d4d5b - test[aada8e7e76ba119b]::__rust_begin_short_backtrace::<core[a373ad73a504971]::result::Result<(), alloc[2e1b2a31b91974c5]::string::String>, fn() -> core[a373ad73a504971]::result::Result<(), alloc[2e1b2a31b91974c5]::string::String>>
[INFO] [stdout]   15:     0x5ee54a7e1f35 - test[aada8e7e76ba119b]::run_test::{closure#0}
[INFO] [stdout]   16:     0x5ee54a7db824 - std[617be2ca0a6fd877]::sys::backtrace::__rust_begin_short_backtrace::<test[aada8e7e76ba119b]::run_test::{closure#1}, ()>
[INFO] [stdout]   17:     0x5ee54a7e4fc2 - <std[617be2ca0a6fd877]::thread::lifecycle::spawn_unchecked<test[aada8e7e76ba119b]::run_test::{closure#1}, ()>::{closure#1} as core[a373ad73a504971]::ops::function::FnOnce<()>>::call_once::{shim:vtable#0}
[INFO] [stdout]   18:     0x5ee54a85482f - <std[617be2ca0a6fd877]::sys::thread::unix::Thread>::new::thread_start
[INFO] [stdout]   19:     0x70197a833dfa - <unknown>
[INFO] [stdout]   20:     0x70197a8c73d4 - clone
[INFO] [stdout]   21:                0x0 - <unknown>
[INFO] [stdout] 
[INFO] [stdout] 
[INFO] [stdout] failures:
[INFO] [stdout]     apt_worker::tests::desktop_parse_en_fallback
[INFO] [stdout]     apt_worker::tests::desktop_parse_zh_and_exec
[INFO] [stdout]     apt_worker::tests::detail_all_fields
[INFO] [stdout]     apt_worker::tests::icon_map_finds_installed_desktop_icons
[INFO] [stdout]     apt_worker::tests::mtime_is_local_datetime
[INFO] [stdout] 
[INFO] [stdout] test result: FAILED. 2 passed; 5 failed; 0 ignored; 0 measured; 0 filtered out; finished in 1.53s
[INFO] [stdout] 
[INFO] [stderr] error: test failed, to rerun pass `--bin apt-manager`
[INFO] running `Command { std: "docker" "inspect" "44aeffa5d6a93f3dab71e451e314cbbd1b9c9a40b1f53b39ef6a76e08133cd27", kill_on_drop: false }`
[INFO] running `Command { std: "docker" "rm" "-f" "44aeffa5d6a93f3dab71e451e314cbbd1b9c9a40b1f53b39ef6a76e08133cd27", kill_on_drop: false }`
[INFO] [stdout] 44aeffa5d6a93f3dab71e451e314cbbd1b9c9a40b1f53b39ef6a76e08133cd27
