[INFO] cloning repository https://github.com/l3r8yJ/safe-mac-cli
[INFO] running `Command { std: "git" "-c" "credential.helper=" "-c" "credential.helper=/workspace/cargo-home/bin/git-credential-null" "clone" "--bare" "https://github.com/l3r8yJ/safe-mac-cli" "/workspace/cache/git-repos/https%3A%2F%2Fgithub.com%2Fl3r8yJ%2Fsafe-mac-cli", kill_on_drop: false }`
[INFO] [stderr] Cloning into bare repository '/workspace/cache/git-repos/https%3A%2F%2Fgithub.com%2Fl3r8yJ%2Fsafe-mac-cli'...
[INFO] running `Command { std: "git" "rev-parse" "HEAD", kill_on_drop: false }`
[INFO] [stdout] 5f4dde235046181b87b43ab581bbb0804f5a66e0
[INFO] testing l3r8yJ/safe-mac-cli against 1.99.0-beta.8+cargoflags=--release for beta-release-1.100-2
[INFO] running `Command { std: "git" "clone" "/workspace/cache/git-repos/https%3A%2F%2Fgithub.com%2Fl3r8yJ%2Fsafe-mac-cli" "/workspace/builds/worker-2-tc1/source", kill_on_drop: false }`
[INFO] [stderr] Cloning into '/workspace/builds/worker-2-tc1/source'...
[INFO] [stderr] done.
[INFO] started tweaking git repo https://github.com/l3r8yJ/safe-mac-cli
[INFO] finished tweaking git repo https://github.com/l3r8yJ/safe-mac-cli
[INFO] tweaked toml for git repo https://github.com/l3r8yJ/safe-mac-cli written to /workspace/builds/worker-2-tc1/source/Cargo.toml
[INFO] validating manifest of git repo https://github.com/l3r8yJ/safe-mac-cli on toolchain 1.99.0-beta.8
[INFO] running `Command { std: CARGO_HOME="/workspace/cargo-home" RUSTUP_HOME="/workspace/rustup-home" "/workspace/cargo-home/bin/cargo" "+1.99.0-beta.8" "metadata" "--manifest-path" "Cargo.toml" "--no-deps", kill_on_drop: false }`
[INFO] crate git repo https://github.com/l3r8yJ/safe-mac-cli already has a lockfile, it will not be regenerated
[INFO] running `Command { std: CARGO_HOME="/workspace/cargo-home" RUSTUP_HOME="/workspace/rustup-home" "/workspace/cargo-home/bin/cargo" "+1.99.0-beta.8" "fetch" "--manifest-path" "Cargo.toml", kill_on_drop: false }`
[INFO] [stderr]     Updating crates.io index
[INFO] [stderr]  Downloading crates ...
[INFO] [stderr]   Downloaded time-macros v0.2.6
[INFO] [stderr]   Downloaded simple_logger v4.0.0
[INFO] [stderr]   Downloaded time-core v0.1.0
[INFO] [stderr]   Downloaded predicates-tree v1.0.7
[INFO] [stderr]   Downloaded pnet_sys v0.31.0
[INFO] [stderr]   Downloaded itoa v1.0.4
[INFO] [stderr]   Downloaded pnet_macros_support v0.31.0
[INFO] [stderr]   Downloaded glob v0.3.0
[INFO] [stderr]   Downloaded time v0.3.17
[INFO] [stderr]   Downloaded ipnetwork v0.19.0
[INFO] [stderr]   Downloaded fsutils v0.1.7
[INFO] [stderr]   Downloaded predicates v2.1.3
[INFO] [stderr]   Downloaded predicates-core v1.0.5
[INFO] [stderr]   Downloaded pnet v0.31.0
[INFO] [stderr]   Downloaded pnet_transport v0.31.0
[INFO] [stderr]   Downloaded pnet_datalink v0.31.0
[INFO] [stderr]   Downloaded wait-timeout v0.2.0
[INFO] [stderr]   Downloaded either v1.8.0
[INFO] [stderr]   Downloaded mac_address v1.1.4
[INFO] [stderr]   Downloaded num_threads v0.1.6
[INFO] [stderr]   Downloaded pnet_base v0.31.0
[INFO] [stderr]   Downloaded termtree v0.4.0
[INFO] [stderr]   Downloaded sha256 v1.1.1
[INFO] [stderr]   Downloaded assert_cmd v2.0.6
[INFO] [stderr]   Downloaded no-std-net v0.6.0
[INFO] [stderr]   Downloaded pnet_packet v0.31.0
[INFO] [stderr]   Downloaded anyhow v1.0.66
[INFO] [stderr]   Downloaded serde v1.0.147
[INFO] [stderr]   Downloaded pnet_macros v0.31.0
[INFO] [stderr]   Downloaded aho-corasick v0.7.20
[INFO] [stderr]   Downloaded nix v0.23.1
[INFO] [stderr]   Downloaded syn v1.0.103
[INFO] [stderr]   Downloaded regex v1.7.0
[INFO] [stderr]   Downloaded regex-syntax v0.6.28
[INFO] [stderr]   Downloaded bstr v1.0.1
[INFO] [stderr]   Downloaded libc v0.2.137
[INFO] running `Command { std: "docker" "create" "-v" "/var/lib/crater-agent-workspace/builds/worker-2-tc1/source:/opt/rustwide/workdir:ro,Z" "-v" "/var/lib/crater-agent-workspace/builds/worker-2-tc1/target:/opt/rustwide/target:rw,Z" "-v" "/var/lib/crater-agent-workspace/cargo-home:/opt/rustwide/cargo-home:ro,Z" "-v" "/var/lib/crater-agent-workspace/rustup-home:/opt/rustwide/rustup-home:ro,Z" "-m" "1610612736" "--network" "none" "ghcr.io/rust-lang/crates-build-env/linux@sha256:77db811e55d90add9212f6832c23229e3de5f1c1f9905e8cb07319ea15df73ac" "sleep" "infinity", kill_on_drop: false }`
[INFO] [stdout] 8922061c8d74a78a21fd7ceb231ef41b57738ab0259d2e3184af1ca7437ffac8
[INFO] running `Command { std: "docker" "start" "8922061c8d74a78a21fd7ceb231ef41b57738ab0259d2e3184af1ca7437ffac8", kill_on_drop: false }`
[INFO] running `Command { std: "docker" "inspect" "8922061c8d74a78a21fd7ceb231ef41b57738ab0259d2e3184af1ca7437ffac8", kill_on_drop: false }`
[INFO] running `Command { std: "docker" "exec" "-e" "SOURCE_DIR=/opt/rustwide/workdir" "-e" "CARGO_HOME=/opt/rustwide/cargo-home" "-e" "RUSTUP_HOME=/opt/rustwide/rustup-home" "-e" "CARGO_TARGET_DIR=/opt/rustwide/target" "-w" "/opt/rustwide/workdir" "--user" "0:0" "8922061c8d74a78a21fd7ceb231ef41b57738ab0259d2e3184af1ca7437ffac8" "/opt/rustwide/cargo-home/bin/cargo" "+1.99.0-beta.8" "metadata" "--no-deps" "--format-version=1", kill_on_drop: false }`
[INFO] running `Command { std: "docker" "inspect" "8922061c8d74a78a21fd7ceb231ef41b57738ab0259d2e3184af1ca7437ffac8", kill_on_drop: false }`
[INFO] running `Command { std: "docker" "exec" "-e" "SOURCE_DIR=/opt/rustwide/workdir" "-e" "CARGO_HOME=/opt/rustwide/cargo-home" "-e" "RUSTUP_HOME=/opt/rustwide/rustup-home" "-e" "CARGO_TARGET_DIR=/opt/rustwide/target" "-e" "CARGO_INCREMENTAL=0" "-e" "RUST_BACKTRACE=full" "-e" "RUSTFLAGS=--cap-lints=warn" "-e" "RUSTDOCFLAGS=--cap-lints=warn" "-w" "/opt/rustwide/workdir" "--user" "0:0" "8922061c8d74a78a21fd7ceb231ef41b57738ab0259d2e3184af1ca7437ffac8" "/opt/rustwide/cargo-home/bin/cargo" "+1.99.0-beta.8" "build" "--frozen" "--message-format=json" "--release", kill_on_drop: false }`
[INFO] [stderr]    Compiling libc v0.2.137
[INFO] [stderr]    Compiling proc-macro2 v1.0.47
[INFO] [stderr]    Compiling unicode-ident v1.0.5
[INFO] [stderr]    Compiling quote v1.0.21
[INFO] [stderr]    Compiling syn v1.0.103
[INFO] [stderr]    Compiling no-std-net v0.6.0
[INFO] [stderr]    Compiling serde v1.0.147
[INFO] [stderr]    Compiling regex-syntax v0.6.28
[INFO] [stderr]    Compiling time-core v0.1.0
[INFO] [stderr]    Compiling generic-array v0.14.6
[INFO] [stderr]    Compiling memoffset v0.6.5
[INFO] [stderr]    Compiling opaque-debug v0.3.0
[INFO] [stderr]    Compiling anyhow v1.0.66
[INFO] [stderr]    Compiling aho-corasick v0.7.20
[INFO] [stderr]    Compiling pnet v0.31.0
[INFO] [stderr]    Compiling num_threads v0.1.6
[INFO] [stderr]    Compiling cpufeatures v0.2.5
[INFO] [stderr]    Compiling pnet_base v0.31.0
[INFO] [stderr]    Compiling lazy_static v1.4.0
[INFO] [stderr]    Compiling itoa v1.0.4
[INFO] [stderr]    Compiling unicode-width v0.1.10
[INFO] [stderr]    Compiling remove_dir_all v0.5.3
[INFO] [stderr]    Compiling time-macros v0.2.6
[INFO] [stderr]    Compiling textwrap v0.11.0
[INFO] [stderr]    Compiling pnet_macros_support v0.31.0
[INFO] [stderr]    Compiling fastrand v1.8.0
[INFO] [stderr]    Compiling either v1.8.0
[INFO] [stderr]    Compiling vec_map v0.8.2
[INFO] [stderr]    Compiling hex v0.4.3
[INFO] [stderr]    Compiling strsim v0.8.0
[INFO] [stderr]    Compiling itertools v0.10.5
[INFO] [stderr]    Compiling digest v0.9.0
[INFO] [stderr]    Compiling block-buffer v0.9.0
[INFO] [stderr]    Compiling sha2 v0.9.9
[INFO] [stderr]    Compiling sha256 v1.1.1
[INFO] [stderr]    Compiling pnet_sys v0.31.0
[INFO] [stderr]    Compiling atty v0.2.14
[INFO] [stderr]    Compiling nix v0.23.1
[INFO] [stderr]    Compiling time v0.3.17
[INFO] [stderr]    Compiling tempfile v3.3.0
[INFO] [stderr]    Compiling colored v2.0.0
[INFO] [stderr]    Compiling clap v2.34.0
[INFO] [stderr]    Compiling regex v1.7.0
[INFO] [stderr]    Compiling simple_logger v4.0.0
[INFO] [stderr]    Compiling ipnetwork v0.19.0
[INFO] [stderr]    Compiling pnet_datalink v0.31.0
[INFO] [stderr]    Compiling pnet_macros v0.31.0
[INFO] [stderr]    Compiling ctor v0.1.26
[INFO] [stderr]    Compiling mac_address v1.1.4
[INFO] [stderr]    Compiling pnet_packet v0.31.0
[INFO] [stderr]    Compiling pnet_transport v0.31.0
[INFO] [stderr]    Compiling safe-mac-cli v0.1.5 (/opt/rustwide/workdir)
[INFO] [stderr]     Finished `release` profile [optimized] target(s) in 31.32s
[INFO] running `Command { std: "docker" "inspect" "8922061c8d74a78a21fd7ceb231ef41b57738ab0259d2e3184af1ca7437ffac8", kill_on_drop: false }`
[INFO] running `Command { std: "docker" "exec" "-e" "SOURCE_DIR=/opt/rustwide/workdir" "-e" "CARGO_HOME=/opt/rustwide/cargo-home" "-e" "RUSTUP_HOME=/opt/rustwide/rustup-home" "-e" "CARGO_TARGET_DIR=/opt/rustwide/target" "-e" "CARGO_INCREMENTAL=0" "-e" "RUST_BACKTRACE=full" "-e" "RUSTFLAGS=--cap-lints=warn" "-e" "RUSTDOCFLAGS=--cap-lints=warn" "-w" "/opt/rustwide/workdir" "--user" "0:0" "8922061c8d74a78a21fd7ceb231ef41b57738ab0259d2e3184af1ca7437ffac8" "/opt/rustwide/cargo-home/bin/cargo" "+1.99.0-beta.8" "test" "--frozen" "--no-run" "--message-format=json" "--release", kill_on_drop: false }`
[INFO] [stderr]    Compiling memchr v2.5.0
[INFO] [stderr]    Compiling num-traits v0.2.15
[INFO] [stderr]    Compiling regex-syntax v0.6.28
[INFO] [stderr]    Compiling predicates-core v1.0.5
[INFO] [stderr]    Compiling quick-error v1.2.3
[INFO] [stderr]    Compiling doc-comment v0.3.3
[INFO] [stderr]    Compiling termcolor v1.1.3
[INFO] [stderr]    Compiling once_cell v1.16.0
[INFO] [stderr]    Compiling difflib v0.4.0
[INFO] [stderr]    Compiling regex-automata v0.1.10
[INFO] [stderr]    Compiling termtree v0.4.0
[INFO] [stderr]    Compiling normalize-line-endings v0.3.0
[INFO] [stderr]    Compiling wait-timeout v0.2.0
[INFO] [stderr]    Compiling humantime v1.3.0
[INFO] [stderr]    Compiling predicates-tree v1.0.7
[INFO] [stderr]    Compiling aho-corasick v0.7.20
[INFO] [stderr]    Compiling bstr v1.0.1
[INFO] [stderr]    Compiling float-cmp v0.9.0
[INFO] [stderr]    Compiling regex v1.7.0
[INFO] [stderr]    Compiling predicates v2.1.3
[INFO] [stderr]    Compiling env_logger v0.7.1
[INFO] [stderr]    Compiling fsutils v0.1.7
[INFO] [stderr]    Compiling assert_cmd v2.0.6
[INFO] [stderr]    Compiling safe-mac-cli v0.1.5 (/opt/rustwide/workdir)
[INFO] [stderr]     Finished `release` profile [optimized] target(s) in 19.59s
[INFO] running `Command { std: "docker" "inspect" "8922061c8d74a78a21fd7ceb231ef41b57738ab0259d2e3184af1ca7437ffac8", kill_on_drop: false }`
[INFO] running `Command { std: "docker" "exec" "-e" "SOURCE_DIR=/opt/rustwide/workdir" "-e" "CARGO_HOME=/opt/rustwide/cargo-home" "-e" "RUSTUP_HOME=/opt/rustwide/rustup-home" "-e" "CARGO_TARGET_DIR=/opt/rustwide/target" "-e" "CARGO_INCREMENTAL=0" "-e" "RUST_BACKTRACE=full" "-e" "RUSTFLAGS=--cap-lints=warn" "-e" "RUSTDOCFLAGS=--cap-lints=warn" "-w" "/opt/rustwide/workdir" "--user" "0:0" "8922061c8d74a78a21fd7ceb231ef41b57738ab0259d2e3184af1ca7437ffac8" "/opt/rustwide/cargo-home/bin/cargo" "+1.99.0-beta.8" "test" "--frozen" "--release", kill_on_drop: false }`
[INFO] [stderr]     Finished `release` profile [optimized] target(s) in 0.11s
[INFO] [stderr]      Running unittests src/main.rs (/opt/rustwide/target/release/deps/safe_mac_cli-c31f52b39552801f)
[INFO] [stderr]      Running tests/main_test.rs (/opt/rustwide/target/release/deps/main_test-2453c5b3b0f631e1)
[INFO] [stdout] 
[INFO] [stdout] running 0 tests
[INFO] [stdout] 
[INFO] [stdout] test result: ok. 0 passed; 0 failed; 0 ignored; 0 measured; 0 filtered out; finished in 0.00s
[INFO] [stdout] 
[INFO] [stdout] 
[INFO] [stdout] running 4 tests
[INFO] [stdout] test default_arg_fail ... ok
[INFO] [stdout] test default_arg_success ... FAILED
[INFO] [stdout] test basic_case_fail ... ok
[INFO] [stderr] error: test failed, to rerun pass `--test main_test`
[INFO] [stdout] test basic_case_success ... FAILED
[INFO] [stdout] 
[INFO] [stdout] failures:
[INFO] [stdout] 
[INFO] [stdout] ---- default_arg_success stdout ----
[INFO] [stdout] 
[INFO] [stdout] thread 'default_arg_success' (1590) panicked at /rustc/dfb0accb7f508ae8be965d8629557221c889dd98/library/core/src/ops/function.rs:250:5:
[INFO] [stdout] Unexpected failure.
[INFO] [stdout] code-101
[INFO] [stdout] stderr=```"\nthread \'main\' (1591) panicked at src/main.rs:65:52:\ncalled `Option::unwrap()` on a `None` value\nstack backtrace:\n   0:     0x5c4cedfa0a41 - <<std[70759c8f55707aa4]::sys::backtrace::BacktraceLock>::print::DisplayBacktrace as core[df12db4294e9bfd3]::fmt::Display>::fmt\n   1:     0x5c4cedfb2fca - core[df12db4294e9bfd3]::fmt::write\n   2:     0x5c4cedfa4c9c - <std[70759c8f55707aa4]::sys::stdio::unix::Stderr as core[df12db4294e9bfd3]::io::write::Write>::write_fmt\n   3:     0x5c4cedf88716 - std[70759c8f55707aa4]::panicking::default_hook::{closure#0}\n   4:     0x5c4cedf9b821 - std[70759c8f55707aa4]::panicking::default_hook\n   5:     0x5c4cedf9b9db - std[70759c8f55707aa4]::panicking::panic_with_hook\n   6:     0x5c4cedf887f4 - std[70759c8f55707aa4]::panicking::panic_handler::{closure#0}\n   7:     0x5c4cedf814a9 - std[70759c8f55707aa4]::sys::backtrace::__rust_end_short_backtrace::<std[70759c8f55707aa4]::panicking::panic_handler::{closure#0}, !>\n   8:     0x5c4cedf8905d - __rustc[8fa7c3cbc660c2b3]::rust_begin_unwind\n   9:     0x5c4cedfb36fc - core[df12db4294e9bfd3]::panicking::panic_fmt\n  10:     0x5c4cedfb36c2 - core[df12db4294e9bfd3]::panicking::panic\n  11:     0x5c4cedfb3479 - core[df12db4294e9bfd3]::option::unwrap_failed\n  12:     0x5c4cedf21ef1 - safe_mac_cli[bf895f10f89df172]::main\n  13:     0x5c4cedf231f3 - std[70759c8f55707aa4]::sys::backtrace::__rust_begin_short_backtrace::<fn(), ()>\n  14:     0x5c4cedf232b9 - std[70759c8f55707aa4]::rt::lang_start::<()>::{closure#0}\n  15:     0x5c4cedf9acf9 - std[70759c8f55707aa4]::rt::lang_start_internal\n  16:     0x5c4cedf22595 - main\n  17:     0x79d1cb092601 - <unknown>\n  18:     0x79d1cb092718 - __libc_start_main\n  19:     0x5c4cedf20995 - _start\n  20:                0x0 - <unknown>\n"```
[INFO] [stdout] command=`cd "/tmp/.tmpxwHZBP" && "/opt/rustwide/target/release/safe-mac-cli"`
[INFO] [stdout] code=101
[INFO] [stdout] stdout=""
[INFO] [stdout] stderr="\nthread \'main\' (1591) panicked at src/main.rs:65:52:\ncalled `Option::unwrap()` on a `None` value\nstack backtrace:\n   0:     0x5c4cedfa0a41 - <<std[70759c8f55707aa4]::sys::backtrace::BacktraceLock>::print::DisplayBacktrace as core[df12db4294e9bfd3]::fmt::Display>::fmt\n   1:     0x5c4cedfb2fca - core[df12db4294e9bfd3]::fmt::write\n   2:     0x5c4cedfa4c9c - <std[70759c8f55707aa4]::sys::stdio::unix::Stderr as core[df12db4294e9bfd3]::io::write::Write>::write_fmt\n   3:     0x5c4cedf88716 - std[70759c8f55707aa4]::panicking::default_hook::{closure#0}\n   4:     0x5c4cedf9b821 - std[70759c8f55707aa4]::panicking::default_hook\n   5:     0x5c4cedf9b9db - std[70759c8f55707aa4]::panicking::panic_with_hook\n   6:     0x5c4cedf887f4 - std[70759c8f55707aa4]::panicking::panic_handler::{closure#0}\n   7:     0x5c4cedf814a9 - std[70759c8f55707aa4]::sys::backtrace::__rust_end_short_backtrace::<std[70759c8f55707aa4]::panicking::panic_handler::{closure#0}, !>\n   8:     0x5c4cedf8905d - __rustc[8fa7c3cbc660c2b3]::rust_begin_unwind\n   9:     0x5c4cedfb36fc - core[df12db4294e9bfd3]::panicking::panic_fmt\n  10:     0x5c4cedfb36c2 - core[df12db4294e9bfd3]::panicking::panic\n  11:     0x5c4cedfb3479 - core[df12db4294e9bfd3]::option::unwrap_failed\n  12:     0x5c4cedf21ef1 - safe_mac_cli[bf895f10f89df172]::main\n  13:     0x5c4cedf231f3 - std[70759c8f55707aa4]::sys::backtrace::__rust_begin_short_backtrace::<fn(), ()>\n  14:     0x5c4cedf232b9 - std[70759c8f55707aa4]::rt::lang_start::<()>::{closure#0}\n  15:     0x5c4cedf9acf9 - std[70759c8f55707aa4]::rt::lang_start_internal\n  16:     0x5c4cedf22595 - main\n  17:     0x79d1cb092601 - <unknown>\n  18:     0x79d1cb092718 - __libc_start_main\n  19:     0x5c4cedf20995 - _start\n  20:                0x0 - <unknown>\n"
[INFO] [stdout] 
[INFO] [stdout] stack backtrace:
[INFO] [stdout]    0:     0x60f36c738581 - <<std[70759c8f55707aa4]::sys::backtrace::BacktraceLock>::print::DisplayBacktrace as core[df12db4294e9bfd3]::fmt::Display>::fmt
[INFO] [stdout]    1:     0x60f36c74e67a - core[df12db4294e9bfd3]::fmt::write
[INFO] [stdout]    2:     0x60f36c73e13c - <alloc[2182bb758b4b3781]::vec::Vec<u8> as core[df12db4294e9bfd3]::io::write::Write>::write_fmt
[INFO] [stdout]    3:     0x60f36c712a86 - std[70759c8f55707aa4]::panicking::default_hook::{closure#0}
[INFO] [stdout]    4:     0x60f36c7300a9 - std[70759c8f55707aa4]::panicking::default_hook
[INFO] [stdout]    5:     0x60f36c6bfd50 - test[9d35eded1c95d3be]::test_main_inner::<test[9d35eded1c95d3be]::test_main_static::{closure#0}>::{closure#0}
[INFO] [stdout]    6:     0x60f36c730262 - std[70759c8f55707aa4]::panicking::panic_with_hook
[INFO] [stdout]    7:     0x60f36c712b32 - std[70759c8f55707aa4]::panicking::panic_handler::{closure#0}
[INFO] [stdout]    8:     0x60f36c70b5d9 - std[70759c8f55707aa4]::sys::backtrace::__rust_end_short_backtrace::<std[70759c8f55707aa4]::panicking::panic_handler::{closure#0}, !>
[INFO] [stdout]    9:     0x60f36c71372d - __rustc[8fa7c3cbc660c2b3]::rust_begin_unwind
[INFO] [stdout]   10:     0x60f36c74edac - core[df12db4294e9bfd3]::panicking::panic_fmt
[INFO] [stdout]   11:     0x60f36c69e623 - <assert_cmd[ddb29992d7ed53d5]::assert::AssertError>::panic::<assert_cmd[ddb29992d7ed53d5]::assert::Assert>
[INFO] [stdout]   12:     0x60f36c69ef16 - <assert_cmd[ddb29992d7ed53d5]::assert::Assert>::success
[INFO] [stdout]   13:     0x60f36c69d003 - <main_test[f494ec1ad344c281]::default_arg_success::{closure#0} as core[df12db4294e9bfd3]::ops::function::FnOnce<()>>::call_once
[INFO] [stdout]   14:     0x60f36c6b303b - test[9d35eded1c95d3be]::__rust_begin_short_backtrace::<core[df12db4294e9bfd3]::result::Result<(), alloc[2182bb758b4b3781]::string::String>, fn() -> core[df12db4294e9bfd3]::result::Result<(), alloc[2182bb758b4b3781]::string::String>>
[INFO] [stdout]   15:     0x60f36c6c06a5 - test[9d35eded1c95d3be]::run_test::{closure#0}
[INFO] [stdout]   16:     0x60f36c6b9f64 - std[70759c8f55707aa4]::sys::backtrace::__rust_begin_short_backtrace::<test[9d35eded1c95d3be]::run_test::{closure#1}, ()>
[INFO] [stdout]   17:     0x60f36c6c3802 - <std[70759c8f55707aa4]::thread::lifecycle::spawn_unchecked<test[9d35eded1c95d3be]::run_test::{closure#1}, ()>::{closure#1} as core[df12db4294e9bfd3]::ops::function::FnOnce<()>>::call_once::{shim:vtable#0}
[INFO] [stdout]   18:     0x60f36c737a69 - <std[70759c8f55707aa4]::sys::thread::unix::Thread>::new::thread_start
[INFO] [stdout]   19:     0x77a625c0bdfa - <unknown>
[INFO] [stdout]   20:     0x77a625c9f3d4 - clone
[INFO] [stdout]   21:                0x0 - <unknown>
[INFO] [stdout] 
[INFO] [stdout] ---- basic_case_success stdout ----
[INFO] [stdout] 
[INFO] [stdout] thread 'basic_case_success' (1588) panicked at /rustc/dfb0accb7f508ae8be965d8629557221c889dd98/library/core/src/ops/function.rs:250:5:
[INFO] [stdout] Unexpected failure.
[INFO] [stdout] code-101
[INFO] [stdout] stderr=```"\nthread \'main\' (1592) panicked at src/main.rs:65:52:\ncalled `Option::unwrap()` on a `None` value\nstack backtrace:\n   0:     0x5de2bed91a41 - <<std[70759c8f55707aa4]::sys::backtrace::BacktraceLock>::print::DisplayBacktrace as core[df12db4294e9bfd3]::fmt::Display>::fmt\n   1:     0x5de2beda3fca - core[df12db4294e9bfd3]::fmt::write\n   2:     0x5de2bed95c9c - <std[70759c8f55707aa4]::sys::stdio::unix::Stderr as core[df12db4294e9bfd3]::io::write::Write>::write_fmt\n   3:     0x5de2bed79716 - std[70759c8f55707aa4]::panicking::default_hook::{closure#0}\n   4:     0x5de2bed8c821 - std[70759c8f55707aa4]::panicking::default_hook\n   5:     0x5de2bed8c9db - std[70759c8f55707aa4]::panicking::panic_with_hook\n   6:     0x5de2bed797f4 - std[70759c8f55707aa4]::panicking::panic_handler::{closure#0}\n   7:     0x5de2bed724a9 - std[70759c8f55707aa4]::sys::backtrace::__rust_end_short_backtrace::<std[70759c8f55707aa4]::panicking::panic_handler::{closure#0}, !>\n   8:     0x5de2bed7a05d - __rustc[8fa7c3cbc660c2b3]::rust_begin_unwind\n   9:     0x5de2beda46fc - core[df12db4294e9bfd3]::panicking::panic_fmt\n  10:     0x5de2beda46c2 - core[df12db4294e9bfd3]::panicking::panic\n  11:     0x5de2beda4479 - core[df12db4294e9bfd3]::option::unwrap_failed\n  12:     0x5de2bed12ef1 - safe_mac_cli[bf895f10f89df172]::main\n  13:     0x5de2bed141f3 - std[70759c8f55707aa4]::sys::backtrace::__rust_begin_short_backtrace::<fn(), ()>\n  14:     0x5de2bed142b9 - std[70759c8f55707aa4]::rt::lang_start::<()>::{closure#0}\n  15:     0x5de2bed8bcf9 - std[70759c8f55707aa4]::rt::lang_start_internal\n  16:     0x5de2bed13595 - main\n  17:     0x7132305d7601 - <unknown>\n  18:     0x7132305d7718 - __libc_start_main\n  19:     0x5de2bed11995 - _start\n  20:                0x0 - <unknown>\n"```
[INFO] [stdout] command=`cd "/tmp/.tmp347yf7" && "/opt/rustwide/target/release/safe-mac-cli" "config.txt"`
[INFO] [stdout] code=101
[INFO] [stdout] stdout=""
[INFO] [stdout] stderr="\nthread \'main\' (1592) panicked at src/main.rs:65:52:\ncalled `Option::unwrap()` on a `None` value\nstack backtrace:\n   0:     0x5de2bed91a41 - <<std[70759c8f55707aa4]::sys::backtrace::BacktraceLock>::print::DisplayBacktrace as core[df12db4294e9bfd3]::fmt::Display>::fmt\n   1:     0x5de2beda3fca - core[df12db4294e9bfd3]::fmt::write\n   2:     0x5de2bed95c9c - <std[70759c8f55707aa4]::sys::stdio::unix::Stderr as core[df12db4294e9bfd3]::io::write::Write>::write_fmt\n   3:     0x5de2bed79716 - std[70759c8f55707aa4]::panicking::default_hook::{closure#0}\n   4:     0x5de2bed8c821 - std[70759c8f55707aa4]::panicking::default_hook\n   5:     0x5de2bed8c9db - std[70759c8f55707aa4]::panicking::panic_with_hook\n   6:     0x5de2bed797f4 - std[70759c8f55707aa4]::panicking::panic_handler::{closure#0}\n   7:     0x5de2bed724a9 - std[70759c8f55707aa4]::sys::backtrace::__rust_end_short_backtrace::<std[70759c8f55707aa4]::panicking::panic_handler::{closure#0}, !>\n   8:     0x5de2bed7a05d - __rustc[8fa7c3cbc660c2b3]::rust_begin_unwind\n   9:     0x5de2beda46fc - core[df12db4294e9bfd3]::panicking::panic_fmt\n  10:     0x5de2beda46c2 - core[df12db4294e9bfd3]::panicking::panic\n  11:     0x5de2beda4479 - core[df12db4294e9bfd3]::option::unwrap_failed\n  12:     0x5de2bed12ef1 - safe_mac_cli[bf895f10f89df172]::main\n  13:     0x5de2bed141f3 - std[70759c8f55707aa4]::sys::backtrace::__rust_begin_short_backtrace::<fn(), ()>\n  14:     0x5de2bed142b9 - std[70759c8f55707aa4]::rt::lang_start::<()>::{closure#0}\n  15:     0x5de2bed8bcf9 - std[70759c8f55707aa4]::rt::lang_start_internal\n  16:     0x5de2bed13595 - main\n  17:     0x7132305d7601 - <unknown>\n  18:     0x7132305d7718 - __libc_start_main\n  19:     0x5de2bed11995 - _start\n  20:                0x0 - <unknown>\n"
[INFO] [stdout] 
[INFO] [stdout] stack backtrace:
[INFO] [stdout]    0:     0x60f36c738581 - <<std[70759c8f55707aa4]::sys::backtrace::BacktraceLock>::print::DisplayBacktrace as core[df12db4294e9bfd3]::fmt::Display>::fmt
[INFO] [stdout]    1:     0x60f36c74e67a - core[df12db4294e9bfd3]::fmt::write
[INFO] [stdout]    2:     0x60f36c73e13c - <alloc[2182bb758b4b3781]::vec::Vec<u8> as core[df12db4294e9bfd3]::io::write::Write>::write_fmt
[INFO] [stdout]    3:     0x60f36c712a86 - std[70759c8f55707aa4]::panicking::default_hook::{closure#0}
[INFO] [stdout]    4:     0x60f36c7300a9 - std[70759c8f55707aa4]::panicking::default_hook
[INFO] [stdout]    5:     0x60f36c6bfd50 - test[9d35eded1c95d3be]::test_main_inner::<test[9d35eded1c95d3be]::test_main_static::{closure#0}>::{closure#0}
[INFO] [stdout]    6:     0x60f36c730262 - std[70759c8f55707aa4]::panicking::panic_with_hook
[INFO] [stdout]    7:     0x60f36c712b32 - std[70759c8f55707aa4]::panicking::panic_handler::{closure#0}
[INFO] [stdout]    8:     0x60f36c70b5d9 - std[70759c8f55707aa4]::sys::backtrace::__rust_end_short_backtrace::<std[70759c8f55707aa4]::panicking::panic_handler::{closure#0}, !>
[INFO] [stdout]    9:     0x60f36c71372d - __rustc[8fa7c3cbc660c2b3]::rust_begin_unwind
[INFO] [stdout]   10:     0x60f36c74edac - core[df12db4294e9bfd3]::panicking::panic_fmt
[INFO] [stdout]   11:     0x60f36c69e623 - <assert_cmd[ddb29992d7ed53d5]::assert::AssertError>::panic::<assert_cmd[ddb29992d7ed53d5]::assert::Assert>
[INFO] [stdout]   12:     0x60f36c69ef16 - <assert_cmd[ddb29992d7ed53d5]::assert::Assert>::success
[INFO] [stdout]   13:     0x60f36c69cc5d - <main_test[f494ec1ad344c281]::basic_case_success::{closure#0} as core[df12db4294e9bfd3]::ops::function::FnOnce<()>>::call_once
[INFO] [stdout]   14:     0x60f36c6b303b - test[9d35eded1c95d3be]::__rust_begin_short_backtrace::<core[df12db4294e9bfd3]::result::Result<(), alloc[2182bb758b4b3781]::string::String>, fn() -> core[df12db4294e9bfd3]::result::Result<(), alloc[2182bb758b4b3781]::string::String>>
[INFO] [stdout]   15:     0x60f36c6c06a5 - test[9d35eded1c95d3be]::run_test::{closure#0}
[INFO] [stdout]   16:     0x60f36c6b9f64 - std[70759c8f55707aa4]::sys::backtrace::__rust_begin_short_backtrace::<test[9d35eded1c95d3be]::run_test::{closure#1}, ()>
[INFO] [stdout]   17:     0x60f36c6c3802 - <std[70759c8f55707aa4]::thread::lifecycle::spawn_unchecked<test[9d35eded1c95d3be]::run_test::{closure#1}, ()>::{closure#1} as core[df12db4294e9bfd3]::ops::function::FnOnce<()>>::call_once::{shim:vtable#0}
[INFO] [stdout]   18:     0x60f36c737a69 - <std[70759c8f55707aa4]::sys::thread::unix::Thread>::new::thread_start
[INFO] [stdout]   19:     0x77a625c0bdfa - <unknown>
[INFO] [stdout]   20:     0x77a625c9f3d4 - clone
[INFO] [stdout]   21:                0x0 - <unknown>
[INFO] [stdout] 
[INFO] [stdout] 
[INFO] [stdout] failures:
[INFO] [stdout]     basic_case_success
[INFO] [stdout]     default_arg_success
[INFO] [stdout] 
[INFO] [stdout] test result: FAILED. 2 passed; 2 failed; 0 ignored; 0 measured; 0 filtered out; finished in 0.02s
[INFO] [stdout] 
[INFO] running `Command { std: "docker" "inspect" "8922061c8d74a78a21fd7ceb231ef41b57738ab0259d2e3184af1ca7437ffac8", kill_on_drop: false }`
[INFO] running `Command { std: "docker" "rm" "-f" "8922061c8d74a78a21fd7ceb231ef41b57738ab0259d2e3184af1ca7437ffac8", kill_on_drop: false }`
[INFO] [stdout] 8922061c8d74a78a21fd7ceb231ef41b57738ab0259d2e3184af1ca7437ffac8
