[INFO] cloning repository https://github.com/kidanger/ipol-demorunner
[INFO] running `Command { std: "git" "-c" "credential.helper=" "-c" "credential.helper=/workspace/cargo-home/bin/git-credential-null" "clone" "--bare" "https://github.com/kidanger/ipol-demorunner" "/workspace/cache/git-repos/https%3A%2F%2Fgithub.com%2Fkidanger%2Fipol-demorunner", kill_on_drop: false }`
[INFO] [stderr] Cloning into bare repository '/workspace/cache/git-repos/https%3A%2F%2Fgithub.com%2Fkidanger%2Fipol-demorunner'...
[INFO] running `Command { std: "git" "rev-parse" "HEAD", kill_on_drop: false }`
[INFO] [stdout] f4c094312b3a89a66665c80e9c44b4868a371e6a
[INFO] testing kidanger/ipol-demorunner/f4c094312b3a89a66665c80e9c44b4868a371e6a against 1.100.0-beta.1+cargoflags=--release for beta-release-1.100-2
[INFO] running `Command { std: "git" "clone" "/workspace/cache/git-repos/https%3A%2F%2Fgithub.com%2Fkidanger%2Fipol-demorunner" "/workspace/builds/worker-4-tc2/source", kill_on_drop: false }`
[INFO] [stderr] Cloning into '/workspace/builds/worker-4-tc2/source'...
[INFO] [stderr] done.
[INFO] started tweaking git repo https://github.com/kidanger/ipol-demorunner
[INFO] finished tweaking git repo https://github.com/kidanger/ipol-demorunner
[INFO] tweaked toml for git repo https://github.com/kidanger/ipol-demorunner written to /workspace/builds/worker-4-tc2/source/Cargo.toml
[INFO] validating manifest of git repo https://github.com/kidanger/ipol-demorunner on toolchain 1.100.0-beta.1
[INFO] running `Command { std: CARGO_HOME="/workspace/cargo-home" RUSTUP_HOME="/workspace/rustup-home" "/workspace/cargo-home/bin/cargo" "+1.100.0-beta.1" "metadata" "--manifest-path" "Cargo.toml" "--no-deps", kill_on_drop: false }`
[INFO] crate git repo https://github.com/kidanger/ipol-demorunner already has a lockfile, it will not be regenerated
[INFO] running `Command { std: CARGO_HOME="/workspace/cargo-home" RUSTUP_HOME="/workspace/rustup-home" "/workspace/cargo-home/bin/cargo" "+1.100.0-beta.1" "fetch" "--manifest-path" "Cargo.toml", kill_on_drop: false }`
[INFO] running `Command { std: "docker" "create" "-v" "/var/lib/crater-agent-workspace/builds/worker-4-tc2/source:/opt/rustwide/workdir:ro,Z" "-v" "/var/lib/crater-agent-workspace/builds/worker-4-tc2/target:/opt/rustwide/target:rw,Z" "-v" "/var/lib/crater-agent-workspace/cargo-home:/opt/rustwide/cargo-home:ro,Z" "-v" "/var/lib/crater-agent-workspace/rustup-home:/opt/rustwide/rustup-home:ro,Z" "-m" "1610612736" "--network" "none" "ghcr.io/rust-lang/crates-build-env/linux@sha256:77db811e55d90add9212f6832c23229e3de5f1c1f9905e8cb07319ea15df73ac" "sleep" "infinity", kill_on_drop: false }`
[INFO] [stdout] 5963f47bbc9d47d5a7a33516337eb1e445bac8552860efc6eaff1a38035831a9
[INFO] running `Command { std: "docker" "start" "5963f47bbc9d47d5a7a33516337eb1e445bac8552860efc6eaff1a38035831a9", kill_on_drop: false }`
[INFO] running `Command { std: "docker" "inspect" "5963f47bbc9d47d5a7a33516337eb1e445bac8552860efc6eaff1a38035831a9", kill_on_drop: false }`
[INFO] running `Command { std: "docker" "exec" "-e" "SOURCE_DIR=/opt/rustwide/workdir" "-e" "CARGO_HOME=/opt/rustwide/cargo-home" "-e" "RUSTUP_HOME=/opt/rustwide/rustup-home" "-e" "CARGO_TARGET_DIR=/opt/rustwide/target" "-w" "/opt/rustwide/workdir" "--user" "0:0" "5963f47bbc9d47d5a7a33516337eb1e445bac8552860efc6eaff1a38035831a9" "/opt/rustwide/cargo-home/bin/cargo" "+1.100.0-beta.1" "metadata" "--no-deps" "--format-version=1", kill_on_drop: false }`
[INFO] running `Command { std: "docker" "inspect" "5963f47bbc9d47d5a7a33516337eb1e445bac8552860efc6eaff1a38035831a9", kill_on_drop: false }`
[INFO] running `Command { std: "docker" "exec" "-e" "SOURCE_DIR=/opt/rustwide/workdir" "-e" "CARGO_HOME=/opt/rustwide/cargo-home" "-e" "RUSTUP_HOME=/opt/rustwide/rustup-home" "-e" "CARGO_TARGET_DIR=/opt/rustwide/target" "-e" "CARGO_INCREMENTAL=0" "-e" "RUST_BACKTRACE=full" "-e" "RUSTFLAGS=--cap-lints=warn" "-e" "RUSTDOCFLAGS=--cap-lints=warn" "-w" "/opt/rustwide/workdir" "--user" "0:0" "5963f47bbc9d47d5a7a33516337eb1e445bac8552860efc6eaff1a38035831a9" "/opt/rustwide/cargo-home/bin/cargo" "+1.100.0-beta.1" "build" "--frozen" "--message-format=json" "--release", kill_on_drop: false }`
[INFO] [stderr]    Compiling libc v0.2.174
[INFO] [stderr]    Compiling time-core v0.1.4
[INFO] [stderr]    Compiling syn v2.0.104
[INFO] [stderr]    Compiling pin-project-lite v0.2.16
[INFO] [stderr]    Compiling cookie v0.18.1
[INFO] [stderr]    Compiling cc v1.2.30
[INFO] [stderr]    Compiling ref-cast v1.0.24
[INFO] [stderr]    Compiling futures-sink v0.3.31
[INFO] [stderr]    Compiling futures-core v0.3.31
[INFO] [stderr]    Compiling powerfmt v0.2.0
[INFO] [stderr]    Compiling bitflags v2.9.1
[INFO] [stderr]    Compiling bytes v1.10.1
[INFO] [stderr]    Compiling futures-task v0.3.31
[INFO] [stderr]    Compiling tracing-core v0.1.34
[INFO] [stderr]    Compiling socket2 v0.5.10
[INFO] [stderr]    Compiling mio v1.0.4
[INFO] [stderr]    Compiling time-macros v0.2.22
[INFO] [stderr]    Compiling uncased v0.9.10
[INFO] [stderr]    Compiling futures-channel v0.3.31
[INFO] [stderr]    Compiling futures-util v0.3.31
[INFO] [stderr]    Compiling httparse v1.10.1
[INFO] [stderr]    Compiling try-lock v0.2.5
[INFO] [stderr]    Compiling want v0.3.1
[INFO] [stderr]    Compiling rustix v1.0.8
[INFO] [stderr]    Compiling cipher v0.4.4
[INFO] [stderr]    Compiling deranged v0.4.0
[INFO] [stderr]    Compiling base64ct v1.8.0
[INFO] [stderr]    Compiling serde_json v1.0.141
[INFO] [stderr]    Compiling regex-syntax v0.6.29
[INFO] [stderr]    Compiling memchr v2.7.5
[INFO] [stderr]    Compiling tracing v0.1.41
[INFO] [stderr]    Compiling tokio v1.46.1
[INFO] [stderr]    Compiling futures-io v0.3.31
[INFO] [stderr]    Compiling inlinable_string v0.1.15
[INFO] [stderr]    Compiling tower-service v0.3.3
[INFO] [stderr]    Compiling percent-encoding v2.3.1
[INFO] [stderr]    Compiling httpdate v1.0.3
[INFO] [stderr]    Compiling winnow v0.7.12
[INFO] [stderr]    Compiling http v0.2.12
[INFO] [stderr]    Compiling regex-automata v0.4.9
[INFO] [stderr]    Compiling stable-pattern v0.1.0
[INFO] [stderr]    Compiling pem-rfc7468 v0.7.0
[INFO] [stderr]    Compiling signal-hook-registry v1.4.5
[INFO] [stderr]    Compiling getrandom v0.2.16
[INFO] [stderr]    Compiling is-terminal v0.4.16
[INFO] [stderr]    Compiling time v0.3.41
[INFO] [stderr]    Compiling yansi v1.0.1
[INFO] [stderr]    Compiling http-body v0.4.6
[INFO] [stderr]    Compiling rand_core v0.6.4
[INFO] [stderr]    Compiling getrandom v0.3.3
[INFO] [stderr]    Compiling socket2 v0.6.0
[INFO] [stderr]    Compiling sha2 v0.10.9
[INFO] [stderr]    Compiling multer v3.1.0
[INFO] [stderr]    Compiling figment v0.10.19
[INFO] [stderr]    Compiling scopeguard v1.2.0
[INFO] [stderr]    Compiling state v0.6.0
[INFO] [stderr]    Compiling smallvec v1.15.1
[INFO] [stderr]    Compiling zlib-rs v0.5.1
[INFO] [stderr]    Compiling lock_api v0.4.13
[INFO] [stderr]    Compiling rand_chacha v0.3.1
[INFO] [stderr]    Compiling libz-sys v1.1.22
[INFO] [stderr]    Compiling openssl-sys v0.9.109
[INFO] [stderr]    Compiling zstd-sys v2.0.15+zstd.1.5.7
[INFO] [stderr]    Compiling libssh2-sys v0.3.1
[INFO] [stderr]    Compiling liblzma-sys v0.4.4
[INFO] [stderr]    Compiling futures v0.3.31
[INFO] [stderr]    Compiling libgit2-sys v0.18.2+1.9.1
[INFO] [stderr]    Compiling regex-automata v0.1.10
[INFO] [stderr]    Compiling ssh-encoding v0.2.0
[INFO] [stderr]    Compiling parking_lot_core v0.9.11
[INFO] [stderr]    Compiling tracing-log v0.2.0
[INFO] [stderr]    Compiling rocket v0.5.1
[INFO] [stderr]    Compiling thread_local v1.1.9
[INFO] [stderr]    Compiling bumpalo v3.19.0
[INFO] [stderr]    Compiling base16ct v0.2.0
[INFO] [stderr]    Compiling libbz2-rs-sys v0.2.1
[INFO] [stderr]    Compiling tempfile v3.20.0
[INFO] [stderr]    Compiling zopfli v0.8.2
[INFO] [stderr]    Compiling sec1 v0.7.3
[INFO] [stderr]    Compiling ssh-cipher v0.2.0
[INFO] [stderr]    Compiling matchers v0.1.0
[INFO] [stderr]    Compiling parking_lot v0.12.4
[INFO] [stderr]    Compiling liblzma v0.4.2
[INFO] [stderr]    Compiling regex v1.11.1
[INFO] [stderr]    Compiling xattr v1.5.1
[INFO] [stderr]    Compiling hyper v0.14.32
[INFO] [stderr]    Compiling bzip2 v0.6.0
[INFO] [stderr]    Compiling rand v0.8.5
[INFO] [stderr]    Compiling filetime v0.2.25
[INFO] [stderr]    Compiling num_cpus v1.17.0
[INFO] [stderr]    Compiling aes v0.8.4
[INFO] [stderr]    Compiling sha1 v0.10.6
[INFO] [stderr]    Compiling synstructure v0.13.2
[INFO] [stderr]    Compiling proc-macro2-diagnostics v0.10.1
[INFO] [stderr]    Compiling devise_core v0.4.2
[INFO] [stderr]    Compiling libz-rs-sys v0.5.1
[INFO] [stderr]    Compiling ppmd-rust v1.2.1
[INFO] [stderr]    Compiling flate2 v1.1.2
[INFO] [stderr]    Compiling atomic v0.5.3
[INFO] [stderr]    Compiling signature v2.2.0
[INFO] [stderr]    Compiling chrono v0.4.41
[INFO] [stderr]    Compiling tar v0.4.44
[INFO] [stderr]    Compiling safe-path v0.1.0
[INFO] [stderr]    Compiling serde_derive v1.0.219
[INFO] [stderr]    Compiling zerofrom-derive v0.1.6
[INFO] [stderr]    Compiling yoke-derive v0.8.0
[INFO] [stderr]    Compiling zerovec-derive v0.11.1
[INFO] [stderr]    Compiling displaydoc v0.2.5
[INFO] [stderr]    Compiling tokio-macros v2.5.0
[INFO] [stderr]    Compiling futures-macro v0.3.31
[INFO] [stderr]    Compiling tracing-attributes v0.1.30
[INFO] [stderr]    Compiling pear_codegen v0.2.9
[INFO] [stderr]    Compiling ref-cast-impl v1.0.24
[INFO] [stderr]    Compiling zerofrom v0.1.6
[INFO] [stderr]    Compiling yoke v0.8.0
[INFO] [stderr]    Compiling zeroize_derive v1.4.2
[INFO] [stderr]    Compiling zerovec v0.11.2
[INFO] [stderr]    Compiling zerotrie v0.2.2
[INFO] [stderr]    Compiling pear v0.2.9
[INFO] [stderr]    Compiling devise_codegen v0.4.2
[INFO] [stderr]    Compiling zeroize v1.8.1
[INFO] [stderr]    Compiling thiserror-impl v2.0.12
[INFO] [stderr]    Compiling serde_repr v0.1.20
[INFO] [stderr]    Compiling async-stream-impl v0.3.6
[INFO] [stderr]    Compiling tracing-subscriber v0.3.19
[INFO] [stderr]    Compiling devise v0.4.2
[INFO] [stderr]    Compiling async-trait v0.1.88
[INFO] [stderr]    Compiling tracing-test-macro v0.2.5
[INFO] [stderr]    Compiling ssh-key v0.6.7
[INFO] [stderr]    Compiling async-stream v0.3.6
[INFO] [stderr]    Compiling rocket_http v0.5.1
[INFO] [stderr]    Compiling thiserror v2.0.12
[INFO] [stderr]    Compiling tinystr v0.8.1
[INFO] [stderr]    Compiling potential_utf v0.1.2
[INFO] [stderr]    Compiling icu_locale_core v2.0.0
[INFO] [stderr]    Compiling icu_collections v2.0.0
[INFO] [stderr]    Compiling serde v1.0.219
[INFO] [stderr]    Compiling icu_provider v2.0.0
[INFO] [stderr]    Compiling icu_properties v2.0.1
[INFO] [stderr]    Compiling icu_normalizer v2.0.0
[INFO] [stderr]    Compiling rocket_codegen v0.5.1
[INFO] [stderr]    Compiling tracing-test v0.2.5
[INFO] [stderr]    Compiling indexmap v2.10.0
[INFO] [stderr]    Compiling toml_datetime v0.6.11
[INFO] [stderr]    Compiling serde_spanned v0.6.9
[INFO] [stderr]    Compiling idna_adapter v1.2.1
[INFO] [stderr]    Compiling idna v1.0.3
[INFO] [stderr]    Compiling serde_with v3.14.0
[INFO] [stderr]    Compiling tokio-util v0.7.15
[INFO] [stderr]    Compiling h2 v0.3.27
[INFO] [stderr]    Compiling toml_edit v0.22.27
[INFO] [stderr]    Compiling hyper v1.6.0
[INFO] [stderr]    Compiling url v2.5.4
[INFO] [stderr]    Compiling tokio-stream v0.1.17
[INFO] [stderr]    Compiling serde_urlencoded v0.7.1
[INFO] [stderr]    Compiling ubyte v0.10.4
[INFO] [stderr]    Compiling secrecy v0.10.3
[INFO] [stderr]    Compiling hyper-util v0.1.16
[INFO] [stderr]    Compiling bollard-stubs v1.47.1-rc.27.3.1
[INFO] [stderr]    Compiling toml v0.8.23
[INFO] [stderr]    Compiling hyperlocal v0.9.1
[INFO] [stderr]    Compiling zstd-safe v7.2.4
[INFO] [stderr]    Compiling zstd v0.13.3
[INFO] [stderr]    Compiling zip v4.3.0
[INFO] [stderr]    Compiling bollard v0.18.1
[INFO] [stderr]    Compiling git2 v0.20.2
[INFO] [stderr]    Compiling ipol-demorunner v0.1.0 (/opt/rustwide/workdir)
[INFO] [stdout] warning: unnecessary parentheses around closure body
[INFO] [stdout]    --> src/compilation.rs:303:38
[INFO] [stdout]     |
[INFO] [stdout] 303 |         .map_or(String::new(), |url| (url.clone() + "/"));
[INFO] [stdout]     |                                      ^                 ^
[INFO] [stdout]     |
[INFO] [stdout]     = note: `#[warn(unused_parens)]` (part of `#[warn(unused)]`) on by default
[INFO] [stdout] help: remove these parentheses
[INFO] [stdout]     |
[INFO] [stdout] 303 -         .map_or(String::new(), |url| (url.clone() + "/"));
[INFO] [stdout] 303 +         .map_or(String::new(), |url| url.clone() + "/");
[INFO] [stdout]     |
[INFO] [stdout] 
[INFO] [stdout] 
[INFO] [stdout] warning: unnecessary parentheses around closure body
[INFO] [stdout]    --> src/execution.rs:275:38
[INFO] [stdout]     |
[INFO] [stdout] 275 |         .map_or(String::new(), |url| (url.clone() + "/"));
[INFO] [stdout]     |                                      ^                 ^
[INFO] [stdout]     |
[INFO] [stdout] help: remove these parentheses
[INFO] [stdout]     |
[INFO] [stdout] 275 -         .map_or(String::new(), |url| (url.clone() + "/"));
[INFO] [stdout] 275 +         .map_or(String::new(), |url| url.clone() + "/");
[INFO] [stdout]     |
[INFO] [stdout] 
[INFO] [stdout] 
[INFO] [stderr] warning: unused dependency `tracing-test`
[INFO] [stderr]   --> Cargo.toml:17:1
[INFO] [stderr]    |
[INFO] [stderr] 17 | tracing-test = "0.2"
[INFO] [stderr]    | ^^^^^^^^^^^^^^^^^^^^
[INFO] [stderr]    |
[INFO] [stderr]    = note: `cargo::unused_dependencies` is set to `warn` by default
[INFO] [stderr] help: consider removing the dependency on `tracing-test`
[INFO] [stderr] warning: `ipol-demorunner` (manifest) generated 1 warning
[INFO] [stderr]     Finished `release` profile [optimized] target(s) in 4m 26s
[INFO] running `Command { std: "docker" "inspect" "5963f47bbc9d47d5a7a33516337eb1e445bac8552860efc6eaff1a38035831a9", kill_on_drop: false }`
[INFO] running `Command { std: "docker" "exec" "-e" "SOURCE_DIR=/opt/rustwide/workdir" "-e" "CARGO_HOME=/opt/rustwide/cargo-home" "-e" "RUSTUP_HOME=/opt/rustwide/rustup-home" "-e" "CARGO_TARGET_DIR=/opt/rustwide/target" "-e" "CARGO_INCREMENTAL=0" "-e" "RUST_BACKTRACE=full" "-e" "RUSTFLAGS=--cap-lints=warn" "-e" "RUSTDOCFLAGS=--cap-lints=warn" "-w" "/opt/rustwide/workdir" "--user" "0:0" "5963f47bbc9d47d5a7a33516337eb1e445bac8552860efc6eaff1a38035831a9" "/opt/rustwide/cargo-home/bin/cargo" "+1.100.0-beta.1" "test" "--frozen" "--no-run" "--message-format=json" "--release", kill_on_drop: false }`
[INFO] [stderr]    Compiling ipol-demorunner v0.1.0 (/opt/rustwide/workdir)
[INFO] [stdout] warning: unnecessary parentheses around closure body
[INFO] [stdout]    --> src/compilation.rs:303:38
[INFO] [stdout]     |
[INFO] [stdout] 303 |         .map_or(String::new(), |url| (url.clone() + "/"));
[INFO] [stdout]     |                                      ^                 ^
[INFO] [stdout]     |
[INFO] [stdout]     = note: `#[warn(unused_parens)]` (part of `#[warn(unused)]`) on by default
[INFO] [stdout] help: remove these parentheses
[INFO] [stdout]     |
[INFO] [stdout] 303 -         .map_or(String::new(), |url| (url.clone() + "/"));
[INFO] [stdout] 303 +         .map_or(String::new(), |url| url.clone() + "/");
[INFO] [stdout]     |
[INFO] [stdout] 
[INFO] [stdout] 
[INFO] [stdout] warning: unnecessary parentheses around closure body
[INFO] [stdout]    --> src/execution.rs:275:38
[INFO] [stdout]     |
[INFO] [stdout] 275 |         .map_or(String::new(), |url| (url.clone() + "/"));
[INFO] [stdout]     |                                      ^                 ^
[INFO] [stdout]     |
[INFO] [stdout] help: remove these parentheses
[INFO] [stdout]     |
[INFO] [stdout] 275 -         .map_or(String::new(), |url| (url.clone() + "/"));
[INFO] [stdout] 275 +         .map_or(String::new(), |url| url.clone() + "/");
[INFO] [stdout]     |
[INFO] [stdout] 
[INFO] [stdout] 
[INFO] [stderr]     Finished `release` profile [optimized] target(s) in 21.89s
[INFO] running `Command { std: "docker" "inspect" "5963f47bbc9d47d5a7a33516337eb1e445bac8552860efc6eaff1a38035831a9", kill_on_drop: false }`
[INFO] running `Command { std: "docker" "exec" "-e" "SOURCE_DIR=/opt/rustwide/workdir" "-e" "CARGO_HOME=/opt/rustwide/cargo-home" "-e" "RUSTUP_HOME=/opt/rustwide/rustup-home" "-e" "CARGO_TARGET_DIR=/opt/rustwide/target" "-e" "CARGO_INCREMENTAL=0" "-e" "RUST_BACKTRACE=full" "-e" "RUSTFLAGS=--cap-lints=warn" "-e" "RUSTDOCFLAGS=--cap-lints=warn" "-w" "/opt/rustwide/workdir" "--user" "0:0" "5963f47bbc9d47d5a7a33516337eb1e445bac8552860efc6eaff1a38035831a9" "/opt/rustwide/cargo-home/bin/cargo" "+1.100.0-beta.1" "test" "--frozen" "--release", kill_on_drop: false }`
[INFO] [stderr] warning: unnecessary parentheses around closure body
[INFO] [stderr]    --> src/compilation.rs:303:38
[INFO] [stderr]     |
[INFO] [stderr] 303 |         .map_or(String::new(), |url| (url.clone() + "/"));
[INFO] [stderr]     |                                      ^                 ^
[INFO] [stderr]     |
[INFO] [stderr]     = note: `#[warn(unused_parens)]` (part of `#[warn(unused)]`) on by default
[INFO] [stderr] help: remove these parentheses
[INFO] [stderr]     |
[INFO] [stderr] 303 -         .map_or(String::new(), |url| (url.clone() + "/"));
[INFO] [stderr] 303 +         .map_or(String::new(), |url| url.clone() + "/");
[INFO] [stderr]     |
[INFO] [stderr] 
[INFO] [stderr] warning: unnecessary parentheses around closure body
[INFO] [stderr]    --> src/execution.rs:275:38
[INFO] [stderr]     |
[INFO] [stderr] 275 |         .map_or(String::new(), |url| (url.clone() + "/"));
[INFO] [stderr]     |                                      ^                 ^
[INFO] [stderr]     |
[INFO] [stderr] help: remove these parentheses
[INFO] [stderr]     |
[INFO] [stderr] 275 -         .map_or(String::new(), |url| (url.clone() + "/"));
[INFO] [stderr] 275 +         .map_or(String::new(), |url| url.clone() + "/");
[INFO] [stderr]     |
[INFO] [stderr] 
[INFO] [stderr] warning: `ipol-demorunner` (bin "ipol-demorunner" test) generated 2 warnings (run `cargo fix --bin "ipol-demorunner" -p ipol-demorunner --tests` to apply 2 suggestions)
[INFO] [stderr]     Finished `release` profile [optimized] target(s) in 0.18s
[INFO] [stderr]      Running unittests src/main.rs (/opt/rustwide/target/release/build/ipol-demorunner/7fc8fb2714e11b99/out/ipol_demorunner-7fc8fb2714e11b99)
[INFO] [stdout] 
[INFO] [stdout] running 14 tests
[INFO] [stdout] test compilation::test::test_prepare_git_private ... ok
[INFO] [stdout] test compilation::test::test_prepare_git_private_invalid_fingerprint ... ok
[INFO] [stdout] Rocket has launched locally
[INFO] [stdout] Rocket has launched locally
[INFO] [stdout] Rocket has launched locally
[INFO] [stdout] Rocket has launched locally
[INFO] [stdout] Rocket has launched locally
[INFO] [stdout] test workload::test::test_get_workfload ... ok
[INFO] [stdout] Shield:
[INFO] [stdout]    >> X-Content-Type-Options: nosniff
[INFO] [stdout]    >> Permissions-Policy: interest-cohort=()
[INFO] [stdout]    >>    >> Outcome: Success(500 Internal Server Error)
[INFO] [stdout] X-Frame-Options: SAMEORIGIN
[INFO] [stdout] Rocket has launched locally
[INFO] [stdout] POST /compilations/t001 application/x-www-form-urlencoded:
[INFO] [stdout]    >> Matched: (ensure_compilation) POST /compilations/<demo_id>
[INFO] [stdout] Rocket has launched locally
[INFO] [stdout] Configured for release.
[INFO] [stdout]    >> address: 127.0.0.1
[INFO] [stdout]    >> port: 8000
[INFO] [stdout]    >> workers: 16
[INFO] [stdout]    >> max blocking threads: 512
[INFO] [stdout]    >> ident: Rocket
[INFO] [stdout]    >> IP header: X-Real-IP
[INFO] [stdout]    >> limits: bytes = 8KiB, data-form = 500MB, file = 500MB, form = 32KiB, json = 1MiB, msgpack = 1MiB, string = 8KiB
[INFO] [stdout]    >> temp dir: /tmp
[INFO] [stdout]    >> http/2: true
[INFO] [stdout]    >> keep-alive: 5s
[INFO] [stdout]    >> tls: disabled
[INFO] [stdout]    >> shutdown: ctrlc = true, force = true, signals = [SIGTERM], grace = 2s, mercy = 3s
[INFO] [stdout]    >> log level: critical
[INFO] [stdout]    >> cli colors: true
[INFO] [stdout] Routes:
[INFO] [stdout]    >> (index) GET /
[INFO] [stdout]    >> (ping) GET /ping
[INFO] [stdout]    >> (shutdown) GET /shutdown
[INFO] [stdout]    >> (get_workload) GET /workload
[INFO] [stdout]    >> (ensure_compilation) POST /compilations/<demo_id>
[INFO] [stdout]    >> (exec_and_wait) POST /exec_and_wait/<demo_id>?<key>&<ddl_run>&<timeout>&<parameters>
[INFO] [stdout] Fairings:
[INFO] [stdout]    >> ipol_demorunner::config::Config (ignite)
[INFO] [stdout]    >> Shield (liftoff, response, singleton)
[INFO] [stdout] Rocket has launched locally
[INFO] [stdout] Rocket has launched locally
[INFO] [stdout] Rocket has launched locally
[INFO] [stdout] test compilation::test::test_compilation_invalid_git_commit ... FAILED
[INFO] [stdout] test compilation::test::test_compilation_missing_dockerfile ... FAILED
[INFO] [stdout] test compilation::test::test_compilation_build_error ... FAILED
[INFO] [stdout] test compilation::test::test_compilation ... FAILED
[INFO] [stdout] test compilation::test::test_compilation_invalid_dockerfile ... FAILED
[INFO] [stdout] test execution::test::test_exec_and_wait_timeout ... FAILED
[INFO] [stdout] test execution::test::test_exec_and_wait_non_zero_exit_code ... FAILED
[INFO] [stdout] test execution::test::test_exec_and_wait ... FAILED
[INFO] [stdout] test execution::test::test_exec_and_wait_run_time ... FAILED
[INFO] [stdout] test compilation::test::test_prepare_invalid_git ... ok
[INFO] [stdout] test compilation::test::test_url_of_git_repository ... FAILED
[INFO] [stdout] 
[INFO] [stdout] failures:
[INFO] [stdout] 
[INFO] [stdout] ---- compilation::test::test_compilation_invalid_git_commit stdout ----
[INFO] [stdout] 2026-10-18T05:41:41.489819Z DEBUG test_compilation_invalid_git_commit:ensure_compilation_inner{demo_id=DemoID("t003")}: ipol_demorunner::compilation: CompilationRequest { ddl_build: DDLBuild { url: "https://github.com/kidanger/ipol-demo-zero", ssh_fingerprints: None, rev: "invalid", dockerfile: ".ipol/Dockerfile" }, ssh_key: None }
[INFO] [stdout] [src/compilation.rs:506:5] &response = CompilationResponse {
[INFO] [stdout]     message: "ipol-demorunner/io: Os { code: 30, kind: ReadOnlyFilesystem, message: \"Read-only file system\" }",
[INFO] [stdout]     buildlog: None,
[INFO] [stdout] }
[INFO] [stdout] 
[INFO] [stdout] thread 'compilation::test::test_compilation_invalid_git_commit' (4341) panicked at src/compilation.rs:599:9:
[INFO] [stdout] assertion `left == right` failed
[INFO] [stdout]   left: Err(CompilationResponse { message: "ipol-demorunner/io: Os { code: 30, kind: ReadOnlyFilesystem, message: \"Read-only file system\" }", buildlog: None })
[INFO] [stdout]  right: Err(CompilationResponse { message: "ipol-demorunner/git: revspec 'invalid' not found; class=Reference (4); code=NotFound (-3)", buildlog: None })
[INFO] [stdout] stack backtrace:
[INFO] [stdout]    0:     0x5919d9599e51 - <<std[617be2ca0a6fd877]::sys::backtrace::BacktraceLock>::print::DisplayBacktrace as core[a373ad73a504971]::fmt::Display>::fmt
[INFO] [stdout]    1:     0x5919d95b25da - core[a373ad73a504971]::fmt::write
[INFO] [stdout]    2:     0x5919d959eb1c - <alloc[2e1b2a31b91974c5]::vec::Vec<u8> as core[a373ad73a504971]::io::write::Write>::write_fmt
[INFO] [stdout]    3:     0x5919d9572596 - std[617be2ca0a6fd877]::panicking::default_hook::{closure#0}
[INFO] [stdout]    4:     0x5919d9590799 - std[617be2ca0a6fd877]::panicking::default_hook
[INFO] [stdout]    5:     0x5919d9166a10 - test[aada8e7e76ba119b]::test_main_inner::{closure#0}
[INFO] [stdout]    6:     0x5919d9590ac2 - std[617be2ca0a6fd877]::panicking::panic_with_hook
[INFO] [stdout]    7:     0x5919d9572642 - std[617be2ca0a6fd877]::panicking::panic_handler::{closure#0}
[INFO] [stdout]    8:     0x5919d956acc9 - std[617be2ca0a6fd877]::sys::backtrace::__rust_end_short_backtrace::<std[617be2ca0a6fd877]::panicking::panic_handler::{closure#0}, !>
[INFO] [stdout]    9:     0x5919d95736bd - __rustc[ea4f61d10b84890b]::rust_begin_unwind
[INFO] [stdout]   10:     0x5919d95b2dbc - core[a373ad73a504971]::panicking::panic_fmt
[INFO] [stdout]   11:     0x5919d95b2cd3 - core[a373ad73a504971]::panicking::assert_failed_inner
[INFO] [stdout]   12:     0x5919d8f669d4 - core[a373ad73a504971]::panicking::assert_failed::<core[a373ad73a504971]::result::Result<(), ipol_demorunner[1ad62d9caabdc4c6]::compilation::CompilationResponse>, core[a373ad73a504971]::result::Result<(), ipol_demorunner[1ad62d9caabdc4c6]::compilation::CompilationResponse>>
[INFO] [stdout]   13:     0x5919d8fd61d7 - <ipol_demorunner[1ad62d9caabdc4c6]::compilation::test::test_compilation_invalid_git_commit::{closure#0} as core[a373ad73a504971]::ops::function::FnOnce<()>>::call_once
[INFO] [stdout]   14:     0x5919d9159e5b - test[aada8e7e76ba119b]::__rust_begin_short_backtrace::<core[a373ad73a504971]::result::Result<(), alloc[2e1b2a31b91974c5]::string::String>, fn() -> core[a373ad73a504971]::result::Result<(), alloc[2e1b2a31b91974c5]::string::String>>
[INFO] [stdout]   15:     0x5919d9167035 - test[aada8e7e76ba119b]::run_test::{closure#0}
[INFO] [stdout]   16:     0x5919d9160924 - std[617be2ca0a6fd877]::sys::backtrace::__rust_begin_short_backtrace::<test[aada8e7e76ba119b]::run_test::{closure#1}, ()>
[INFO] [stdout]   17:     0x5919d916a0c2 - <std[617be2ca0a6fd877]::thread::lifecycle::spawn_unchecked<test[aada8e7e76ba119b]::run_test::{closure#1}, ()>::{closure#1} as core[a373ad73a504971]::ops::function::FnOnce<()>>::call_once::{shim:vtable#0}
[INFO] [stdout]   18:     0x5919d9598dbf - <std[617be2ca0a6fd877]::sys::thread::unix::Thread>::new::thread_start
[INFO] [stdout]   19:     0x7a2ad52c4dfa - <unknown>
[INFO] [stdout]   20:     0x7a2ad53583d4 - clone
[INFO] [stdout]   21:                0x0 - <unknown>
[INFO] [stdout] 
[INFO] [stdout] ---- compilation::test::test_compilation_missing_dockerfile stdout ----
[INFO] [stdout] 2026-10-18T05:41:41.489818Z DEBUG test_compilation_missing_dockerfile:ensure_compilation_inner{demo_id=DemoID("t002")}: ipol_demorunner::compilation: CompilationRequest { ddl_build: DDLBuild { url: "https://github.com/kidanger/ipol-demo-zero", ssh_fingerprints: None, rev: "69b4dbc2ff9c3102c3b86639ed1ab608a6b5ba79", dockerfile: "missing" }, ssh_key: None }
[INFO] [stdout] [src/compilation.rs:506:5] &response = CompilationResponse {
[INFO] [stdout]     message: "ipol-demorunner/io: Os { code: 30, kind: ReadOnlyFilesystem, message: \"Read-only file system\" }",
[INFO] [stdout]     buildlog: None,
[INFO] [stdout] }
[INFO] [stdout] 
[INFO] [stdout] thread 'compilation::test::test_compilation_missing_dockerfile' (4342) panicked at src/compilation.rs:576:9:
[INFO] [stdout] assertion `left == right` failed
[INFO] [stdout]   left: Err(CompilationResponse { message: "ipol-demorunner/io: Os { code: 30, kind: ReadOnlyFilesystem, message: \"Read-only file system\" }", buildlog: None })
[INFO] [stdout]  right: Err(CompilationResponse { message: "Couldn't find dockerfile: missing", buildlog: None })
[INFO] [stdout] stack backtrace:
[INFO] [stdout]    0:     0x5919d9599e51 - <<std[617be2ca0a6fd877]::sys::backtrace::BacktraceLock>::print::DisplayBacktrace as core[a373ad73a504971]::fmt::Display>::fmt
[INFO] [stdout]    1:     0x5919d95b25da - core[a373ad73a504971]::fmt::write
[INFO] [stdout]    2:     0x5919d959eb1c - <alloc[2e1b2a31b91974c5]::vec::Vec<u8> as core[a373ad73a504971]::io::write::Write>::write_fmt
[INFO] [stdout]    3:     0x5919d9572596 - std[617be2ca0a6fd877]::panicking::default_hook::{closure#0}
[INFO] [stdout]    4:     0x5919d9590799 - std[617be2ca0a6fd877]::panicking::default_hook
[INFO] [stdout]    5:     0x5919d9166a10 - test[aada8e7e76ba119b]::test_main_inner::{closure#0}
[INFO] [stdout]    6:     0x5919d9590ac2 - std[617be2ca0a6fd877]::panicking::panic_with_hook
[INFO] [stdout]    7:     0x5919d9572642 - std[617be2ca0a6fd877]::panicking::panic_handler::{closure#0}
[INFO] [stdout]    8:     0x5919d956acc9 - std[617be2ca0a6fd877]::sys::backtrace::__rust_end_short_backtrace::<std[617be2ca0a6fd877]::panicking::panic_handler::{closure#0}, !>
[INFO] [stdout]    9:     0x5919d95736bd - __rustc[ea4f61d10b84890b]::rust_begin_unwind
[INFO] [stdout]   10:     0x5919d95b2dbc - core[a373ad73a504971]::panicking::panic_fmt
[INFO] [stdout]   11:     0x5919d95b2cd3 - core[a373ad73a504971]::panicking::assert_failed_inner
[INFO] [stdout]   12:     0x5919d8f669d4 - core[a373ad73a504971]::panicking::assert_failed::<core[a373ad73a504971]::result::Result<(), ipol_demorunner[1ad62d9caabdc4c6]::compilation::CompilationResponse>, core[a373ad73a504971]::result::Result<(), ipol_demorunner[1ad62d9caabdc4c6]::compilation::CompilationResponse>>
[INFO] [stdout]   13:     0x5919d8fd66c8 - <ipol_demorunner[1ad62d9caabdc4c6]::compilation::test::test_compilation_missing_dockerfile::{closure#0} as core[a373ad73a504971]::ops::function::FnOnce<()>>::call_once
[INFO] [stdout]   14:     0x5919d9159e5b - test[aada8e7e76ba119b]::__rust_begin_short_backtrace::<core[a373ad73a504971]::result::Result<(), alloc[2e1b2a31b91974c5]::string::String>, fn() -> core[a373ad73a504971]::result::Result<(), alloc[2e1b2a31b91974c5]::string::String>>
[INFO] [stdout]   15:     0x5919d9167035 - test[aada8e7e76ba119b]::run_test::{closure#0}
[INFO] [stdout]   16:     0x5919d9160924 - std[617be2ca0a6fd877]::sys::backtrace::__rust_begin_short_backtrace::<test[aada8e7e76ba119b]::run_test::{closure#1}, ()>
[INFO] [stdout]   17:     0x5919d916a0c2 - <std[617be2ca0a6fd877]::thread::lifecycle::spawn_unchecked<test[aada8e7e76ba119b]::run_test::{closure#1}, ()>::{closure#1} as core[a373ad73a504971]::ops::function::FnOnce<()>>::call_once::{shim:vtable#0}
[INFO] [stdout]   18:     0x5919d9598dbf - <std[617be2ca0a6fd877]::sys::thread::unix::Thread>::new::thread_start
[INFO] [stdout]   19:     0x7a2ad52c4dfa - <unknown>
[INFO] [stdout]   20:     0x7a2ad53583d4 - clone
[INFO] [stdout]   21:                0x0 - <unknown>
[INFO] [stdout] 
[INFO] [stdout] ---- compilation::test::test_compilation_build_error stdout ----
[INFO] [stdout] 2026-10-18T05:41:41.490676Z DEBUG test_compilation_build_error:ensure_compilation_inner{demo_id=DemoID("t005")}: ipol_demorunner::compilation: CompilationRequest { ddl_build: DDLBuild { url: "https://github.com/kidanger/ipol-demo-zero", ssh_fingerprints: None, rev: "fe35687", dockerfile: ".ipol/Dockerfile-error" }, ssh_key: None }
[INFO] [stdout] [src/compilation.rs:506:5] &response = CompilationResponse {
[INFO] [stdout]     message: "ipol-demorunner/io: Os { code: 30, kind: ReadOnlyFilesystem, message: \"Read-only file system\" }",
[INFO] [stdout]     buildlog: None,
[INFO] [stdout] }
[INFO] [stdout] 
[INFO] [stdout] thread 'compilation::test::test_compilation_build_error' (4339) panicked at src/compilation.rs:643:9:
[INFO] [stdout] assertion `left == right` failed
[INFO] [stdout]   left: "ipol-demorunner/io: Os { code: 30, kind: ReadOnlyFilesystem, message: \"Read-only file system\" }"
[INFO] [stdout]  right: "Compilation error"
[INFO] [stdout] stack backtrace:
[INFO] [stdout]    0:     0x5919d9599e51 - <<std[617be2ca0a6fd877]::sys::backtrace::BacktraceLock>::print::DisplayBacktrace as core[a373ad73a504971]::fmt::Display>::fmt
[INFO] [stdout]    1:     0x5919d95b25da - core[a373ad73a504971]::fmt::write
[INFO] [stdout]    2:     0x5919d959eb1c - <alloc[2e1b2a31b91974c5]::vec::Vec<u8> as core[a373ad73a504971]::io::write::Write>::write_fmt
[INFO] [stdout]    3:     0x5919d9572596 - std[617be2ca0a6fd877]::panicking::default_hook::{closure#0}
[INFO] [stdout]    4:     0x5919d9590799 - std[617be2ca0a6fd877]::panicking::default_hook
[INFO] [stdout]    5:     0x5919d9166a10 - test[aada8e7e76ba119b]::test_main_inner::{closure#0}
[INFO] [stdout]    6:     0x5919d9590ac2 - std[617be2ca0a6fd877]::panicking::panic_with_hook
[INFO] [stdout]    7:     0x5919d9572642 - std[617be2ca0a6fd877]::panicking::panic_handler::{closure#0}
[INFO] [stdout]    8:     0x5919d956acc9 - std[617be2ca0a6fd877]::sys::backtrace::__rust_end_short_backtrace::<std[617be2ca0a6fd877]::panicking::panic_handler::{closure#0}, !>
[INFO] [stdout]    9:     0x5919d95736bd - __rustc[ea4f61d10b84890b]::rust_begin_unwind
[INFO] [stdout]   10:     0x5919d95b2dbc - core[a373ad73a504971]::panicking::panic_fmt
[INFO] [stdout]   11:     0x5919d95b2cd3 - core[a373ad73a504971]::panicking::assert_failed_inner
[INFO] [stdout]   12:     0x5919d8f66a3e - core[a373ad73a504971]::panicking::assert_failed::<alloc[2e1b2a31b91974c5]::string::String, &str>
[INFO] [stdout]   13:     0x5919d8fd569d - <ipol_demorunner[1ad62d9caabdc4c6]::compilation::test::test_compilation_build_error::{closure#0} as core[a373ad73a504971]::ops::function::FnOnce<()>>::call_once
[INFO] [stdout]   14:     0x5919d9159e5b - test[aada8e7e76ba119b]::__rust_begin_short_backtrace::<core[a373ad73a504971]::result::Result<(), alloc[2e1b2a31b91974c5]::string::String>, fn() -> core[a373ad73a504971]::result::Result<(), alloc[2e1b2a31b91974c5]::string::String>>
[INFO] [stdout]   15:     0x5919d9167035 - test[aada8e7e76ba119b]::run_test::{closure#0}
[INFO] [stdout]   16:     0x5919d9160924 - std[617be2ca0a6fd877]::sys::backtrace::__rust_begin_short_backtrace::<test[aada8e7e76ba119b]::run_test::{closure#1}, ()>
[INFO] [stdout]   17:     0x5919d916a0c2 - <std[617be2ca0a6fd877]::thread::lifecycle::spawn_unchecked<test[aada8e7e76ba119b]::run_test::{closure#1}, ()>::{closure#1} as core[a373ad73a504971]::ops::function::FnOnce<()>>::call_once::{shim:vtable#0}
[INFO] [stdout]   18:     0x5919d9598dbf - <std[617be2ca0a6fd877]::sys::thread::unix::Thread>::new::thread_start
[INFO] [stdout]   19:     0x7a2ad52c4dfa - <unknown>
[INFO] [stdout]   20:     0x7a2ad53583d4 - clone
[INFO] [stdout]   21:                0x0 - <unknown>
[INFO] [stdout] 
[INFO] [stdout] ---- compilation::test::test_compilation stdout ----
[INFO] [stdout] 2026-10-18T05:41:41.491021Z DEBUG test_compilation:ensure_compilation_inner{demo_id=DemoID("t001")}: ipol_demorunner::compilation: CompilationRequest { ddl_build: DDLBuild { url: "https://github.com/kidanger/ipol-demo-zero", ssh_fingerprints: None, rev: "69b4dbc2ff9c3102c3b86639ed1ab608a6b5ba79", dockerfile: ".ipol/Dockerfile" }, ssh_key: None }
[INFO] [stdout] [src/compilation.rs:506:5] &response = CompilationResponse {
[INFO] [stdout]     message: "ipol-demorunner/io: Os { code: 30, kind: ReadOnlyFilesystem, message: \"Read-only file system\" }",
[INFO] [stdout]     buildlog: None,
[INFO] [stdout] }
[INFO] [stdout] 
[INFO] [stdout] thread 'compilation::test::test_compilation' (4338) panicked at src/compilation.rs:559:9:
[INFO] [stdout] assertion failed: response.is_ok()
[INFO] [stdout] stack backtrace:
[INFO] [stdout]    0:     0x5919d9599e51 - <<std[617be2ca0a6fd877]::sys::backtrace::BacktraceLock>::print::DisplayBacktrace as core[a373ad73a504971]::fmt::Display>::fmt
[INFO] [stdout]    1:     0x5919d95b25da - core[a373ad73a504971]::fmt::write
[INFO] [stdout]    2:     0x5919d959eb1c - <alloc[2e1b2a31b91974c5]::vec::Vec<u8> as core[a373ad73a504971]::io::write::Write>::write_fmt
[INFO] [stdout]    3:     0x5919d9572596 - std[617be2ca0a6fd877]::panicking::default_hook::{closure#0}
[INFO] [stdout]    4:     0x5919d9590799 - std[617be2ca0a6fd877]::panicking::default_hook
[INFO] [stdout]    5:     0x5919d9166a10 - test[aada8e7e76ba119b]::test_main_inner::{closure#0}
[INFO] [stdout]    6:     0x5919d9590ac2 - std[617be2ca0a6fd877]::panicking::panic_with_hook
[INFO] [stdout]    7:     0x5919d9572674 - std[617be2ca0a6fd877]::panicking::panic_handler::{closure#0}
[INFO] [stdout]    8:     0x5919d956acc9 - std[617be2ca0a6fd877]::sys::backtrace::__rust_end_short_backtrace::<std[617be2ca0a6fd877]::panicking::panic_handler::{closure#0}, !>
[INFO] [stdout]    9:     0x5919d95736bd - __rustc[ea4f61d10b84890b]::rust_begin_unwind
[INFO] [stdout]   10:     0x5919d95b2dbc - core[a373ad73a504971]::panicking::panic_fmt
[INFO] [stdout]   11:     0x5919d95b2d82 - core[a373ad73a504971]::panicking::panic
[INFO] [stdout]   12:     0x5919d8fd3b73 - <ipol_demorunner[1ad62d9caabdc4c6]::compilation::test::test_compilation::{closure#0} as core[a373ad73a504971]::ops::function::FnOnce<()>>::call_once
[INFO] [stdout]   13:     0x5919d9159e5b - test[aada8e7e76ba119b]::__rust_begin_short_backtrace::<core[a373ad73a504971]::result::Result<(), alloc[2e1b2a31b91974c5]::string::String>, fn() -> core[a373ad73a504971]::result::Result<(), alloc[2e1b2a31b91974c5]::string::String>>
[INFO] [stdout]   14:     0x5919d9167035 - test[aada8e7e76ba119b]::run_test::{closure#0}
[INFO] [stdout]   15:     0x5919d9160924 - std[617be2ca0a6fd877]::sys::backtrace::__rust_begin_short_backtrace::<test[aada8e7e76ba119b]::run_test::{closure#1}, ()>
[INFO] [stdout]   16:     0x5919d916a0c2 - <std[617be2ca0a6fd877]::thread::lifecycle::spawn_unchecked<test[aada8e7e76ba119b]::run_test::{closure#1}, ()>::{closure#1} as core[a373ad73a504971]::ops::function::FnOnce<()>>::call_once::{shim:vtable#0}
[INFO] [stdout]   17:     0x5919d9598dbf - <std[617be2ca0a6fd877]::sys::thread::unix::Thread>::new::thread_start
[INFO] [stdout]   18:     0x7a2ad52c4dfa - <unknown>
[INFO] [stdout]   19:     0x7a2ad53583d4 - clone
[INFO] [stdout]   20:                0x0 - <unknown>
[INFO] [stdout] 
[INFO] [stdout] ---- compilation::test::test_compilation_invalid_dockerfile stdout ----
[INFO] [stdout] 2026-10-18T05:41:41.490608Z DEBUG test_compilation_invalid_dockerfile:ensure_compilation_inner{demo_id=DemoID("t004")}: ipol_demorunner::compilation: CompilationRequest { ddl_build: DDLBuild { url: "https://github.com/kidanger/ipol-demo-zero", ssh_fingerprints: None, rev: "69b4dbc2ff9c3102c3b86639ed1ab608a6b5ba79", dockerfile: "Makefile" }, ssh_key: None }
[INFO] [stdout] [src/compilation.rs:506:5] &response = CompilationResponse {
[INFO] [stdout]     message: "ipol-demorunner/io: Os { code: 30, kind: ReadOnlyFilesystem, message: \"Read-only file system\" }",
[INFO] [stdout]     buildlog: None,
[INFO] [stdout] }
[INFO] [stdout] 
[INFO] [stdout] thread 'compilation::test::test_compilation_invalid_dockerfile' (4340) panicked at src/compilation.rs:624:9:
[INFO] [stdout] assertion `left == right` failed
[INFO] [stdout]   left: "ipol-demorunner/io: Os { code: 30, kind: ReadOnlyFilesystem, message: \"Read-only file system\" }"
[INFO] [stdout]  right: "Compilation error"
[INFO] [stdout] stack backtrace:
[INFO] [stdout]    0:     0x5919d9599e51 - <<std[617be2ca0a6fd877]::sys::backtrace::BacktraceLock>::print::DisplayBacktrace as core[a373ad73a504971]::fmt::Display>::fmt
[INFO] [stdout]    1:     0x5919d95b25da - core[a373ad73a504971]::fmt::write
[INFO] [stdout]    2:     0x5919d959eb1c - <alloc[2e1b2a31b91974c5]::vec::Vec<u8> as core[a373ad73a504971]::io::write::Write>::write_fmt
[INFO] [stdout]    3:     0x5919d9572596 - std[617be2ca0a6fd877]::panicking::default_hook::{closure#0}
[INFO] [stdout]    4:     0x5919d9590799 - std[617be2ca0a6fd877]::panicking::default_hook
[INFO] [stdout]    5:     0x5919d9166a10 - test[aada8e7e76ba119b]::test_main_inner::{closure#0}
[INFO] [stdout]    6:     0x5919d9590ac2 - std[617be2ca0a6fd877]::panicking::panic_with_hook
[INFO] [stdout]    7:     0x5919d9572642 - std[617be2ca0a6fd877]::panicking::panic_handler::{closure#0}
[INFO] [stdout]    8:     0x5919d956acc9 - std[617be2ca0a6fd877]::sys::backtrace::__rust_end_short_backtrace::<std[617be2ca0a6fd877]::panicking::panic_handler::{closure#0}, !>
[INFO] [stdout]    9:     0x5919d95736bd - __rustc[ea4f61d10b84890b]::rust_begin_unwind
[INFO] [stdout]   10:     0x5919d95b2dbc - core[a373ad73a504971]::panicking::panic_fmt
[INFO] [stdout]   11:     0x5919d95b2cd3 - core[a373ad73a504971]::panicking::assert_failed_inner
[INFO] [stdout]   12:     0x5919d8f66a3e - core[a373ad73a504971]::panicking::assert_failed::<alloc[2e1b2a31b91974c5]::string::String, &str>
[INFO] [stdout]   13:     0x5919d8fd5c0a - <ipol_demorunner[1ad62d9caabdc4c6]::compilation::test::test_compilation_invalid_dockerfile::{closure#0} as core[a373ad73a504971]::ops::function::FnOnce<()>>::call_once
[INFO] [stdout]   14:     0x5919d9159e5b - test[aada8e7e76ba119b]::__rust_begin_short_backtrace::<core[a373ad73a504971]::result::Result<(), alloc[2e1b2a31b91974c5]::string::String>, fn() -> core[a373ad73a504971]::result::Result<(), alloc[2e1b2a31b91974c5]::string::String>>
[INFO] [stdout]   15:     0x5919d9167035 - test[aada8e7e76ba119b]::run_test::{closure#0}
[INFO] [stdout]   16:     0x5919d9160924 - std[617be2ca0a6fd877]::sys::backtrace::__rust_begin_short_backtrace::<test[aada8e7e76ba119b]::run_test::{closure#1}, ()>
[INFO] [stdout]   17:     0x5919d916a0c2 - <std[617be2ca0a6fd877]::thread::lifecycle::spawn_unchecked<test[aada8e7e76ba119b]::run_test::{closure#1}, ()>::{closure#1} as core[a373ad73a504971]::ops::function::FnOnce<()>>::call_once::{shim:vtable#0}
[INFO] [stdout]   18:     0x5919d9598dbf - <std[617be2ca0a6fd877]::sys::thread::unix::Thread>::new::thread_start
[INFO] [stdout]   19:     0x7a2ad52c4dfa - <unknown>
[INFO] [stdout]   20:     0x7a2ad53583d4 - clone
[INFO] [stdout]   21:                0x0 - <unknown>
[INFO] [stdout] 
[INFO] [stdout] ---- execution::test::test_exec_and_wait_timeout stdout ----
[INFO] [stdout] 2026-10-18T05:41:41.492268Z DEBUG test_exec_and_wait_timeout:exec_and_wait{demo_id=DemoID("t001") key=RunKey("test_exec_and_wait_timeout")}: ipol_demorunner::execution::http: Form(Files { files: [] })
[INFO] [stdout] 2026-10-18T05:41:41.492297Z DEBUG test_exec_and_wait_timeout:exec_and_wait{demo_id=DemoID("t001") key=RunKey("test_exec_and_wait_timeout")}:exec_and_wait_inner: ipol_demorunner::execution: ExecAndWaitRequest { demo_id: DemoID("t001"), key: RunKey("test_exec_and_wait_timeout"), params: {}, ddl_run: "sleep 2", timeout: Some(1), inputs: [] }
[INFO] [stdout] 2026-10-18T05:41:41.492660Z DEBUG test_exec_and_wait_timeout:exec_and_wait{demo_id=DemoID("t001") key=RunKey("test_exec_and_wait_timeout")}:zip_dir_into_bytes: ipol_demorunner::execution: copy "/tmp/.tmpRgNwoY/exec_info.json" -> "exec_info.json"
[INFO] [stdout] 2026-10-18T05:41:41.492690Z  INFO test_exec_and_wait_timeout:exec_and_wait{demo_id=DemoID("t001") key=RunKey("test_exec_and_wait_timeout")}: ipol_demorunner::execution::http: sending zip (338 bytes)
[INFO] [stdout] 
[INFO] [stdout] thread 'execution::test::test_exec_and_wait_timeout' (4350) panicked at src/execution.rs:577:9:
[INFO] [stdout] assertion `left == right` failed
[INFO] [stdout]   left: Some("Socket not found: /var/run/docker.sock")
[INFO] [stdout]  right: Some("IPOLTimeoutError")
[INFO] [stdout] stack backtrace:
[INFO] [stdout]    0:     0x5919d9599e51 - <<std[617be2ca0a6fd877]::sys::backtrace::BacktraceLock>::print::DisplayBacktrace as core[a373ad73a504971]::fmt::Display>::fmt
[INFO] [stdout]    1:     0x5919d95b25da - core[a373ad73a504971]::fmt::write
[INFO] [stdout]    2:     0x5919d959eb1c - <alloc[2e1b2a31b91974c5]::vec::Vec<u8> as core[a373ad73a504971]::io::write::Write>::write_fmt
[INFO] [stdout]    3:     0x5919d9572596 - std[617be2ca0a6fd877]::panicking::default_hook::{closure#0}
[INFO] [stdout]    4:     0x5919d9590799 - std[617be2ca0a6fd877]::panicking::default_hook
[INFO] [stdout]    5:     0x5919d9166a10 - test[aada8e7e76ba119b]::test_main_inner::{closure#0}
[INFO] [stdout]    6:     0x5919d9590ac2 - std[617be2ca0a6fd877]::panicking::panic_with_hook
[INFO] [stdout]    7:     0x5919d9572642 - std[617be2ca0a6fd877]::panicking::panic_handler::{closure#0}
[INFO] [stdout]    8:     0x5919d956acc9 - std[617be2ca0a6fd877]::sys::backtrace::__rust_end_short_backtrace::<std[617be2ca0a6fd877]::panicking::panic_handler::{closure#0}, !>
[INFO] [stdout]    9:     0x5919d95736bd - __rustc[ea4f61d10b84890b]::rust_begin_unwind
[INFO] [stdout]   10:     0x5919d95b2dbc - core[a373ad73a504971]::panicking::panic_fmt
[INFO] [stdout]   11:     0x5919d95b2cd3 - core[a373ad73a504971]::panicking::assert_failed_inner
[INFO] [stdout]   12:     0x5919d8f6693b - core[a373ad73a504971]::panicking::assert_failed::<core[a373ad73a504971]::option::Option<alloc[2e1b2a31b91974c5]::string::String>, core[a373ad73a504971]::option::Option<alloc[2e1b2a31b91974c5]::string::String>>
[INFO] [stdout]   13:     0x5919d8fd84a2 - <ipol_demorunner[1ad62d9caabdc4c6]::execution::test::test_exec_and_wait_timeout::{closure#0} as core[a373ad73a504971]::ops::function::FnOnce<()>>::call_once
[INFO] [stdout]   14:     0x5919d9159e5b - test[aada8e7e76ba119b]::__rust_begin_short_backtrace::<core[a373ad73a504971]::result::Result<(), alloc[2e1b2a31b91974c5]::string::String>, fn() -> core[a373ad73a504971]::result::Result<(), alloc[2e1b2a31b91974c5]::string::String>>
[INFO] [stdout]   15:     0x5919d9167035 - test[aada8e7e76ba119b]::run_test::{closure#0}
[INFO] [stdout]   16:     0x5919d9160924 - std[617be2ca0a6fd877]::sys::backtrace::__rust_begin_short_backtrace::<test[aada8e7e76ba119b]::run_test::{closure#1}, ()>
[INFO] [stdout]   17:     0x5919d916a0c2 - <std[617be2ca0a6fd877]::thread::lifecycle::spawn_unchecked<test[aada8e7e76ba119b]::run_test::{closure#1}, ()>::{closure#1} as core[a373ad73a504971]::ops::function::FnOnce<()>>::call_once::{shim:vtable#0}
[INFO] [stdout]   18:     0x5919d9598dbf - <std[617be2ca0a6fd877]::sys::thread::unix::Thread>::new::thread_start
[INFO] [stdout]   19:     0x7a2ad52c4dfa - <unknown>
[INFO] [stdout]   20:     0x7a2ad53583d4 - clone
[INFO] [stdout]   21:                0x0 - <unknown>
[INFO] [stdout] 
[INFO] [stdout] ---- execution::test::test_exec_and_wait_non_zero_exit_code stdout ----
[INFO] [stdout] 2026-10-18T05:41:41.491273Z DEBUG test_exec_and_wait_non_zero_exit_code:exec_and_wait{demo_id=DemoID("t001") key=RunKey("test_exec_and_wait_non_zero_exit_code")}: ipol_demorunner::execution::http: Form(Files { files: [] })
[INFO] [stdout] 2026-10-18T05:41:41.491304Z DEBUG test_exec_and_wait_non_zero_exit_code:exec_and_wait{demo_id=DemoID("t001") key=RunKey("test_exec_and_wait_non_zero_exit_code")}:exec_and_wait_inner: ipol_demorunner::execution: ExecAndWaitRequest { demo_id: DemoID("t001"), key: RunKey("test_exec_and_wait_non_zero_exit_code"), params: {}, ddl_run: "echo a; exit 5; echo b;", timeout: Some(10), inputs: [] }
[INFO] [stdout] 2026-10-18T05:41:41.492658Z DEBUG test_exec_and_wait_non_zero_exit_code:exec_and_wait{demo_id=DemoID("t001") key=RunKey("test_exec_and_wait_non_zero_exit_code")}:zip_dir_into_bytes: ipol_demorunner::execution: copy "/tmp/.tmpQOhXKq/exec_info.json" -> "exec_info.json"
[INFO] [stdout] 2026-10-18T05:41:41.492690Z  INFO test_exec_and_wait_non_zero_exit_code:exec_and_wait{demo_id=DemoID("t001") key=RunKey("test_exec_and_wait_non_zero_exit_code")}: ipol_demorunner::execution::http: sending zip (349 bytes)
[INFO] [stdout] 
[INFO] [stdout] thread 'execution::test::test_exec_and_wait_non_zero_exit_code' (4348) panicked at src/execution.rs:553:9:
[INFO] [stdout] assertion `left == right` failed
[INFO] [stdout]   left: Some("Socket not found: /var/run/docker.sock")
[INFO] [stdout]  right: Some("Non-zero exit code (5): a\n")
[INFO] [stdout] stack backtrace:
[INFO] [stdout]    0:     0x5919d9599e51 - <<std[617be2ca0a6fd877]::sys::backtrace::BacktraceLock>::print::DisplayBacktrace as core[a373ad73a504971]::fmt::Display>::fmt
[INFO] [stdout]    1:     0x5919d95b25da - core[a373ad73a504971]::fmt::write
[INFO] [stdout]    2:     0x5919d959eb1c - <alloc[2e1b2a31b91974c5]::vec::Vec<u8> as core[a373ad73a504971]::io::write::Write>::write_fmt
[INFO] [stdout]    3:     0x5919d9572596 - std[617be2ca0a6fd877]::panicking::default_hook::{closure#0}
[INFO] [stdout]    4:     0x5919d9590799 - std[617be2ca0a6fd877]::panicking::default_hook
[INFO] [stdout]    5:     0x5919d9166a10 - test[aada8e7e76ba119b]::test_main_inner::{closure#0}
[INFO] [stdout]    6:     0x5919d9590ac2 - std[617be2ca0a6fd877]::panicking::panic_with_hook
[INFO] [stdout]    7:     0x5919d9572642 - std[617be2ca0a6fd877]::panicking::panic_handler::{closure#0}
[INFO] [stdout]    8:     0x5919d956acc9 - std[617be2ca0a6fd877]::sys::backtrace::__rust_end_short_backtrace::<std[617be2ca0a6fd877]::panicking::panic_handler::{closure#0}, !>
[INFO] [stdout]    9:     0x5919d95736bd - __rustc[ea4f61d10b84890b]::rust_begin_unwind
[INFO] [stdout]   10:     0x5919d95b2dbc - core[a373ad73a504971]::panicking::panic_fmt
[INFO] [stdout]   11:     0x5919d95b2cd3 - core[a373ad73a504971]::panicking::assert_failed_inner
[INFO] [stdout]   12:     0x5919d8f6693b - core[a373ad73a504971]::panicking::assert_failed::<core[a373ad73a504971]::option::Option<alloc[2e1b2a31b91974c5]::string::String>, core[a373ad73a504971]::option::Option<alloc[2e1b2a31b91974c5]::string::String>>
[INFO] [stdout]   13:     0x5919d8fd9275 - <ipol_demorunner[1ad62d9caabdc4c6]::execution::test::test_exec_and_wait_non_zero_exit_code::{closure#0} as core[a373ad73a504971]::ops::function::FnOnce<()>>::call_once
[INFO] [stdout]   14:     0x5919d9159e5b - test[aada8e7e76ba119b]::__rust_begin_short_backtrace::<core[a373ad73a504971]::result::Result<(), alloc[2e1b2a31b91974c5]::string::String>, fn() -> core[a373ad73a504971]::result::Result<(), alloc[2e1b2a31b91974c5]::string::String>>
[INFO] [stdout]   15:     0x5919d9167035 - test[aada8e7e76ba119b]::run_test::{closure#0}
[INFO] [stdout]   16:     0x5919d9160924 - std[617be2ca0a6fd877]::sys::backtrace::__rust_begin_short_backtrace::<test[aada8e7e76ba119b]::run_test::{closure#1}, ()>
[INFO] [stdout]   17:     0x5919d916a0c2 - <std[617be2ca0a6fd877]::thread::lifecycle::spawn_unchecked<test[aada8e7e76ba119b]::run_test::{closure#1}, ()>::{closure#1} as core[a373ad73a504971]::ops::function::FnOnce<()>>::call_once::{shim:vtable#0}
[INFO] [stdout]   18:     0x5919d9598dbf - <std[617be2ca0a6fd877]::sys::thread::unix::Thread>::new::thread_start
[INFO] [stdout]   19:     0x7a2ad52c4dfa - <unknown>
[INFO] [stdout]   20:     0x7a2ad53583d4 - clone
[INFO] [stdout]   21:                0x0 - <unknown>
[INFO] [stdout] 
[INFO] [stdout] ---- execution::test::test_exec_and_wait stdout ----
[INFO] [stdout] 2026-10-18T05:41:41.492203Z DEBUG test_exec_and_wait:exec_and_wait{demo_id=DemoID("t001") key=RunKey("test_exec_and_wait")}: ipol_demorunner::execution::http: Form(Files { files: [] })
[INFO] [stdout] 2026-10-18T05:41:41.492233Z DEBUG test_exec_and_wait:exec_and_wait{demo_id=DemoID("t001") key=RunKey("test_exec_and_wait")}:exec_and_wait_inner: ipol_demorunner::execution: ExecAndWaitRequest { demo_id: DemoID("t001"), key: RunKey("test_exec_and_wait"), params: {"x": PosInt(1), "y": Float(2.5), "b": NegInt(-2), "a": Bool(true), "z": String("t001"), "param space": String("hi world")}, ddl_run: "test $z = $IPOL_DEMOID", timeout: Some(10), inputs: [] }
[INFO] [stdout] 2026-10-18T05:41:41.493184Z DEBUG test_exec_and_wait:exec_and_wait{demo_id=DemoID("t001") key=RunKey("test_exec_and_wait")}:zip_dir_into_bytes: ipol_demorunner::execution: copy "/tmp/.tmpimlRgp/exec_info.json" -> "exec_info.json"
[INFO] [stdout] 2026-10-18T05:41:41.493207Z  INFO test_exec_and_wait:exec_and_wait{demo_id=DemoID("t001") key=RunKey("test_exec_and_wait")}: ipol_demorunner::execution::http: sending zip (434 bytes)
[INFO] [stdout] 
[INFO] [stdout] thread 'execution::test::test_exec_and_wait' (4347) panicked at src/execution.rs:529:9:
[INFO] [stdout] assertion `left == right` failed
[INFO] [stdout]   left: "KO"
[INFO] [stdout]  right: "OK"
[INFO] [stdout] stack backtrace:
[INFO] [stdout]    0:     0x5919d9599e51 - <<std[617be2ca0a6fd877]::sys::backtrace::BacktraceLock>::print::DisplayBacktrace as core[a373ad73a504971]::fmt::Display>::fmt
[INFO] [stdout]    1:     0x5919d95b25da - core[a373ad73a504971]::fmt::write
[INFO] [stdout]    2:     0x5919d959eb1c - <alloc[2e1b2a31b91974c5]::vec::Vec<u8> as core[a373ad73a504971]::io::write::Write>::write_fmt
[INFO] [stdout]    3:     0x5919d9572596 - std[617be2ca0a6fd877]::panicking::default_hook::{closure#0}
[INFO] [stdout]    4:     0x5919d9590799 - std[617be2ca0a6fd877]::panicking::default_hook
[INFO] [stdout]    5:     0x5919d9166a10 - test[aada8e7e76ba119b]::test_main_inner::{closure#0}
[INFO] [stdout]    6:     0x5919d9590ac2 - std[617be2ca0a6fd877]::panicking::panic_with_hook
[INFO] [stdout]    7:     0x5919d9572642 - std[617be2ca0a6fd877]::panicking::panic_handler::{closure#0}
[INFO] [stdout]    8:     0x5919d956acc9 - std[617be2ca0a6fd877]::sys::backtrace::__rust_end_short_backtrace::<std[617be2ca0a6fd877]::panicking::panic_handler::{closure#0}, !>
[INFO] [stdout]    9:     0x5919d95736bd - __rustc[ea4f61d10b84890b]::rust_begin_unwind
[INFO] [stdout]   10:     0x5919d95b2dbc - core[a373ad73a504971]::panicking::panic_fmt
[INFO] [stdout]   11:     0x5919d95b2cd3 - core[a373ad73a504971]::panicking::assert_failed_inner
[INFO] [stdout]   12:     0x5919d8f66a3e - core[a373ad73a504971]::panicking::assert_failed::<alloc[2e1b2a31b91974c5]::string::String, &str>
[INFO] [stdout]   13:     0x5919d8fd7c69 - <ipol_demorunner[1ad62d9caabdc4c6]::execution::test::test_exec_and_wait::{closure#0} as core[a373ad73a504971]::ops::function::FnOnce<()>>::call_once
[INFO] [stdout]   14:     0x5919d9159e5b - test[aada8e7e76ba119b]::__rust_begin_short_backtrace::<core[a373ad73a504971]::result::Result<(), alloc[2e1b2a31b91974c5]::string::String>, fn() -> core[a373ad73a504971]::result::Result<(), alloc[2e1b2a31b91974c5]::string::String>>
[INFO] [stdout]   15:     0x5919d9167035 - test[aada8e7e76ba119b]::run_test::{closure#0}
[INFO] [stdout]   16:     0x5919d9160924 - std[617be2ca0a6fd877]::sys::backtrace::__rust_begin_short_backtrace::<test[aada8e7e76ba119b]::run_test::{closure#1}, ()>
[INFO] [stdout]   17:     0x5919d916a0c2 - <std[617be2ca0a6fd877]::thread::lifecycle::spawn_unchecked<test[aada8e7e76ba119b]::run_test::{closure#1}, ()>::{closure#1} as core[a373ad73a504971]::ops::function::FnOnce<()>>::call_once::{shim:vtable#0}
[INFO] [stdout]   18:     0x5919d9598dbf - <std[617be2ca0a6fd877]::sys::thread::unix::Thread>::new::thread_start
[INFO] [stdout]   19:     0x7a2ad52c4dfa - <unknown>
[INFO] [stdout]   20:     0x7a2ad53583d4 - clone
[INFO] [stdout]   21:                0x0 - <unknown>
[INFO] [stdout] 
[INFO] [stdout] ---- execution::test::test_exec_and_wait_run_time stdout ----
[INFO] [stdout] 2026-10-18T05:41:41.492921Z DEBUG test_exec_and_wait_run_time:exec_and_wait{demo_id=DemoID("t001") key=RunKey("test_exec_and_wait_run_time")}: ipol_demorunner::execution::http: Form(Files { files: [] })
[INFO] [stdout] 2026-10-18T05:41:41.492951Z DEBUG test_exec_and_wait_run_time:exec_and_wait{demo_id=DemoID("t001") key=RunKey("test_exec_and_wait_run_time")}:exec_and_wait_inner: ipol_demorunner::execution: ExecAndWaitRequest { demo_id: DemoID("t001"), key: RunKey("test_exec_and_wait_run_time"), params: {}, ddl_run: "sleep 2", timeout: Some(10), inputs: [] }
[INFO] [stdout] 2026-10-18T05:41:41.493646Z DEBUG test_exec_and_wait_run_time:exec_and_wait{demo_id=DemoID("t001") key=RunKey("test_exec_and_wait_run_time")}:zip_dir_into_bytes: ipol_demorunner::execution: copy "/tmp/.tmpYiK3WX/exec_info.json" -> "exec_info.json"
[INFO] [stdout] 2026-10-18T05:41:41.493694Z  INFO test_exec_and_wait_run_time:exec_and_wait{demo_id=DemoID("t001") key=RunKey("test_exec_and_wait_run_time")}: ipol_demorunner::execution::http: sending zip (339 bytes)
[INFO] [stdout] 
[INFO] [stdout] thread 'execution::test::test_exec_and_wait_run_time' (4349) panicked at src/execution.rs:598:9:
[INFO] [stdout] assertion `left == right` failed
[INFO] [stdout]   left: "KO"
[INFO] [stdout]  right: "OK"
[INFO] [stdout] stack backtrace:
[INFO] [stdout]    0:     0x5919d9599e51 - <<std[617be2ca0a6fd877]::sys::backtrace::BacktraceLock>::print::DisplayBacktrace as core[a373ad73a504971]::fmt::Display>::fmt
[INFO] [stdout]    1:     0x5919d95b25da - core[a373ad73a504971]::fmt::write
[INFO] [stdout]    2:     0x5919d959eb1c - <alloc[2e1b2a31b91974c5]::vec::Vec<u8> as core[a373ad73a504971]::io::write::Write>::write_fmt
[INFO] [stdout]    3:     0x5919d9572596 - std[617be2ca0a6fd877]::panicking::default_hook::{closure#0}
[INFO] [stdout]    4:     0x5919d9590799 - std[617be2ca0a6fd877]::panicking::default_hook
[INFO] [stdout]    5:     0x5919d9166a10 - test[aada8e7e76ba119b]::test_main_inner::{closure#0}
[INFO] [stdout]    6:     0x5919d9590ac2 - std[617be2ca0a6fd877]::panicking::panic_with_hook
[INFO] [stdout]    7:     0x5919d9572642 - std[617be2ca0a6fd877]::panicking::panic_handler::{closure#0}
[INFO] [stdout]    8:     0x5919d956acc9 - std[617be2ca0a6fd877]::sys::backtrace::__rust_end_short_backtrace::<std[617be2ca0a6fd877]::panicking::panic_handler::{closure#0}, !>
[INFO] [stdout]    9:     0x5919d95736bd - __rustc[ea4f61d10b84890b]::rust_begin_unwind
[INFO] [stdout]   10:     0x5919d95b2dbc - core[a373ad73a504971]::panicking::panic_fmt
[INFO] [stdout]   11:     0x5919d95b2cd3 - core[a373ad73a504971]::panicking::assert_failed_inner
[INFO] [stdout]   12:     0x5919d8f66a3e - core[a373ad73a504971]::panicking::assert_failed::<alloc[2e1b2a31b91974c5]::string::String, &str>
[INFO] [stdout]   13:     0x5919d8fd8afe - <ipol_demorunner[1ad62d9caabdc4c6]::execution::test::test_exec_and_wait_run_time::{closure#0} as core[a373ad73a504971]::ops::function::FnOnce<()>>::call_once
[INFO] [stdout]   14:     0x5919d9159e5b - test[aada8e7e76ba119b]::__rust_begin_short_backtrace::<core[a373ad73a504971]::result::Result<(), alloc[2e1b2a31b91974c5]::string::String>, fn() -> core[a373ad73a504971]::result::Result<(), alloc[2e1b2a31b91974c5]::string::String>>
[INFO] [stdout]   15:     0x5919d9167035 - test[aada8e7e76ba119b]::run_test::{closure#0}
[INFO] [stdout]   16:     0x5919d9160924 - std[617be2ca0a6fd877]::sys::backtrace::__rust_begin_short_backtrace::<test[aada8e7e76ba119b]::run_test::{closure#1}, ()>
[INFO] [stdout]   17:     0x5919d916a0c2 - <std[617be2ca0a6fd877]::thread::lifecycle::spawn_unchecked<test[aada8e7e76ba119b]::run_test::{closure#1}, ()>::{closure#1} as core[a373ad73a504971]::ops::function::FnOnce<()>>::call_once::{shim:vtable#0}
[INFO] [stdout]   18:     0x5919d9598dbf - <std[617be2ca0a6fd877]::sys::thread::unix::Thread>::new::thread_start
[INFO] [stdout]   19:     0x7a2ad52c4dfa - <unknown>
[INFO] [stdout]   20:     0x7a2ad53583d4 - clone
[INFO] [stdout]   21:                0x0 - <unknown>
[INFO] [stdout] 
[INFO] [stdout] ---- compilation::test::test_url_of_git_repository stdout ----
[INFO] [stdout] 2026-10-18T05:41:41.512074Z DEBUG test_url_of_git_repository:prepare_git{path="/tmp/.tmpnSyzQa" expected_ssh_fingerprints=None}: ipol_demorunner::compilation: preparing the git folder https://github.com/kidanger/ipol-demo-zero:69b4dbc2ff9c3102c3b86639ed1ab608a6b5ba79 to "/tmp/.tmpnSyzQa"
[INFO] [stdout] 2026-10-18T05:41:41.512121Z DEBUG test_url_of_git_repository:prepare_git{path="/tmp/.tmpnSyzQa" expected_ssh_fingerprints=None}: ipol_demorunner::compilation: couldn't get the current url but the path exists, removing "/tmp/.tmpnSyzQa"
[INFO] [stdout] 2026-10-18T05:41:41.512372Z DEBUG test_url_of_git_repository:prepare_git{path="/tmp/.tmpnSyzQa" expected_ssh_fingerprints=None}: ipol_demorunner::compilation: cloning the repo
[INFO] [stdout] 
[INFO] [stdout] thread 'compilation::test::test_url_of_git_repository' (4346) panicked at src/compilation.rs:659:9:
[INFO] [stdout] assertion failed: r.is_ok()
[INFO] [stdout] stack backtrace:
[INFO] [stdout]    0:     0x5919d9599e51 - <<std[617be2ca0a6fd877]::sys::backtrace::BacktraceLock>::print::DisplayBacktrace as core[a373ad73a504971]::fmt::Display>::fmt
[INFO] [stdout]    1:     0x5919d95b25da - core[a373ad73a504971]::fmt::write
[INFO] [stdout]    2:     0x5919d959eb1c - <alloc[2e1b2a31b91974c5]::vec::Vec<u8> as core[a373ad73a504971]::io::write::Write>::write_fmt
[INFO] [stdout]    3:     0x5919d9572596 - std[617be2ca0a6fd877]::panicking::default_hook::{closure#0}
[INFO] [stdout]    4:     0x5919d9590799 - std[617be2ca0a6fd877]::panicking::default_hook
[INFO] [stdout]    5:     0x5919d9166a10 - test[aada8e7e76ba119b]::test_main_inner::{closure#0}
[INFO] [stdout]    6:     0x5919d9590ac2 - std[617be2ca0a6fd877]::panicking::panic_with_hook
[INFO] [stdout]    7:     0x5919d9572674 - std[617be2ca0a6fd877]::panicking::panic_handler::{closure#0}
[INFO] [stdout]    8:     0x5919d956acc9 - std[617be2ca0a6fd877]::sys::backtrace::__rust_end_short_backtrace::<std[617be2ca0a6fd877]::panicking::panic_handler::{closure#0}, !>
[INFO] [stdout]    9:     0x5919d95736bd - __rustc[ea4f61d10b84890b]::rust_begin_unwind
[INFO] [stdout]   10:     0x5919d95b2dbc - core[a373ad73a504971]::panicking::panic_fmt
[INFO] [stdout]   11:     0x5919d95b2d82 - core[a373ad73a504971]::panicking::panic
[INFO] [stdout]   12:     0x5919d8fd507c - <ipol_demorunner[1ad62d9caabdc4c6]::compilation::test::test_url_of_git_repository::{closure#0} as core[a373ad73a504971]::ops::function::FnOnce<()>>::call_once
[INFO] [stdout]   13:     0x5919d9159e5b - test[aada8e7e76ba119b]::__rust_begin_short_backtrace::<core[a373ad73a504971]::result::Result<(), alloc[2e1b2a31b91974c5]::string::String>, fn() -> core[a373ad73a504971]::result::Result<(), alloc[2e1b2a31b91974c5]::string::String>>
[INFO] [stdout]   14:     0x5919d9167035 - test[aada8e7e76ba119b]::run_test::{closure#0}
[INFO] [stdout]   15:     0x5919d9160924 - std[617be2ca0a6fd877]::sys::backtrace::__rust_begin_short_backtrace::<test[aada8e7e76ba119b]::run_test::{closure#1}, ()>
[INFO] [stdout]   16:     0x5919d916a0c2 - <std[617be2ca0a6fd877]::thread::lifecycle::spawn_unchecked<test[aada8e7e76ba119b]::run_test::{closure#1}, ()>::{closure#1} as core[a373ad73a504971]::ops::function::FnOnce<()>>::call_once::{shim:vtable#0}
[INFO] [stdout]   17:     0x5919d9598dbf - <std[617be2ca0a6fd877]::sys::thread::unix::Thread>::new::thread_start
[INFO] [stdout]   18:     0x7a2ad52c4dfa - <unknown>
[INFO] [stdout]   19:     0x7a2ad53583d4 - clone
[INFO] [stdout]   20:                0x0 - <unknown>
[INFO] [stdout] 
[INFO] [stdout] 
[INFO] [stdout] failures:
[INFO] [stdout]     compilation::test::test_compilation
[INFO] [stdout]     compilation::test::test_compilation_build_error
[INFO] [stdout]     compilation::test::test_compilation_invalid_dockerfile
[INFO] [stdout]     compilation::test::test_compilation_invalid_git_commit
[INFO] [stdout]     compilation::test::test_compilation_missing_dockerfile
[INFO] [stdout]     compilation::test::test_url_of_git_repository
[INFO] [stdout]     execution::test::test_exec_and_wait
[INFO] [stdout]     execution::test::test_exec_and_wait_non_zero_exit_code
[INFO] [stdout]     execution::test::test_exec_and_wait_run_time
[INFO] [stdout]     execution::test::test_exec_and_wait_timeout
[INFO] [stdout] 
[INFO] [stdout] test result: FAILED. 4 passed; 10 failed; 0 ignored; 0 measured; 0 filtered out; finished in 0.04s
[INFO] [stdout] 
[INFO] [stderr] error: test failed, to rerun pass `--bin ipol-demorunner`
[INFO] running `Command { std: "docker" "inspect" "5963f47bbc9d47d5a7a33516337eb1e445bac8552860efc6eaff1a38035831a9", kill_on_drop: false }`
[INFO] running `Command { std: "docker" "rm" "-f" "5963f47bbc9d47d5a7a33516337eb1e445bac8552860efc6eaff1a38035831a9", kill_on_drop: false }`
[INFO] [stdout] 5963f47bbc9d47d5a7a33516337eb1e445bac8552860efc6eaff1a38035831a9
