[INFO] cloning repository https://github.com/kemiamu/book
[INFO] running `Command { std: "git" "-c" "credential.helper=" "-c" "credential.helper=/workspace/cargo-home/bin/git-credential-null" "clone" "--bare" "https://github.com/kemiamu/book" "/workspace/cache/git-repos/https%3A%2F%2Fgithub.com%2Fkemiamu%2Fbook", kill_on_drop: false }`
[INFO] [stderr] Cloning into bare repository '/workspace/cache/git-repos/https%3A%2F%2Fgithub.com%2Fkemiamu%2Fbook'...
[INFO] running `Command { std: "git" "rev-parse" "HEAD", kill_on_drop: false }`
[INFO] [stdout] ceb9123e7d2285142c0df58655197539206d700d
[INFO] testing kemiamu/book against 1.100.0-beta.1+cargoflags=--release for beta-release-1.100-2
[INFO] running `Command { std: "git" "clone" "/workspace/cache/git-repos/https%3A%2F%2Fgithub.com%2Fkemiamu%2Fbook" "/workspace/builds/worker-5-tc2/source", kill_on_drop: false }`
[INFO] [stderr] Cloning into '/workspace/builds/worker-5-tc2/source'...
[INFO] [stderr] done.
[INFO] started tweaking git repo https://github.com/kemiamu/book
[INFO] finished tweaking git repo https://github.com/kemiamu/book
[INFO] tweaked toml for git repo https://github.com/kemiamu/book written to /workspace/builds/worker-5-tc2/source/Cargo.toml
[INFO] validating manifest of git repo https://github.com/kemiamu/book on toolchain 1.100.0-beta.1
[INFO] running `Command { std: CARGO_HOME="/workspace/cargo-home" RUSTUP_HOME="/workspace/rustup-home" "/workspace/cargo-home/bin/cargo" "+1.100.0-beta.1" "metadata" "--manifest-path" "Cargo.toml" "--no-deps", kill_on_drop: false }`
[INFO] crate git repo https://github.com/kemiamu/book already has a lockfile, it will not be regenerated
[INFO] running `Command { std: CARGO_HOME="/workspace/cargo-home" RUSTUP_HOME="/workspace/rustup-home" "/workspace/cargo-home/bin/cargo" "+1.100.0-beta.1" "fetch" "--manifest-path" "Cargo.toml", kill_on_drop: false }`
[INFO] running `Command { std: "docker" "create" "-v" "/var/lib/crater-agent-workspace/builds/worker-5-tc2/source:/opt/rustwide/workdir:ro,Z" "-v" "/var/lib/crater-agent-workspace/builds/worker-5-tc2/target:/opt/rustwide/target:rw,Z" "-v" "/var/lib/crater-agent-workspace/cargo-home:/opt/rustwide/cargo-home:ro,Z" "-v" "/var/lib/crater-agent-workspace/rustup-home:/opt/rustwide/rustup-home:ro,Z" "-m" "1610612736" "--network" "none" "ghcr.io/rust-lang/crates-build-env/linux@sha256:77db811e55d90add9212f6832c23229e3de5f1c1f9905e8cb07319ea15df73ac" "sleep" "infinity", kill_on_drop: false }`
[INFO] [stdout] 48f023fa86692e074c7040ac7779cc030d4195617c89946d08581f5a1dd7a07c
[INFO] running `Command { std: "docker" "start" "48f023fa86692e074c7040ac7779cc030d4195617c89946d08581f5a1dd7a07c", kill_on_drop: false }`
[INFO] running `Command { std: "docker" "inspect" "48f023fa86692e074c7040ac7779cc030d4195617c89946d08581f5a1dd7a07c", kill_on_drop: false }`
[INFO] running `Command { std: "docker" "exec" "-e" "SOURCE_DIR=/opt/rustwide/workdir" "-e" "CARGO_HOME=/opt/rustwide/cargo-home" "-e" "RUSTUP_HOME=/opt/rustwide/rustup-home" "-e" "CARGO_TARGET_DIR=/opt/rustwide/target" "-w" "/opt/rustwide/workdir" "--user" "0:0" "48f023fa86692e074c7040ac7779cc030d4195617c89946d08581f5a1dd7a07c" "/opt/rustwide/cargo-home/bin/cargo" "+1.100.0-beta.1" "metadata" "--no-deps" "--format-version=1", kill_on_drop: false }`
[INFO] running `Command { std: "docker" "inspect" "48f023fa86692e074c7040ac7779cc030d4195617c89946d08581f5a1dd7a07c", kill_on_drop: false }`
[INFO] running `Command { std: "docker" "exec" "-e" "SOURCE_DIR=/opt/rustwide/workdir" "-e" "CARGO_HOME=/opt/rustwide/cargo-home" "-e" "RUSTUP_HOME=/opt/rustwide/rustup-home" "-e" "CARGO_TARGET_DIR=/opt/rustwide/target" "-e" "CARGO_INCREMENTAL=0" "-e" "RUST_BACKTRACE=full" "-e" "RUSTFLAGS=--cap-lints=warn" "-e" "RUSTDOCFLAGS=--cap-lints=warn" "-w" "/opt/rustwide/workdir" "--user" "0:0" "48f023fa86692e074c7040ac7779cc030d4195617c89946d08581f5a1dd7a07c" "/opt/rustwide/cargo-home/bin/cargo" "+1.100.0-beta.1" "build" "--frozen" "--message-format=json" "--release", kill_on_drop: false }`
[INFO] [stderr]    Compiling itoa v1.0.18
[INFO] [stderr]    Compiling bytes v1.11.1
[INFO] [stderr]    Compiling serde_core v1.0.228
[INFO] [stderr]    Compiling log v0.4.30
[INFO] [stderr]    Compiling smallvec v1.15.1
[INFO] [stderr]    Compiling libc v0.2.186
[INFO] [stderr]    Compiling syn v2.0.117
[INFO] [stderr]    Compiling errno v0.3.14
[INFO] [stderr]    Compiling signal-hook-registry v1.4.8
[INFO] [stderr]    Compiling mio v1.2.1
[INFO] [stderr]    Compiling socket2 v0.6.4
[INFO] [stderr]    Compiling parking_lot_core v0.9.12
[INFO] [stderr]    Compiling parking_lot v0.12.5
[INFO] [stderr]    Compiling siphasher v1.0.3
[INFO] [stderr]    Compiling phf_shared v0.11.3
[INFO] [stderr]    Compiling http v1.4.1
[INFO] [stderr]    Compiling rand_core v0.6.4
[INFO] [stderr]    Compiling regex-syntax v0.8.10
[INFO] [stderr]    Compiling rand v0.8.6
[INFO] [stderr]    Compiling simd-adler32 v0.3.9
[INFO] [stderr]    Compiling jobserver v0.1.34
[INFO] [stderr]    Compiling cc v1.2.63
[INFO] [stderr]    Compiling httparse v1.10.1
[INFO] [stderr]    Compiling phf_generator v0.11.3
[INFO] [stderr]    Compiling aho-corasick v1.1.4
[INFO] [stderr]    Compiling zstd-safe v7.2.4
[INFO] [stderr]    Compiling num-traits v0.2.19
[INFO] [stderr]    Compiling miniz_oxide v0.8.9
[INFO] [stderr]    Compiling zmij v1.0.21
[INFO] [stderr]    Compiling phf_codegen v0.11.3
[INFO] [stderr]    Compiling regex-automata v0.4.14
[INFO] [stderr]    Compiling http-body v1.0.1
[INFO] [stderr]    Compiling phf v0.11.3
[INFO] [stderr]    Compiling spin v0.9.8
[INFO] [stderr]    Compiling slab v0.4.12
[INFO] [stderr]    Compiling zstd-sys v2.0.16+zstd.1.5.7
[INFO] [stderr]    Compiling serde_json v1.0.150
[INFO] [stderr]    Compiling zlib-rs v0.6.7
[INFO] [stderr]    Compiling semver v1.0.28
[INFO] [stderr]    Compiling ucd-trie v0.1.7
[INFO] [stderr]    Compiling typenum v1.20.1
[INFO] [stderr]    Compiling pest v2.8.6
[INFO] [stderr]    Compiling regex v1.12.3
[INFO] [stderr]    Compiling hybrid-array v0.4.12
[INFO] [stderr]    Compiling futures-util v0.3.32
[INFO] [stderr]    Compiling parse-zoneinfo v0.3.1
[INFO] [stderr]    Compiling rustc_version v0.4.1
[INFO] [stderr]    Compiling crossbeam-epoch v0.9.18
[INFO] [stderr]    Compiling tokio-macros v2.7.0
[INFO] [stderr]    Compiling serde_derive v1.0.228
[INFO] [stderr]    Compiling tracing-attributes v0.1.31
[INFO] [stderr]    Compiling tokio v1.52.3
[INFO] [stderr]    Compiling tracing v0.1.44
[INFO] [stderr]    Compiling flate2 v1.1.9
[INFO] [stderr]    Compiling chrono-tz-build v0.3.0
[INFO] [stderr]    Compiling multer v3.1.0
[INFO] [stderr]    Compiling futures-channel v0.3.32
[INFO] [stderr]    Compiling getrandom v0.2.17
[INFO] [stderr]    Compiling bstr v1.12.1
[INFO] [stderr]    Compiling same-file v1.0.6
[INFO] [stderr]    Compiling sync_wrapper v1.0.2
[INFO] [stderr]    Compiling thiserror v2.0.18
[INFO] [stderr]    Compiling time-core v0.1.8
[INFO] [stderr]    Compiling bitflags v2.11.1
[INFO] [stderr]    Compiling powerfmt v0.2.0
[INFO] [stderr]    Compiling num-conv v0.2.2
[INFO] [stderr]    Compiling time-macros v0.2.27
[INFO] [stderr]    Compiling serde v1.0.228
[INFO] [stderr]    Compiling deranged v0.5.8
[INFO] [stderr]    Compiling globset v0.4.18
[INFO] [stderr]    Compiling walkdir v2.5.0
[INFO] [stderr]    Compiling ppv-lite86 v0.2.21
[INFO] [stderr]    Compiling chrono-tz v0.9.0
[INFO] [stderr]    Compiling crossbeam-deque v0.8.6
[INFO] [stderr]    Compiling thiserror-impl v2.0.18
[INFO] [stderr]    Compiling heapless v0.7.17
[INFO] [stderr]    Compiling pest_meta v2.8.6
[INFO] [stderr]    Compiling http-body-util v0.1.3
[INFO] [stderr]    Compiling form_urlencoded v1.2.2
[INFO] [stderr]    Compiling cookie v0.18.1
[INFO] [stderr]    Compiling iana-time-zone v0.1.65
[INFO] [stderr]    Compiling futures-sink v0.3.32
[INFO] [stderr]    Compiling ryu v1.0.23
[INFO] [stderr]    Compiling compression-core v0.4.31
[INFO] [stderr]    Compiling byteorder v1.5.0
[INFO] [stderr]    Compiling hyper v1.10.1
[INFO] [stderr]    Compiling time v0.3.47
[INFO] [stderr]    Compiling hash32 v0.2.1
[INFO] [stderr]    Compiling tower v0.5.3
[INFO] [stderr]    Compiling tokio-util v0.7.18
[INFO] [stderr]    Compiling serde_urlencoded v0.7.1
[INFO] [stderr]    Compiling mime_guess v2.0.5
[INFO] [stderr]    Compiling pest_generator v2.8.6
[INFO] [stderr]    Compiling hyper-util v0.1.20
[INFO] [stderr]    Compiling chrono v0.4.44
[INFO] [stderr]    Compiling axum-core v0.5.6
[INFO] [stderr]    Compiling ignore v0.4.25
[INFO] [stderr]    Compiling rand_chacha v0.3.1
[INFO] [stderr]    Compiling block-buffer v0.12.0
[INFO] [stderr]    Compiling crypto-common v0.2.2
[INFO] [stderr]    Compiling serde_path_to_error v0.1.20
[INFO] [stderr]    Compiling const-oid v0.10.2
[INFO] [stderr]    Compiling winnow v1.0.3
[INFO] [stderr]    Compiling deunicode v1.6.2
[INFO] [stderr]    Compiling unicode-width v0.2.2
[INFO] [stderr]    Compiling unicase v2.9.0
[INFO] [stderr]    Compiling matchit v0.8.4
[INFO] [stderr]    Compiling pulldown-cmark v0.13.4
[INFO] [stderr]    Compiling stable_deref_trait v1.2.1
[INFO] [stderr]    Compiling redb v4.1.0
[INFO] [stderr]    Compiling indexmap v2.14.0
[INFO] [stderr]    Compiling getopts v0.2.24
[INFO] [stderr]    Compiling axum v0.8.9
[INFO] [stderr]    Compiling slug v0.1.6
[INFO] [stderr]    Compiling digest v0.11.3
[INFO] [stderr]    Compiling toml_parser v1.1.2+spec-1.1.0
[INFO] [stderr]    Compiling zopfli v0.8.3
[INFO] [stderr]    Compiling humansize v2.1.3
[INFO] [stderr]    Compiling globwalk v0.9.1
[INFO] [stderr]    Compiling pest_derive v2.8.6
[INFO] [stderr]    Compiling cobs v0.3.0
[INFO] [stderr]    Compiling sharded-slab v0.1.7
[INFO] [stderr]    Compiling toml_datetime v1.1.1+spec-1.1.0
[INFO] [stderr]    Compiling serde_spanned v1.1.1
[INFO] [stderr]    Compiling tracing-log v0.2.0
[INFO] [stderr]    Compiling include_dir_macros v0.7.4
[INFO] [stderr]    Compiling utf8-width v0.1.8
[INFO] [stderr]    Compiling pulldown-cmark-escape v0.11.0
[INFO] [stderr]    Compiling nu-ansi-term v0.50.3
[INFO] [stderr]    Compiling toml_writer v1.1.1+spec-1.1.0
[INFO] [stderr]    Compiling unicode-segmentation v1.13.2
[INFO] [stderr]    Compiling typed-path v0.12.3
[INFO] [stderr]    Compiling toml v1.1.2+spec-1.1.0
[INFO] [stderr]    Compiling tracing-subscriber v0.3.23
[INFO] [stderr]    Compiling include_dir v0.7.4
[INFO] [stderr]    Compiling tera v1.20.1
[INFO] [stderr]    Compiling html-escape v0.2.13
[INFO] [stderr]    Compiling zip v8.6.0
[INFO] [stderr]    Compiling axum-extra v0.12.6
[INFO] [stderr]    Compiling sha2 v0.11.0
[INFO] [stderr]    Compiling postcard v1.1.3
[INFO] [stderr]    Compiling tokio-stream v0.1.19
[INFO] [stderr]    Compiling zstd v0.13.3
[INFO] [stderr]    Compiling compression-codecs v0.4.37
[INFO] [stderr]    Compiling async-compression v0.4.40
[INFO] [stderr]    Compiling tower-http v0.6.11
[INFO] [stderr]    Compiling book v0.1.0 (/opt/rustwide/workdir)
[INFO] [stderr]     Finished `release` profile [optimized] target(s) in 5m 15s
[INFO] running `Command { std: "docker" "inspect" "48f023fa86692e074c7040ac7779cc030d4195617c89946d08581f5a1dd7a07c", kill_on_drop: false }`
[INFO] running `Command { std: "docker" "exec" "-e" "SOURCE_DIR=/opt/rustwide/workdir" "-e" "CARGO_HOME=/opt/rustwide/cargo-home" "-e" "RUSTUP_HOME=/opt/rustwide/rustup-home" "-e" "CARGO_TARGET_DIR=/opt/rustwide/target" "-e" "CARGO_INCREMENTAL=0" "-e" "RUST_BACKTRACE=full" "-e" "RUSTFLAGS=--cap-lints=warn" "-e" "RUSTDOCFLAGS=--cap-lints=warn" "-w" "/opt/rustwide/workdir" "--user" "0:0" "48f023fa86692e074c7040ac7779cc030d4195617c89946d08581f5a1dd7a07c" "/opt/rustwide/cargo-home/bin/cargo" "+1.100.0-beta.1" "test" "--frozen" "--no-run" "--message-format=json" "--release", kill_on_drop: false }`
[INFO] [stderr]    Compiling book v0.1.0 (/opt/rustwide/workdir)
[INFO] [stderr]     Finished `release` profile [optimized] target(s) in 10.35s
[INFO] running `Command { std: "docker" "inspect" "48f023fa86692e074c7040ac7779cc030d4195617c89946d08581f5a1dd7a07c", kill_on_drop: false }`
[INFO] running `Command { std: "docker" "exec" "-e" "SOURCE_DIR=/opt/rustwide/workdir" "-e" "CARGO_HOME=/opt/rustwide/cargo-home" "-e" "RUSTUP_HOME=/opt/rustwide/rustup-home" "-e" "CARGO_TARGET_DIR=/opt/rustwide/target" "-e" "CARGO_INCREMENTAL=0" "-e" "RUST_BACKTRACE=full" "-e" "RUSTFLAGS=--cap-lints=warn" "-e" "RUSTDOCFLAGS=--cap-lints=warn" "-w" "/opt/rustwide/workdir" "--user" "0:0" "48f023fa86692e074c7040ac7779cc030d4195617c89946d08581f5a1dd7a07c" "/opt/rustwide/cargo-home/bin/cargo" "+1.100.0-beta.1" "test" "--frozen" "--release", kill_on_drop: false }`
[INFO] [stderr]     Finished `release` profile [optimized] target(s) in 0.25s
[INFO] [stderr]      Running unittests src/lib.rs (/opt/rustwide/target/release/build/book/994f6f863da6c629/out/book-994f6f863da6c629)
[INFO] [stdout] 
[INFO] [stderr]      Running unittests src/main.rs (/opt/rustwide/target/release/build/book/ea8ec91da132f03c/out/book-ea8ec91da132f03c)
[INFO] [stdout] running 0 tests
[INFO] [stdout] 
[INFO] [stdout] test result: ok. 0 passed; 0 failed; 0 ignored; 0 measured; 0 filtered out; finished in 0.00s
[INFO] [stdout] 
[INFO] [stdout] 
[INFO] [stdout] running 2 tests
[INFO] [stdout] test routes::export::tests::export_roundtrip ... FAILED
[INFO] [stdout] test routes::export::tests::export_stats ... FAILED
[INFO] [stdout] 
[INFO] [stdout] failures:
[INFO] [stdout] 
[INFO] [stdout] ---- routes::export::tests::export_roundtrip stdout ----
[INFO] [stdout] 
[INFO] [stdout] thread 'routes::export::tests::export_roundtrip' (2736) panicked at src/routes/export.rs:170:14:
[INFO] [stdout] open data.redb: Storage(Io(Os { code: 2, kind: NotFound, message: "No such file or directory" }))
[INFO] [stdout] stack backtrace:
[INFO] [stdout]    0:     0x5fe606dd77d1 - <<std[617be2ca0a6fd877]::sys::backtrace::BacktraceLock>::print::DisplayBacktrace as core[a373ad73a504971]::fmt::Display>::fmt
[INFO] [stdout]    1:     0x5fe606ded08a - core[a373ad73a504971]::fmt::write
[INFO] [stdout]    2:     0x5fe606ddbaac - <alloc[2e1b2a31b91974c5]::vec::Vec<u8> as core[a373ad73a504971]::io::write::Write>::write_fmt
[INFO] [stdout]    3:     0x5fe606db2da6 - std[617be2ca0a6fd877]::panicking::default_hook::{closure#0}
[INFO] [stdout]    4:     0x5fe606dcf489 - std[617be2ca0a6fd877]::panicking::default_hook
[INFO] [stdout]    5:     0x5fe606d01b00 - test[aada8e7e76ba119b]::test_main_inner::{closure#0}
[INFO] [stdout]    6:     0x5fe606dcf642 - std[617be2ca0a6fd877]::panicking::panic_with_hook
[INFO] [stdout]    7:     0x5fe606db2e52 - std[617be2ca0a6fd877]::panicking::panic_handler::{closure#0}
[INFO] [stdout]    8:     0x5fe606dab9d9 - std[617be2ca0a6fd877]::sys::backtrace::__rust_end_short_backtrace::<std[617be2ca0a6fd877]::panicking::panic_handler::{closure#0}, !>
[INFO] [stdout]    9:     0x5fe606db3a5d - __rustc[ea4f61d10b84890b]::rust_begin_unwind
[INFO] [stdout]   10:     0x5fe606ded7fc - core[a373ad73a504971]::panicking::panic_fmt
[INFO] [stdout]   11:     0x5fe606ded5d2 - core[a373ad73a504971]::result::unwrap_failed
[INFO] [stdout]   12:     0x5fe606cd63ff - book[f706bc3f7a26d4e]::routes::export::tests::open_test_db
[INFO] [stdout]   13:     0x5fe606cd7ff9 - <book[f706bc3f7a26d4e]::routes::export::tests::export_roundtrip::{closure#0} as core[a373ad73a504971]::ops::function::FnOnce<()>>::call_once
[INFO] [stdout]   14:     0x5fe606cf4f4b - test[aada8e7e76ba119b]::__rust_begin_short_backtrace::<core[a373ad73a504971]::result::Result<(), alloc[2e1b2a31b91974c5]::string::String>, fn() -> core[a373ad73a504971]::result::Result<(), alloc[2e1b2a31b91974c5]::string::String>>
[INFO] [stdout]   15:     0x5fe606d02125 - test[aada8e7e76ba119b]::run_test::{closure#0}
[INFO] [stdout]   16:     0x5fe606cfba14 - std[617be2ca0a6fd877]::sys::backtrace::__rust_begin_short_backtrace::<test[aada8e7e76ba119b]::run_test::{closure#1}, ()>
[INFO] [stdout]   17:     0x5fe606d051b2 - <std[617be2ca0a6fd877]::thread::lifecycle::spawn_unchecked<test[aada8e7e76ba119b]::run_test::{closure#1}, ()>::{closure#1} as core[a373ad73a504971]::ops::function::FnOnce<()>>::call_once::{shim:vtable#0}
[INFO] [stdout]   18:     0x5fe606dd6bef - <std[617be2ca0a6fd877]::sys::thread::unix::Thread>::new::thread_start
[INFO] [stdout]   19:     0x7f470e42bdfa - <unknown>
[INFO] [stdout]   20:     0x7f470e4bf3d4 - clone
[INFO] [stdout]   21:                0x0 - <unknown>
[INFO] [stdout] 
[INFO] [stdout] ---- routes::export::tests::export_stats stdout ----
[INFO] [stdout] 
[INFO] [stdout] thread 'routes::export::tests::export_stats' (2737) panicked at src/routes/export.rs:170:14:
[INFO] [stdout] open data.redb: Storage(Io(Os { code: 2, kind: NotFound, message: "No such file or directory" }))
[INFO] [stdout] stack backtrace:
[INFO] [stdout]    0:     0x5fe606dd77d1 - <<std[617be2ca0a6fd877]::sys::backtrace::BacktraceLock>::print::DisplayBacktrace as core[a373ad73a504971]::fmt::Display>::fmt
[INFO] [stdout]    1:     0x5fe606ded08a - core[a373ad73a504971]::fmt::write
[INFO] [stdout]    2:     0x5fe606ddbaac - <alloc[2e1b2a31b91974c5]::vec::Vec<u8> as core[a373ad73a504971]::io::write::Write>::write_fmt
[INFO] [stdout]    3:     0x5fe606db2da6 - std[617be2ca0a6fd877]::panicking::default_hook::{closure#0}
[INFO] [stdout]    4:     0x5fe606dcf489 - std[617be2ca0a6fd877]::panicking::default_hook
[INFO] [stdout]    5:     0x5fe606d01b00 - test[aada8e7e76ba119b]::test_main_inner::{closure#0}
[INFO] [stdout]    6:     0x5fe606dcf642 - std[617be2ca0a6fd877]::panicking::panic_with_hook
[INFO] [stdout]    7:     0x5fe606db2e52 - std[617be2ca0a6fd877]::panicking::panic_handler::{closure#0}
[INFO] [stdout]    8:     0x5fe606dab9d9 - std[617be2ca0a6fd877]::sys::backtrace::__rust_end_short_backtrace::<std[617be2ca0a6fd877]::panicking::panic_handler::{closure#0}, !>
[INFO] [stdout]    9:     0x5fe606db3a5d - __rustc[ea4f61d10b84890b]::rust_begin_unwind
[INFO] [stdout]   10:     0x5fe606ded7fc - core[a373ad73a504971]::panicking::panic_fmt
[INFO] [stdout]   11:     0x5fe606ded5d2 - core[a373ad73a504971]::result::unwrap_failed
[INFO] [stdout]   12:     0x5fe606cd63ff - book[f706bc3f7a26d4e]::routes::export::tests::open_test_db
[INFO] [stdout]   13:     0x5fe606cd6f89 - <book[f706bc3f7a26d4e]::routes::export::tests::export_stats::{closure#0} as core[a373ad73a504971]::ops::function::FnOnce<()>>::call_once
[INFO] [stdout]   14:     0x5fe606cf4f4b - test[aada8e7e76ba119b]::__rust_begin_short_backtrace::<core[a373ad73a504971]::result::Result<(), alloc[2e1b2a31b91974c5]::string::String>, fn() -> core[a373ad73a504971]::result::Result<(), alloc[2e1b2a31b91974c5]::string::String>>
[INFO] [stdout]   15:     0x5fe606d02125 - test[aada8e7e76ba119b]::run_test::{closure#0}
[INFO] [stdout]   16:     0x5fe606cfba14 - std[617be2ca0a6fd877]::sys::backtrace::__rust_begin_short_backtrace::<test[aada8e7e76ba119b]::run_test::{closure#1}, ()>
[INFO] [stdout]   17:     0x5fe606d051b2 - <std[617be2ca0a6fd877]::thread::lifecycle::spawn_unchecked<test[aada8e7e76ba119b]::run_test::{closure#1}, ()>::{closure#1} as core[a373ad73a504971]::ops::function::FnOnce<()>>::call_once::{shim:vtable#0}
[INFO] [stdout]   18:     0x5fe606dd6bef - <std[617be2ca0a6fd877]::sys::thread::unix::Thread>::new::thread_start
[INFO] [stdout]   19:     0x7f470e42bdfa - <unknown>
[INFO] [stdout]   20:     0x7f470e4bf3d4 - clone
[INFO] [stdout]   21:                0x0 - <unknown>
[INFO] [stdout] 
[INFO] [stdout] 
[INFO] [stdout] failures:
[INFO] [stdout]     routes::export::tests::export_roundtrip
[INFO] [stdout]     routes::export::tests::export_stats
[INFO] [stdout] 
[INFO] [stdout] test result: FAILED. 0 passed; 2 failed; 0 ignored; 0 measured; 0 filtered out; finished in 0.00s
[INFO] [stdout] 
[INFO] [stderr] error: test failed, to rerun pass `--bin book`
[INFO] running `Command { std: "docker" "inspect" "48f023fa86692e074c7040ac7779cc030d4195617c89946d08581f5a1dd7a07c", kill_on_drop: false }`
[INFO] running `Command { std: "docker" "rm" "-f" "48f023fa86692e074c7040ac7779cc030d4195617c89946d08581f5a1dd7a07c", kill_on_drop: false }`
[INFO] [stdout] 48f023fa86692e074c7040ac7779cc030d4195617c89946d08581f5a1dd7a07c
