[INFO] cloning repository https://github.com/kasbuunk/context-engine
[INFO] running `Command { std: "git" "-c" "credential.helper=" "-c" "credential.helper=/workspace/cargo-home/bin/git-credential-null" "clone" "--bare" "https://github.com/kasbuunk/context-engine" "/workspace/cache/git-repos/https%3A%2F%2Fgithub.com%2Fkasbuunk%2Fcontext-engine", kill_on_drop: false }`
[INFO] [stderr] Cloning into bare repository '/workspace/cache/git-repos/https%3A%2F%2Fgithub.com%2Fkasbuunk%2Fcontext-engine'...
[INFO] running `Command { std: "git" "rev-parse" "HEAD", kill_on_drop: false }`
[INFO] [stdout] 12b50764e6411d86b5be16eff3572c667fc52804
[INFO] testing kasbuunk/context-engine against 1.100.0-beta.1+cargoflags=--release for beta-release-1.100-2
[INFO] running `Command { std: "git" "clone" "/workspace/cache/git-repos/https%3A%2F%2Fgithub.com%2Fkasbuunk%2Fcontext-engine" "/workspace/builds/worker-1-tc2/source", kill_on_drop: false }`
[INFO] [stderr] Cloning into '/workspace/builds/worker-1-tc2/source'...
[INFO] [stderr] done.
[INFO] started tweaking git repo https://github.com/kasbuunk/context-engine
[INFO] finished tweaking git repo https://github.com/kasbuunk/context-engine
[INFO] tweaked toml for git repo https://github.com/kasbuunk/context-engine written to /workspace/builds/worker-1-tc2/source/Cargo.toml
[INFO] validating manifest of git repo https://github.com/kasbuunk/context-engine on toolchain 1.100.0-beta.1
[INFO] running `Command { std: CARGO_HOME="/workspace/cargo-home" RUSTUP_HOME="/workspace/rustup-home" "/workspace/cargo-home/bin/cargo" "+1.100.0-beta.1" "metadata" "--manifest-path" "Cargo.toml" "--no-deps", kill_on_drop: false }`
[INFO] crate git repo https://github.com/kasbuunk/context-engine already has a lockfile, it will not be regenerated
[INFO] running `Command { std: CARGO_HOME="/workspace/cargo-home" RUSTUP_HOME="/workspace/rustup-home" "/workspace/cargo-home/bin/cargo" "+1.100.0-beta.1" "fetch" "--manifest-path" "Cargo.toml", kill_on_drop: false }`
[INFO] running `Command { std: "docker" "create" "-v" "/var/lib/crater-agent-workspace/builds/worker-1-tc2/source:/opt/rustwide/workdir:ro,Z" "-v" "/var/lib/crater-agent-workspace/builds/worker-1-tc2/target:/opt/rustwide/target:rw,Z" "-v" "/var/lib/crater-agent-workspace/cargo-home:/opt/rustwide/cargo-home:ro,Z" "-v" "/var/lib/crater-agent-workspace/rustup-home:/opt/rustwide/rustup-home:ro,Z" "-m" "1610612736" "--network" "none" "ghcr.io/rust-lang/crates-build-env/linux@sha256:77db811e55d90add9212f6832c23229e3de5f1c1f9905e8cb07319ea15df73ac" "sleep" "infinity", kill_on_drop: false }`
[INFO] [stdout] c1b66e0e1fc22675f00c3a02d60a0344b351bbae640787ea235c2bfcd500c138
[INFO] running `Command { std: "docker" "start" "c1b66e0e1fc22675f00c3a02d60a0344b351bbae640787ea235c2bfcd500c138", kill_on_drop: false }`
[INFO] running `Command { std: "docker" "inspect" "c1b66e0e1fc22675f00c3a02d60a0344b351bbae640787ea235c2bfcd500c138", kill_on_drop: false }`
[INFO] running `Command { std: "docker" "exec" "-e" "SOURCE_DIR=/opt/rustwide/workdir" "-e" "CARGO_HOME=/opt/rustwide/cargo-home" "-e" "RUSTUP_HOME=/opt/rustwide/rustup-home" "-e" "CARGO_TARGET_DIR=/opt/rustwide/target" "-w" "/opt/rustwide/workdir" "--user" "0:0" "c1b66e0e1fc22675f00c3a02d60a0344b351bbae640787ea235c2bfcd500c138" "/opt/rustwide/cargo-home/bin/cargo" "+1.100.0-beta.1" "metadata" "--no-deps" "--format-version=1", kill_on_drop: false }`
[INFO] running `Command { std: "docker" "inspect" "c1b66e0e1fc22675f00c3a02d60a0344b351bbae640787ea235c2bfcd500c138", kill_on_drop: false }`
[INFO] running `Command { std: "docker" "exec" "-e" "SOURCE_DIR=/opt/rustwide/workdir" "-e" "CARGO_HOME=/opt/rustwide/cargo-home" "-e" "RUSTUP_HOME=/opt/rustwide/rustup-home" "-e" "CARGO_TARGET_DIR=/opt/rustwide/target" "-e" "CARGO_INCREMENTAL=0" "-e" "RUST_BACKTRACE=full" "-e" "RUSTFLAGS=--cap-lints=warn" "-e" "RUSTDOCFLAGS=--cap-lints=warn" "-w" "/opt/rustwide/workdir" "--user" "0:0" "c1b66e0e1fc22675f00c3a02d60a0344b351bbae640787ea235c2bfcd500c138" "/opt/rustwide/cargo-home/bin/cargo" "+1.100.0-beta.1" "build" "--frozen" "--message-format=json" "--release", kill_on_drop: false }`
[INFO] [stderr]    Compiling proc-macro2 v1.0.107
[INFO] [stderr]    Compiling unicode-ident v1.0.26
[INFO] [stderr]    Compiling typenum v1.20.1
[INFO] [stderr]    Compiling quote v1.0.47
[INFO] [stderr]    Compiling pkg-config v0.3.34
[INFO] [stderr]    Compiling serde_core v1.0.229
[INFO] [stderr]    Compiling zmij v1.0.23
[INFO] [stderr]    Compiling foldhash v0.2.0
[INFO] [stderr]    Compiling serde_json v1.0.151
[INFO] [stderr]    Compiling hashbrown v0.17.1
[INFO] [stderr]    Compiling clap_lex v1.1.1
[INFO] [stderr]    Compiling clap_builder v4.6.7
[INFO] [stderr]    Compiling cpufeatures v0.3.1
[INFO] [stderr]    Compiling fallible-iterator v0.3.0
[INFO] [stderr]    Compiling cfg-if v1.0.5
[INFO] [stderr]    Compiling smallvec v1.16.2
[INFO] [stderr]    Compiling libsqlite3-sys v0.38.2
[INFO] [stderr]    Compiling bitflags v2.13.2
[INFO] [stderr]    Compiling memchr v2.8.3
[INFO] [stderr]    Compiling fallible-streaming-iterator v0.1.9
[INFO] [stderr]    Compiling syn v3.0.6
[INFO] [stderr]    Compiling hashlink v0.12.2
[INFO] [stderr]    Compiling hybrid-array v0.4.15
[INFO] [stderr]    Compiling rusqlite v0.40.2
[INFO] [stderr]    Compiling block-buffer v0.12.1
[INFO] [stderr]    Compiling crypto-common v0.2.2
[INFO] [stderr]    Compiling digest v0.11.3
[INFO] [stderr]    Compiling sha2 v0.11.0
[INFO] [stderr]    Compiling clap_derive v4.6.7
[INFO] [stderr]    Compiling clap v4.6.7
[INFO] [stderr]    Compiling context-engine v0.1.0 (/opt/rustwide/workdir)
[INFO] [stderr]     Finished `release` profile [optimized] target(s) in 45.57s
[INFO] running `Command { std: "docker" "inspect" "c1b66e0e1fc22675f00c3a02d60a0344b351bbae640787ea235c2bfcd500c138", kill_on_drop: false }`
[INFO] running `Command { std: "docker" "exec" "-e" "SOURCE_DIR=/opt/rustwide/workdir" "-e" "CARGO_HOME=/opt/rustwide/cargo-home" "-e" "RUSTUP_HOME=/opt/rustwide/rustup-home" "-e" "CARGO_TARGET_DIR=/opt/rustwide/target" "-e" "CARGO_INCREMENTAL=0" "-e" "RUST_BACKTRACE=full" "-e" "RUSTFLAGS=--cap-lints=warn" "-e" "RUSTDOCFLAGS=--cap-lints=warn" "-w" "/opt/rustwide/workdir" "--user" "0:0" "c1b66e0e1fc22675f00c3a02d60a0344b351bbae640787ea235c2bfcd500c138" "/opt/rustwide/cargo-home/bin/cargo" "+1.100.0-beta.1" "test" "--frozen" "--no-run" "--message-format=json" "--release", kill_on_drop: false }`
[INFO] [stderr]    Compiling bitflags v2.13.2
[INFO] [stderr]    Compiling libc v0.2.189
[INFO] [stderr]    Compiling rustix v1.1.5
[INFO] [stderr]    Compiling getrandom v0.4.3
[INFO] [stderr]    Compiling fastrand v2.5.0
[INFO] [stderr]    Compiling once_cell v1.21.4
[INFO] [stderr]    Compiling rusqlite v0.40.2
[INFO] [stderr]    Compiling context-engine v0.1.0 (/opt/rustwide/workdir)
[INFO] [stderr]    Compiling tempfile v3.27.0
[INFO] [stderr]     Finished `release` profile [optimized] target(s) in 20.24s
[INFO] running `Command { std: "docker" "inspect" "c1b66e0e1fc22675f00c3a02d60a0344b351bbae640787ea235c2bfcd500c138", kill_on_drop: false }`
[INFO] running `Command { std: "docker" "exec" "-e" "SOURCE_DIR=/opt/rustwide/workdir" "-e" "CARGO_HOME=/opt/rustwide/cargo-home" "-e" "RUSTUP_HOME=/opt/rustwide/rustup-home" "-e" "CARGO_TARGET_DIR=/opt/rustwide/target" "-e" "CARGO_INCREMENTAL=0" "-e" "RUST_BACKTRACE=full" "-e" "RUSTFLAGS=--cap-lints=warn" "-e" "RUSTDOCFLAGS=--cap-lints=warn" "-w" "/opt/rustwide/workdir" "--user" "0:0" "c1b66e0e1fc22675f00c3a02d60a0344b351bbae640787ea235c2bfcd500c138" "/opt/rustwide/cargo-home/bin/cargo" "+1.100.0-beta.1" "test" "--frozen" "--release", kill_on_drop: false }`
[INFO] [stderr]     Finished `release` profile [optimized] target(s) in 0.13s
[INFO] [stderr]      Running unittests src/main.rs (/opt/rustwide/target/release/build/context-engine/88700dfd9874f558/out/ce-88700dfd9874f558)
[INFO] [stdout] 
[INFO] [stdout] running 2 tests
[INFO] [stderr]      Running tests/invariants.rs (/opt/rustwide/target/release/build/context-engine/68827384eac41cbf/out/invariants-68827384eac41cbf)
[INFO] [stdout] test tests::canonical_json_sorts_keys_compactly ... ok
[INFO] [stdout] test tests::utc_formatting_matches_python_strftime ... ok
[INFO] [stdout] 
[INFO] [stdout] test result: ok. 2 passed; 0 failed; 0 ignored; 0 measured; 0 filtered out; finished in 0.00s
[INFO] [stdout] 
[INFO] [stdout] 
[INFO] [stdout] running 17 tests
[INFO] [stdout] test reingest_identical_content_is_noop ... ok
[INFO] [stdout] test failed_retrieval_is_stored_and_distinct_from_retry ... ok
[INFO] [stdout] test empty_stdin_is_stored_as_empty_not_collapsed ... ok
[INFO] [stdout] test search_returns_current_only ... ok
[INFO] [stdout] test every_text_hash_is_recomputable ... ok
[INFO] [stdout] test down_is_contamination_trace ... ok
[INFO] [stdout] test context_supersession_is_not_stale ... ok
[INFO] [stdout] test spec_requires_type_and_repeatability ... FAILED
[INFO] [stdout] test synthesis_is_atomic_with_its_edges ... ok
[INFO] [stdout] test synthesis_without_subject_is_rejected ... ok
[INFO] [stdout] test supersede_cycle_rejected ... ok
[INFO] [stdout] test show_prints_full_footnote_chain ... ok
[INFO] [stdout] test text_file_has_no_blob ... ok
[INFO] [stdout] test binary_lands_at_fanout_path_and_matches_shasum ... ok
[INFO] [stdout] test stale_flags_synthesis_after_subject_superseded ... ok
[INFO] [stdout] test update_and_delete_fail ... ok
[INFO] [stdout] test up_reaches_primary_source ... ok
[INFO] [stdout] 
[INFO] [stdout] failures:
[INFO] [stdout] 
[INFO] [stdout] ---- spec_requires_type_and_repeatability stdout ----
[INFO] [stdout] 
[INFO] [stdout] thread 'spec_requires_type_and_repeatability' (956) panicked at tests/invariants.rs:64:14:
[INFO] [stdout] called `Result::unwrap()` on an `Err` value: Os { code: 32, kind: BrokenPipe, message: "Broken pipe" }
[INFO] [stdout] stack backtrace:
[INFO] [stdout]    0:     0x5c5696972ee1 - <<std[617be2ca0a6fd877]::sys::backtrace::BacktraceLock>::print::DisplayBacktrace as core[a373ad73a504971]::fmt::Display>::fmt
[INFO] [stdout]    1:     0x5c569698811a - core[a373ad73a504971]::fmt::write
[INFO] [stdout]    2:     0x5c569697743c - <alloc[2e1b2a31b91974c5]::vec::Vec<u8> as core[a373ad73a504971]::io::write::Write>::write_fmt
[INFO] [stdout]    3:     0x5c569694cd86 - std[617be2ca0a6fd877]::panicking::default_hook::{closure#0}
[INFO] [stdout]    4:     0x5c569696a759 - std[617be2ca0a6fd877]::panicking::default_hook
[INFO] [stdout]    5:     0x5c56968f98f0 - test[aada8e7e76ba119b]::test_main_inner::{closure#0}
[INFO] [stdout]    6:     0x5c569696a912 - std[617be2ca0a6fd877]::panicking::panic_with_hook
[INFO] [stdout]    7:     0x5c569694ce32 - std[617be2ca0a6fd877]::panicking::panic_handler::{closure#0}
[INFO] [stdout]    8:     0x5c56969457f9 - std[617be2ca0a6fd877]::sys::backtrace::__rust_end_short_backtrace::<std[617be2ca0a6fd877]::panicking::panic_handler::{closure#0}, !>
[INFO] [stdout]    9:     0x5c569694da3d - __rustc[ea4f61d10b84890b]::rust_begin_unwind
[INFO] [stdout]   10:     0x5c569698887c - core[a373ad73a504971]::panicking::panic_fmt
[INFO] [stdout]   11:     0x5c5696988652 - core[a373ad73a504971]::result::unwrap_failed
[INFO] [stdout]   12:     0x5c56968c8f96 - <invariants[ed4161b239858424]::Env>::run::<&str>
[INFO] [stdout]   13:     0x5c56968c9071 - <invariants[ed4161b239858424]::Env>::fails::<&str>
[INFO] [stdout]   14:     0x5c56968d2b3f - <invariants[ed4161b239858424]::spec_requires_type_and_repeatability::{closure#0} as core[a373ad73a504971]::ops::function::FnOnce<()>>::call_once
[INFO] [stdout]   15:     0x5c56968ecd3b - test[aada8e7e76ba119b]::__rust_begin_short_backtrace::<core[a373ad73a504971]::result::Result<(), alloc[2e1b2a31b91974c5]::string::String>, fn() -> core[a373ad73a504971]::result::Result<(), alloc[2e1b2a31b91974c5]::string::String>>
[INFO] [stdout]   16:     0x5c56968f9f15 - test[aada8e7e76ba119b]::run_test::{closure#0}
[INFO] [stdout]   17:     0x5c56968f3804 - std[617be2ca0a6fd877]::sys::backtrace::__rust_begin_short_backtrace::<test[aada8e7e76ba119b]::run_test::{closure#1}, ()>
[INFO] [stdout]   18:     0x5c56968fcfa2 - <std[617be2ca0a6fd877]::thread::lifecycle::spawn_unchecked<test[aada8e7e76ba119b]::run_test::{closure#1}, ()>::{closure#1} as core[a373ad73a504971]::ops::function::FnOnce<()>>::call_once::{shim:vtable#0}
[INFO] [stdout]   19:     0x5c569697224f - <std[617be2ca0a6fd877]::sys::thread::unix::Thread>::new::thread_start
[INFO] [stdout]   20:     0x752198cd4dfa - <unknown>
[INFO] [stdout]   21:     0x752198d683d4 - clone
[INFO] [stdout]   22:                0x0 - <unknown>
[INFO] [stdout] 
[INFO] [stdout] 
[INFO] [stdout] failures:
[INFO] [stdout]     spec_requires_type_and_repeatability
[INFO] [stdout] 
[INFO] [stdout] test result: FAILED. 16 passed; 1 failed; 0 ignored; 0 measured; 0 filtered out; finished in 0.57s
[INFO] [stdout] 
[INFO] [stderr] error: test failed, to rerun pass `--test invariants`
[INFO] running `Command { std: "docker" "inspect" "c1b66e0e1fc22675f00c3a02d60a0344b351bbae640787ea235c2bfcd500c138", kill_on_drop: false }`
[INFO] running `Command { std: "docker" "rm" "-f" "c1b66e0e1fc22675f00c3a02d60a0344b351bbae640787ea235c2bfcd500c138", kill_on_drop: false }`
[INFO] [stdout] c1b66e0e1fc22675f00c3a02d60a0344b351bbae640787ea235c2bfcd500c138
