[INFO] cloning repository https://github.com/jslay88/puckctl
[INFO] running `Command { std: "git" "-c" "credential.helper=" "-c" "credential.helper=/workspace/cargo-home/bin/git-credential-null" "clone" "--bare" "https://github.com/jslay88/puckctl" "/workspace/cache/git-repos/https%3A%2F%2Fgithub.com%2Fjslay88%2Fpuckctl", kill_on_drop: false }`
[INFO] [stderr] Cloning into bare repository '/workspace/cache/git-repos/https%3A%2F%2Fgithub.com%2Fjslay88%2Fpuckctl'...
[INFO] running `Command { std: "git" "rev-parse" "HEAD", kill_on_drop: false }`
[INFO] [stdout] 76401e829b3da7830e3fd13a8f86f777e7c3fae9
[INFO] testing jslay88/puckctl against 1.100.0-beta.1+cargoflags=--release for beta-release-1.100-2
[INFO] running `Command { std: "git" "clone" "/workspace/cache/git-repos/https%3A%2F%2Fgithub.com%2Fjslay88%2Fpuckctl" "/workspace/builds/worker-6-tc2/source", kill_on_drop: false }`
[INFO] [stderr] Cloning into '/workspace/builds/worker-6-tc2/source'...
[INFO] [stderr] done.
[INFO] removed /workspace/builds/worker-6-tc2/source/rust-toolchain.toml
[INFO] started tweaking git repo https://github.com/jslay88/puckctl
[INFO] finished tweaking git repo https://github.com/jslay88/puckctl
[INFO] tweaked toml for git repo https://github.com/jslay88/puckctl written to /workspace/builds/worker-6-tc2/source/Cargo.toml
[INFO] validating manifest of git repo https://github.com/jslay88/puckctl on toolchain 1.100.0-beta.1
[INFO] running `Command { std: CARGO_HOME="/workspace/cargo-home" RUSTUP_HOME="/workspace/rustup-home" "/workspace/cargo-home/bin/cargo" "+1.100.0-beta.1" "metadata" "--manifest-path" "Cargo.toml" "--no-deps", kill_on_drop: false }`
[INFO] crate git repo https://github.com/jslay88/puckctl already has a lockfile, it will not be regenerated
[INFO] running `Command { std: CARGO_HOME="/workspace/cargo-home" RUSTUP_HOME="/workspace/rustup-home" "/workspace/cargo-home/bin/cargo" "+1.100.0-beta.1" "fetch" "--manifest-path" "Cargo.toml", kill_on_drop: false }`
[INFO] [stderr]     Blocking waiting for file lock on package cache
[INFO] [stderr]     Blocking waiting for file lock on package cache
[INFO] running `Command { std: "docker" "create" "-v" "/var/lib/crater-agent-workspace/builds/worker-6-tc2/source:/opt/rustwide/workdir:ro,Z" "-v" "/var/lib/crater-agent-workspace/builds/worker-6-tc2/target:/opt/rustwide/target:rw,Z" "-v" "/var/lib/crater-agent-workspace/cargo-home:/opt/rustwide/cargo-home:ro,Z" "-v" "/var/lib/crater-agent-workspace/rustup-home:/opt/rustwide/rustup-home:ro,Z" "-m" "1610612736" "--network" "none" "ghcr.io/rust-lang/crates-build-env/linux@sha256:77db811e55d90add9212f6832c23229e3de5f1c1f9905e8cb07319ea15df73ac" "sleep" "infinity", kill_on_drop: false }`
[INFO] [stdout] 0b59d9bf7fb545b8f3533acba4da429f817f2ccf2ce83622fc8d0e6d00e88224
[INFO] running `Command { std: "docker" "start" "0b59d9bf7fb545b8f3533acba4da429f817f2ccf2ce83622fc8d0e6d00e88224", kill_on_drop: false }`
[INFO] running `Command { std: "docker" "inspect" "0b59d9bf7fb545b8f3533acba4da429f817f2ccf2ce83622fc8d0e6d00e88224", kill_on_drop: false }`
[INFO] running `Command { std: "docker" "exec" "-e" "SOURCE_DIR=/opt/rustwide/workdir" "-e" "CARGO_HOME=/opt/rustwide/cargo-home" "-e" "RUSTUP_HOME=/opt/rustwide/rustup-home" "-e" "CARGO_TARGET_DIR=/opt/rustwide/target" "-w" "/opt/rustwide/workdir" "--user" "0:0" "0b59d9bf7fb545b8f3533acba4da429f817f2ccf2ce83622fc8d0e6d00e88224" "/opt/rustwide/cargo-home/bin/cargo" "+1.100.0-beta.1" "metadata" "--no-deps" "--format-version=1", kill_on_drop: false }`
[INFO] running `Command { std: "docker" "inspect" "0b59d9bf7fb545b8f3533acba4da429f817f2ccf2ce83622fc8d0e6d00e88224", kill_on_drop: false }`
[INFO] running `Command { std: "docker" "exec" "-e" "SOURCE_DIR=/opt/rustwide/workdir" "-e" "CARGO_HOME=/opt/rustwide/cargo-home" "-e" "RUSTUP_HOME=/opt/rustwide/rustup-home" "-e" "CARGO_TARGET_DIR=/opt/rustwide/target" "-e" "CARGO_INCREMENTAL=0" "-e" "RUST_BACKTRACE=full" "-e" "RUSTFLAGS=--cap-lints=warn" "-e" "RUSTDOCFLAGS=--cap-lints=warn" "-w" "/opt/rustwide/workdir" "--user" "0:0" "0b59d9bf7fb545b8f3533acba4da429f817f2ccf2ce83622fc8d0e6d00e88224" "/opt/rustwide/cargo-home/bin/cargo" "+1.100.0-beta.1" "build" "--frozen" "--message-format=json" "--release", kill_on_drop: false }`
[INFO] [stderr]    Compiling target-lexicon v0.13.5
[INFO] [stderr]    Compiling smallvec v1.15.2
[INFO] [stderr]    Compiling serde_spanned v1.1.1
[INFO] [stderr]    Compiling pkg-config v0.3.34
[INFO] [stderr]    Compiling futures-core v0.3.34
[INFO] [stderr]    Compiling slab v0.4.12
[INFO] [stderr]    Compiling futures-task v0.3.34
[INFO] [stderr]    Compiling serde_core v1.0.229
[INFO] [stderr]    Compiling indexmap v2.14.1
[INFO] [stderr]    Compiling futures-io v0.3.34
[INFO] [stderr]    Compiling syn v3.0.4
[INFO] [stderr]    Compiling syn v2.0.119
[INFO] [stderr]    Compiling semver v1.0.28
[INFO] [stderr]    Compiling crc32fast v1.5.1
[INFO] [stderr]    Compiling num-traits v0.2.19
[INFO] [stderr]    Compiling toml v1.1.4+spec-1.1.0
[INFO] [stderr]    Compiling futures-channel v0.3.34
[INFO] [stderr]    Compiling memoffset v0.9.1
[INFO] [stderr]    Compiling rustix v1.1.4
[INFO] [stderr]    Compiling miniz_oxide v0.9.1
[INFO] [stderr]    Compiling rustc_version v0.4.1
[INFO] [stderr]    Compiling socket2 v0.6.5
[INFO] [stderr]    Compiling mio v1.2.2
[INFO] [stderr]    Compiling fastrand v2.5.0
[INFO] [stderr]    Compiling bytes v1.12.1
[INFO] [stderr]    Compiling linux-raw-sys v0.12.1
[INFO] [stderr]    Compiling field-offset v0.3.6
[INFO] [stderr]    Compiling futures-lite v2.6.1
[INFO] [stderr]    Compiling cfg-expr v0.20.9
[INFO] [stderr]    Compiling async-broadcast v0.7.2
[INFO] [stderr]    Compiling ordered-stream v0.2.0
[INFO] [stderr]    Compiling fdeflate v0.3.7
[INFO] [stderr]    Compiling flate2 v1.1.10
[INFO] [stderr]    Compiling toml_edit v0.25.13+spec-1.1.0
[INFO] [stderr]    Compiling pxfm v0.1.30
[INFO] [stderr]    Compiling system-deps v7.0.8
[INFO] [stderr]    Compiling byteorder-lite v0.1.0
[INFO] [stderr]    Compiling png v0.18.1
[INFO] [stderr]    Compiling bytemuck v1.25.2
[INFO] [stderr]    Compiling puckctl-protocol v0.1.2 (/opt/rustwide/workdir/crates/puckctl-protocol)
[INFO] [stderr]    Compiling pastey v0.2.3
[INFO] [stderr]    Compiling proc-macro-crate v3.5.0
[INFO] [stderr]    Compiling puckctl v0.1.2 (/opt/rustwide/workdir/crates/puckctl)
[INFO] [stderr]    Compiling glib-sys v0.22.8
[INFO] [stderr]    Compiling gobject-sys v0.22.6
[INFO] [stderr]    Compiling gio-sys v0.22.8
[INFO] [stderr]    Compiling cairo-sys-rs v0.22.0
[INFO] [stderr]    Compiling gdk-pixbuf-sys v0.22.0
[INFO] [stderr]    Compiling pango-sys v0.22.0
[INFO] [stderr]    Compiling gdk4-sys v0.11.4
[INFO] [stderr]    Compiling graphene-sys v0.22.8
[INFO] [stderr]    Compiling gsk4-sys v0.11.4
[INFO] [stderr]    Compiling gtk4-sys v0.11.4
[INFO] [stderr]    Compiling uuid v1.26.0
[INFO] [stderr]    Compiling glib-macros v0.22.6
[INFO] [stderr]    Compiling enumflags2_derive v0.7.12
[INFO] [stderr]    Compiling tracing-attributes v0.1.31
[INFO] [stderr]    Compiling async-recursion v1.1.1
[INFO] [stderr]    Compiling gtk4-macros v0.11.4
[INFO] [stderr]    Compiling moxcms v0.8.1
[INFO] [stderr]    Compiling tracing v0.1.44
[INFO] [stderr]    Compiling serde_derive v1.0.229
[INFO] [stderr]    Compiling futures-macro v0.3.34
[INFO] [stderr]    Compiling tokio-macros v2.7.2
[INFO] [stderr]    Compiling async-trait v0.1.92
[INFO] [stderr]    Compiling serde_repr v0.1.21
[INFO] [stderr]    Compiling tokio v1.53.1
[INFO] [stderr]    Compiling futures-util v0.3.34
[INFO] [stderr]    Compiling serde v1.0.229
[INFO] [stderr]    Compiling zvariant_utils v4.2.0
[INFO] [stderr]    Compiling enumflags2 v0.7.12
[INFO] [stderr]    Compiling zcheapstr v1.1.0
[INFO] [stderr]    Compiling image v0.25.10
[INFO] [stderr]    Compiling futures-executor v0.3.34
[INFO] [stderr]    Compiling glib v0.22.8
[INFO] [stderr]    Compiling zvariant_derive v5.15.0
[INFO] [stderr]    Compiling zvariant v5.15.0
[INFO] [stderr]    Compiling zbus_names v4.3.4
[INFO] [stderr]    Compiling zbus_macros v5.19.0
[INFO] [stderr]    Compiling zbus v5.19.0
[INFO] [stderr]    Compiling gio v0.22.8
[INFO] [stderr]    Compiling cairo-rs v0.22.0
[INFO] [stderr]    Compiling graphene-rs v0.22.8
[INFO] [stderr]    Compiling ksni v0.3.6
[INFO] [stderr]    Compiling pango v0.22.8
[INFO] [stderr]    Compiling gdk-pixbuf v0.22.0
[INFO] [stderr]    Compiling gdk4 v0.11.4
[INFO] [stderr]    Compiling gsk4 v0.11.4
[INFO] [stderr]    Compiling gtk4 v0.11.4
[INFO] [stderr]    Compiling puckctl-tray v0.1.2 (/opt/rustwide/workdir/crates/puckctl-tray)
[INFO] [stderr]     Finished `release` profile [optimized] target(s) in 2m 06s
[INFO] running `Command { std: "docker" "inspect" "0b59d9bf7fb545b8f3533acba4da429f817f2ccf2ce83622fc8d0e6d00e88224", kill_on_drop: false }`
[INFO] running `Command { std: "docker" "exec" "-e" "SOURCE_DIR=/opt/rustwide/workdir" "-e" "CARGO_HOME=/opt/rustwide/cargo-home" "-e" "RUSTUP_HOME=/opt/rustwide/rustup-home" "-e" "CARGO_TARGET_DIR=/opt/rustwide/target" "-e" "CARGO_INCREMENTAL=0" "-e" "RUST_BACKTRACE=full" "-e" "RUSTFLAGS=--cap-lints=warn" "-e" "RUSTDOCFLAGS=--cap-lints=warn" "-w" "/opt/rustwide/workdir" "--user" "0:0" "0b59d9bf7fb545b8f3533acba4da429f817f2ccf2ce83622fc8d0e6d00e88224" "/opt/rustwide/cargo-home/bin/cargo" "+1.100.0-beta.1" "test" "--frozen" "--no-run" "--message-format=json" "--release", kill_on_drop: false }`
[INFO] [stderr]    Compiling puckctl v0.1.2 (/opt/rustwide/workdir/crates/puckctl)
[INFO] [stderr]    Compiling puckctl-protocol v0.1.2 (/opt/rustwide/workdir/crates/puckctl-protocol)
[INFO] [stderr]    Compiling puckctl-tray v0.1.2 (/opt/rustwide/workdir/crates/puckctl-tray)
[INFO] [stderr]     Finished `release` profile [optimized] target(s) in 1.96s
[INFO] running `Command { std: "docker" "inspect" "0b59d9bf7fb545b8f3533acba4da429f817f2ccf2ce83622fc8d0e6d00e88224", kill_on_drop: false }`
[INFO] running `Command { std: "docker" "exec" "-e" "SOURCE_DIR=/opt/rustwide/workdir" "-e" "CARGO_HOME=/opt/rustwide/cargo-home" "-e" "RUSTUP_HOME=/opt/rustwide/rustup-home" "-e" "CARGO_TARGET_DIR=/opt/rustwide/target" "-e" "CARGO_INCREMENTAL=0" "-e" "RUST_BACKTRACE=full" "-e" "RUSTFLAGS=--cap-lints=warn" "-e" "RUSTDOCFLAGS=--cap-lints=warn" "-w" "/opt/rustwide/workdir" "--user" "0:0" "0b59d9bf7fb545b8f3533acba4da429f817f2ccf2ce83622fc8d0e6d00e88224" "/opt/rustwide/cargo-home/bin/cargo" "+1.100.0-beta.1" "test" "--frozen" "--release", kill_on_drop: false }`
[INFO] [stderr]     Finished `release` profile [optimized] target(s) in 0.08s
[INFO] [stderr]      Running unittests src/main.rs (/opt/rustwide/target/release/build/puckctl/fc00dfd9db8d1021/out/puckctl-fc00dfd9db8d1021)
[INFO] [stdout] 
[INFO] [stdout] running 54 tests
[INFO] [stdout] usage: puckctl [command] [--dump] [--no-steam-check]
[INFO] [stderr] usage: puckctl [command] [--dump] [--no-steam-check]
[INFO] [stdout] 
[INFO] [stderr] 
[INFO] [stdout] Gamepad / desktop mode tool for the Steam Controller Puck.
[INFO] [stderr] Gamepad / desktop mode tool for the Steam Controller Puck.
[INFO] [stdout] With no command it runs the daemon (gamepad mode). Steam running
[INFO] [stderr] With no command it runs the daemon (gamepad mode). Steam running
[INFO] [stdout] takes the device unless override is on.
[INFO] [stderr] takes the device unless override is on.
[INFO] [stdout] 
[INFO] [stderr] 
[INFO] [stdout] commands:
[INFO] [stderr] commands:
[INFO] [stdout]   gamepad            disable lizard mode, expose a virtual pad
[INFO] [stderr]   gamepad            disable lizard mode, expose a virtual pad
[INFO] [stdout]   lizard             restore firmware keyboard/mouse
[INFO] [stderr]   lizard             restore firmware keyboard/mouse
[INFO] [stdout]   toggle             flip between gamepad and lizard
[INFO] [stderr]   toggle             flip between gamepad and lizard
[INFO] [stdout]   override on|off|toggle
[INFO] [stderr]   override on|off|toggle
[INFO] [stdout]                      keep control even while Steam is running
[INFO] [stderr]                      keep control even while Steam is running
[INFO] [stdout]   combo [clear|HEX]  show, clear, or set the gamepad-to-desktop combo
[INFO] [stderr]   combo [clear|HEX]  show, clear, or set the gamepad-to-desktop combo
[INFO] [stdout]   buttons            print the current button mask
[INFO] [stderr]   buttons            print the current button mask
[INFO] [stdout]   status             print effective / requested mode
[INFO] [stderr]   status             print effective / requested mode
[INFO] [stdout]   quit               stop a running daemon
[INFO] [stderr]   quit               stop a running daemon
[INFO] [stdout] 
[INFO] [stderr] 
[INFO] [stdout] options:
[INFO] [stderr] options:
[INFO] [stdout]   --dump             protocol debug: hexdump and parse every report;
[INFO] [stderr]   --dump             protocol debug: hexdump and parse every report;
[INFO] [stdout]                      no virtual pad is created
[INFO] [stderr]                      no virtual pad is created
[INFO] [stdout]   --no-steam-check   keep running even when a Steam client is up
[INFO] [stderr]   --no-steam-check   keep running even when a Steam client is up
[INFO] [stdout]   -h, --help         this text
[INFO] [stderr]   -h, --help         this text
[INFO] [stdout]   -V, --version      print version and exit
[INFO] [stderr]   -V, --version      print version and exit
[INFO] [stdout] 
[INFO] [stderr] 
[INFO] [stdout] Logs to stdout; normally run via the systemd user unit.
[INFO] [stderr] Logs to stdout; normally run via the systemd user unit.
[INFO] [stdout] test cli::tests::parses_daemon_and_flags ... ok
[INFO] [stdout] test cli::tests::parses_client_commands ... ok
[INFO] [stdout] test cli::tests::usage_mentions_combo ... ok
[INFO] [stdout] test combo::tests::parses_hex_masks ... ok
[INFO] [stdout] test combo::tests::trigger_is_rising_edge ... ok
[INFO] [stdout] test control::tests::parses_combo_commands ... ok
[INFO] [stdout] test control::tests::status_includes_connected ... ok
[INFO] [stdout] test grab::tests::lizard_node_filter ... ok
[INFO] [stdout] test grab::tests::ungrab_and_drain ... ok
[INFO] [stdout] test cli::tests::run_action_help_version_usage ... ok
[INFO] [stdout] test hid::tests::transport_and_io ... ok
[INFO] [stdout] test hw::tests::disabled_in_unit_tests ... ok
[INFO] [stdout] test log::tests::prints_a_line ... ok
[INFO] [stdout] test mode::tests::parse_and_toggle ... ok
[INFO] [stdout] test linux::tests::uapi_struct_sizes ... ok
[INFO] [stdout] test pad::tests::emit_writes_evdev_events ... ok
[INFO] [stdout] test pad::tests::uidev_looks_like_steam_controller ... ok
[INFO] [stdout] test pad::tests::usbfs_connect_skips_uinput_in_tests ... ok
[INFO] [stdout] test paths::tests::socket_lives_under_runtime ... ok
[INFO] [stdout] test pad::tests::ingest_connect_state_and_dump ... ok
[INFO] [stdout] test scan::tests::close_all_clears_slots ... ok
[INFO] [stdout] test scan::tests::uevent_parses_id_and_iface ... ok
[INFO] [stdout] test scan::tests::uevent_requires_hid_id ... ok
[INFO] [stdout] test slot::tests::lizard_due_and_feature_errors ... ok
[INFO] [stdout] test scan::tests::scan_hidraw_does_not_panic ... ok
[INFO] [stdout] test steam_cfg::tests::already_empty_is_noop ... ok
[INFO] [stdout] test steam_cfg::tests::controller_blacklist_merge_and_remove ... ok
[INFO] [stdout] test steam_cfg::tests::inserts_769_after_root_brace ... ok
[INFO] [stdout] test steam_cfg::tests::replaces_existing_769 ... ok
[INFO] [stdout] test steam_cfg::tests::target_names ... ok
[INFO] [stdout] test combo::tests::load_and_save_round_trip ... ok
[INFO] [stdout] test steam_cfg::tests::unmatched_brace_and_missing_root ... ok
[INFO] [stdout] test sys::tests::ioctls_fail_on_dev_null ... ok
[INFO] [stdout] test uhid::tests::descriptor_and_create2_are_wired_triton ... ok
[INFO] [stdout] test uhid::tests::input_and_replies_encode ... ok
[INFO] [stdout] test urb::tests::urb_lifecycle_and_copy ... ok
[INFO] [stdout] test control::tests::ensure_and_spawn_helpers ... ok
[INFO] [stdout] test control::tests::send_cmd_and_cli_against_fake_daemon ... ok
[INFO] [stdout] test control::tests::socket_round_trip_and_offline_cli ... ok
[INFO] [stdout] test daemon::tests::commands_and_combo ... ok
[INFO] [stdout] test daemon::tests::mode_override_and_steam_tick ... ok
[INFO] [stdout] test grab::tests::grab_from_fake_sysfs ... ok
[INFO] [stdout] test mode::tests::load_prefers_current_then_legacy ... ok
[INFO] [stdout] test paths::tests::isolated_paths_and_io ... ok
[INFO] [stdout] test poll::tests::hid_combo_stops_read ... ok
[INFO] [stdout] test paths::tests::state_directory_takes_first_colon_entry ... ok
[INFO] [stdout] test poll::tests::run_loop_quit_and_input ... ok
[INFO] [stdout] test poll::tests::signal_flag_and_direct_reads ... ok
[INFO] [stdout] test steam::tests::override_file_and_set ... ok
[INFO] [stdout] test steam_cfg::tests::hide_and_restore_steam_config ... ok
[INFO] [stdout] test usb::tests::finds_puck_in_fake_sysfs_bus ... ok
[INFO] [stdout] test usb::tests::device_methods_and_release ... ok
[INFO] [stdout] test usb::tests::scan_usbfs_mocks_the_dongle ... ok
[INFO] [stdout] test usb::tests::sysfs_helpers_and_eps ... ok
[INFO] [stdout] 
[INFO] [stdout] test result: ok. 54 passed; 0 failed; 0 ignored; 0 measured; 0 filtered out; finished in 0.04s
[INFO] [stdout] 
[INFO] [stderr]      Running unittests src/lib.rs (/opt/rustwide/target/release/build/puckctl-protocol/4b325e09a4f8454d/out/puckctl_protocol-4b325e09a4f8454d)
[INFO] [stdout] 
[INFO] [stdout] running 15 tests
[INFO] [stdout] test buttons::tests::names_and_sanitize ... ok
[INFO] [stdout] test buttons::tests::rising_edge_only ... ok
[INFO] [stdout] test lizard::tests::lizard_off_matches_known_bytes ... ok
[INFO] [stdout] test lizard::tests::lizard_on_then_defaults ... ok
[INFO] [stdout] test parse::tests::a_button_and_triggers ... ok
[INFO] [stdout] test parse::tests::button_map_covers_face_and_paddles ... ok
[INFO] [stdout] test parse::tests::classify_wireless_and_battery ... ok
[INFO] [stdout] test parse::tests::dpad_hat ... ok
[INFO] [stdout] test parse::tests::dpad_left_and_down ... ok
[INFO] [stdout] test parse::tests::imu_uses_sdl_axis_swap ... ok
[INFO] [stdout] test parse::tests::negative_trigger_clamps ... ok
[INFO] [stdout] test parse::tests::short_report_is_none ... ok
[INFO] [stdout] test parse::tests::stick_y_is_negated_for_evdev ... ok
[INFO] [stdout] test tests::haptic_rumble_layout ... ok
[INFO] [stdout] test tests::proteus_is_a_puck ... ok
[INFO] [stdout] 
[INFO] [stdout] test result: ok. 15 passed; 0 failed; 0 ignored; 0 measured; 0 filtered out; finished in 0.00s
[INFO] [stdout] 
[INFO] [stderr]      Running unittests src/main.rs (/opt/rustwide/target/release/build/puckctl-tray/2c487a2483bea279/out/puckctl_tray-2c487a2483bea279)
[INFO] [stdout] 
[INFO] [stdout] running 14 tests
[INFO] [stdout] test combo::tests::capture_hold_and_clear ... ok
[INFO] [stdout] test combo::tests::input_and_hint_text ... ok
[INFO] [stdout] test combo::tests::parses_button_hex ... ok
[INFO] [stdout] test tests::labels_follow_status ... ok
[INFO] [stdout] test tests::menu_builds_for_yielded_and_live ... ok
[INFO] [stdout] test tests::parse_connected_flag ... ok
[INFO] [stdout] test combo::tests::which_puckctl_has_a_name ... ok
[INFO] [stdout] test icons::tests::all_kinds_have_pixels ... ok
[INFO] [stdout] test tests::tray_loop_stops_on_first_true ... ok
[INFO] [stdout] test tests::which_puckctl_has_a_name ... FAILED
[INFO] [stdout] test combo::tests::paint_sweep_on_image_surface ... ok
[INFO] [stdout] test tests::refresh_and_activate_talk_to_cli ... ok
[INFO] [stdout] test combo::tests::combo_window_builds_when_display_exists ... ok
[INFO] [stdout] test tests::login_combo_and_loop_helpers ... ok
[INFO] [stdout] 
[INFO] [stdout] failures:
[INFO] [stdout] 
[INFO] [stdout] ---- tests::which_puckctl_has_a_name stdout ----
[INFO] [stdout] 
[INFO] [stdout] thread 'tests::which_puckctl_has_a_name' (2654) panicked at crates/puckctl-tray/src/main.rs:543:9:
[INFO] [stdout] assertion failed: which_puckctl().ends_with("puckctl")
[INFO] [stdout] stack backtrace:
[INFO] [stdout]    0:     0x630deacbb751 - <<std[617be2ca0a6fd877]::sys::backtrace::BacktraceLock>::print::DisplayBacktrace as core[a373ad73a504971]::fmt::Display>::fmt
[INFO] [stdout]    1:     0x630deacd054a - core[a373ad73a504971]::fmt::write
[INFO] [stdout]    2:     0x630deacbfdbc - <alloc[2e1b2a31b91974c5]::vec::Vec<u8> as core[a373ad73a504971]::io::write::Write>::write_fmt
[INFO] [stdout]    3:     0x630deac95496 - std[617be2ca0a6fd877]::panicking::default_hook::{closure#0}
[INFO] [stdout]    4:     0x630deacb30b9 - std[617be2ca0a6fd877]::panicking::default_hook
[INFO] [stdout]    5:     0x630deac116a0 - test[aada8e7e76ba119b]::test_main_inner::{closure#0}
[INFO] [stdout]    6:     0x630deacb33e2 - std[617be2ca0a6fd877]::panicking::panic_with_hook
[INFO] [stdout]    7:     0x630deac95574 - std[617be2ca0a6fd877]::panicking::panic_handler::{closure#0}
[INFO] [stdout]    8:     0x630deac8dfa9 - std[617be2ca0a6fd877]::sys::backtrace::__rust_end_short_backtrace::<std[617be2ca0a6fd877]::panicking::panic_handler::{closure#0}, !>
[INFO] [stdout]    9:     0x630deac9636d - __rustc[ea4f61d10b84890b]::rust_begin_unwind
[INFO] [stdout]   10:     0x630deacd0cac - core[a373ad73a504971]::panicking::panic_fmt
[INFO] [stdout]   11:     0x630deacd0c72 - core[a373ad73a504971]::panicking::panic
[INFO] [stdout]   12:     0x630deabf07c4 - <puckctl_tray[40518008d447d4a0]::tests::which_puckctl_has_a_name::{closure#0} as core[a373ad73a504971]::ops::function::FnOnce<()>>::call_once
[INFO] [stdout]   13:     0x630deac04aeb - test[aada8e7e76ba119b]::__rust_begin_short_backtrace::<core[a373ad73a504971]::result::Result<(), alloc[2e1b2a31b91974c5]::string::String>, fn() -> core[a373ad73a504971]::result::Result<(), alloc[2e1b2a31b91974c5]::string::String>>
[INFO] [stdout]   14:     0x630deac11cc5 - test[aada8e7e76ba119b]::run_test::{closure#0}
[INFO] [stdout]   15:     0x630deac0b5b4 - std[617be2ca0a6fd877]::sys::backtrace::__rust_begin_short_backtrace::<test[aada8e7e76ba119b]::run_test::{closure#1}, ()>
[INFO] [stdout]   16:     0x630deac14d52 - <std[617be2ca0a6fd877]::thread::lifecycle::spawn_unchecked<test[aada8e7e76ba119b]::run_test::{closure#1}, ()>::{closure#1} as core[a373ad73a504971]::ops::function::FnOnce<()>>::call_once::{shim:vtable#0}
[INFO] [stdout]   17:     0x630deacbadbf - <std[617be2ca0a6fd877]::sys::thread::unix::Thread>::new::thread_start
[INFO] [stdout]   18:     0x7d2c2a2e2dfa - <unknown>
[INFO] [stdout]   19:     0x7d2c2a3763d4 - clone
[INFO] [stdout]   20:                0x0 - <unknown>
[INFO] [stdout] 
[INFO] [stdout] 
[INFO] [stdout] failures:
[INFO] [stdout]     tests::which_puckctl_has_a_name
[INFO] [stdout] 
[INFO] [stdout] test result: FAILED. 13 passed; 1 failed; 0 ignored; 0 measured; 0 filtered out; finished in 0.05s
[INFO] [stdout] 
[INFO] [stderr] error: test failed, to rerun pass `-p puckctl-tray --bin puckctl-tray`
[INFO] running `Command { std: "docker" "inspect" "0b59d9bf7fb545b8f3533acba4da429f817f2ccf2ce83622fc8d0e6d00e88224", kill_on_drop: false }`
[INFO] running `Command { std: "docker" "rm" "-f" "0b59d9bf7fb545b8f3533acba4da429f817f2ccf2ce83622fc8d0e6d00e88224", kill_on_drop: false }`
[INFO] [stdout] 0b59d9bf7fb545b8f3533acba4da429f817f2ccf2ce83622fc8d0e6d00e88224
