[INFO] cloning repository https://github.com/joshuagleaton/eipscanner-rs
[INFO] running `Command { std: "git" "-c" "credential.helper=" "-c" "credential.helper=/workspace/cargo-home/bin/git-credential-null" "clone" "--bare" "https://github.com/joshuagleaton/eipscanner-rs" "/workspace/cache/git-repos/https%3A%2F%2Fgithub.com%2Fjoshuagleaton%2Feipscanner-rs", kill_on_drop: false }`
[INFO] [stderr] Cloning into bare repository '/workspace/cache/git-repos/https%3A%2F%2Fgithub.com%2Fjoshuagleaton%2Feipscanner-rs'...
[INFO] running `Command { std: "git" "rev-parse" "HEAD", kill_on_drop: false }`
[INFO] [stdout] 119b39f662680712487f7f4c2a5a37df9ca047b5
[INFO] testing joshuagleaton/eipscanner-rs against 1.99.0-beta.8+cargoflags=--release for beta-release-1.100-2
[INFO] running `Command { std: "git" "clone" "/workspace/cache/git-repos/https%3A%2F%2Fgithub.com%2Fjoshuagleaton%2Feipscanner-rs" "/workspace/builds/worker-1-tc1/source", kill_on_drop: false }`
[INFO] [stderr] Cloning into '/workspace/builds/worker-1-tc1/source'...
[INFO] [stderr] done.
[INFO] started tweaking git repo https://github.com/joshuagleaton/eipscanner-rs
[INFO] removed 0 missing examples
[INFO] finished tweaking git repo https://github.com/joshuagleaton/eipscanner-rs
[INFO] tweaked toml for git repo https://github.com/joshuagleaton/eipscanner-rs written to /workspace/builds/worker-1-tc1/source/Cargo.toml
[INFO] validating manifest of git repo https://github.com/joshuagleaton/eipscanner-rs on toolchain 1.99.0-beta.8
[INFO] running `Command { std: CARGO_HOME="/workspace/cargo-home" RUSTUP_HOME="/workspace/rustup-home" "/workspace/cargo-home/bin/cargo" "+1.99.0-beta.8" "metadata" "--manifest-path" "Cargo.toml" "--no-deps", kill_on_drop: false }`
[INFO] crate git repo https://github.com/joshuagleaton/eipscanner-rs already has a lockfile, it will not be regenerated
[INFO] running `Command { std: CARGO_HOME="/workspace/cargo-home" RUSTUP_HOME="/workspace/rustup-home" "/workspace/cargo-home/bin/cargo" "+1.99.0-beta.8" "fetch" "--manifest-path" "Cargo.toml", kill_on_drop: false }`
[INFO] [stderr]     Blocking waiting for file lock on package cache
[INFO] [stderr]  Downloading crates ...
[INFO] [stderr]   Downloaded clap_derive v4.6.7
[INFO] [stderr]   Downloaded unicode-ident v1.0.26
[INFO] [stderr]   Downloaded clap_lex v1.1.1
[INFO] [stderr]   Downloaded smallvec v1.16.1
[INFO] [stderr]   Downloaded clap v4.6.7
[INFO] [stderr]   Downloaded clap_builder v4.6.7
[INFO] [stderr]   Downloaded syn v3.0.6
[INFO] running `Command { std: "docker" "create" "-v" "/var/lib/crater-agent-workspace/builds/worker-1-tc1/source:/opt/rustwide/workdir:ro,Z" "-v" "/var/lib/crater-agent-workspace/builds/worker-1-tc1/target:/opt/rustwide/target:rw,Z" "-v" "/var/lib/crater-agent-workspace/cargo-home:/opt/rustwide/cargo-home:ro,Z" "-v" "/var/lib/crater-agent-workspace/rustup-home:/opt/rustwide/rustup-home:ro,Z" "-m" "1610612736" "--network" "none" "ghcr.io/rust-lang/crates-build-env/linux@sha256:77db811e55d90add9212f6832c23229e3de5f1c1f9905e8cb07319ea15df73ac" "sleep" "infinity", kill_on_drop: false }`
[INFO] [stdout] bbd0bfc3026039a777004bd1744e46c07f1d1e1046347830ef12a0180a42ad78
[INFO] running `Command { std: "docker" "start" "bbd0bfc3026039a777004bd1744e46c07f1d1e1046347830ef12a0180a42ad78", kill_on_drop: false }`
[INFO] running `Command { std: "docker" "inspect" "bbd0bfc3026039a777004bd1744e46c07f1d1e1046347830ef12a0180a42ad78", kill_on_drop: false }`
[INFO] running `Command { std: "docker" "exec" "-e" "SOURCE_DIR=/opt/rustwide/workdir" "-e" "CARGO_HOME=/opt/rustwide/cargo-home" "-e" "RUSTUP_HOME=/opt/rustwide/rustup-home" "-e" "CARGO_TARGET_DIR=/opt/rustwide/target" "-w" "/opt/rustwide/workdir" "--user" "0:0" "bbd0bfc3026039a777004bd1744e46c07f1d1e1046347830ef12a0180a42ad78" "/opt/rustwide/cargo-home/bin/cargo" "+1.99.0-beta.8" "metadata" "--no-deps" "--format-version=1", kill_on_drop: false }`
[INFO] running `Command { std: "docker" "inspect" "bbd0bfc3026039a777004bd1744e46c07f1d1e1046347830ef12a0180a42ad78", kill_on_drop: false }`
[INFO] running `Command { std: "docker" "exec" "-e" "SOURCE_DIR=/opt/rustwide/workdir" "-e" "CARGO_HOME=/opt/rustwide/cargo-home" "-e" "RUSTUP_HOME=/opt/rustwide/rustup-home" "-e" "CARGO_TARGET_DIR=/opt/rustwide/target" "-e" "CARGO_INCREMENTAL=0" "-e" "RUST_BACKTRACE=full" "-e" "RUSTFLAGS=--cap-lints=warn" "-e" "RUSTDOCFLAGS=--cap-lints=warn" "-w" "/opt/rustwide/workdir" "--user" "0:0" "bbd0bfc3026039a777004bd1744e46c07f1d1e1046347830ef12a0180a42ad78" "/opt/rustwide/cargo-home/bin/cargo" "+1.99.0-beta.8" "build" "--frozen" "--message-format=json" "--release", kill_on_drop: false }`
[INFO] [stderr]    Compiling proc-macro2 v1.0.107
[INFO] [stderr]    Compiling unicode-ident v1.0.26
[INFO] [stderr]    Compiling quote v1.0.47
[INFO] [stderr]    Compiling thiserror v2.0.20
[INFO] [stderr]    Compiling libc v0.2.189
[INFO] [stderr]    Compiling bytes v1.12.1
[INFO] [stderr]    Compiling syn v3.0.6
[INFO] [stderr]    Compiling syn v2.0.119
[INFO] [stderr]    Compiling thiserror-impl v2.0.20
[INFO] [stderr]    Compiling tracing-attributes v0.1.31
[INFO] [stderr]    Compiling tracing v0.1.44
[INFO] [stderr]    Compiling eipscanner v0.1.0 (/opt/rustwide/workdir)
[INFO] [stderr]     Finished `release` profile [optimized] target(s) in 19.54s
[INFO] running `Command { std: "docker" "inspect" "bbd0bfc3026039a777004bd1744e46c07f1d1e1046347830ef12a0180a42ad78", kill_on_drop: false }`
[INFO] running `Command { std: "docker" "exec" "-e" "SOURCE_DIR=/opt/rustwide/workdir" "-e" "CARGO_HOME=/opt/rustwide/cargo-home" "-e" "RUSTUP_HOME=/opt/rustwide/rustup-home" "-e" "CARGO_TARGET_DIR=/opt/rustwide/target" "-e" "CARGO_INCREMENTAL=0" "-e" "RUST_BACKTRACE=full" "-e" "RUSTFLAGS=--cap-lints=warn" "-e" "RUSTDOCFLAGS=--cap-lints=warn" "-w" "/opt/rustwide/workdir" "--user" "0:0" "bbd0bfc3026039a777004bd1744e46c07f1d1e1046347830ef12a0180a42ad78" "/opt/rustwide/cargo-home/bin/cargo" "+1.99.0-beta.8" "test" "--frozen" "--no-run" "--message-format=json" "--release", kill_on_drop: false }`
[INFO] [stderr]    Compiling regex-syntax v0.8.11
[INFO] [stderr]    Compiling anstyle v1.0.14
[INFO] [stderr]    Compiling tracing-core v0.1.36
[INFO] [stderr]    Compiling anstyle-parse v1.0.0
[INFO] [stderr]    Compiling is_terminal_polyfill v1.70.2
[INFO] [stderr]    Compiling colorchoice v1.0.5
[INFO] [stderr]    Compiling anstyle-query v1.1.5
[INFO] [stderr]    Compiling syn v3.0.6
[INFO] [stderr]    Compiling cfg-if v1.0.5
[INFO] [stderr]    Compiling log v0.4.34
[INFO] [stderr]    Compiling clap_lex v1.1.1
[INFO] [stderr]    Compiling thread_local v1.1.10
[INFO] [stderr]    Compiling anstream v1.0.0
[INFO] [stderr]    Compiling sharded-slab v0.1.7
[INFO] [stderr]    Compiling nu-ansi-term v0.50.3
[INFO] [stderr]    Compiling smallvec v1.16.1
[INFO] [stderr]    Compiling clap_builder v4.6.7
[INFO] [stderr]    Compiling tracing v0.1.44
[INFO] [stderr]    Compiling tracing-log v0.2.0
[INFO] [stderr]    Compiling regex-automata v0.4.18
[INFO] [stderr]    Compiling thiserror-impl v2.0.20
[INFO] [stderr]    Compiling clap_derive v4.6.7
[INFO] [stderr]    Compiling thiserror v2.0.20
[INFO] [stderr]    Compiling eipscanner v0.1.0 (/opt/rustwide/workdir)
[INFO] [stderr]    Compiling matchers v0.2.0
[INFO] [stderr]    Compiling tracing-subscriber v0.3.23
[INFO] [stderr]    Compiling clap v4.6.7
[INFO] [stderr]     Finished `release` profile [optimized] target(s) in 1m 39s
[INFO] running `Command { std: "docker" "inspect" "bbd0bfc3026039a777004bd1744e46c07f1d1e1046347830ef12a0180a42ad78", kill_on_drop: false }`
[INFO] running `Command { std: "docker" "exec" "-e" "SOURCE_DIR=/opt/rustwide/workdir" "-e" "CARGO_HOME=/opt/rustwide/cargo-home" "-e" "RUSTUP_HOME=/opt/rustwide/rustup-home" "-e" "CARGO_TARGET_DIR=/opt/rustwide/target" "-e" "CARGO_INCREMENTAL=0" "-e" "RUST_BACKTRACE=full" "-e" "RUSTFLAGS=--cap-lints=warn" "-e" "RUSTDOCFLAGS=--cap-lints=warn" "-w" "/opt/rustwide/workdir" "--user" "0:0" "bbd0bfc3026039a777004bd1744e46c07f1d1e1046347830ef12a0180a42ad78" "/opt/rustwide/cargo-home/bin/cargo" "+1.99.0-beta.8" "test" "--frozen" "--release", kill_on_drop: false }`
[INFO] [stderr]     Finished `release` profile [optimized] target(s) in 0.06s
[INFO] [stderr]      Running unittests src/lib.rs (/opt/rustwide/target/release/deps/eipscanner-792d363e1eee7402)
[INFO] [stdout] 
[INFO] [stdout] running 90 tests
[INFO] [stdout] test cip::connection_manager::forward_open::tests::decode_response ... ok
[INFO] [stdout] test cip::connection_manager::params::tests::network_params_large ... ok
[INFO] [stdout] test cip::connection_manager::forward_close::tests::layout ... ok
[INFO] [stdout] test cip::connection_manager::path::tests::assembly_path ... ok
[INFO] [stdout] test cip::connection_manager::forward_open::tests::large_forward_open_layout ... ok
[INFO] [stdout] test cip::connection_manager::params::tests::network_params_small ... ok
[INFO] [stdout] test cip::connection_manager::path::tests::hex_round_trip ... ok
[INFO] [stdout] test cip::connection_manager::path::tests::port_segments ... ok
[INFO] [stdout] test cip::epath::tests::decode_16_bit ... ok
[INFO] [stdout] test cip::epath::tests::decode_8_bit ... ok
[INFO] [stdout] test cip::connection_manager::path::tests::electronic_key ... ok
[INFO] [stdout] test cip::connection_manager::path::tests::large_ids_use_16_bit_segments ... ok
[INFO] [stdout] test cip::connection_manager::params::tests::transport_trigger ... ok
[INFO] [stdout] test cip::epath::tests::decode_mixed ... ok
[INFO] [stdout] test cip::epath::tests::decode_partial_paths ... ok
[INFO] [stdout] test cip::connection_manager::forward_open::tests::forward_open_layout ... ok
[INFO] [stdout] test cip::epath::tests::encode_16_bit ... ok
[INFO] [stdout] test cip::epath::tests::encode_8_bit_falls_back_for_large_ids ... ok
[INFO] [stdout] test cip::message_router::tests::decode_errors ... ok
[INFO] [stdout] test cip::message_router::tests::encode_get_attribute_single ... ok
[INFO] [stdout] test cip::types::tests::known_and_unknown_codes_format ... ok
[INFO] [stdout] test codec::tests::little_endian_floats ... ok
[INFO] [stdout] test codec::tests::short_string ... ok
[INFO] [stdout] test codec::tests::truncated_read_is_an_error ... ok
[INFO] [stdout] test cip::message_router::tests::decode_with_additional_status ... ok
[INFO] [stdout] test cip::connection_manager::path::tests::route_strings ... ok
[INFO] [stdout] test cip::epath::tests::decode_errors ... ok
[INFO] [stdout] test cip::connection_manager::params::tests::wire_sizes_and_config_segment ... ok
[INFO] [stdout] test cip::epath::tests::display ... ok
[INFO] [stdout] test cip::revision::tests::round_trip_and_display ... ok
[INFO] [stdout] test discovery::tests::parse_powerflex_reply ... ok
[INFO] [stdout] test eds::tests::assemblies_and_params ... ok
[INFO] [stdout] test discovery::tests::truncated_reply_is_an_error ... ok
[INFO] [stdout] test eds::tests::param_reference_in_path_and_literal_rpi ... ok
[INFO] [stdout] test eds::tests::missing_entries_are_errors ... ok
[INFO] [stdout] test eds::parse::tests::integers ... ok
[INFO] [stdout] test eip::cpf::tests::connected_packet_round_trip ... ok
[INFO] [stdout] test eds::tests::device ... ok
[INFO] [stdout] test eip::cpf::tests::decode_packet ... ok
[INFO] [stdout] test eip::cpf::tests::decode_truncated_packet ... ok
[INFO] [stdout] test eip::encaps::tests::decode_errors ... ok
[INFO] [stdout] test eip::encaps::tests::length_from_header ... ok
[INFO] [stdout] test eds::tests::exclusive_owner_connection ... ok
[INFO] [stdout] test eip::encaps::tests::decode ... ok
[INFO] [stdout] test eds::parse::tests::errors_have_line_numbers ... ok
[INFO] [stdout] test eip::encaps::tests::unregister_session ... ok
[INFO] [stdout] test eip::sockaddr::tests::decode ... ok
[INFO] [stdout] test eip::sockaddr::tests::encode ... ok
[INFO] [stdout] test eip::encaps::tests::send_rr_data ... ok
[INFO] [stdout] test io::connection::tests::o2t_packet_layout_and_counters ... ok
[INFO] [stdout] test io::connection::tests::receive_resets_timeout ... ok
[INFO] [stdout] test io::connection::tests::schedule_keeps_phase_and_skips_missed_slots ... ok
[INFO] [stdout] test io::connection::tests::fixed_size_mismatch_is_not_sent ... ok
[INFO] [stdout] test eds::parse::tests::sections_entries_and_fields ... ok
[INFO] [stdout] test eip::cpf::tests::item_encoding ... ok
[INFO] [stdout] test io::connection::tests::wrong_size_input_is_ignored ... ok
[INFO] [stdout] test eip::encaps::tests::list_identity ... ok
[INFO] [stdout] test io::manager::tests::o2t_destination_fallbacks ... ok
[INFO] [stdout] test eip::encaps::tests::register_session ... ok
[INFO] [stdout] test io::manager::tests::large_sizes_use_large_forward_open ... ok
[INFO] [stdout] test io::rt::tests::default_config_applies_everywhere ... ok
[INFO] [stdout] test netif::tests::lists_broadcast_addresses ... ok
[INFO] [stdout] test objects::file::tests::empty_file_cannot_be_uploaded ... ok
[INFO] [stdout] test objects::file::tests::uploading_state_is_treated_as_loaded ... ok
[INFO] [stdout] test objects::file::tests::wrong_file_size ... ok
[INFO] [stdout] test objects::file::tests::wrong_transfer_number ... ok
[INFO] [stdout] test io::manager::tests::config_data_is_sent_after_the_path ... ok
[INFO] [stdout] test objects::file::tests::upload_in_three_packets ... ok
[INFO] [stdout] test objects::identity::tests::error_status ... ok
[INFO] [stdout] test objects::identity::tests::short_reply ... ok
[INFO] [stdout] test objects::parameter::tests::offline_setters ... ok
[INFO] [stdout] test objects::parameter::tests::read_only_descriptor ... ok
[INFO] [stdout] test objects::identity::tests::read_all_attributes ... ok
[INFO] [stdout] test objects::parameter::tests::read_full_data ... ok
[INFO] [stdout] test io::rt::tests::wait_times_out_then_sees_data ... ok
[INFO] [stdout] test objects::parameter::tests::wrong_type_size ... ok
[INFO] [stdout] test objects::parameter::tests::read_stub_data ... ok
[INFO] [stdout] test vendor::ra::powerflex525::fault_manager::tests::empty_queue_is_not_cleared ... ok
[INFO] [stdout] test vendor::ra::powerflex525::fault_manager::tests::reads_until_empty_then_clears ... ok
[INFO] [stdout] test vendor::ra::powerflex525::fault_code::tests::lookup ... ok
[INFO] [stdout] test objects::parameter::tests::update_value ... ok
[INFO] [stdout] test vendor::ra::powerflex525::fault_code::tests::table_is_sorted ... ok
[INFO] [stdout] test vendor::ra::powerflex525::fault_parameter::tests::fault_number_out_of_range ... ok
[INFO] [stdout] test vendor::ra::powerflex525::fault_parameter::tests::no_fault_skips_details ... ok
[INFO] [stdout] test vendor::ra::powerflex525::fault_object::tests::read_full_information ... ok
[INFO] [stdout] test vendor::ra::powerflex525::fault_parameter::tests::read_with_details ... ok
[INFO] [stdout] test io::manager::tests::rejected_forward_open ... ok
[INFO] [stdout] test io::manager::tests::exchange_data_then_time_out ... ok
[INFO] [stdout] test io::manager::tests::forward_close_stops_sending ... ok
[INFO] [stderr] error: test failed, to rerun pass `--lib`
[INFO] [stdout] test io::manager::tests::same_t2o_id_on_two_devices ... FAILED
[INFO] [stdout] 
[INFO] [stdout] failures:
[INFO] [stdout] 
[INFO] [stdout] ---- io::manager::tests::same_t2o_id_on_two_devices stdout ----
[INFO] [stdout] 
[INFO] [stdout] thread 'io::manager::tests::same_t2o_id_on_two_devices' (1384) panicked at src/io/manager.rs:546:57:
[INFO] [stdout] called `Result::unwrap()` on an `Err` value: Timeout
[INFO] [stdout] stack backtrace:
[INFO] [stdout]    0:     0x57040f1d5b61 - <<std[70759c8f55707aa4]::sys::backtrace::BacktraceLock>::print::DisplayBacktrace as core[df12db4294e9bfd3]::fmt::Display>::fmt
[INFO] [stdout]    1:     0x57040f1eb4ea - core[df12db4294e9bfd3]::fmt::write
[INFO] [stdout]    2:     0x57040f1da51c - <alloc[2182bb758b4b3781]::vec::Vec<u8> as core[df12db4294e9bfd3]::io::write::Write>::write_fmt
[INFO] [stdout]    3:     0x57040f1b1016 - std[70759c8f55707aa4]::panicking::default_hook::{closure#0}
[INFO] [stdout]    4:     0x57040f1cd9f9 - std[70759c8f55707aa4]::panicking::default_hook
[INFO] [stdout]    5:     0x57040f167d30 - test[9d35eded1c95d3be]::test_main_inner::<test[9d35eded1c95d3be]::test_main_static::{closure#0}>::{closure#0}
[INFO] [stdout]    6:     0x57040f1cdbb2 - std[70759c8f55707aa4]::panicking::panic_with_hook
[INFO] [stdout]    7:     0x57040f1b10c2 - std[70759c8f55707aa4]::panicking::panic_handler::{closure#0}
[INFO] [stdout]    8:     0x57040f1a9d99 - std[70759c8f55707aa4]::sys::backtrace::__rust_end_short_backtrace::<std[70759c8f55707aa4]::panicking::panic_handler::{closure#0}, !>
[INFO] [stdout]    9:     0x57040f1b1ead - __rustc[8fa7c3cbc660c2b3]::rust_begin_unwind
[INFO] [stdout]   10:     0x57040f1ebc4c - core[df12db4294e9bfd3]::panicking::panic_fmt
[INFO] [stdout]   11:     0x57040f1eba22 - core[df12db4294e9bfd3]::result::unwrap_failed
[INFO] [stdout]   12:     0x57040f1242d3 - eipscanner[ff4b7bbea231f760]::io::manager::tests::same_t2o_id_on_two_devices
[INFO] [stdout]   13:     0x57040f1336d9 - <eipscanner[ff4b7bbea231f760]::io::manager::tests::same_t2o_id_on_two_devices::{closure#0} as core[df12db4294e9bfd3]::ops::function::FnOnce<()>>::call_once
[INFO] [stdout]   14:     0x57040f15b01b - test[9d35eded1c95d3be]::__rust_begin_short_backtrace::<core[df12db4294e9bfd3]::result::Result<(), alloc[2182bb758b4b3781]::string::String>, fn() -> core[df12db4294e9bfd3]::result::Result<(), alloc[2182bb758b4b3781]::string::String>>
[INFO] [stdout]   15:     0x57040f168685 - test[9d35eded1c95d3be]::run_test::{closure#0}
[INFO] [stdout]   16:     0x57040f161f44 - std[70759c8f55707aa4]::sys::backtrace::__rust_begin_short_backtrace::<test[9d35eded1c95d3be]::run_test::{closure#1}, ()>
[INFO] [stdout]   17:     0x57040f16b7e2 - <std[70759c8f55707aa4]::thread::lifecycle::spawn_unchecked<test[9d35eded1c95d3be]::run_test::{closure#1}, ()>::{closure#1} as core[df12db4294e9bfd3]::ops::function::FnOnce<()>>::call_once::{shim:vtable#0}
[INFO] [stdout]   18:     0x57040f1d4e19 - <std[70759c8f55707aa4]::sys::thread::unix::Thread>::new::thread_start
[INFO] [stdout]   19:     0x7c6597134dfa - <unknown>
[INFO] [stdout]   20:     0x7c65971c83d4 - clone
[INFO] [stdout]   21:                0x0 - <unknown>
[INFO] [stdout] 
[INFO] [stdout] 
[INFO] [stdout] failures:
[INFO] [stdout]     io::manager::tests::same_t2o_id_on_two_devices
[INFO] [stdout] 
[INFO] [stdout] test result: FAILED. 89 passed; 1 failed; 0 ignored; 0 measured; 0 filtered out; finished in 1.03s
[INFO] [stdout] 
[INFO] running `Command { std: "docker" "inspect" "bbd0bfc3026039a777004bd1744e46c07f1d1e1046347830ef12a0180a42ad78", kill_on_drop: false }`
[INFO] running `Command { std: "docker" "rm" "-f" "bbd0bfc3026039a777004bd1744e46c07f1d1e1046347830ef12a0180a42ad78", kill_on_drop: false }`
[INFO] [stdout] bbd0bfc3026039a777004bd1744e46c07f1d1e1046347830ef12a0180a42ad78
