[INFO] cloning repository https://github.com/javaAndyhy/migrator
[INFO] running `Command { std: "git" "-c" "credential.helper=" "-c" "credential.helper=/workspace/cargo-home/bin/git-credential-null" "clone" "--bare" "https://github.com/javaAndyhy/migrator" "/workspace/cache/git-repos/https%3A%2F%2Fgithub.com%2FjavaAndyhy%2Fmigrator", kill_on_drop: false }`
[INFO] [stderr] Cloning into bare repository '/workspace/cache/git-repos/https%3A%2F%2Fgithub.com%2FjavaAndyhy%2Fmigrator'...
[INFO] running `Command { std: "git" "rev-parse" "HEAD", kill_on_drop: false }`
[INFO] [stdout] 3e90255eb3c0a629b71cf8eb4f734405e338c2c3
[INFO] testing javaAndyhy/migrator against 1.99.0-beta.8+cargoflags=--release for beta-release-1.100-2
[INFO] running `Command { std: "git" "clone" "/workspace/cache/git-repos/https%3A%2F%2Fgithub.com%2FjavaAndyhy%2Fmigrator" "/workspace/builds/worker-7-tc1/source", kill_on_drop: false }`
[INFO] [stderr] Cloning into '/workspace/builds/worker-7-tc1/source'...
[INFO] [stderr] done.
[INFO] started tweaking git repo https://github.com/javaAndyhy/migrator
[INFO] finished tweaking git repo https://github.com/javaAndyhy/migrator
[INFO] tweaked toml for git repo https://github.com/javaAndyhy/migrator written to /workspace/builds/worker-7-tc1/source/Cargo.toml
[INFO] validating manifest of git repo https://github.com/javaAndyhy/migrator on toolchain 1.99.0-beta.8
[INFO] running `Command { std: CARGO_HOME="/workspace/cargo-home" RUSTUP_HOME="/workspace/rustup-home" "/workspace/cargo-home/bin/cargo" "+1.99.0-beta.8" "metadata" "--manifest-path" "Cargo.toml" "--no-deps", kill_on_drop: false }`
[INFO] crate git repo https://github.com/javaAndyhy/migrator already has a lockfile, it will not be regenerated
[INFO] running `Command { std: CARGO_HOME="/workspace/cargo-home" RUSTUP_HOME="/workspace/rustup-home" "/workspace/cargo-home/bin/cargo" "+1.99.0-beta.8" "fetch" "--manifest-path" "Cargo.toml", kill_on_drop: false }`
[INFO] running `Command { std: "docker" "create" "-v" "/var/lib/crater-agent-workspace/builds/worker-7-tc1/source:/opt/rustwide/workdir:ro,Z" "-v" "/var/lib/crater-agent-workspace/builds/worker-7-tc1/target:/opt/rustwide/target:rw,Z" "-v" "/var/lib/crater-agent-workspace/cargo-home:/opt/rustwide/cargo-home:ro,Z" "-v" "/var/lib/crater-agent-workspace/rustup-home:/opt/rustwide/rustup-home:ro,Z" "-m" "1610612736" "--network" "none" "ghcr.io/rust-lang/crates-build-env/linux@sha256:77db811e55d90add9212f6832c23229e3de5f1c1f9905e8cb07319ea15df73ac" "sleep" "infinity", kill_on_drop: false }`
[INFO] [stdout] a1af6a059a822082a3a8ca0c3cd30578e04d2561c8e57de8310f3da80f0e9ecc
[INFO] running `Command { std: "docker" "start" "a1af6a059a822082a3a8ca0c3cd30578e04d2561c8e57de8310f3da80f0e9ecc", kill_on_drop: false }`
[INFO] running `Command { std: "docker" "inspect" "a1af6a059a822082a3a8ca0c3cd30578e04d2561c8e57de8310f3da80f0e9ecc", kill_on_drop: false }`
[INFO] running `Command { std: "docker" "exec" "-e" "SOURCE_DIR=/opt/rustwide/workdir" "-e" "CARGO_HOME=/opt/rustwide/cargo-home" "-e" "RUSTUP_HOME=/opt/rustwide/rustup-home" "-e" "CARGO_TARGET_DIR=/opt/rustwide/target" "-w" "/opt/rustwide/workdir" "--user" "0:0" "a1af6a059a822082a3a8ca0c3cd30578e04d2561c8e57de8310f3da80f0e9ecc" "/opt/rustwide/cargo-home/bin/cargo" "+1.99.0-beta.8" "metadata" "--no-deps" "--format-version=1", kill_on_drop: false }`
[INFO] running `Command { std: "docker" "inspect" "a1af6a059a822082a3a8ca0c3cd30578e04d2561c8e57de8310f3da80f0e9ecc", kill_on_drop: false }`
[INFO] running `Command { std: "docker" "exec" "-e" "SOURCE_DIR=/opt/rustwide/workdir" "-e" "CARGO_HOME=/opt/rustwide/cargo-home" "-e" "RUSTUP_HOME=/opt/rustwide/rustup-home" "-e" "CARGO_TARGET_DIR=/opt/rustwide/target" "-e" "CARGO_INCREMENTAL=0" "-e" "RUST_BACKTRACE=full" "-e" "RUSTFLAGS=--cap-lints=warn" "-e" "RUSTDOCFLAGS=--cap-lints=warn" "-w" "/opt/rustwide/workdir" "--user" "0:0" "a1af6a059a822082a3a8ca0c3cd30578e04d2561c8e57de8310f3da80f0e9ecc" "/opt/rustwide/cargo-home/bin/cargo" "+1.99.0-beta.8" "build" "--frozen" "--message-format=json" "--release", kill_on_drop: false }`
[INFO] [stderr]    Compiling proc-macro2 v1.0.107
[INFO] [stderr]    Compiling quote v1.0.47
[INFO] [stderr]    Compiling unicode-ident v1.0.24
[INFO] [stderr]    Compiling utf8parse v0.2.2
[INFO] [stderr]    Compiling serde_core v1.0.229
[INFO] [stderr]    Compiling colorchoice v1.0.5
[INFO] [stderr]    Compiling anstyle-query v1.1.5
[INFO] [stderr]    Compiling anstyle v1.0.14
[INFO] [stderr]    Compiling zmij v1.0.23
[INFO] [stderr]    Compiling is_terminal_polyfill v1.70.2
[INFO] [stderr]    Compiling serde_json v1.0.151
[INFO] [stderr]    Compiling heck v0.5.0
[INFO] [stderr]    Compiling clap_lex v1.1.0
[INFO] [stderr]    Compiling serde v1.0.229
[INFO] [stderr]    Compiling anyhow v1.0.104
[INFO] [stderr]    Compiling thiserror v2.0.20
[INFO] [stderr]    Compiling anstyle-parse v1.0.0
[INFO] [stderr]    Compiling strsim v0.11.1
[INFO] [stderr]    Compiling memchr v2.8.3
[INFO] [stderr]    Compiling itoa v1.0.18
[INFO] [stderr]    Compiling anstream v1.0.0
[INFO] [stderr]    Compiling clap_builder v4.6.6
[INFO] [stderr]    Compiling syn v3.0.3
[INFO] [stderr]    Compiling thiserror-impl v2.0.20
[INFO] [stderr]    Compiling clap_derive v4.6.4
[INFO] [stderr]    Compiling serde_derive v1.0.229
[INFO] [stderr]    Compiling clap v4.6.6
[INFO] [stderr]    Compiling migrator v0.2.0 (/opt/rustwide/workdir)
[INFO] [stderr]     Finished `release` profile [optimized] target(s) in 32.78s
[INFO] running `Command { std: "docker" "inspect" "a1af6a059a822082a3a8ca0c3cd30578e04d2561c8e57de8310f3da80f0e9ecc", kill_on_drop: false }`
[INFO] running `Command { std: "docker" "exec" "-e" "SOURCE_DIR=/opt/rustwide/workdir" "-e" "CARGO_HOME=/opt/rustwide/cargo-home" "-e" "RUSTUP_HOME=/opt/rustwide/rustup-home" "-e" "CARGO_TARGET_DIR=/opt/rustwide/target" "-e" "CARGO_INCREMENTAL=0" "-e" "RUST_BACKTRACE=full" "-e" "RUSTFLAGS=--cap-lints=warn" "-e" "RUSTDOCFLAGS=--cap-lints=warn" "-w" "/opt/rustwide/workdir" "--user" "0:0" "a1af6a059a822082a3a8ca0c3cd30578e04d2561c8e57de8310f3da80f0e9ecc" "/opt/rustwide/cargo-home/bin/cargo" "+1.99.0-beta.8" "test" "--frozen" "--no-run" "--message-format=json" "--release", kill_on_drop: false }`
[INFO] [stderr]    Compiling migrator v0.2.0 (/opt/rustwide/workdir)
[INFO] [stderr]     Finished `release` profile [optimized] target(s) in 17.28s
[INFO] running `Command { std: "docker" "inspect" "a1af6a059a822082a3a8ca0c3cd30578e04d2561c8e57de8310f3da80f0e9ecc", kill_on_drop: false }`
[INFO] running `Command { std: "docker" "exec" "-e" "SOURCE_DIR=/opt/rustwide/workdir" "-e" "CARGO_HOME=/opt/rustwide/cargo-home" "-e" "RUSTUP_HOME=/opt/rustwide/rustup-home" "-e" "CARGO_TARGET_DIR=/opt/rustwide/target" "-e" "CARGO_INCREMENTAL=0" "-e" "RUST_BACKTRACE=full" "-e" "RUSTFLAGS=--cap-lints=warn" "-e" "RUSTDOCFLAGS=--cap-lints=warn" "-w" "/opt/rustwide/workdir" "--user" "0:0" "a1af6a059a822082a3a8ca0c3cd30578e04d2561c8e57de8310f3da80f0e9ecc" "/opt/rustwide/cargo-home/bin/cargo" "+1.99.0-beta.8" "test" "--frozen" "--release", kill_on_drop: false }`
[INFO] [stderr]     Finished `release` profile [optimized] target(s) in 0.05s
[INFO] [stderr]      Running unittests src/lib.rs (/opt/rustwide/target/release/deps/migrator-fe4d5a8b38789913)
[INFO] [stdout] 
[INFO] [stdout] running 74 tests
[INFO] [stdout] test converter::converters::agents::tests::converts_agent_basics ... ok
[INFO] [stdout] test converter::converters::agents::tests::toml_agent_parses_name_and_description ... ok
[INFO] [stdout] test converter::converters::mcp::tests::http_server_with_bearer_token ... ok
[INFO] [stdout] test converter::converters::agents::tests::clean_agent_no_review ... ok
[INFO] [stdout] test converter::converters::mcp::tests::converts_simple_servers ... ok
[INFO] [stdout] test converter::converters::mcp::tests::env_vars_flagged_for_review ... ok
[INFO] [stdout] test converter::converters::mcp::tests::no_mcp_servers_returns_empty ... ok
[INFO] [stdout] test converter::converters::memory::tests::index_builds_entries ... ok
[INFO] [stdout] test converter::converters::memory::tests::empty_index ... ok
[INFO] [stdout] test converter::converters::memory::tests::preview_truncated_by_lines ... ok
[INFO] [stdout] test converter::converters::mcp::tests::nested_env_merged_into_server ... ok
[INFO] [stdout] test converter::converters::agents::tests::downgraded_fields_generate_manual_block ... ok
[INFO] [stdout] test converter::converters::skills::tests::clean_skill_no_review_needed ... ok
[INFO] [stdout] test converter::converters::skills::tests::converts_skill_preserves_body ... ok
[INFO] [stdout] test converter::manual_block::tests::detect_manual_block ... ok
[INFO] [stdout] test converter::converters::skills::tests::no_frontmatter_returns_full_body ... ok
[INFO] [stdout] test converter::mapping::tests::builtin_codex_to_workbuddy ... ok
[INFO] [stdout] test converter::converters::agents::tests::toml_agent_extracts_instructions ... ok
[INFO] [stdout] test converter::converters::skills::tests::downgraded_field_children_removed ... ok
[INFO] [stdout] test converter::converters::memory::tests::unreadable_file_warns ... ok
[INFO] [stdout] test converter::converters::skills::tests::downgraded_field_removed_from_frontmatter ... ok
[INFO] [stdout] test converter::manual_block::tests::manual_block_format ... ok
[INFO] [stdout] test converter::mapping::tests::mapping_table_finds_entry ... ok
[INFO] [stdout] test converter::mapping::tests::missing_entry_returns_none ... ok
[INFO] [stdout] test converter::mapping::tests::reject_wrong_schema_version ... ok
[INFO] [stdout] test converter::mapping::tests::schema_version_is_v1 ... ok
[INFO] [stdout] test converter::mapping::tests::builtin_covers_all_codex_combos ... ok
[INFO] [stdout] test converter::converters::skills::tests::manual_block_appended_when_downgraded ... ok
[INFO] [stdout] test converter::mapping::tests::builtin_table_has_5_entries ... ok
[INFO] [stdout] test converter::mapping::tests::builtin_selects_by_platform ... ok
[INFO] [stdout] test converter::mapping::tests::builtin_falls_back_to_claude_qoder ... ok
[INFO] [stdout] test converter::mapping::tests::default_mapping_file_path ... ok
[INFO] [stdout] test converter::mapping::tests::parse_partial_and_unsupported ... ok
[INFO] [stdout] test converter::mapping::tests::parse_json_table ... ok
[INFO] [stdout] test converter::mapping::tests::reject_empty_entries ... ok
[INFO] [stdout] test converter::mapping::tests::load_from_json_file_roundtrip ... ok
[INFO] [stdout] test safety::atomic::tests::atomic_write_creates_file ... ok
[INFO] [stdout] test safety::backup::tests::create_batch_backs_up_existing_files ... ok
[INFO] [stdout] test safety::backup::tests::clean_removes_all_batches ... ok
[INFO] [stdout] test safety::backup::tests::no_existing_files_returns_none ... ok
[INFO] [stdout] test converter::converters::skills::tests::splits_frontmatter ... ok
[INFO] [stdout] test converter::converters::mcp::tests::parses_key_value_and_array ... ok
[INFO] [stdout] test safety::managed_block::tests::first_write_appends_block ... ok
[INFO] [stdout] test safety::managed_block::tests::idempotent_rewrite ... ok
[INFO] [stdout] test safety::managed_block::tests::missing_end_rejected ... ok
[INFO] [stdout] test safety::atomic::tests::atomic_write_overwrites ... ok
[INFO] [stdout] test safety::managed_block::tests::second_write_preserves_handwritten_content ... ok
[INFO] [stdout] test safety::managed_block::tests::wrong_order_rejected ... ok
[INFO] [stdout] test safety::managed_block::tests::duplicate_begin_rejected ... ok
[INFO] [stdout] test safety::managed_block::tests::extract_returns_block_body ... ok
[INFO] [stdout] test source::claude::tests::scan_marks_absent_surfaces ... ok
[INFO] [stdout] test source::claude::tests::read_instructions_content ... ok
[INFO] [stdout] test converter::converters::memory::tests::title_falls_back_to_filename ... ok
[INFO] [stdout] test source::claude::tests::scan_detects_present_surfaces ... ok
[INFO] [stdout] test target::layout::tests::trae_mcp_path ... ok
[INFO] [stdout] test target::layout::tests::layout_by_name ... ok
[INFO] [stdout] test safety::backup::tests::plan_restore_does_not_write ... ok
[INFO] [stdout] test source::codex::tests::read_agent_toml ... ok
[INFO] [stdout] test target::qoder::tests::lingma_target_paths ... ok
[INFO] [stdout] test target::qoder::tests::qoder_target_path_for_codex_sources ... ok
[INFO] [stdout] test target::qoder::tests::qoder_target_path_for_skill_file ... ok
[INFO] [stdout] test safety::backup::tests::list_batches_sorted_newest_first ... FAILED
[INFO] [stdout] test target::qoder::tests::qoder_target_path_for_instructions ... ok
[INFO] [stdout] test target::qoder::tests::trae_target_paths ... ok
[INFO] [stdout] test source::codex::tests::scan_enumerates_agents_toml ... ok
[INFO] [stdout] test safety::backup::tests::restore_latest_batch_when_none ... ok
[INFO] [stdout] test source::codex::tests::scan_detects_codex_surfaces ... ok
[INFO] [stdout] test target::qoder::tests::qoder_target_path_for_agent_file ... ok
[INFO] [stdout] test safety::backup::tests::restore_recovers_original_content ... ok
[INFO] [stdout] test target::layout::tests::lingma_uses_lingma_md ... ok
[INFO] [stdout] test target::layout::tests::project_root_avoids_double_nesting ... ok
[INFO] [stdout] test target::layout::tests::workbuddy_layout ... ok
[INFO] [stdout] test converter::converters::agents::tests::toml_agent_extracts_tools_array ... ok
[INFO] [stdout] test target::qoder::tests::write_creates_file_with_content ... ok
[INFO] [stdout] 
[INFO] [stdout] failures:
[INFO] [stdout] 
[INFO] [stdout] ---- safety::backup::tests::list_batches_sorted_newest_first stdout ----
[INFO] [stdout] 
[INFO] [stdout] thread 'safety::backup::tests::list_batches_sorted_newest_first' (848) panicked at src/safety/backup.rs:310:9:
[INFO] [stdout] assertion `left == right` failed
[INFO] [stdout]   left: 1
[INFO] [stdout]  right: 2
[INFO] [stdout] stack backtrace:
[INFO] [stdout]    0:     0x5b7160bee387 - <unknown>
[INFO] [stdout]    1:     0x5b7160ba54fa - <unknown>
[INFO] [stdout]    2:     0x5b7160bed93b - <unknown>
[INFO] [stdout]    3:     0x5b7160bed41f - <unknown>
[INFO] [stdout]    4:     0x5b7160bed04a - <unknown>
[INFO] [stdout]    5:     0x5b7160becb82 - <unknown>
[INFO] [stdout]    6:     0x5b7160c13ff1 - <unknown>
[INFO] [stdout]    7:     0x5b7160c13fa9 - <unknown>
[INFO] [stdout]    8:     0x5b7160c144bc - <unknown>
[INFO] [stdout]    9:     0x5b7160ba538b - <unknown>
[INFO] [stdout]   10:     0x5b7160ba52aa - <unknown>
[INFO] [stdout]   11:     0x5b7160ba663a - <unknown>
[INFO] [stdout]   12:     0x5b7160b97ffc - <unknown>
[INFO] [stdout]   13:     0x5b7160c2fb9b - <unknown>
[INFO] [stdout]   14:     0x5b7160c2b18f - <unknown>
[INFO] [stdout]   15:     0x5b7160c2ac0c - <unknown>
[INFO] [stdout]   16:     0x5b7160c47dec - <unknown>
[INFO] [stdout]   17:     0x5b7160c15912 - <unknown>
[INFO] [stdout]   18:     0x7843ebdc1dfa - <unknown>
[INFO] [stdout]   19:     0x7843ebe553d4 - clone
[INFO] [stdout]   20:                0x0 - <unknown>
[INFO] [stdout] 
[INFO] [stdout] 
[INFO] [stdout] failures:
[INFO] [stdout]     safety::backup::tests::list_batches_sorted_newest_first
[INFO] [stdout] 
[INFO] [stdout] test result: FAILED. 73 passed; 1 failed; 0 ignored; 0 measured; 0 filtered out; finished in 0.04s
[INFO] [stdout] 
[INFO] [stderr] error: test failed, to rerun pass `--lib`
[INFO] running `Command { std: "docker" "inspect" "a1af6a059a822082a3a8ca0c3cd30578e04d2561c8e57de8310f3da80f0e9ecc", kill_on_drop: false }`
[INFO] running `Command { std: "docker" "rm" "-f" "a1af6a059a822082a3a8ca0c3cd30578e04d2561c8e57de8310f3da80f0e9ecc", kill_on_drop: false }`
[INFO] [stdout] a1af6a059a822082a3a8ca0c3cd30578e04d2561c8e57de8310f3da80f0e9ecc
