[INFO] cloning repository https://github.com/jacott/koru_find
[INFO] running `Command { std: "git" "-c" "credential.helper=" "-c" "credential.helper=/workspace/cargo-home/bin/git-credential-null" "clone" "--bare" "https://github.com/jacott/koru_find" "/workspace/cache/git-repos/https%3A%2F%2Fgithub.com%2Fjacott%2Fkoru_find", kill_on_drop: false }`
[INFO] [stderr] Cloning into bare repository '/workspace/cache/git-repos/https%3A%2F%2Fgithub.com%2Fjacott%2Fkoru_find'...
[INFO] running `Command { std: "git" "rev-parse" "HEAD", kill_on_drop: false }`
[INFO] [stdout] fd82b225138275df48caf30b20b20c9df300cb9a
[INFO] testing jacott/koru_find against 1.100.0-beta.1+cargoflags=--release for beta-release-1.100-2
[INFO] running `Command { std: "git" "clone" "/workspace/cache/git-repos/https%3A%2F%2Fgithub.com%2Fjacott%2Fkoru_find" "/workspace/builds/worker-6-tc2/source", kill_on_drop: false }`
[INFO] [stderr] Cloning into '/workspace/builds/worker-6-tc2/source'...
[INFO] [stderr] done.
[INFO] started tweaking git repo https://github.com/jacott/koru_find
[INFO] finished tweaking git repo https://github.com/jacott/koru_find
[INFO] tweaked toml for git repo https://github.com/jacott/koru_find written to /workspace/builds/worker-6-tc2/source/Cargo.toml
[INFO] validating manifest of git repo https://github.com/jacott/koru_find on toolchain 1.100.0-beta.1
[INFO] running `Command { std: CARGO_HOME="/workspace/cargo-home" RUSTUP_HOME="/workspace/rustup-home" "/workspace/cargo-home/bin/cargo" "+1.100.0-beta.1" "metadata" "--manifest-path" "Cargo.toml" "--no-deps", kill_on_drop: false }`
[INFO] crate git repo https://github.com/jacott/koru_find already has a lockfile, it will not be regenerated
[INFO] running `Command { std: CARGO_HOME="/workspace/cargo-home" RUSTUP_HOME="/workspace/rustup-home" "/workspace/cargo-home/bin/cargo" "+1.100.0-beta.1" "fetch" "--manifest-path" "Cargo.toml", kill_on_drop: false }`
[INFO] running `Command { std: "docker" "create" "-v" "/var/lib/crater-agent-workspace/builds/worker-6-tc2/source:/opt/rustwide/workdir:ro,Z" "-v" "/var/lib/crater-agent-workspace/builds/worker-6-tc2/target:/opt/rustwide/target:rw,Z" "-v" "/var/lib/crater-agent-workspace/cargo-home:/opt/rustwide/cargo-home:ro,Z" "-v" "/var/lib/crater-agent-workspace/rustup-home:/opt/rustwide/rustup-home:ro,Z" "-m" "1610612736" "--network" "none" "ghcr.io/rust-lang/crates-build-env/linux@sha256:77db811e55d90add9212f6832c23229e3de5f1c1f9905e8cb07319ea15df73ac" "sleep" "infinity", kill_on_drop: false }`
[INFO] [stdout] 4c64771053b3cbfca2be2342989141c9179280740f4e43baea9a34f13ae6c638
[INFO] running `Command { std: "docker" "start" "4c64771053b3cbfca2be2342989141c9179280740f4e43baea9a34f13ae6c638", kill_on_drop: false }`
[INFO] running `Command { std: "docker" "inspect" "4c64771053b3cbfca2be2342989141c9179280740f4e43baea9a34f13ae6c638", kill_on_drop: false }`
[INFO] running `Command { std: "docker" "exec" "-e" "SOURCE_DIR=/opt/rustwide/workdir" "-e" "CARGO_HOME=/opt/rustwide/cargo-home" "-e" "RUSTUP_HOME=/opt/rustwide/rustup-home" "-e" "CARGO_TARGET_DIR=/opt/rustwide/target" "-w" "/opt/rustwide/workdir" "--user" "0:0" "4c64771053b3cbfca2be2342989141c9179280740f4e43baea9a34f13ae6c638" "/opt/rustwide/cargo-home/bin/cargo" "+1.100.0-beta.1" "metadata" "--no-deps" "--format-version=1", kill_on_drop: false }`
[INFO] running `Command { std: "docker" "inspect" "4c64771053b3cbfca2be2342989141c9179280740f4e43baea9a34f13ae6c638", kill_on_drop: false }`
[INFO] running `Command { std: "docker" "exec" "-e" "SOURCE_DIR=/opt/rustwide/workdir" "-e" "CARGO_HOME=/opt/rustwide/cargo-home" "-e" "RUSTUP_HOME=/opt/rustwide/rustup-home" "-e" "CARGO_TARGET_DIR=/opt/rustwide/target" "-e" "CARGO_INCREMENTAL=0" "-e" "RUST_BACKTRACE=full" "-e" "RUSTFLAGS=--cap-lints=warn" "-e" "RUSTDOCFLAGS=--cap-lints=warn" "-w" "/opt/rustwide/workdir" "--user" "0:0" "4c64771053b3cbfca2be2342989141c9179280740f4e43baea9a34f13ae6c638" "/opt/rustwide/cargo-home/bin/cargo" "+1.100.0-beta.1" "build" "--frozen" "--message-format=json" "--release", kill_on_drop: false }`
[INFO] [stderr]    Compiling libc v0.2.175
[INFO] [stderr]    Compiling proc-macro2 v1.0.101
[INFO] [stderr]    Compiling unicode-ident v1.0.19
[INFO] [stderr]    Compiling memchr v2.7.5
[INFO] [stderr]    Compiling crossbeam-utils v0.8.21
[INFO] [stderr]    Compiling log v0.4.28
[INFO] [stderr]    Compiling signal-hook v0.3.18
[INFO] [stderr]    Compiling lock_api v0.4.13
[INFO] [stderr]    Compiling unicode-segmentation v1.12.0
[INFO] [stderr]    Compiling regex-syntax v0.8.6
[INFO] [stderr]    Compiling parking_lot_core v0.9.11
[INFO] [stderr]    Compiling anstyle-query v1.1.4
[INFO] [stderr]    Compiling scopeguard v1.2.0
[INFO] [stderr]    Compiling rustix v1.1.2
[INFO] [stderr]    Compiling is_terminal_polyfill v1.70.1
[INFO] [stderr]    Compiling anstyle v1.0.11
[INFO] [stderr]    Compiling convert_case v0.7.1
[INFO] [stderr]    Compiling smallvec v1.15.1
[INFO] [stderr]    Compiling quote v1.0.40
[INFO] [stderr]    Compiling aho-corasick v1.1.3
[INFO] [stderr]    Compiling syn v2.0.106
[INFO] [stderr]    Compiling cfg-if v1.0.3
[INFO] [stderr]    Compiling anstream v0.6.20
[INFO] [stderr]    Compiling bstr v1.12.0
[INFO] [stderr]    Compiling crossbeam-epoch v0.9.18
[INFO] [stderr]    Compiling signal-hook-registry v1.4.6
[INFO] [stderr]    Compiling mio v1.0.4
[INFO] [stderr]    Compiling litrs v0.4.2
[INFO] [stderr]    Compiling linux-raw-sys v0.11.0
[INFO] [stderr]    Compiling clap_lex v0.7.5
[INFO] [stderr]    Compiling bitflags v2.9.4
[INFO] [stderr]    Compiling document-features v0.2.11
[INFO] [stderr]    Compiling clap_builder v4.5.48
[INFO] [stderr]    Compiling regex-automata v0.4.10
[INFO] [stderr]    Compiling parking_lot v0.12.4
[INFO] [stderr]    Compiling signal-hook-mio v0.2.4
[INFO] [stderr]    Compiling crossbeam-deque v0.8.6
[INFO] [stderr]    Compiling num_cpus v1.17.0
[INFO] [stderr]    Compiling bytes v1.10.1
[INFO] [stderr]    Compiling derive_more-impl v2.0.1
[INFO] [stderr]    Compiling globset v0.4.16
[INFO] [stderr]    Compiling derive_more v2.0.1
[INFO] [stderr]    Compiling clap_derive v4.5.47
[INFO] [stderr]    Compiling ignore v0.4.23
[INFO] [stderr]    Compiling crossterm v0.29.0
[INFO] [stderr]    Compiling regex v1.11.2
[INFO] [stderr]    Compiling clap v4.5.48
[INFO] [stderr]    Compiling koru_find v0.1.0 (/opt/rustwide/workdir)
[INFO] [stderr] warning: unused dependency `crossterm`
[INFO] [stderr]  --> Cargo.toml:3:1
[INFO] [stderr]   |
[INFO] [stderr] 3 | crossterm = "^0.29"
[INFO] [stderr]   | ^^^^^^^^^^^^^^^^^^^
[INFO] [stderr]   |
[INFO] [stderr]   = note: `cargo::unused_dependencies` is set to `warn` by default
[INFO] [stderr] help: consider removing the dependency on `crossterm`
[INFO] [stderr] warning: `koru_find` (manifest) generated 1 warning
[INFO] [stderr]     Finished `release` profile [optimized] target(s) in 1m 25s
[INFO] running `Command { std: "docker" "inspect" "4c64771053b3cbfca2be2342989141c9179280740f4e43baea9a34f13ae6c638", kill_on_drop: false }`
[INFO] running `Command { std: "docker" "exec" "-e" "SOURCE_DIR=/opt/rustwide/workdir" "-e" "CARGO_HOME=/opt/rustwide/cargo-home" "-e" "RUSTUP_HOME=/opt/rustwide/rustup-home" "-e" "CARGO_TARGET_DIR=/opt/rustwide/target" "-e" "CARGO_INCREMENTAL=0" "-e" "RUST_BACKTRACE=full" "-e" "RUSTFLAGS=--cap-lints=warn" "-e" "RUSTDOCFLAGS=--cap-lints=warn" "-w" "/opt/rustwide/workdir" "--user" "0:0" "4c64771053b3cbfca2be2342989141c9179280740f4e43baea9a34f13ae6c638" "/opt/rustwide/cargo-home/bin/cargo" "+1.100.0-beta.1" "test" "--frozen" "--no-run" "--message-format=json" "--release", kill_on_drop: false }`
[INFO] [stderr]    Compiling diff v0.1.13
[INFO] [stderr]    Compiling yansi v1.0.1
[INFO] [stderr]    Compiling pretty_assertions v1.4.1
[INFO] [stderr]    Compiling koru_find v0.1.0 (/opt/rustwide/workdir)
[INFO] [stderr] warning: unused dependency `crossterm`
[INFO] [stderr]  --> Cargo.toml:3:1
[INFO] [stderr]   |
[INFO] [stderr] 3 | crossterm = "^0.29"
[INFO] [stderr]   | ^^^^^^^^^^^^^^^^^^^
[INFO] [stderr]   |
[INFO] [stderr]   = note: `cargo::unused_dependencies` is set to `warn` by default
[INFO] [stderr] help: consider removing the dependency on `crossterm`
[INFO] [stderr] warning: `koru_find` (manifest) generated 1 warning
[INFO] [stderr]     Finished `release` profile [optimized] target(s) in 9.44s
[INFO] running `Command { std: "docker" "inspect" "4c64771053b3cbfca2be2342989141c9179280740f4e43baea9a34f13ae6c638", kill_on_drop: false }`
[INFO] running `Command { std: "docker" "exec" "-e" "SOURCE_DIR=/opt/rustwide/workdir" "-e" "CARGO_HOME=/opt/rustwide/cargo-home" "-e" "RUSTUP_HOME=/opt/rustwide/rustup-home" "-e" "CARGO_TARGET_DIR=/opt/rustwide/target" "-e" "CARGO_INCREMENTAL=0" "-e" "RUST_BACKTRACE=full" "-e" "RUSTFLAGS=--cap-lints=warn" "-e" "RUSTDOCFLAGS=--cap-lints=warn" "-w" "/opt/rustwide/workdir" "--user" "0:0" "4c64771053b3cbfca2be2342989141c9179280740f4e43baea9a34f13ae6c638" "/opt/rustwide/cargo-home/bin/cargo" "+1.100.0-beta.1" "test" "--frozen" "--release", kill_on_drop: false }`
[INFO] [stderr] warning: unused dependency `crossterm`
[INFO] [stderr]  --> Cargo.toml:3:1
[INFO] [stderr]   |
[INFO] [stderr] 3 | crossterm = "^0.29"
[INFO] [stderr]   | ^^^^^^^^^^^^^^^^^^^
[INFO] [stderr]   |
[INFO] [stderr]   = note: `cargo::unused_dependencies` is set to `warn` by default
[INFO] [stderr] help: consider removing the dependency on `crossterm`
[INFO] [stderr] warning: `koru_find` (manifest) generated 1 warning
[INFO] [stderr]     Finished `release` profile [optimized] target(s) in 0.10s
[INFO] [stderr]      Running unittests src/lib.rs (/opt/rustwide/target/release/build/koru_find/c9a06b6c84cf56f6/out/koru_find-c9a06b6c84cf56f6)
[INFO] [stdout] 
[INFO] [stdout] running 35 tests
[INFO] [stdout] test pattern::test::regex_search ... ok
[INFO] [stdout] test pattern::test::rm ... ok
[INFO] [stdout] test pattern::test::empty_pattern ... ok
[INFO] [stdout] test pattern::test::regex_chars ... ok
[INFO] [stdout] test pattern::test::simple_search ... ok
[INFO] [stdout] test pattern::test::skip_prefix ... ok
[INFO] [stdout] test pattern::test::ends_with_and ... ok
[INFO] [stdout] test pattern::test::starts_with_and ... ok
[INFO] [stdout] test pattern::test::fuzzy_build ... ok
[INFO] [stdout] test pattern::test::trailing_escape_and ... ok
[INFO] [stdout] test pattern::test::slash_search ... ok
[INFO] [stdout] test pattern::test::ends_with ... ok
[INFO] [stdout] test pattern::test::starts_with ... ok
[INFO] [stdout] test server::test::command_reader ... ok
[INFO] [stdout] test pattern::test::and_search ... ok
[INFO] [stdout] test pattern::test::trailing_escape_ends_with ... ok
[INFO] [stdout] test pattern::test::trailing_escape_starts_with ... ok
[INFO] [stdout] test pattern::test::trailing_escape_regex ... ok
[INFO] [stdout] test server::walker::test::match_command ... ok
[INFO] [stdout] test server::walker::test::match_stalling_bug ... ok
[INFO] [stdout] test server::walker::test::redraw ... ok
[INFO] [stdout] test server::walker::test::ignore_pattern ... ok
[INFO] [stdout] test server::walker::test::add ... ok
[INFO] [stdout] test server::walker::test::remove_unmatched ... ok
[INFO] [stdout] test server::walker::test::window_size ... ok
[INFO] [stdout] test server::walker::test::skip_prefix_command ... ok
[INFO] [stdout] test server::walker::test::ends_with ... ok
[INFO] [stdout] test server::walker::test::set ... ok
[INFO] [stdout] test server::window::test::remove_unmatched ... ok
[INFO] [stdout] test server::window::test::redraw ... ok
[INFO] [stdout] test server::window::test::window_size ... ok
[INFO] [stdout] test server::walker::test::remove ... ok
[INFO] [stdout] test server::walker::test::stop ... ok
[INFO] [stdout] test server::test::exceed_window_size ... FAILED
[INFO] [stderr] error: test failed, to rerun pass `--lib`
[INFO] [stdout] test server::test::run ... FAILED
[INFO] [stdout] 
[INFO] [stdout] failures:
[INFO] [stdout] 
[INFO] [stdout] ---- server::test::exceed_window_size stdout ----
[INFO] [stdout] 
[INFO] [stdout] thread 'server::test::exceed_window_size' (1156) panicked at src/server/mod_test.rs:143:65:
[INFO] [stdout] called `Result::unwrap()` on an `Err` value: Timeout
[INFO] [stdout] stack backtrace:
[INFO] [stdout]    0:     0x5de43e71d061 - <<std[617be2ca0a6fd877]::sys::backtrace::BacktraceLock>::print::DisplayBacktrace as core[a373ad73a504971]::fmt::Display>::fmt
[INFO] [stdout]    1:     0x5de43e73379a - core[a373ad73a504971]::fmt::write
[INFO] [stdout]    2:     0x5de43e72162c - <alloc[2e1b2a31b91974c5]::vec::Vec<u8> as core[a373ad73a504971]::io::write::Write>::write_fmt
[INFO] [stdout]    3:     0x5de43e6f84a6 - std[617be2ca0a6fd877]::panicking::default_hook::{closure#0}
[INFO] [stdout]    4:     0x5de43e714ff9 - std[617be2ca0a6fd877]::panicking::default_hook
[INFO] [stdout]    5:     0x5de43e5aa870 - test[aada8e7e76ba119b]::test_main_inner::{closure#0}
[INFO] [stdout]    6:     0x5de43e715322 - std[617be2ca0a6fd877]::panicking::panic_with_hook
[INFO] [stdout]    7:     0x5de43e6f8552 - std[617be2ca0a6fd877]::panicking::panic_handler::{closure#0}
[INFO] [stdout]    8:     0x5de43e6f11c9 - std[617be2ca0a6fd877]::sys::backtrace::__rust_end_short_backtrace::<std[617be2ca0a6fd877]::panicking::panic_handler::{closure#0}, !>
[INFO] [stdout]    9:     0x5de43e6f915d - __rustc[ea4f61d10b84890b]::rust_begin_unwind
[INFO] [stdout]   10:     0x5de43e733f7c - core[a373ad73a504971]::panicking::panic_fmt
[INFO] [stdout]   11:     0x5de43e733d52 - core[a373ad73a504971]::result::unwrap_failed
[INFO] [stdout]   12:     0x5de43e58712a - <koru_find[d2624595a1c5d6b1]::server::test::exceed_window_size::{closure#0} as core[a373ad73a504971]::ops::function::FnOnce<()>>::call_once
[INFO] [stdout]   13:     0x5de43e59dcbb - test[aada8e7e76ba119b]::__rust_begin_short_backtrace::<core[a373ad73a504971]::result::Result<(), alloc[2e1b2a31b91974c5]::string::String>, fn() -> core[a373ad73a504971]::result::Result<(), alloc[2e1b2a31b91974c5]::string::String>>
[INFO] [stdout]   14:     0x5de43e5aae95 - test[aada8e7e76ba119b]::run_test::{closure#0}
[INFO] [stdout]   15:     0x5de43e5a4784 - std[617be2ca0a6fd877]::sys::backtrace::__rust_begin_short_backtrace::<test[aada8e7e76ba119b]::run_test::{closure#1}, ()>
[INFO] [stdout]   16:     0x5de43e5adf22 - <std[617be2ca0a6fd877]::thread::lifecycle::spawn_unchecked<test[aada8e7e76ba119b]::run_test::{closure#1}, ()>::{closure#1} as core[a373ad73a504971]::ops::function::FnOnce<()>>::call_once::{shim:vtable#0}
[INFO] [stdout]   17:     0x5de43e71c8af - <std[617be2ca0a6fd877]::sys::thread::unix::Thread>::new::thread_start
[INFO] [stdout]   18:     0x728a69dbcdfa - <unknown>
[INFO] [stdout]   19:     0x728a69e503d4 - clone
[INFO] [stdout]   20:                0x0 - <unknown>
[INFO] [stdout] 
[INFO] [stdout] ---- server::test::run stdout ----
[INFO] [stdout] 
[INFO] [stdout] thread 'server::test::run' (1157) panicked at src/server/mod_test.rs:179:65:
[INFO] [stdout] called `Result::unwrap()` on an `Err` value: Timeout
[INFO] [stdout] stack backtrace:
[INFO] [stdout]    0:     0x5de43e71d061 - <<std[617be2ca0a6fd877]::sys::backtrace::BacktraceLock>::print::DisplayBacktrace as core[a373ad73a504971]::fmt::Display>::fmt
[INFO] [stdout]    1:     0x5de43e73379a - core[a373ad73a504971]::fmt::write
[INFO] [stdout]    2:     0x5de43e72162c - <alloc[2e1b2a31b91974c5]::vec::Vec<u8> as core[a373ad73a504971]::io::write::Write>::write_fmt
[INFO] [stdout]    3:     0x5de43e6f84a6 - std[617be2ca0a6fd877]::panicking::default_hook::{closure#0}
[INFO] [stdout]    4:     0x5de43e714ff9 - std[617be2ca0a6fd877]::panicking::default_hook
[INFO] [stdout]    5:     0x5de43e5aa870 - test[aada8e7e76ba119b]::test_main_inner::{closure#0}
[INFO] [stdout]    6:     0x5de43e715322 - std[617be2ca0a6fd877]::panicking::panic_with_hook
[INFO] [stdout]    7:     0x5de43e6f8552 - std[617be2ca0a6fd877]::panicking::panic_handler::{closure#0}
[INFO] [stdout]    8:     0x5de43e6f11c9 - std[617be2ca0a6fd877]::sys::backtrace::__rust_end_short_backtrace::<std[617be2ca0a6fd877]::panicking::panic_handler::{closure#0}, !>
[INFO] [stdout]    9:     0x5de43e6f915d - __rustc[ea4f61d10b84890b]::rust_begin_unwind
[INFO] [stdout]   10:     0x5de43e733f7c - core[a373ad73a504971]::panicking::panic_fmt
[INFO] [stdout]   11:     0x5de43e733d52 - core[a373ad73a504971]::result::unwrap_failed
[INFO] [stdout]   12:     0x5de43e5875df - <koru_find[d2624595a1c5d6b1]::server::test::run::{closure#0} as core[a373ad73a504971]::ops::function::FnOnce<()>>::call_once
[INFO] [stdout]   13:     0x5de43e59dcbb - test[aada8e7e76ba119b]::__rust_begin_short_backtrace::<core[a373ad73a504971]::result::Result<(), alloc[2e1b2a31b91974c5]::string::String>, fn() -> core[a373ad73a504971]::result::Result<(), alloc[2e1b2a31b91974c5]::string::String>>
[INFO] [stdout]   14:     0x5de43e5aae95 - test[aada8e7e76ba119b]::run_test::{closure#0}
[INFO] [stdout]   15:     0x5de43e5a4784 - std[617be2ca0a6fd877]::sys::backtrace::__rust_begin_short_backtrace::<test[aada8e7e76ba119b]::run_test::{closure#1}, ()>
[INFO] [stdout]   16:     0x5de43e5adf22 - <std[617be2ca0a6fd877]::thread::lifecycle::spawn_unchecked<test[aada8e7e76ba119b]::run_test::{closure#1}, ()>::{closure#1} as core[a373ad73a504971]::ops::function::FnOnce<()>>::call_once::{shim:vtable#0}
[INFO] [stdout]   17:     0x5de43e71c8af - <std[617be2ca0a6fd877]::sys::thread::unix::Thread>::new::thread_start
[INFO] [stdout]   18:     0x728a69dbcdfa - <unknown>
[INFO] [stdout]   19:     0x728a69e503d4 - clone
[INFO] [stdout]   20:                0x0 - <unknown>
[INFO] [stdout] 
[INFO] [stdout] 
[INFO] [stdout] failures:
[INFO] [stdout]     server::test::exceed_window_size
[INFO] [stdout]     server::test::run
[INFO] [stdout] 
[INFO] [stdout] test result: FAILED. 33 passed; 2 failed; 0 ignored; 0 measured; 0 filtered out; finished in 0.51s
[INFO] [stdout] 
[INFO] running `Command { std: "docker" "inspect" "4c64771053b3cbfca2be2342989141c9179280740f4e43baea9a34f13ae6c638", kill_on_drop: false }`
[INFO] running `Command { std: "docker" "rm" "-f" "4c64771053b3cbfca2be2342989141c9179280740f4e43baea9a34f13ae6c638", kill_on_drop: false }`
[INFO] [stdout] 4c64771053b3cbfca2be2342989141c9179280740f4e43baea9a34f13ae6c638
