[INFO] cloning repository https://github.com/huisunan/subconverter-rs
[INFO] running `Command { std: "git" "-c" "credential.helper=" "-c" "credential.helper=/workspace/cargo-home/bin/git-credential-null" "clone" "--bare" "https://github.com/huisunan/subconverter-rs" "/workspace/cache/git-repos/https%3A%2F%2Fgithub.com%2Fhuisunan%2Fsubconverter-rs", kill_on_drop: false }`
[INFO] [stderr] Cloning into bare repository '/workspace/cache/git-repos/https%3A%2F%2Fgithub.com%2Fhuisunan%2Fsubconverter-rs'...
[INFO] running `Command { std: "git" "rev-parse" "HEAD", kill_on_drop: false }`
[INFO] [stdout] 1189d5a9234ed8ce779709d880337de93c9d58ef
[INFO] testing huisunan/subconverter-rs against 1.99.0-beta.8+cargoflags=--release for beta-release-1.100-2
[INFO] running `Command { std: "git" "clone" "/workspace/cache/git-repos/https%3A%2F%2Fgithub.com%2Fhuisunan%2Fsubconverter-rs" "/workspace/builds/worker-5-tc1/source", kill_on_drop: false }`
[INFO] [stderr] Cloning into '/workspace/builds/worker-5-tc1/source'...
[INFO] [stderr] done.
[INFO] removed /workspace/builds/worker-5-tc1/source/.cargo/config.toml
[INFO] started tweaking git repo https://github.com/huisunan/subconverter-rs
[INFO] finished tweaking git repo https://github.com/huisunan/subconverter-rs
[INFO] tweaked toml for git repo https://github.com/huisunan/subconverter-rs written to /workspace/builds/worker-5-tc1/source/Cargo.toml
[INFO] validating manifest of git repo https://github.com/huisunan/subconverter-rs on toolchain 1.99.0-beta.8
[INFO] running `Command { std: CARGO_HOME="/workspace/cargo-home" RUSTUP_HOME="/workspace/rustup-home" "/workspace/cargo-home/bin/cargo" "+1.99.0-beta.8" "metadata" "--manifest-path" "Cargo.toml" "--no-deps", kill_on_drop: false }`
[INFO] crate git repo https://github.com/huisunan/subconverter-rs already has a lockfile, it will not be regenerated
[INFO] running `Command { std: CARGO_HOME="/workspace/cargo-home" RUSTUP_HOME="/workspace/rustup-home" "/workspace/cargo-home/bin/cargo" "+1.99.0-beta.8" "fetch" "--manifest-path" "Cargo.toml", kill_on_drop: false }`
[INFO] running `Command { std: "docker" "create" "-v" "/var/lib/crater-agent-workspace/builds/worker-5-tc1/source:/opt/rustwide/workdir:ro,Z" "-v" "/var/lib/crater-agent-workspace/builds/worker-5-tc1/target:/opt/rustwide/target:rw,Z" "-v" "/var/lib/crater-agent-workspace/cargo-home:/opt/rustwide/cargo-home:ro,Z" "-v" "/var/lib/crater-agent-workspace/rustup-home:/opt/rustwide/rustup-home:ro,Z" "-m" "1610612736" "--network" "none" "ghcr.io/rust-lang/crates-build-env/linux@sha256:77db811e55d90add9212f6832c23229e3de5f1c1f9905e8cb07319ea15df73ac" "sleep" "infinity", kill_on_drop: false }`
[INFO] [stdout] b21bfa537dc2674ef4bd180d2cccf2b0af92435a312c37c8dc3be355b1c1b487
[INFO] running `Command { std: "docker" "start" "b21bfa537dc2674ef4bd180d2cccf2b0af92435a312c37c8dc3be355b1c1b487", kill_on_drop: false }`
[INFO] running `Command { std: "docker" "inspect" "b21bfa537dc2674ef4bd180d2cccf2b0af92435a312c37c8dc3be355b1c1b487", kill_on_drop: false }`
[INFO] running `Command { std: "docker" "exec" "-e" "SOURCE_DIR=/opt/rustwide/workdir" "-e" "CARGO_HOME=/opt/rustwide/cargo-home" "-e" "RUSTUP_HOME=/opt/rustwide/rustup-home" "-e" "CARGO_TARGET_DIR=/opt/rustwide/target" "-w" "/opt/rustwide/workdir" "--user" "0:0" "b21bfa537dc2674ef4bd180d2cccf2b0af92435a312c37c8dc3be355b1c1b487" "/opt/rustwide/cargo-home/bin/cargo" "+1.99.0-beta.8" "metadata" "--no-deps" "--format-version=1", kill_on_drop: false }`
[INFO] running `Command { std: "docker" "inspect" "b21bfa537dc2674ef4bd180d2cccf2b0af92435a312c37c8dc3be355b1c1b487", kill_on_drop: false }`
[INFO] running `Command { std: "docker" "exec" "-e" "SOURCE_DIR=/opt/rustwide/workdir" "-e" "CARGO_HOME=/opt/rustwide/cargo-home" "-e" "RUSTUP_HOME=/opt/rustwide/rustup-home" "-e" "CARGO_TARGET_DIR=/opt/rustwide/target" "-e" "CARGO_INCREMENTAL=0" "-e" "RUST_BACKTRACE=full" "-e" "RUSTFLAGS=--cap-lints=warn" "-e" "RUSTDOCFLAGS=--cap-lints=warn" "-w" "/opt/rustwide/workdir" "--user" "0:0" "b21bfa537dc2674ef4bd180d2cccf2b0af92435a312c37c8dc3be355b1c1b487" "/opt/rustwide/cargo-home/bin/cargo" "+1.99.0-beta.8" "build" "--frozen" "--message-format=json" "--release", kill_on_drop: false }`
[INFO] [stderr]    Compiling syn v2.0.100
[INFO] [stderr]    Compiling ring v0.17.14
[INFO] [stderr]    Compiling zstd-sys v2.0.15+zstd.1.5.7
[INFO] [stderr]    Compiling zstd-safe v7.2.4
[INFO] [stderr]    Compiling ring v0.16.20
[INFO] [stderr]    Compiling rustls v0.20.9
[INFO] [stderr]    Compiling regex v1.11.1
[INFO] [stderr]    Compiling brotli v7.0.0
[INFO] [stderr]    Compiling zstd v0.13.3
[INFO] [stderr]    Compiling env_filter v0.1.3
[INFO] [stderr]    Compiling env_logger v0.11.8
[INFO] [stderr]    Compiling webpki v0.22.4
[INFO] [stderr]    Compiling sct v0.7.1
[INFO] [stderr]    Compiling webpki-roots v0.22.6
[INFO] [stderr]    Compiling synstructure v0.13.1
[INFO] [stderr]    Compiling serde_derive v1.0.219
[INFO] [stderr]    Compiling zerovec-derive v0.10.3
[INFO] [stderr]    Compiling displaydoc v0.2.5
[INFO] [stderr]    Compiling tokio-macros v2.5.0
[INFO] [stderr]    Compiling icu_provider_macros v1.5.0
[INFO] [stderr]    Compiling futures-macro v0.3.31
[INFO] [stderr]    Compiling derive_more-impl v2.0.1
[INFO] [stderr]    Compiling clap_derive v4.5.32
[INFO] [stderr]    Compiling thiserror-impl v2.0.12
[INFO] [stderr]    Compiling zerofrom-derive v0.1.6
[INFO] [stderr]    Compiling yoke-derive v0.7.5
[INFO] [stderr]    Compiling tokio v1.44.2
[INFO] [stderr]    Compiling futures-util v0.3.31
[INFO] [stderr]    Compiling zerofrom v0.1.6
[INFO] [stderr]    Compiling yoke v0.7.5
[INFO] [stderr]    Compiling zerovec v0.10.4
[INFO] [stderr]    Compiling thiserror v2.0.12
[INFO] [stderr]    Compiling clap v4.5.37
[INFO] [stderr]    Compiling derive_more v2.0.1
[INFO] [stderr]    Compiling tinystr v0.7.6
[INFO] [stderr]    Compiling icu_collections v1.5.0
[INFO] [stderr]    Compiling icu_locid v1.5.0
[INFO] [stderr]    Compiling serde v1.0.219
[INFO] [stderr]    Compiling icu_provider v1.5.0
[INFO] [stderr]    Compiling icu_locid_transform v1.5.0
[INFO] [stderr]    Compiling futures-executor v0.3.31
[INFO] [stderr]    Compiling futures v0.3.31
[INFO] [stderr]    Compiling icu_properties v1.5.1
[INFO] [stderr]    Compiling tokio-util v0.7.15
[INFO] [stderr]    Compiling actix-rt v2.10.0
[INFO] [stderr]    Compiling tokio-rustls v0.23.4
[INFO] [stderr]    Compiling toml_datetime v0.6.9
[INFO] [stderr]    Compiling serde_spanned v0.6.8
[INFO] [stderr]    Compiling serde_json v1.0.140
[INFO] [stderr]    Compiling serde_urlencoded v0.7.1
[INFO] [stderr]    Compiling minijinja v2.9.0
[INFO] [stderr]    Compiling serde_ini v0.2.0
[INFO] [stderr]    Compiling serde_yaml v0.9.34+deprecated
[INFO] [stderr]    Compiling serde_bytes v0.11.17
[INFO] [stderr]    Compiling toml_edit v0.22.25
[INFO] [stderr]    Compiling h2 v0.3.26
[INFO] [stderr]    Compiling actix-codec v0.5.2
[INFO] [stderr]    Compiling icu_normalizer v1.5.0
[INFO] [stderr]    Compiling actix-tls v3.4.0
[INFO] [stderr]    Compiling idna_adapter v1.2.0
[INFO] [stderr]    Compiling idna v1.0.3
[INFO] [stderr]    Compiling url v2.5.4
[INFO] [stderr]    Compiling toml v0.8.21
[INFO] [stderr]    Compiling actix-http v3.10.0
[INFO] [stderr]    Compiling awc v3.6.0
[INFO] [stderr]    Compiling subconverter v0.2.34 (/opt/rustwide/workdir)
[INFO] [stdout] warning: unused import: `std::collections::HashSet`
[INFO] [stdout]  --> src/generator/yaml/clash/output_proxy_types/clash_output_anytls.rs:2:5
[INFO] [stdout]   |
[INFO] [stdout] 2 | use std::collections::HashSet;
[INFO] [stdout]   |     ^^^^^^^^^^^^^^^^^^^^^^^^^
[INFO] [stdout]   |
[INFO] [stdout]   = note: `#[warn(unused_imports)]` (part of `#[warn(unused)]`) on by default
[INFO] [stdout] 
[INFO] [stdout] 
[INFO] [stdout] warning: unused import: `is_u32_option_zero`
[INFO] [stdout]  --> src/generator/yaml/clash/output_proxy_types/clash_output_vmess.rs:3:44
[INFO] [stdout]   |
[INFO] [stdout] 3 | use crate::utils::{is_empty_option_string, is_u32_option_zero};
[INFO] [stdout]   |                                            ^^^^^^^^^^^^^^^^^^
[INFO] [stdout] 
[INFO] [stdout] 
[INFO] [stdout] warning: unused imports: `cmp::Ordering` and `str::FromStr`
[INFO] [stdout]  --> src/models/extra_settings.rs:1:11
[INFO] [stdout]   |
[INFO] [stdout] 1 | use std::{cmp::Ordering, str::FromStr};
[INFO] [stdout]   |           ^^^^^^^^^^^^^  ^^^^^^^^^^^^
[INFO] [stdout] 
[INFO] [stdout] 
[INFO] [stdout] warning: unused import: `utils::file_get_async`
[INFO] [stdout]  --> src/models/extra_settings.rs:3:13
[INFO] [stdout]   |
[INFO] [stdout] 3 | use crate::{utils::file_get_async, Settings};
[INFO] [stdout]   |             ^^^^^^^^^^^^^^^^^^^^^
[INFO] [stdout] 
[INFO] [stdout] 
[INFO] [stdout] warning: unused imports: `ProxyType` and `RegexMatchConfig`
[INFO] [stdout]  --> src/models/extra_settings.rs:5:20
[INFO] [stdout]   |
[INFO] [stdout] 5 | use super::{Proxy, ProxyType, RegexMatchConfig, RegexMatchConfigs};
[INFO] [stdout]   |                    ^^^^^^^^^  ^^^^^^^^^^^^^^^^
[INFO] [stdout] 
[INFO] [stdout] 
[INFO] [stdout] warning: unexpected `cfg` condition value: `js_runtime`
[INFO] [stdout]   --> src/parser/parse_settings.rs:37:11
[INFO] [stdout]    |
[INFO] [stdout] 37 |     #[cfg(feature = "js_runtime")]
[INFO] [stdout]    |           ^^^^^^^^^^------------
[INFO] [stdout]    |                     |
[INFO] [stdout]    |                     help: there is a expected value with a similar name: `"js-runtime"`
[INFO] [stdout]    |
[INFO] [stdout]    = note: expected values for `feature` are: `actix-web`, `default`, `js-runtime`, `rquickjs`, and `web-api`
[INFO] [stdout]    = help: consider adding `js_runtime` as a feature in `Cargo.toml`
[INFO] [stdout]    = note: see <https://doc.rust-lang.org/nightly/rustc/check-cfg/cargo-specifics.html> for more information about checking conditional configuration
[INFO] [stdout]    = note: `#[warn(unexpected_cfgs)]` on by default
[INFO] [stdout] 
[INFO] [stdout] 
[INFO] [stdout] warning: unexpected `cfg` condition value: `js_runtime`
[INFO] [stdout]   --> src/parser/parse_settings.rs:41:11
[INFO] [stdout]    |
[INFO] [stdout] 41 |     #[cfg(feature = "js_runtime")]
[INFO] [stdout]    |           ^^^^^^^^^^------------
[INFO] [stdout]    |                     |
[INFO] [stdout]    |                     help: there is a expected value with a similar name: `"js-runtime"`
[INFO] [stdout]    |
[INFO] [stdout]    = note: expected values for `feature` are: `actix-web`, `default`, `js-runtime`, `rquickjs`, and `web-api`
[INFO] [stdout]    = help: consider adding `js_runtime` as a feature in `Cargo.toml`
[INFO] [stdout]    = note: see <https://doc.rust-lang.org/nightly/rustc/check-cfg/cargo-specifics.html> for more information about checking conditional configuration
[INFO] [stdout] 
[INFO] [stdout] 
[INFO] [stdout] warning: unexpected `cfg` condition value: `js_runtime`
[INFO] [stdout]   --> src/parser/parse_settings.rs:67:19
[INFO] [stdout]    |
[INFO] [stdout] 67 |             #[cfg(feature = "js_runtime")]
[INFO] [stdout]    |                   ^^^^^^^^^^------------
[INFO] [stdout]    |                             |
[INFO] [stdout]    |                             help: there is a expected value with a similar name: `"js-runtime"`
[INFO] [stdout]    |
[INFO] [stdout]    = note: expected values for `feature` are: `actix-web`, `default`, `js-runtime`, `rquickjs`, and `web-api`
[INFO] [stdout]    = help: consider adding `js_runtime` as a feature in `Cargo.toml`
[INFO] [stdout]    = note: see <https://doc.rust-lang.org/nightly/rustc/check-cfg/cargo-specifics.html> for more information about checking conditional configuration
[INFO] [stdout] 
[INFO] [stdout] 
[INFO] [stdout] warning: unexpected `cfg` condition value: `js_runtime`
[INFO] [stdout]   --> src/parser/parse_settings.rs:69:19
[INFO] [stdout]    |
[INFO] [stdout] 69 |             #[cfg(feature = "js_runtime")]
[INFO] [stdout]    |                   ^^^^^^^^^^------------
[INFO] [stdout]    |                             |
[INFO] [stdout]    |                             help: there is a expected value with a similar name: `"js-runtime"`
[INFO] [stdout]    |
[INFO] [stdout]    = note: expected values for `feature` are: `actix-web`, `default`, `js-runtime`, `rquickjs`, and `web-api`
[INFO] [stdout]    = help: consider adding `js_runtime` as a feature in `Cargo.toml`
[INFO] [stdout]    = note: see <https://doc.rust-lang.org/nightly/rustc/check-cfg/cargo-specifics.html> for more information about checking conditional configuration
[INFO] [stdout] 
[INFO] [stdout] 
[INFO] [stdout] warning: unexpected `cfg` condition value: `js_runtime`
[INFO] [stdout]   --> src/parser/subparser.rs:59:11
[INFO] [stdout]    |
[INFO] [stdout] 59 |     #[cfg(feature = "js_runtime")]
[INFO] [stdout]    |           ^^^^^^^^^^------------
[INFO] [stdout]    |                     |
[INFO] [stdout]    |                     help: there is a expected value with a similar name: `"js-runtime"`
[INFO] [stdout]    |
[INFO] [stdout]    = note: expected values for `feature` are: `actix-web`, `default`, `js-runtime`, `rquickjs`, and `web-api`
[INFO] [stdout]    = help: consider adding `js_runtime` as a feature in `Cargo.toml`
[INFO] [stdout]    = note: see <https://doc.rust-lang.org/nightly/rustc/check-cfg/cargo-specifics.html> for more information about checking conditional configuration
[INFO] [stdout] 
[INFO] [stdout] 
[INFO] [stdout] warning: unused import: `ProxyConfig`
[INFO] [stdout]  --> src/upload/gist.rs:3:53
[INFO] [stdout]   |
[INFO] [stdout] 3 | use crate::utils::http::{parse_proxy, HttpResponse, ProxyConfig};
[INFO] [stdout]   |                                                     ^^^^^^^^^^^
[INFO] [stdout] 
[INFO] [stdout] 
[INFO] [stdout] warning: unused import: `IniReaderError`
[INFO] [stdout]  --> src/upload/gist.rs:5:43
[INFO] [stdout]   |
[INFO] [stdout] 5 | use crate::utils::ini_reader::{IniReader, IniReaderError};
[INFO] [stdout]   |                                           ^^^^^^^^^^^^^^
[INFO] [stdout] 
[INFO] [stdout] 
[INFO] [stdout] warning: unused imports: `get_sub_info_from_header` and `get_sub_info_from_response`
[INFO] [stdout]  --> src/utils/http.rs:8:9
[INFO] [stdout]   |
[INFO] [stdout] 8 |         get_sub_info_from_header, get_sub_info_from_response, parse_proxy, web_get, web_get_async,
[INFO] [stdout]   |         ^^^^^^^^^^^^^^^^^^^^^^^^  ^^^^^^^^^^^^^^^^^^^^^^^^^^
[INFO] [stdout] 
[INFO] [stdout] 
[INFO] [stdout] warning: unused import: `std::fs::File`
[INFO] [stdout]  --> src/utils/ini_reader.rs:7:5
[INFO] [stdout]   |
[INFO] [stdout] 7 | use std::fs::File;
[INFO] [stdout]   |     ^^^^^^^^^^^^^
[INFO] [stdout] 
[INFO] [stdout] 
[INFO] [stdout] warning: unused import: `Read`
[INFO] [stdout]  --> src/utils/ini_reader.rs:8:21
[INFO] [stdout]   |
[INFO] [stdout] 8 | use std::io::{self, Read};
[INFO] [stdout]   |                     ^^^^
[INFO] [stdout] 
[INFO] [stdout] 
[INFO] [stdout] warning: unused import: `std::str::FromStr`
[INFO] [stdout]  --> src/utils/matcher.rs:5:5
[INFO] [stdout]   |
[INFO] [stdout] 5 | use std::str::FromStr;
[INFO] [stdout]   |     ^^^^^^^^^^^^^^^^^
[INFO] [stdout] 
[INFO] [stdout] 
[INFO] [stdout] warning: unused import: `std::cmp::Ordering`
[INFO] [stdout]  --> src/utils/node_manip.rs:2:5
[INFO] [stdout]   |
[INFO] [stdout] 2 | use std::cmp::Ordering;
[INFO] [stdout]   |     ^^^^^^^^^^^^^^^^^^
[INFO] [stdout] 
[INFO] [stdout] 
[INFO] [stdout] warning: unused import: `reg_find`
[INFO] [stdout]   --> src/utils/node_manip.rs:10:30
[INFO] [stdout]    |
[INFO] [stdout] 10 |     matcher::{apply_matcher, reg_find},
[INFO] [stdout]    |                              ^^^^^^^^
[INFO] [stdout] 
[INFO] [stdout] 
[INFO] [stdout] warning: variable does not need to be mutable
[INFO] [stdout]   --> src/utils/http_std.rs:89:9
[INFO] [stdout]    |
[INFO] [stdout] 89 |     let mut client_builder = Client::builder().timeout(Duration::from_secs(DEFAULT_TIMEOUT));
[INFO] [stdout]    |         ----^^^^^^^^^^^^^^
[INFO] [stdout]    |         |
[INFO] [stdout]    |         help: remove this `mut`
[INFO] [stdout]    |
[INFO] [stdout]    = note: `#[warn(unused_mut)]` (part of `#[warn(unused)]`) on by default
[INFO] [stdout] 
[INFO] [stdout] 
[INFO] [stdout] warning: variable does not need to be mutable
[INFO] [stdout]    --> src/utils/http_std.rs:306:9
[INFO] [stdout]     |
[INFO] [stdout] 306 |     let mut client_builder = Client::builder().timeout(Duration::from_secs(DEFAULT_TIMEOUT));
[INFO] [stdout]     |         ----^^^^^^^^^^^^^^
[INFO] [stdout]     |         |
[INFO] [stdout]     |         help: remove this `mut`
[INFO] [stdout] 
[INFO] [stdout] 
[INFO] [stdout] warning: variable does not need to be mutable
[INFO] [stdout]    --> src/utils/http_std.rs:377:9
[INFO] [stdout]     |
[INFO] [stdout] 377 |     let mut client_builder = Client::builder().timeout(Duration::from_secs(DEFAULT_TIMEOUT));
[INFO] [stdout]     |         ----^^^^^^^^^^^^^^
[INFO] [stdout]     |         |
[INFO] [stdout]     |         help: remove this `mut`
[INFO] [stdout] 
[INFO] [stdout] 
[INFO] [stdout] warning: unused variable: `req_url`
[INFO] [stdout]    --> src/api/sub.rs:293:5
[INFO] [stdout]     |
[INFO] [stdout] 293 |     req_url: Option<String>,
[INFO] [stdout]     |     ^^^^^^^ help: if this is intentional, prefix it with an underscore: `_req_url`
[INFO] [stdout]     |
[INFO] [stdout]     = note: `#[warn(unused_variables)]` (part of `#[warn(unused)]`) on by default
[INFO] [stdout] 
[INFO] [stdout] 
[INFO] [stdout] warning: unused variable: `proxy_config`
[INFO] [stdout]   --> src/utils/http_std.rs:84:5
[INFO] [stdout]    |
[INFO] [stdout] 84 |     proxy_config: &ProxyConfig,
[INFO] [stdout]    |     ^^^^^^^^^^^^ help: if this is intentional, prefix it with an underscore: `_proxy_config`
[INFO] [stdout] 
[INFO] [stdout] 
[INFO] [stdout] warning: unused variable: `proxy_config`
[INFO] [stdout]    --> src/utils/http_std.rs:303:5
[INFO] [stdout]     |
[INFO] [stdout] 303 |     proxy_config: &ProxyConfig,
[INFO] [stdout]     |     ^^^^^^^^^^^^ help: if this is intentional, prefix it with an underscore: `_proxy_config`
[INFO] [stdout] 
[INFO] [stdout] 
[INFO] [stdout] warning: unused variable: `proxy_config`
[INFO] [stdout]    --> src/utils/http_std.rs:374:5
[INFO] [stdout]     |
[INFO] [stdout] 374 |     proxy_config: &ProxyConfig,
[INFO] [stdout]     |     ^^^^^^^^^^^^ help: if this is intentional, prefix it with an underscore: `_proxy_config`
[INFO] [stdout] 
[INFO] [stdout] 
[INFO] [stdout] warning: value assigned to `matched` is never read
[INFO] [stdout]   --> src/models/regex_match_config.rs:51:27
[INFO] [stdout]    |
[INFO] [stdout] 51 |         let mut matched = false;
[INFO] [stdout]    |                           ^^^^^ this value is reassigned later and never used
[INFO] [stdout] ...
[INFO] [stdout] 56 |             matched = apply_compiled_rule_to_string(compiled, remark);
[INFO] [stdout]    |             --------------------------------------------------------- `matched` is overwritten here before the previous value is read
[INFO] [stdout]    |
[INFO] [stdout]    = note: `#[warn(unused_assignments)]` (part of `#[warn(unused)]`) on by default
[INFO] [stdout] 
[INFO] [stdout] 
[INFO] [stdout] warning: unused variable: `dir`
[INFO] [stdout]    --> src/utils/matcher.rs:356:13
[INFO] [stdout]     |
[INFO] [stdout] 356 |         let dir = if rule.starts_with("!!INSERT=") { -1 } else { 1 }; // Apply direction modifier conceptually later
[INFO] [stdout]     |             ^^^ help: if this is intentional, prefix it with an underscore: `_dir`
[INFO] [stdout] 
[INFO] [stdout] 
[INFO] [stdout] warning: enum `RulesetType` is never used
[INFO] [stdout]  --> src/generator/ruleconvert/ruleset.rs:6:10
[INFO] [stdout]   |
[INFO] [stdout] 6 | pub enum RulesetType {
[INFO] [stdout]   |          ^^^^^^^^^^^
[INFO] [stdout]   |
[INFO] [stdout]   = note: `#[warn(dead_code)]` (part of `#[warn(unused)]`) on by default
[INFO] [stdout] 
[INFO] [stdout] 
[INFO] [stderr]     Finished `release` profile [optimized] target(s) in 2m 23s
[INFO] running `Command { std: "docker" "inspect" "b21bfa537dc2674ef4bd180d2cccf2b0af92435a312c37c8dc3be355b1c1b487", kill_on_drop: false }`
[INFO] running `Command { std: "docker" "exec" "-e" "SOURCE_DIR=/opt/rustwide/workdir" "-e" "CARGO_HOME=/opt/rustwide/cargo-home" "-e" "RUSTUP_HOME=/opt/rustwide/rustup-home" "-e" "CARGO_TARGET_DIR=/opt/rustwide/target" "-e" "CARGO_INCREMENTAL=0" "-e" "RUST_BACKTRACE=full" "-e" "RUSTFLAGS=--cap-lints=warn" "-e" "RUSTDOCFLAGS=--cap-lints=warn" "-w" "/opt/rustwide/workdir" "--user" "0:0" "b21bfa537dc2674ef4bd180d2cccf2b0af92435a312c37c8dc3be355b1c1b487" "/opt/rustwide/cargo-home/bin/cargo" "+1.99.0-beta.8" "test" "--frozen" "--no-run" "--message-format=json" "--release", kill_on_drop: false }`
[INFO] [stderr]    Compiling syn v2.0.100
[INFO] [stderr]    Compiling mio v1.0.3
[INFO] [stderr]    Compiling bitflags v2.9.0
[INFO] [stderr]    Compiling serde v1.0.219
[INFO] [stderr]    Compiling pin-project-lite v0.2.16
[INFO] [stderr]    Compiling log v0.4.27
[INFO] [stderr]    Compiling bytes v1.10.1
[INFO] [stderr]    Compiling tracing-core v0.1.33
[INFO] [stderr]    Compiling regex-lite v0.1.6
[INFO] [stderr]    Compiling rustix v1.0.5
[INFO] [stderr]    Compiling fastrand v2.3.0
[INFO] [stderr]    Compiling tracing v0.1.41
[INFO] [stderr]    Compiling bytestring v1.4.0
[INFO] [stderr]    Compiling tempfile v3.19.1
[INFO] [stderr]    Compiling actix-router v0.5.3
[INFO] [stderr]    Compiling synstructure v0.13.1
[INFO] [stderr]    Compiling zerofrom-derive v0.1.6
[INFO] [stderr]    Compiling serde_derive v1.0.219
[INFO] [stderr]    Compiling yoke-derive v0.7.5
[INFO] [stderr]    Compiling zerovec-derive v0.10.3
[INFO] [stderr]    Compiling displaydoc v0.2.5
[INFO] [stderr]    Compiling tokio-macros v2.5.0
[INFO] [stderr]    Compiling tracing-attributes v0.1.28
[INFO] [stderr]    Compiling icu_provider_macros v1.5.0
[INFO] [stderr]    Compiling futures-macro v0.3.31
[INFO] [stderr]    Compiling derive_more-impl v2.0.1
[INFO] [stderr]    Compiling clap_derive v4.5.32
[INFO] [stderr]    Compiling thiserror-impl v2.0.12
[INFO] [stderr]    Compiling actix-web-codegen v4.3.0
[INFO] [stderr]    Compiling actix-macros v0.2.4
[INFO] [stderr]    Compiling futures-util v0.3.31
[INFO] [stderr]    Compiling tokio v1.44.2
[INFO] [stderr]    Compiling thiserror v2.0.12
[INFO] [stderr]    Compiling zerofrom v0.1.6
[INFO] [stderr]    Compiling yoke v0.7.5
[INFO] [stderr]    Compiling zerovec v0.10.4
[INFO] [stderr]    Compiling clap v4.5.37
[INFO] [stderr]    Compiling tinystr v0.7.6
[INFO] [stderr]    Compiling icu_collections v1.5.0
[INFO] [stderr]    Compiling icu_locid v1.5.0
[INFO] [stderr]    Compiling derive_more v2.0.1
[INFO] [stderr]    Compiling icu_provider v1.5.0
[INFO] [stderr]    Compiling icu_locid_transform v1.5.0
[INFO] [stderr]    Compiling futures-executor v0.3.31
[INFO] [stderr]    Compiling icu_properties v1.5.1
[INFO] [stderr]    Compiling futures v0.3.31
[INFO] [stderr]    Compiling serde_json v1.0.140
[INFO] [stderr]    Compiling toml_datetime v0.6.9
[INFO] [stderr]    Compiling serde_spanned v0.6.8
[INFO] [stderr]    Compiling serde_urlencoded v0.7.1
[INFO] [stderr]    Compiling minijinja v2.9.0
[INFO] [stderr]    Compiling serde_ini v0.2.0
[INFO] [stderr]    Compiling serde_yaml v0.9.34+deprecated
[INFO] [stderr]    Compiling serde_bytes v0.11.17
[INFO] [stderr]    Compiling toml_edit v0.22.25
[INFO] [stderr]    Compiling tokio-util v0.7.15
[INFO] [stderr]    Compiling actix-rt v2.10.0
[INFO] [stderr]    Compiling tokio-rustls v0.23.4
[INFO] [stderr]    Compiling actix-server v2.5.1
[INFO] [stderr]    Compiling actix-codec v0.5.2
[INFO] [stderr]    Compiling h2 v0.3.26
[INFO] [stderr]    Compiling actix-tls v3.4.0
[INFO] [stderr]    Compiling icu_normalizer v1.5.0
[INFO] [stderr]    Compiling toml v0.8.21
[INFO] [stderr]    Compiling idna_adapter v1.2.0
[INFO] [stderr]    Compiling idna v1.0.3
[INFO] [stderr]    Compiling url v2.5.4
[INFO] [stderr]    Compiling actix-http v3.10.0
[INFO] [stderr]    Compiling awc v3.6.0
[INFO] [stderr]    Compiling actix-web v4.10.2
[INFO] [stderr]    Compiling subconverter v0.2.34 (/opt/rustwide/workdir)
[INFO] [stdout] warning: unused import: `std::collections::HashSet`
[INFO] [stdout]  --> src/generator/yaml/clash/output_proxy_types/clash_output_anytls.rs:2:5
[INFO] [stdout]   |
[INFO] [stdout] 2 | use std::collections::HashSet;
[INFO] [stdout]   |     ^^^^^^^^^^^^^^^^^^^^^^^^^
[INFO] [stdout]   |
[INFO] [stdout]   = note: `#[warn(unused_imports)]` (part of `#[warn(unused)]`) on by default
[INFO] [stdout] 
[INFO] [stdout] 
[INFO] [stdout] warning: unused import: `is_u32_option_zero`
[INFO] [stdout]  --> src/generator/yaml/clash/output_proxy_types/clash_output_vmess.rs:3:44
[INFO] [stdout]   |
[INFO] [stdout] 3 | use crate::utils::{is_empty_option_string, is_u32_option_zero};
[INFO] [stdout]   |                                            ^^^^^^^^^^^^^^^^^^
[INFO] [stdout] 
[INFO] [stdout] 
[INFO] [stdout] warning: unused imports: `cmp::Ordering` and `str::FromStr`
[INFO] [stdout]  --> src/models/extra_settings.rs:1:11
[INFO] [stdout]   |
[INFO] [stdout] 1 | use std::{cmp::Ordering, str::FromStr};
[INFO] [stdout]   |           ^^^^^^^^^^^^^  ^^^^^^^^^^^^
[INFO] [stdout] 
[INFO] [stdout] 
[INFO] [stdout] warning: unused import: `utils::file_get_async`
[INFO] [stdout]  --> src/models/extra_settings.rs:3:13
[INFO] [stdout]   |
[INFO] [stdout] 3 | use crate::{utils::file_get_async, Settings};
[INFO] [stdout]   |             ^^^^^^^^^^^^^^^^^^^^^
[INFO] [stdout] 
[INFO] [stdout] 
[INFO] [stdout] warning: unused imports: `ProxyType` and `RegexMatchConfig`
[INFO] [stdout]  --> src/models/extra_settings.rs:5:20
[INFO] [stdout]   |
[INFO] [stdout] 5 | use super::{Proxy, ProxyType, RegexMatchConfig, RegexMatchConfigs};
[INFO] [stdout]   |                    ^^^^^^^^^  ^^^^^^^^^^^^^^^^
[INFO] [stdout] 
[INFO] [stdout] 
[INFO] [stdout] warning: unexpected `cfg` condition value: `js_runtime`
[INFO] [stdout]   --> src/parser/parse_settings.rs:37:11
[INFO] [stdout]    |
[INFO] [stdout] 37 |     #[cfg(feature = "js_runtime")]
[INFO] [stdout]    |           ^^^^^^^^^^------------
[INFO] [stdout]    |                     |
[INFO] [stdout]    |                     help: there is a expected value with a similar name: `"js-runtime"`
[INFO] [stdout]    |
[INFO] [stdout]    = note: expected values for `feature` are: `actix-web`, `default`, `js-runtime`, `rquickjs`, and `web-api`
[INFO] [stdout]    = help: consider adding `js_runtime` as a feature in `Cargo.toml`
[INFO] [stdout]    = note: see <https://doc.rust-lang.org/nightly/rustc/check-cfg/cargo-specifics.html> for more information about checking conditional configuration
[INFO] [stdout]    = note: `#[warn(unexpected_cfgs)]` on by default
[INFO] [stdout] 
[INFO] [stdout] 
[INFO] [stdout] warning: unexpected `cfg` condition value: `js_runtime`
[INFO] [stdout]   --> src/parser/parse_settings.rs:41:11
[INFO] [stdout]    |
[INFO] [stdout] 41 |     #[cfg(feature = "js_runtime")]
[INFO] [stdout]    |           ^^^^^^^^^^------------
[INFO] [stdout]    |                     |
[INFO] [stdout]    |                     help: there is a expected value with a similar name: `"js-runtime"`
[INFO] [stdout]    |
[INFO] [stdout]    = note: expected values for `feature` are: `actix-web`, `default`, `js-runtime`, `rquickjs`, and `web-api`
[INFO] [stdout]    = help: consider adding `js_runtime` as a feature in `Cargo.toml`
[INFO] [stdout]    = note: see <https://doc.rust-lang.org/nightly/rustc/check-cfg/cargo-specifics.html> for more information about checking conditional configuration
[INFO] [stdout] 
[INFO] [stdout] 
[INFO] [stdout] warning: unexpected `cfg` condition value: `js_runtime`
[INFO] [stdout]   --> src/parser/parse_settings.rs:67:19
[INFO] [stdout]    |
[INFO] [stdout] 67 |             #[cfg(feature = "js_runtime")]
[INFO] [stdout]    |                   ^^^^^^^^^^------------
[INFO] [stdout]    |                             |
[INFO] [stdout]    |                             help: there is a expected value with a similar name: `"js-runtime"`
[INFO] [stdout]    |
[INFO] [stdout]    = note: expected values for `feature` are: `actix-web`, `default`, `js-runtime`, `rquickjs`, and `web-api`
[INFO] [stdout]    = help: consider adding `js_runtime` as a feature in `Cargo.toml`
[INFO] [stdout]    = note: see <https://doc.rust-lang.org/nightly/rustc/check-cfg/cargo-specifics.html> for more information about checking conditional configuration
[INFO] [stdout] 
[INFO] [stdout] 
[INFO] [stdout] warning: unexpected `cfg` condition value: `js_runtime`
[INFO] [stdout]   --> src/parser/parse_settings.rs:69:19
[INFO] [stdout]    |
[INFO] [stdout] 69 |             #[cfg(feature = "js_runtime")]
[INFO] [stdout]    |                   ^^^^^^^^^^------------
[INFO] [stdout]    |                             |
[INFO] [stdout]    |                             help: there is a expected value with a similar name: `"js-runtime"`
[INFO] [stdout]    |
[INFO] [stdout]    = note: expected values for `feature` are: `actix-web`, `default`, `js-runtime`, `rquickjs`, and `web-api`
[INFO] [stdout]    = help: consider adding `js_runtime` as a feature in `Cargo.toml`
[INFO] [stdout]    = note: see <https://doc.rust-lang.org/nightly/rustc/check-cfg/cargo-specifics.html> for more information about checking conditional configuration
[INFO] [stdout] 
[INFO] [stdout] 
[INFO] [stdout] warning: unexpected `cfg` condition value: `js_runtime`
[INFO] [stdout]   --> src/parser/subparser.rs:59:11
[INFO] [stdout]    |
[INFO] [stdout] 59 |     #[cfg(feature = "js_runtime")]
[INFO] [stdout]    |           ^^^^^^^^^^------------
[INFO] [stdout]    |                     |
[INFO] [stdout]    |                     help: there is a expected value with a similar name: `"js-runtime"`
[INFO] [stdout]    |
[INFO] [stdout]    = note: expected values for `feature` are: `actix-web`, `default`, `js-runtime`, `rquickjs`, and `web-api`
[INFO] [stdout]    = help: consider adding `js_runtime` as a feature in `Cargo.toml`
[INFO] [stdout]    = note: see <https://doc.rust-lang.org/nightly/rustc/check-cfg/cargo-specifics.html> for more information about checking conditional configuration
[INFO] [stdout] 
[INFO] [stdout] 
[INFO] [stdout] warning: unused import: `ProxyConfig`
[INFO] [stdout]  --> src/upload/gist.rs:3:53
[INFO] [stdout]   |
[INFO] [stdout] 3 | use crate::utils::http::{parse_proxy, HttpResponse, ProxyConfig};
[INFO] [stdout]   |                                                     ^^^^^^^^^^^
[INFO] [stdout] 
[INFO] [stdout] 
[INFO] [stdout] warning: unused import: `IniReaderError`
[INFO] [stdout]  --> src/upload/gist.rs:5:43
[INFO] [stdout]   |
[INFO] [stdout] 5 | use crate::utils::ini_reader::{IniReader, IniReaderError};
[INFO] [stdout]   |                                           ^^^^^^^^^^^^^^
[INFO] [stdout] 
[INFO] [stdout] 
[INFO] [stdout] warning: unused imports: `get_sub_info_from_header` and `get_sub_info_from_response`
[INFO] [stdout]  --> src/utils/http.rs:8:9
[INFO] [stdout]   |
[INFO] [stdout] 8 |         get_sub_info_from_header, get_sub_info_from_response, parse_proxy, web_get, web_get_async,
[INFO] [stdout]   |         ^^^^^^^^^^^^^^^^^^^^^^^^  ^^^^^^^^^^^^^^^^^^^^^^^^^^
[INFO] [stdout] 
[INFO] [stdout] 
[INFO] [stdout] warning: unused import: `std::fs::File`
[INFO] [stdout]  --> src/utils/ini_reader.rs:7:5
[INFO] [stdout]   |
[INFO] [stdout] 7 | use std::fs::File;
[INFO] [stdout]   |     ^^^^^^^^^^^^^
[INFO] [stdout] 
[INFO] [stdout] 
[INFO] [stdout] warning: unused import: `Read`
[INFO] [stdout]  --> src/utils/ini_reader.rs:8:21
[INFO] [stdout]   |
[INFO] [stdout] 8 | use std::io::{self, Read};
[INFO] [stdout]   |                     ^^^^
[INFO] [stdout] 
[INFO] [stdout] 
[INFO] [stdout] warning: unused import: `std::str::FromStr`
[INFO] [stdout]  --> src/utils/matcher.rs:5:5
[INFO] [stdout]   |
[INFO] [stdout] 5 | use std::str::FromStr;
[INFO] [stdout]   |     ^^^^^^^^^^^^^^^^^
[INFO] [stdout] 
[INFO] [stdout] 
[INFO] [stdout] warning: unused import: `std::cmp::Ordering`
[INFO] [stdout]  --> src/utils/node_manip.rs:2:5
[INFO] [stdout]   |
[INFO] [stdout] 2 | use std::cmp::Ordering;
[INFO] [stdout]   |     ^^^^^^^^^^^^^^^^^^
[INFO] [stdout] 
[INFO] [stdout] 
[INFO] [stdout] warning: unused import: `reg_find`
[INFO] [stdout]   --> src/utils/node_manip.rs:10:30
[INFO] [stdout]    |
[INFO] [stdout] 10 |     matcher::{apply_matcher, reg_find},
[INFO] [stdout]    |                              ^^^^^^^^
[INFO] [stdout] 
[INFO] [stdout] 
[INFO] [stdout] warning: unused import: `std::collections::HashSet`
[INFO] [stdout]  --> src/generator/yaml/clash/output_proxy_types/clash_output_anytls.rs:2:5
[INFO] [stdout]   |
[INFO] [stdout] 2 | use std::collections::HashSet;
[INFO] [stdout]   |     ^^^^^^^^^^^^^^^^^^^^^^^^^
[INFO] [stdout]   |
[INFO] [stdout]   = note: `#[warn(unused_imports)]` (part of `#[warn(unused)]`) on by default
[INFO] [stdout] 
[INFO] [stdout] 
[INFO] [stdout] warning: unused import: `is_u32_option_zero`
[INFO] [stdout]  --> src/generator/yaml/clash/output_proxy_types/clash_output_vmess.rs:3:44
[INFO] [stdout]   |
[INFO] [stdout] 3 | use crate::utils::{is_empty_option_string, is_u32_option_zero};
[INFO] [stdout]   |                                            ^^^^^^^^^^^^^^^^^^
[INFO] [stdout] 
[INFO] [stdout] 
[INFO] [stdout] warning: unused imports: `cmp::Ordering` and `str::FromStr`
[INFO] [stdout]  --> src/models/extra_settings.rs:1:11
[INFO] [stdout]   |
[INFO] [stdout] 1 | use std::{cmp::Ordering, str::FromStr};
[INFO] [stdout]   |           ^^^^^^^^^^^^^  ^^^^^^^^^^^^
[INFO] [stdout] 
[INFO] [stdout] 
[INFO] [stdout] warning: unused import: `utils::file_get_async`
[INFO] [stdout]  --> src/models/extra_settings.rs:3:13
[INFO] [stdout]   |
[INFO] [stdout] 3 | use crate::{utils::file_get_async, Settings};
[INFO] [stdout]   |             ^^^^^^^^^^^^^^^^^^^^^
[INFO] [stdout] 
[INFO] [stdout] 
[INFO] [stdout] warning: unused imports: `ProxyType` and `RegexMatchConfig`
[INFO] [stdout]  --> src/models/extra_settings.rs:5:20
[INFO] [stdout]   |
[INFO] [stdout] 5 | use super::{Proxy, ProxyType, RegexMatchConfig, RegexMatchConfigs};
[INFO] [stdout]   |                    ^^^^^^^^^  ^^^^^^^^^^^^^^^^
[INFO] [stdout] 
[INFO] [stdout] 
[INFO] [stdout] warning: unexpected `cfg` condition value: `js_runtime`
[INFO] [stdout]   --> src/parser/parse_settings.rs:37:11
[INFO] [stdout]    |
[INFO] [stdout] 37 |     #[cfg(feature = "js_runtime")]
[INFO] [stdout]    |           ^^^^^^^^^^------------
[INFO] [stdout]    |                     |
[INFO] [stdout]    |                     help: there is a expected value with a similar name: `"js-runtime"`
[INFO] [stdout]    |
[INFO] [stdout]    = note: expected values for `feature` are: `actix-web`, `default`, `js-runtime`, `rquickjs`, and `web-api`
[INFO] [stdout]    = help: consider adding `js_runtime` as a feature in `Cargo.toml`
[INFO] [stdout]    = note: see <https://doc.rust-lang.org/nightly/rustc/check-cfg/cargo-specifics.html> for more information about checking conditional configuration
[INFO] [stdout]    = note: `#[warn(unexpected_cfgs)]` on by default
[INFO] [stdout] 
[INFO] [stdout] 
[INFO] [stdout] warning: unexpected `cfg` condition value: `js_runtime`
[INFO] [stdout]   --> src/parser/parse_settings.rs:41:11
[INFO] [stdout]    |
[INFO] [stdout] 41 |     #[cfg(feature = "js_runtime")]
[INFO] [stdout]    |           ^^^^^^^^^^------------
[INFO] [stdout]    |                     |
[INFO] [stdout]    |                     help: there is a expected value with a similar name: `"js-runtime"`
[INFO] [stdout]    |
[INFO] [stdout]    = note: expected values for `feature` are: `actix-web`, `default`, `js-runtime`, `rquickjs`, and `web-api`
[INFO] [stdout]    = help: consider adding `js_runtime` as a feature in `Cargo.toml`
[INFO] [stdout]    = note: see <https://doc.rust-lang.org/nightly/rustc/check-cfg/cargo-specifics.html> for more information about checking conditional configuration
[INFO] [stdout] 
[INFO] [stdout] 
[INFO] [stdout] warning: unexpected `cfg` condition value: `js_runtime`
[INFO] [stdout]   --> src/parser/parse_settings.rs:67:19
[INFO] [stdout]    |
[INFO] [stdout] 67 |             #[cfg(feature = "js_runtime")]
[INFO] [stdout]    |                   ^^^^^^^^^^------------
[INFO] [stdout]    |                             |
[INFO] [stdout]    |                             help: there is a expected value with a similar name: `"js-runtime"`
[INFO] [stdout]    |
[INFO] [stdout]    = note: expected values for `feature` are: `actix-web`, `default`, `js-runtime`, `rquickjs`, and `web-api`
[INFO] [stdout]    = help: consider adding `js_runtime` as a feature in `Cargo.toml`
[INFO] [stdout]    = note: see <https://doc.rust-lang.org/nightly/rustc/check-cfg/cargo-specifics.html> for more information about checking conditional configuration
[INFO] [stdout] 
[INFO] [stdout] 
[INFO] [stdout] warning: unexpected `cfg` condition value: `js_runtime`
[INFO] [stdout]   --> src/parser/parse_settings.rs:69:19
[INFO] [stdout]    |
[INFO] [stdout] 69 |             #[cfg(feature = "js_runtime")]
[INFO] [stdout]    |                   ^^^^^^^^^^------------
[INFO] [stdout]    |                             |
[INFO] [stdout]    |                             help: there is a expected value with a similar name: `"js-runtime"`
[INFO] [stdout]    |
[INFO] [stdout]    = note: expected values for `feature` are: `actix-web`, `default`, `js-runtime`, `rquickjs`, and `web-api`
[INFO] [stdout]    = help: consider adding `js_runtime` as a feature in `Cargo.toml`
[INFO] [stdout]    = note: see <https://doc.rust-lang.org/nightly/rustc/check-cfg/cargo-specifics.html> for more information about checking conditional configuration
[INFO] [stdout] 
[INFO] [stdout] 
[INFO] [stdout] warning: unexpected `cfg` condition value: `js_runtime`
[INFO] [stdout]   --> src/parser/subparser.rs:59:11
[INFO] [stdout]    |
[INFO] [stdout] 59 |     #[cfg(feature = "js_runtime")]
[INFO] [stdout]    |           ^^^^^^^^^^------------
[INFO] [stdout]    |                     |
[INFO] [stdout]    |                     help: there is a expected value with a similar name: `"js-runtime"`
[INFO] [stdout]    |
[INFO] [stdout]    = note: expected values for `feature` are: `actix-web`, `default`, `js-runtime`, `rquickjs`, and `web-api`
[INFO] [stdout]    = help: consider adding `js_runtime` as a feature in `Cargo.toml`
[INFO] [stdout]    = note: see <https://doc.rust-lang.org/nightly/rustc/check-cfg/cargo-specifics.html> for more information about checking conditional configuration
[INFO] [stdout] 
[INFO] [stdout] 
[INFO] [stdout] warning: unused import: `ProxyConfig`
[INFO] [stdout]  --> src/upload/gist.rs:3:53
[INFO] [stdout]   |
[INFO] [stdout] 3 | use crate::utils::http::{parse_proxy, HttpResponse, ProxyConfig};
[INFO] [stdout]   |                                                     ^^^^^^^^^^^
[INFO] [stdout] 
[INFO] [stdout] 
[INFO] [stdout] warning: unused import: `IniReaderError`
[INFO] [stdout]  --> src/upload/gist.rs:5:43
[INFO] [stdout]   |
[INFO] [stdout] 5 | use crate::utils::ini_reader::{IniReader, IniReaderError};
[INFO] [stdout]   |                                           ^^^^^^^^^^^^^^
[INFO] [stdout] 
[INFO] [stdout] 
[INFO] [stdout] warning: unused imports: `get_sub_info_from_header` and `get_sub_info_from_response`
[INFO] [stdout]  --> src/utils/http.rs:8:9
[INFO] [stdout]   |
[INFO] [stdout] 8 |         get_sub_info_from_header, get_sub_info_from_response, parse_proxy, web_get, web_get_async,
[INFO] [stdout]   |         ^^^^^^^^^^^^^^^^^^^^^^^^  ^^^^^^^^^^^^^^^^^^^^^^^^^^
[INFO] [stdout] 
[INFO] [stdout] 
[INFO] [stdout] warning: unused import: `std::fs::File`
[INFO] [stdout]  --> src/utils/ini_reader.rs:7:5
[INFO] [stdout]   |
[INFO] [stdout] 7 | use std::fs::File;
[INFO] [stdout]   |     ^^^^^^^^^^^^^
[INFO] [stdout] 
[INFO] [stdout] 
[INFO] [stdout] warning: unused import: `Read`
[INFO] [stdout]  --> src/utils/ini_reader.rs:8:21
[INFO] [stdout]   |
[INFO] [stdout] 8 | use std::io::{self, Read};
[INFO] [stdout]   |                     ^^^^
[INFO] [stdout] 
[INFO] [stdout] 
[INFO] [stdout] warning: unused import: `std::str::FromStr`
[INFO] [stdout]  --> src/utils/matcher.rs:5:5
[INFO] [stdout]   |
[INFO] [stdout] 5 | use std::str::FromStr;
[INFO] [stdout]   |     ^^^^^^^^^^^^^^^^^
[INFO] [stdout] 
[INFO] [stdout] 
[INFO] [stdout] warning: unused import: `std::cmp::Ordering`
[INFO] [stdout]  --> src/utils/node_manip.rs:2:5
[INFO] [stdout]   |
[INFO] [stdout] 2 | use std::cmp::Ordering;
[INFO] [stdout]   |     ^^^^^^^^^^^^^^^^^^
[INFO] [stdout] 
[INFO] [stdout] 
[INFO] [stdout] warning: unused import: `reg_find`
[INFO] [stdout]   --> src/utils/node_manip.rs:10:30
[INFO] [stdout]    |
[INFO] [stdout] 10 |     matcher::{apply_matcher, reg_find},
[INFO] [stdout]    |                              ^^^^^^^^
[INFO] [stdout] 
[INFO] [stdout] 
[INFO] [stdout] warning: variable does not need to be mutable
[INFO] [stdout]   --> src/utils/http_std.rs:89:9
[INFO] [stdout]    |
[INFO] [stdout] 89 |     let mut client_builder = Client::builder().timeout(Duration::from_secs(DEFAULT_TIMEOUT));
[INFO] [stdout]    |         ----^^^^^^^^^^^^^^
[INFO] [stdout]    |         |
[INFO] [stdout]    |         help: remove this `mut`
[INFO] [stdout]    |
[INFO] [stdout]    = note: `#[warn(unused_mut)]` (part of `#[warn(unused)]`) on by default
[INFO] [stdout] 
[INFO] [stdout] 
[INFO] [stdout] warning: variable does not need to be mutable
[INFO] [stdout]    --> src/utils/http_std.rs:306:9
[INFO] [stdout]     |
[INFO] [stdout] 306 |     let mut client_builder = Client::builder().timeout(Duration::from_secs(DEFAULT_TIMEOUT));
[INFO] [stdout]     |         ----^^^^^^^^^^^^^^
[INFO] [stdout]     |         |
[INFO] [stdout]     |         help: remove this `mut`
[INFO] [stdout] 
[INFO] [stdout] 
[INFO] [stdout] warning: variable does not need to be mutable
[INFO] [stdout]    --> src/utils/http_std.rs:377:9
[INFO] [stdout]     |
[INFO] [stdout] 377 |     let mut client_builder = Client::builder().timeout(Duration::from_secs(DEFAULT_TIMEOUT));
[INFO] [stdout]     |         ----^^^^^^^^^^^^^^
[INFO] [stdout]     |         |
[INFO] [stdout]     |         help: remove this `mut`
[INFO] [stdout] 
[INFO] [stdout] 
[INFO] [stdout] warning: variable does not need to be mutable
[INFO] [stdout]   --> src/utils/http_std.rs:89:9
[INFO] [stdout]    |
[INFO] [stdout] 89 |     let mut client_builder = Client::builder().timeout(Duration::from_secs(DEFAULT_TIMEOUT));
[INFO] [stdout]    |         ----^^^^^^^^^^^^^^
[INFO] [stdout]    |         |
[INFO] [stdout]    |         help: remove this `mut`
[INFO] [stdout]    |
[INFO] [stdout]    = note: `#[warn(unused_mut)]` (part of `#[warn(unused)]`) on by default
[INFO] [stdout] 
[INFO] [stdout] 
[INFO] [stdout] warning: variable does not need to be mutable
[INFO] [stdout]    --> src/utils/http_std.rs:306:9
[INFO] [stdout]     |
[INFO] [stdout] 306 |     let mut client_builder = Client::builder().timeout(Duration::from_secs(DEFAULT_TIMEOUT));
[INFO] [stdout]     |         ----^^^^^^^^^^^^^^
[INFO] [stdout]     |         |
[INFO] [stdout]     |         help: remove this `mut`
[INFO] [stdout] 
[INFO] [stdout] 
[INFO] [stdout] warning: variable does not need to be mutable
[INFO] [stdout]    --> src/utils/http_std.rs:377:9
[INFO] [stdout]     |
[INFO] [stdout] 377 |     let mut client_builder = Client::builder().timeout(Duration::from_secs(DEFAULT_TIMEOUT));
[INFO] [stdout]     |         ----^^^^^^^^^^^^^^
[INFO] [stdout]     |         |
[INFO] [stdout]     |         help: remove this `mut`
[INFO] [stdout] 
[INFO] [stdout] 
[INFO] [stdout] warning: unused variable: `req_url`
[INFO] [stdout]    --> src/api/sub.rs:293:5
[INFO] [stdout]     |
[INFO] [stdout] 293 |     req_url: Option<String>,
[INFO] [stdout]     |     ^^^^^^^ help: if this is intentional, prefix it with an underscore: `_req_url`
[INFO] [stdout]     |
[INFO] [stdout]     = note: `#[warn(unused_variables)]` (part of `#[warn(unused)]`) on by default
[INFO] [stdout] 
[INFO] [stdout] 
[INFO] [stdout] warning: unused variable: `proxy_config`
[INFO] [stdout]   --> src/utils/http_std.rs:84:5
[INFO] [stdout]    |
[INFO] [stdout] 84 |     proxy_config: &ProxyConfig,
[INFO] [stdout]    |     ^^^^^^^^^^^^ help: if this is intentional, prefix it with an underscore: `_proxy_config`
[INFO] [stdout] 
[INFO] [stdout] 
[INFO] [stdout] warning: unused variable: `proxy_config`
[INFO] [stdout]    --> src/utils/http_std.rs:303:5
[INFO] [stdout]     |
[INFO] [stdout] 303 |     proxy_config: &ProxyConfig,
[INFO] [stdout]     |     ^^^^^^^^^^^^ help: if this is intentional, prefix it with an underscore: `_proxy_config`
[INFO] [stdout] 
[INFO] [stdout] 
[INFO] [stdout] warning: unused variable: `proxy_config`
[INFO] [stdout]    --> src/utils/http_std.rs:374:5
[INFO] [stdout]     |
[INFO] [stdout] 374 |     proxy_config: &ProxyConfig,
[INFO] [stdout]     |     ^^^^^^^^^^^^ help: if this is intentional, prefix it with an underscore: `_proxy_config`
[INFO] [stdout] 
[INFO] [stdout] 
[INFO] [stdout] warning: unused variable: `req_url`
[INFO] [stdout]    --> src/api/sub.rs:293:5
[INFO] [stdout]     |
[INFO] [stdout] 293 |     req_url: Option<String>,
[INFO] [stdout]     |     ^^^^^^^ help: if this is intentional, prefix it with an underscore: `_req_url`
[INFO] [stdout]     |
[INFO] [stdout]     = note: `#[warn(unused_variables)]` (part of `#[warn(unused)]`) on by default
[INFO] [stdout] 
[INFO] [stdout] 
[INFO] [stdout] warning: value assigned to `matched` is never read
[INFO] [stdout]   --> src/models/regex_match_config.rs:51:27
[INFO] [stdout]    |
[INFO] [stdout] 51 |         let mut matched = false;
[INFO] [stdout]    |                           ^^^^^ this value is reassigned later and never used
[INFO] [stdout] ...
[INFO] [stdout] 56 |             matched = apply_compiled_rule_to_string(compiled, remark);
[INFO] [stdout]    |             --------------------------------------------------------- `matched` is overwritten here before the previous value is read
[INFO] [stdout]    |
[INFO] [stdout]    = note: `#[warn(unused_assignments)]` (part of `#[warn(unused)]`) on by default
[INFO] [stdout] 
[INFO] [stdout] 
[INFO] [stdout] warning: unused variable: `proxy_config`
[INFO] [stdout]   --> src/utils/http_std.rs:84:5
[INFO] [stdout]    |
[INFO] [stdout] 84 |     proxy_config: &ProxyConfig,
[INFO] [stdout]    |     ^^^^^^^^^^^^ help: if this is intentional, prefix it with an underscore: `_proxy_config`
[INFO] [stdout] 
[INFO] [stdout] 
[INFO] [stdout] warning: unused variable: `proxy_config`
[INFO] [stdout]    --> src/utils/http_std.rs:303:5
[INFO] [stdout]     |
[INFO] [stdout] 303 |     proxy_config: &ProxyConfig,
[INFO] [stdout]     |     ^^^^^^^^^^^^ help: if this is intentional, prefix it with an underscore: `_proxy_config`
[INFO] [stdout] 
[INFO] [stdout] 
[INFO] [stdout] warning: unused variable: `proxy_config`
[INFO] [stdout]    --> src/utils/http_std.rs:374:5
[INFO] [stdout]     |
[INFO] [stdout] 374 |     proxy_config: &ProxyConfig,
[INFO] [stdout]     |     ^^^^^^^^^^^^ help: if this is intentional, prefix it with an underscore: `_proxy_config`
[INFO] [stdout] 
[INFO] [stdout] 
[INFO] [stdout] warning: value assigned to `matched` is never read
[INFO] [stdout]   --> src/models/regex_match_config.rs:51:27
[INFO] [stdout]    |
[INFO] [stdout] 51 |         let mut matched = false;
[INFO] [stdout]    |                           ^^^^^ this value is reassigned later and never used
[INFO] [stdout] ...
[INFO] [stdout] 56 |             matched = apply_compiled_rule_to_string(compiled, remark);
[INFO] [stdout]    |             --------------------------------------------------------- `matched` is overwritten here before the previous value is read
[INFO] [stdout]    |
[INFO] [stdout]    = note: `#[warn(unused_assignments)]` (part of `#[warn(unused)]`) on by default
[INFO] [stdout] 
[INFO] [stdout] 
[INFO] [stdout] warning: unused variable: `dir`
[INFO] [stdout]    --> src/utils/matcher.rs:356:13
[INFO] [stdout]     |
[INFO] [stdout] 356 |         let dir = if rule.starts_with("!!INSERT=") { -1 } else { 1 }; // Apply direction modifier conceptually later
[INFO] [stdout]     |             ^^^ help: if this is intentional, prefix it with an underscore: `_dir`
[INFO] [stdout] 
[INFO] [stdout] 
[INFO] [stdout] warning: enum `RulesetType` is never used
[INFO] [stdout]  --> src/generator/ruleconvert/ruleset.rs:6:10
[INFO] [stdout]   |
[INFO] [stdout] 6 | pub enum RulesetType {
[INFO] [stdout]   |          ^^^^^^^^^^^
[INFO] [stdout]   |
[INFO] [stdout]   = note: `#[warn(dead_code)]` (part of `#[warn(unused)]`) on by default
[INFO] [stdout] 
[INFO] [stdout] 
[INFO] [stdout] warning: unused variable: `dir`
[INFO] [stdout]    --> src/utils/matcher.rs:356:13
[INFO] [stdout]     |
[INFO] [stdout] 356 |         let dir = if rule.starts_with("!!INSERT=") { -1 } else { 1 }; // Apply direction modifier conceptually later
[INFO] [stdout]     |             ^^^ help: if this is intentional, prefix it with an underscore: `_dir`
[INFO] [stdout] 
[INFO] [stdout] 
[INFO] [stdout] warning: enum `RulesetType` is never used
[INFO] [stdout]  --> src/generator/ruleconvert/ruleset.rs:6:10
[INFO] [stdout]   |
[INFO] [stdout] 6 | pub enum RulesetType {
[INFO] [stdout]   |          ^^^^^^^^^^^
[INFO] [stdout]   |
[INFO] [stdout]   = note: `#[warn(dead_code)]` (part of `#[warn(unused)]`) on by default
[INFO] [stdout] 
[INFO] [stdout] 
[INFO] [stderr]     Finished `release` profile [optimized] target(s) in 2m 26s
[INFO] running `Command { std: "docker" "inspect" "b21bfa537dc2674ef4bd180d2cccf2b0af92435a312c37c8dc3be355b1c1b487", kill_on_drop: false }`
[INFO] running `Command { std: "docker" "exec" "-e" "SOURCE_DIR=/opt/rustwide/workdir" "-e" "CARGO_HOME=/opt/rustwide/cargo-home" "-e" "RUSTUP_HOME=/opt/rustwide/rustup-home" "-e" "CARGO_TARGET_DIR=/opt/rustwide/target" "-e" "CARGO_INCREMENTAL=0" "-e" "RUST_BACKTRACE=full" "-e" "RUSTFLAGS=--cap-lints=warn" "-e" "RUSTDOCFLAGS=--cap-lints=warn" "-w" "/opt/rustwide/workdir" "--user" "0:0" "b21bfa537dc2674ef4bd180d2cccf2b0af92435a312c37c8dc3be355b1c1b487" "/opt/rustwide/cargo-home/bin/cargo" "+1.99.0-beta.8" "test" "--frozen" "--release", kill_on_drop: false }`
[INFO] [stderr] warning: unused import: `std::collections::HashSet`
[INFO] [stderr]  --> src/generator/yaml/clash/output_proxy_types/clash_output_anytls.rs:2:5
[INFO] [stderr]   |
[INFO] [stderr] 2 | use std::collections::HashSet;
[INFO] [stderr]   |     ^^^^^^^^^^^^^^^^^^^^^^^^^
[INFO] [stderr]   |
[INFO] [stderr]   = note: `#[warn(unused_imports)]` (part of `#[warn(unused)]`) on by default
[INFO] [stderr] 
[INFO] [stderr] warning: unused import: `is_u32_option_zero`
[INFO] [stderr]  --> src/generator/yaml/clash/output_proxy_types/clash_output_vmess.rs:3:44
[INFO] [stderr]   |
[INFO] [stderr] 3 | use crate::utils::{is_empty_option_string, is_u32_option_zero};
[INFO] [stderr]   |                                            ^^^^^^^^^^^^^^^^^^
[INFO] [stderr] 
[INFO] [stderr] warning: unused imports: `cmp::Ordering` and `str::FromStr`
[INFO] [stderr]  --> src/models/extra_settings.rs:1:11
[INFO] [stderr]   |
[INFO] [stderr] 1 | use std::{cmp::Ordering, str::FromStr};
[INFO] [stderr]   |           ^^^^^^^^^^^^^  ^^^^^^^^^^^^
[INFO] [stderr] 
[INFO] [stderr] warning: unused import: `utils::file_get_async`
[INFO] [stderr]  --> src/models/extra_settings.rs:3:13
[INFO] [stderr]   |
[INFO] [stderr] 3 | use crate::{utils::file_get_async, Settings};
[INFO] [stderr]   |             ^^^^^^^^^^^^^^^^^^^^^
[INFO] [stderr] 
[INFO] [stderr] warning: unused imports: `ProxyType` and `RegexMatchConfig`
[INFO] [stderr]  --> src/models/extra_settings.rs:5:20
[INFO] [stderr]   |
[INFO] [stderr] 5 | use super::{Proxy, ProxyType, RegexMatchConfig, RegexMatchConfigs};
[INFO] [stderr]   |                    ^^^^^^^^^  ^^^^^^^^^^^^^^^^
[INFO] [stderr] 
[INFO] [stderr] warning: unexpected `cfg` condition value: `js_runtime`
[INFO] [stderr]   --> src/parser/parse_settings.rs:37:11
[INFO] [stderr]    |
[INFO] [stderr] 37 |     #[cfg(feature = "js_runtime")]
[INFO] [stderr]    |           ^^^^^^^^^^------------
[INFO] [stderr]    |                     |
[INFO] [stderr]    |                     help: there is a expected value with a similar name: `"js-runtime"`
[INFO] [stderr]    |
[INFO] [stderr]    = note: expected values for `feature` are: `actix-web`, `default`, `js-runtime`, `rquickjs`, and `web-api`
[INFO] [stderr]    = help: consider adding `js_runtime` as a feature in `Cargo.toml`
[INFO] [stderr]    = note: see <https://doc.rust-lang.org/nightly/rustc/check-cfg/cargo-specifics.html> for more information about checking conditional configuration
[INFO] [stderr]    = note: `#[warn(unexpected_cfgs)]` on by default
[INFO] [stderr] 
[INFO] [stderr] warning: unexpected `cfg` condition value: `js_runtime`
[INFO] [stderr]   --> src/parser/parse_settings.rs:41:11
[INFO] [stderr]    |
[INFO] [stderr] 41 |     #[cfg(feature = "js_runtime")]
[INFO] [stderr]    |           ^^^^^^^^^^------------
[INFO] [stderr]    |                     |
[INFO] [stderr]    |                     help: there is a expected value with a similar name: `"js-runtime"`
[INFO] [stderr]    |
[INFO] [stderr]    = note: expected values for `feature` are: `actix-web`, `default`, `js-runtime`, `rquickjs`, and `web-api`
[INFO] [stderr]    = help: consider adding `js_runtime` as a feature in `Cargo.toml`
[INFO] [stderr]    = note: see <https://doc.rust-lang.org/nightly/rustc/check-cfg/cargo-specifics.html> for more information about checking conditional configuration
[INFO] [stderr] 
[INFO] [stderr] warning: unexpected `cfg` condition value: `js_runtime`
[INFO] [stderr]   --> src/parser/parse_settings.rs:67:19
[INFO] [stderr]    |
[INFO] [stderr] 67 |             #[cfg(feature = "js_runtime")]
[INFO] [stderr]    |                   ^^^^^^^^^^------------
[INFO] [stderr]    |                             |
[INFO] [stderr]    |                             help: there is a expected value with a similar name: `"js-runtime"`
[INFO] [stderr]    |
[INFO] [stderr]    = note: expected values for `feature` are: `actix-web`, `default`, `js-runtime`, `rquickjs`, and `web-api`
[INFO] [stderr]    = help: consider adding `js_runtime` as a feature in `Cargo.toml`
[INFO] [stderr]    = note: see <https://doc.rust-lang.org/nightly/rustc/check-cfg/cargo-specifics.html> for more information about checking conditional configuration
[INFO] [stderr] 
[INFO] [stderr] warning: unexpected `cfg` condition value: `js_runtime`
[INFO] [stderr]   --> src/parser/parse_settings.rs:69:19
[INFO] [stderr]    |
[INFO] [stderr] 69 |             #[cfg(feature = "js_runtime")]
[INFO] [stderr]    |                   ^^^^^^^^^^------------
[INFO] [stderr]    |                             |
[INFO] [stderr]    |                             help: there is a expected value with a similar name: `"js-runtime"`
[INFO] [stderr]    |
[INFO] [stderr]    = note: expected values for `feature` are: `actix-web`, `default`, `js-runtime`, `rquickjs`, and `web-api`
[INFO] [stderr]    = help: consider adding `js_runtime` as a feature in `Cargo.toml`
[INFO] [stderr]    = note: see <https://doc.rust-lang.org/nightly/rustc/check-cfg/cargo-specifics.html> for more information about checking conditional configuration
[INFO] [stderr] 
[INFO] [stderr] warning: unexpected `cfg` condition value: `js_runtime`
[INFO] [stderr]   --> src/parser/subparser.rs:59:11
[INFO] [stderr]    |
[INFO] [stderr] 59 |     #[cfg(feature = "js_runtime")]
[INFO] [stderr]    |           ^^^^^^^^^^------------
[INFO] [stderr]    |                     |
[INFO] [stderr]    |                     help: there is a expected value with a similar name: `"js-runtime"`
[INFO] [stderr]    |
[INFO] [stderr]    = note: expected values for `feature` are: `actix-web`, `default`, `js-runtime`, `rquickjs`, and `web-api`
[INFO] [stderr]    = help: consider adding `js_runtime` as a feature in `Cargo.toml`
[INFO] [stderr]    = note: see <https://doc.rust-lang.org/nightly/rustc/check-cfg/cargo-specifics.html> for more information about checking conditional configuration
[INFO] [stderr] 
[INFO] [stderr] warning: unused import: `ProxyConfig`
[INFO] [stderr]  --> src/upload/gist.rs:3:53
[INFO] [stderr]   |
[INFO] [stderr] 3 | use crate::utils::http::{parse_proxy, HttpResponse, ProxyConfig};
[INFO] [stderr]   |                                                     ^^^^^^^^^^^
[INFO] [stderr] 
[INFO] [stderr] warning: unused import: `IniReaderError`
[INFO] [stderr]  --> src/upload/gist.rs:5:43
[INFO] [stderr]   |
[INFO] [stderr] 5 | use crate::utils::ini_reader::{IniReader, IniReaderError};
[INFO] [stderr]   |                                           ^^^^^^^^^^^^^^
[INFO] [stderr] 
[INFO] [stderr] warning: unused imports: `get_sub_info_from_header` and `get_sub_info_from_response`
[INFO] [stderr]  --> src/utils/http.rs:8:9
[INFO] [stderr]   |
[INFO] [stderr] 8 |         get_sub_info_from_header, get_sub_info_from_response, parse_proxy, web_get, web_get_async,
[INFO] [stderr]   |         ^^^^^^^^^^^^^^^^^^^^^^^^  ^^^^^^^^^^^^^^^^^^^^^^^^^^
[INFO] [stderr] 
[INFO] [stderr] warning: unused import: `std::fs::File`
[INFO] [stderr]  --> src/utils/ini_reader.rs:7:5
[INFO] [stderr]   |
[INFO] [stderr] 7 | use std::fs::File;
[INFO] [stderr]   |     ^^^^^^^^^^^^^
[INFO] [stderr] 
[INFO] [stderr] warning: unused import: `Read`
[INFO] [stderr]  --> src/utils/ini_reader.rs:8:21
[INFO] [stderr]   |
[INFO] [stderr] 8 | use std::io::{self, Read};
[INFO] [stderr]   |                     ^^^^
[INFO] [stderr] 
[INFO] [stderr] warning: unused import: `std::str::FromStr`
[INFO] [stderr]  --> src/utils/matcher.rs:5:5
[INFO] [stderr]   |
[INFO] [stderr] 5 | use std::str::FromStr;
[INFO] [stderr]   |     ^^^^^^^^^^^^^^^^^
[INFO] [stderr] 
[INFO] [stderr] warning: unused import: `std::cmp::Ordering`
[INFO] [stderr]  --> src/utils/node_manip.rs:2:5
[INFO] [stderr]   |
[INFO] [stderr] 2 | use std::cmp::Ordering;
[INFO] [stderr]   |     ^^^^^^^^^^^^^^^^^^
[INFO] [stderr] 
[INFO] [stderr] warning: unused import: `reg_find`
[INFO] [stderr]   --> src/utils/node_manip.rs:10:30
[INFO] [stderr]    |
[INFO] [stderr] 10 |     matcher::{apply_matcher, reg_find},
[INFO] [stderr]    |                              ^^^^^^^^
[INFO] [stderr] 
[INFO] [stderr] warning: variable does not need to be mutable
[INFO] [stderr]   --> src/utils/http_std.rs:89:9
[INFO] [stderr]    |
[INFO] [stderr] 89 |     let mut client_builder = Client::builder().timeout(Duration::from_secs(DEFAULT_TIMEOUT));
[INFO] [stderr]    |         ----^^^^^^^^^^^^^^
[INFO] [stderr]    |         |
[INFO] [stderr]    |         help: remove this `mut`
[INFO] [stderr]    |
[INFO] [stderr]    = note: `#[warn(unused_mut)]` (part of `#[warn(unused)]`) on by default
[INFO] [stderr] 
[INFO] [stderr] warning: variable does not need to be mutable
[INFO] [stderr]    --> src/utils/http_std.rs:306:9
[INFO] [stderr]     |
[INFO] [stderr] 306 |     let mut client_builder = Client::builder().timeout(Duration::from_secs(DEFAULT_TIMEOUT));
[INFO] [stderr]     |         ----^^^^^^^^^^^^^^
[INFO] [stderr]     |         |
[INFO] [stderr]     |         help: remove this `mut`
[INFO] [stderr] 
[INFO] [stderr] warning: variable does not need to be mutable
[INFO] [stderr]    --> src/utils/http_std.rs:377:9
[INFO] [stderr]     |
[INFO] [stderr] 377 |     let mut client_builder = Client::builder().timeout(Duration::from_secs(DEFAULT_TIMEOUT));
[INFO] [stderr]     |         ----^^^^^^^^^^^^^^
[INFO] [stderr]     |         |
[INFO] [stderr]     |         help: remove this `mut`
[INFO] [stderr] 
[INFO] [stderr] warning: unused variable: `req_url`
[INFO] [stderr]    --> src/api/sub.rs:293:5
[INFO] [stderr]     |
[INFO] [stderr] 293 |     req_url: Option<String>,
[INFO] [stderr]     |     ^^^^^^^ help: if this is intentional, prefix it with an underscore: `_req_url`
[INFO] [stderr]     |
[INFO] [stderr]     = note: `#[warn(unused_variables)]` (part of `#[warn(unused)]`) on by default
[INFO] [stderr] 
[INFO] [stderr] warning: unused variable: `proxy_config`
[INFO] [stderr]   --> src/utils/http_std.rs:84:5
[INFO] [stderr]    |
[INFO] [stderr] 84 |     proxy_config: &ProxyConfig,
[INFO] [stderr]    |     ^^^^^^^^^^^^ help: if this is intentional, prefix it with an underscore: `_proxy_config`
[INFO] [stderr] 
[INFO] [stderr] warning: unused variable: `proxy_config`
[INFO] [stderr]    --> src/utils/http_std.rs:303:5
[INFO] [stderr]     |
[INFO] [stderr] 303 |     proxy_config: &ProxyConfig,
[INFO] [stderr]     |     ^^^^^^^^^^^^ help: if this is intentional, prefix it with an underscore: `_proxy_config`
[INFO] [stderr] 
[INFO] [stderr] warning: unused variable: `proxy_config`
[INFO] [stderr]    --> src/utils/http_std.rs:374:5
[INFO] [stderr]     |
[INFO] [stderr] 374 |     proxy_config: &ProxyConfig,
[INFO] [stderr]     |     ^^^^^^^^^^^^ help: if this is intentional, prefix it with an underscore: `_proxy_config`
[INFO] [stderr] 
[INFO] [stderr] warning: value assigned to `matched` is never read
[INFO] [stderr]   --> src/models/regex_match_config.rs:51:27
[INFO] [stderr]    |
[INFO] [stderr] 51 |         let mut matched = false;
[INFO] [stderr]    |                           ^^^^^ this value is reassigned later and never used
[INFO] [stderr] ...
[INFO] [stderr] 56 |             matched = apply_compiled_rule_to_string(compiled, remark);
[INFO] [stderr]    |             --------------------------------------------------------- `matched` is overwritten here before the previous value is read
[INFO] [stderr]    |
[INFO] [stderr]    = note: `#[warn(unused_assignments)]` (part of `#[warn(unused)]`) on by default
[INFO] [stderr] 
[INFO] [stderr] warning: unused variable: `dir`
[INFO] [stderr]    --> src/utils/matcher.rs:356:13
[INFO] [stderr]     |
[INFO] [stderr] 356 |         let dir = if rule.starts_with("!!INSERT=") { -1 } else { 1 }; // Apply direction modifier conceptually later
[INFO] [stderr]     |             ^^^ help: if this is intentional, prefix it with an underscore: `_dir`
[INFO] [stderr] 
[INFO] [stderr] warning: enum `RulesetType` is never used
[INFO] [stderr]  --> src/generator/ruleconvert/ruleset.rs:6:10
[INFO] [stderr]   |
[INFO] [stderr] 6 | pub enum RulesetType {
[INFO] [stderr]   |          ^^^^^^^^^^^
[INFO] [stderr]   |
[INFO] [stderr]   = note: `#[warn(dead_code)]` (part of `#[warn(unused)]`) on by default
[INFO] [stderr] 
[INFO] [stderr] warning: `subconverter` (lib) generated 28 warnings (run `cargo fix --lib -p subconverter` to apply 21 suggestions)
[INFO] [stderr] warning: `subconverter` (lib test) generated 28 warnings (28 duplicates)
[INFO] [stderr]     Finished `release` profile [optimized] target(s) in 0.35s
[INFO] [stderr]      Running unittests src/lib.rs (/opt/rustwide/target/release/deps/libsubconverter-29c3da332ffff3d7)
[INFO] [stdout] 
[INFO] [stdout] running 71 tests
[INFO] [stdout] test generator::config::group::tests::test_group_generate_direct_string ... ok
[INFO] [stdout] test parser::explodes::ssr::tests::test_explode_ssr_conf_default_values ... ok
[INFO] [stdout] test generator::config::group::tests::test_group_generate_with_port_match ... ok
[INFO] [stdout] test parser::explodes::ssr::tests::test_explode_ssr_conf_empty_configs ... ok
[INFO] [stdout] test generator::config::group::tests::test_group_generate_with_group_match ... ok
[INFO] [stdout] test parser::explodes::ssr::tests::test_explode_ssr_conf_invalid_json ... ok
[INFO] [stdout] test parser::explodes::ssr::tests::test_explode_ssr_conf_missing_configs ... ok
[INFO] [stdout] test parser::explodes::ssr::tests::test_explode_ssr_invalid_base64 ... ok
[INFO] [stdout] test parser::explodes::ssr::tests::test_explode_ssr_conf_valid ... ok
[INFO] [stdout] test generator::config::group::tests::test_group_generate_empty_result_without_direct ... ok
[INFO] [stdout] test parser::explodes::ssr::tests::test_explode_ssr_missing_parts ... ok
[INFO] [stdout] test parser::explodes::ssr::tests::test_explode_ssr_default_group ... ok
[INFO] [stdout] test generator::config::group::tests::test_group_generate_with_type_match ... ok
[INFO] [stdout] test generator::config::group::tests::test_group_generate_with_regex_match ... ok
[INFO] [stdout] test parser::explodes::ssr::tests::test_explode_ssr_invalid_prefix ... ok
[INFO] [stdout] test parser::explodes::ssr::tests::test_explode_ssr_valid_link ... ok
[INFO] [stdout] test utils::matcher::tests::test_apply_matcher_group ... ok
[INFO] [stdout] test utils::matcher::tests::test_apply_matcher_port ... ok
[INFO] [stdout] test utils::matcher::tests::test_apply_matcher_protocol ... ok
[INFO] [stdout] test utils::matcher::tests::test_apply_matcher_udp_support ... ok
[INFO] [stdout] test utils::matcher::tests::test_apply_matcher_server ... ok
[INFO] [stdout] test utils::matcher::tests::test_apply_matcher_security ... ok
[INFO] [stdout] test utils::matcher::tests::test_apply_matcher_remarks ... ok
[INFO] [stdout] test utils::matcher::tests::test_apply_matcher_type ... ok
[INFO] [stdout] test utils::matcher::tests::test_apply_matcher_with_trailing_rule ... ok
[INFO] [stdout] test generator::config::group::tests::test_group_generate_empty_result_with_direct ... FAILED
[INFO] [stdout] test utils::matcher::tests::test_compile_rule_group ... ok
[INFO] [stdout] test utils::matcher::tests::test_match_range_complex ... ok
[INFO] [stdout] test utils::matcher::tests::test_compile_rule_port_negated ... ok
[INFO] [stdout] test utils::matcher::tests::test_compile_rule_groupid ... ok
[INFO] [stdout] test utils::matcher::tests::test_compile_rule_group_with_subrule ... FAILED
[INFO] [stdout] test utils::matcher::tests::test_compile_rule_plain_regex ... ok
[INFO] [stdout] test utils::matcher::tests::test_compile_rule_type ... ok
[INFO] [stdout] test utils::matcher::tests::test_compile_rule_security ... FAILED
[INFO] [stdout] test utils::matcher::tests::test_match_range_with_negation ... ok
[INFO] [stdout] test utils::matcher::tests::test_match_range_with_ranges ... ok
[INFO] [stdout] test rulesets::ruleset::tests::test_fetch_ruleset_cache_expiration ... FAILED
[INFO] [stdout] test utils::network::tests::test_is_ipv4_invalid ... ok
[INFO] [stdout] test utils::matcher::tests::test_reg_find ... ok
[INFO] [stdout] test utils::network::tests::test_is_ipv4_valid ... ok
[INFO] [stdout] test utils::network::tests::test_is_ipv6_invalid ... ok
[INFO] [stdout] test utils::network::tests::test_is_ipv6_valid ... ok
[INFO] [stdout] test utils::matcher::tests::test_reg_match ... ok
[INFO] [stdout] test utils::regexp::tests::test_reg_find ... ok
[INFO] [stdout] test utils::matcher::tests::test_match_range_simple ... ok
[INFO] [stdout] test utils::matcher::tests::test_match_range_with_multiple ... ok
[INFO] [stdout] test utils::regexp::tests::test_reg_get_all_match ... ok
[INFO] [stdout] test utils::regexp::tests::test_reg_get_match ... ok
[INFO] [stdout] test utils::regexp::tests::test_reg_trim ... ok
[INFO] [stdout] test utils::network::tests::test_hostname_to_ip_addr ... ok
[INFO] [stdout] test utils::string::tests::test_build_dir_entry_path ... ok
[INFO] [stdout] test utils::string::tests::test_build_file_entry_path ... ok
[INFO] [stdout] test utils::regexp::tests::test_reg_valid ... ok
[INFO] [stdout] test utils::string::tests::test_ends_with ... ok
[INFO] [stdout] test utils::regexp::tests::test_reg_replace ... ok
[INFO] [stdout] test utils::string::tests::test_join ... ok
[INFO] [stdout] test utils::string::tests::test_hash_const ... ok
[INFO] [stdout] test utils::string::tests::test_hash ... ok
[INFO] [stdout] test utils::string::tests::test_join_path ... ok
[INFO] [stdout] test utils::string::tests::test_md5 ... ok
[INFO] [stdout] test utils::string::tests::test_normalize_file_path ... ok
[INFO] [stdout] test utils::string::tests::test_normalize_dir_path ... ok
[INFO] [stdout] test utils::regexp::tests::test_reg_match ... ok
[INFO] [stdout] test utils::string::tests::test_remove_emoji ... FAILED
[INFO] [stdout] test utils::string::tests::test_replace_all_distinct ... ok
[INFO] [stdout] test utils::string::tests::test_starts_with ... ok
[INFO] [stdout] test utils::string::tests::test_to_lower ... ok
[INFO] [stdout] test utils::string::tests::test_trim ... ok
[INFO] [stdout] test utils::system::tests::test_get_env ... ok
[INFO] [stdout] test utils::system::tests::test_sleep_ms ... ok
[INFO] [stdout] test rulesets::ruleset::tests::test_fetch_ruleset_cache ... ok
[INFO] [stdout] 
[INFO] [stdout] failures:
[INFO] [stdout] 
[INFO] [stdout] ---- generator::config::group::tests::test_group_generate_empty_result_with_direct stdout ----
[INFO] [stdout] 
[INFO] [stdout] thread 'generator::config::group::tests::test_group_generate_empty_result_with_direct' (3188) panicked at src/generator/config/group.rs:167:9:
[INFO] [stdout] assertion `left == right` failed
[INFO] [stdout]   left: 0
[INFO] [stdout]  right: 1
[INFO] [stdout] stack backtrace:
[INFO] [stdout]    0:     0x6420137c3b71 - <<std[70759c8f55707aa4]::sys::backtrace::BacktraceLock>::print::DisplayBacktrace as core[df12db4294e9bfd3]::fmt::Display>::fmt
[INFO] [stdout]    1:     0x6420137db9fa - core[df12db4294e9bfd3]::fmt::write
[INFO] [stdout]    2:     0x6420137c87ac - <alloc[2182bb758b4b3781]::vec::Vec<u8> as core[df12db4294e9bfd3]::io::write::Write>::write_fmt
[INFO] [stdout]    3:     0x64201379ee96 - std[70759c8f55707aa4]::panicking::default_hook::{closure#0}
[INFO] [stdout]    4:     0x6420137bb779 - std[70759c8f55707aa4]::panicking::default_hook
[INFO] [stdout]    5:     0x6420134c9800 - test[9d35eded1c95d3be]::test_main_inner::<test[9d35eded1c95d3be]::test_main_static::{closure#0}>::{closure#0}
[INFO] [stdout]    6:     0x6420137bbaa2 - std[70759c8f55707aa4]::panicking::panic_with_hook
[INFO] [stdout]    7:     0x64201379ef42 - std[70759c8f55707aa4]::panicking::panic_handler::{closure#0}
[INFO] [stdout]    8:     0x642013797a59 - std[70759c8f55707aa4]::sys::backtrace::__rust_end_short_backtrace::<std[70759c8f55707aa4]::panicking::panic_handler::{closure#0}, !>
[INFO] [stdout]    9:     0x64201379fd2d - __rustc[8fa7c3cbc660c2b3]::rust_begin_unwind
[INFO] [stdout]   10:     0x6420137dc1dc - core[df12db4294e9bfd3]::panicking::panic_fmt
[INFO] [stdout]   11:     0x6420137dc0f3 - core[df12db4294e9bfd3]::panicking::assert_failed_inner
[INFO] [stdout]   12:     0x6420137d68fd - core[df12db4294e9bfd3]::panicking::assert_failed::<usize, usize>
[INFO] [stdout]   13:     0x6420134893de - libsubconverter[ff96d4fcadc81332]::generator::config::group::tests::test_group_generate_empty_result_with_direct
[INFO] [stdout]   14:     0x6420134a8d49 - <libsubconverter[ff96d4fcadc81332]::generator::config::group::tests::test_group_generate_empty_result_with_direct::{closure#0} as core[df12db4294e9bfd3]::ops::function::FnOnce<()>>::call_once
[INFO] [stdout]   15:     0x6420134bcaeb - test[9d35eded1c95d3be]::__rust_begin_short_backtrace::<core[df12db4294e9bfd3]::result::Result<(), alloc[2182bb758b4b3781]::string::String>, fn() -> core[df12db4294e9bfd3]::result::Result<(), alloc[2182bb758b4b3781]::string::String>>
[INFO] [stdout]   16:     0x6420134ca155 - test[9d35eded1c95d3be]::run_test::{closure#0}
[INFO] [stdout]   17:     0x6420134c3a14 - std[70759c8f55707aa4]::sys::backtrace::__rust_begin_short_backtrace::<test[9d35eded1c95d3be]::run_test::{closure#1}, ()>
[INFO] [stdout]   18:     0x6420134cd2b2 - <std[70759c8f55707aa4]::thread::lifecycle::spawn_unchecked<test[9d35eded1c95d3be]::run_test::{closure#1}, ()>::{closure#1} as core[df12db4294e9bfd3]::ops::function::FnOnce<()>>::call_once::{shim:vtable#0}
[INFO] [stdout]   19:     0x6420137c2d29 - <std[70759c8f55707aa4]::sys::thread::unix::Thread>::new::thread_start
[INFO] [stdout]   20:     0x7eefa08b0dfa - <unknown>
[INFO] [stdout]   21:     0x7eefa09443d4 - clone
[INFO] [stdout]   22:                0x0 - <unknown>
[INFO] [stdout] 
[INFO] [stdout] ---- utils::matcher::tests::test_compile_rule_group_with_subrule stdout ----
[INFO] [stdout] 
[INFO] [stdout] thread 'utils::matcher::tests::test_compile_rule_group_with_subrule' (3217) panicked at src/utils/matcher.rs:897:9:
[INFO] [stdout] assertion failed: matches!(rule.sub_rule.as_ref().unwrap().matcher, CompiledMatcher::Port
[INFO] [stdout]     { .. })
[INFO] [stdout] stack backtrace:
[INFO] [stdout]    0:     0x6420137c3b71 - <<std[70759c8f55707aa4]::sys::backtrace::BacktraceLock>::print::DisplayBacktrace as core[df12db4294e9bfd3]::fmt::Display>::fmt
[INFO] [stdout]    1:     0x6420137db9fa - core[df12db4294e9bfd3]::fmt::write
[INFO] [stdout]    2:     0x6420137c87ac - <alloc[2182bb758b4b3781]::vec::Vec<u8> as core[df12db4294e9bfd3]::io::write::Write>::write_fmt
[INFO] [stdout]    3:     0x64201379ee96 - std[70759c8f55707aa4]::panicking::default_hook::{closure#0}
[INFO] [stdout]    4:     0x6420137bb779 - std[70759c8f55707aa4]::panicking::default_hook
[INFO] [stdout]    5:     0x6420134c9800 - test[9d35eded1c95d3be]::test_main_inner::<test[9d35eded1c95d3be]::test_main_static::{closure#0}>::{closure#0}
[INFO] [stdout]    6:     0x6420137bbaa2 - std[70759c8f55707aa4]::panicking::panic_with_hook
[INFO] [stdout]    7:     0x64201379ef74 - std[70759c8f55707aa4]::panicking::panic_handler::{closure#0}
[INFO] [stdout]    8:     0x642013797a59 - std[70759c8f55707aa4]::sys::backtrace::__rust_end_short_backtrace::<std[70759c8f55707aa4]::panicking::panic_handler::{closure#0}, !>
[INFO] [stdout]    9:     0x64201379fd2d - __rustc[8fa7c3cbc660c2b3]::rust_begin_unwind
[INFO] [stdout]   10:     0x6420137dc1dc - core[df12db4294e9bfd3]::panicking::panic_fmt
[INFO] [stdout]   11:     0x6420137dc1a2 - core[df12db4294e9bfd3]::panicking::panic
[INFO] [stdout]   12:     0x642013452492 - libsubconverter[ff96d4fcadc81332]::utils::matcher::tests::test_compile_rule_group_with_subrule
[INFO] [stdout]   13:     0x6420134a8959 - <libsubconverter[ff96d4fcadc81332]::utils::matcher::tests::test_compile_rule_group_with_subrule::{closure#0} as core[df12db4294e9bfd3]::ops::function::FnOnce<()>>::call_once
[INFO] [stdout]   14:     0x6420134bcaeb - test[9d35eded1c95d3be]::__rust_begin_short_backtrace::<core[df12db4294e9bfd3]::result::Result<(), alloc[2182bb758b4b3781]::string::String>, fn() -> core[df12db4294e9bfd3]::result::Result<(), alloc[2182bb758b4b3781]::string::String>>
[INFO] [stdout]   15:     0x6420134ca155 - test[9d35eded1c95d3be]::run_test::{closure#0}
[INFO] [stdout]   16:     0x6420134c3a14 - std[70759c8f55707aa4]::sys::backtrace::__rust_begin_short_backtrace::<test[9d35eded1c95d3be]::run_test::{closure#1}, ()>
[INFO] [stdout]   17:     0x6420134cd2b2 - <std[70759c8f55707aa4]::thread::lifecycle::spawn_unchecked<test[9d35eded1c95d3be]::run_test::{closure#1}, ()>::{closure#1} as core[df12db4294e9bfd3]::ops::function::FnOnce<()>>::call_once::{shim:vtable#0}
[INFO] [stdout]   18:     0x6420137c2d29 - <std[70759c8f55707aa4]::sys::thread::unix::Thread>::new::thread_start
[INFO] [stdout]   19:     0x7eefa08b0dfa - <unknown>
[INFO] [stdout]   20:     0x7eefa09443d4 - clone
[INFO] [stdout]   21:                0x0 - <unknown>
[INFO] [stdout] 
[INFO] [stdout] ---- utils::matcher::tests::test_compile_rule_security stdout ----
[INFO] [stdout] 
[INFO] [stdout] thread 'utils::matcher::tests::test_compile_rule_security' (3221) panicked at src/utils/matcher.rs:1142:9:
[INFO] [stdout] assertion failed: apply_compiled_rule(&rule, &node_no_tls13)
[INFO] [stdout] stack backtrace:
[INFO] [stdout]    0:     0x6420137c3b71 - <<std[70759c8f55707aa4]::sys::backtrace::BacktraceLock>::print::DisplayBacktrace as core[df12db4294e9bfd3]::fmt::Display>::fmt
[INFO] [stdout]    1:     0x6420137db9fa - core[df12db4294e9bfd3]::fmt::write
[INFO] [stdout]    2:     0x6420137c87ac - <alloc[2182bb758b4b3781]::vec::Vec<u8> as core[df12db4294e9bfd3]::io::write::Write>::write_fmt
[INFO] [stdout]    3:     0x64201379ee96 - std[70759c8f55707aa4]::panicking::default_hook::{closure#0}
[INFO] [stdout]    4:     0x6420137bb779 - std[70759c8f55707aa4]::panicking::default_hook
[INFO] [stdout]    5:     0x6420134c9800 - test[9d35eded1c95d3be]::test_main_inner::<test[9d35eded1c95d3be]::test_main_static::{closure#0}>::{closure#0}
[INFO] [stdout]    6:     0x6420137bbaa2 - std[70759c8f55707aa4]::panicking::panic_with_hook
[INFO] [stdout]    7:     0x64201379ef74 - std[70759c8f55707aa4]::panicking::panic_handler::{closure#0}
[INFO] [stdout]    8:     0x642013797a59 - std[70759c8f55707aa4]::sys::backtrace::__rust_end_short_backtrace::<std[70759c8f55707aa4]::panicking::panic_handler::{closure#0}, !>
[INFO] [stdout]    9:     0x64201379fd2d - __rustc[8fa7c3cbc660c2b3]::rust_begin_unwind
[INFO] [stdout]   10:     0x6420137dc1dc - core[df12db4294e9bfd3]::panicking::panic_fmt
[INFO] [stdout]   11:     0x6420137dc1a2 - core[df12db4294e9bfd3]::panicking::panic
[INFO] [stdout]   12:     0x642013451722 - libsubconverter[ff96d4fcadc81332]::utils::matcher::tests::test_compile_rule_security
[INFO] [stdout]   13:     0x6420134a87d9 - <libsubconverter[ff96d4fcadc81332]::utils::matcher::tests::test_compile_rule_security::{closure#0} as core[df12db4294e9bfd3]::ops::function::FnOnce<()>>::call_once
[INFO] [stdout]   14:     0x6420134bcaeb - test[9d35eded1c95d3be]::__rust_begin_short_backtrace::<core[df12db4294e9bfd3]::result::Result<(), alloc[2182bb758b4b3781]::string::String>, fn() -> core[df12db4294e9bfd3]::result::Result<(), alloc[2182bb758b4b3781]::string::String>>
[INFO] [stdout]   15:     0x6420134ca155 - test[9d35eded1c95d3be]::run_test::{closure#0}
[INFO] [stdout]   16:     0x6420134c3a14 - std[70759c8f55707aa4]::sys::backtrace::__rust_begin_short_backtrace::<test[9d35eded1c95d3be]::run_test::{closure#1}, ()>
[INFO] [stdout]   17:     0x6420134cd2b2 - <std[70759c8f55707aa4]::thread::lifecycle::spawn_unchecked<test[9d35eded1c95d3be]::run_test::{closure#1}, ()>::{closure#1} as core[df12db4294e9bfd3]::ops::function::FnOnce<()>>::call_once::{shim:vtable#0}
[INFO] [stdout]   18:     0x6420137c2d29 - <std[70759c8f55707aa4]::sys::thread::unix::Thread>::new::thread_start
[INFO] [stdout]   19:     0x7eefa08b0dfa - <unknown>
[INFO] [stdout]   20:     0x7eefa09443d4 - clone
[INFO] [stdout]   21:                0x0 - <unknown>
[INFO] [stdout] 
[INFO] [stdout] ---- rulesets::ruleset::tests::test_fetch_ruleset_cache_expiration stdout ----
[INFO] [stdout] 
[INFO] [stdout] thread 'rulesets::ruleset::tests::test_fetch_ruleset_cache_expiration' (3205) panicked at src/rulesets/ruleset.rs:390:13:
[INFO] [stdout] assertion failed: result_no_cache.unwrap_err().contains("Failed to fetch ruleset from URL")
[INFO] [stdout] stack backtrace:
[INFO] [stdout]    0:     0x6420137c3b71 - <<std[70759c8f55707aa4]::sys::backtrace::BacktraceLock>::print::DisplayBacktrace as core[df12db4294e9bfd3]::fmt::Display>::fmt
[INFO] [stdout]    1:     0x6420137db9fa - core[df12db4294e9bfd3]::fmt::write
[INFO] [stdout]    2:     0x6420137c87ac - <alloc[2182bb758b4b3781]::vec::Vec<u8> as core[df12db4294e9bfd3]::io::write::Write>::write_fmt
[INFO] [stdout]    3:     0x64201379ee96 - std[70759c8f55707aa4]::panicking::default_hook::{closure#0}
[INFO] [stdout]    4:     0x6420137bb779 - std[70759c8f55707aa4]::panicking::default_hook
[INFO] [stdout]    5:     0x6420134c9800 - test[9d35eded1c95d3be]::test_main_inner::<test[9d35eded1c95d3be]::test_main_static::{closure#0}>::{closure#0}
[INFO] [stdout]    6:     0x6420137bbaa2 - std[70759c8f55707aa4]::panicking::panic_with_hook
[INFO] [stdout]    7:     0x64201379ef74 - std[70759c8f55707aa4]::panicking::panic_handler::{closure#0}
[INFO] [stdout]    8:     0x642013797a59 - std[70759c8f55707aa4]::sys::backtrace::__rust_end_short_backtrace::<std[70759c8f55707aa4]::panicking::panic_handler::{closure#0}, !>
[INFO] [stdout]    9:     0x64201379fd2d - __rustc[8fa7c3cbc660c2b3]::rust_begin_unwind
[INFO] [stdout]   10:     0x6420137dc1dc - core[df12db4294e9bfd3]::panicking::panic_fmt
[INFO] [stdout]   11:     0x6420137dc1a2 - core[df12db4294e9bfd3]::panicking::panic
[INFO] [stdout]   12:     0x6420134a0c10 - libsubconverter[ff96d4fcadc81332]::rulesets::ruleset::tests::test_fetch_ruleset_cache_expiration::{closure#0}
[INFO] [stdout]   13:     0x64201349054e - <tokio[a8cf95fa2d9a200e]::runtime::scheduler::current_thread::Context>::enter::<core[df12db4294e9bfd3]::task::poll::Poll<()>, <tokio[a8cf95fa2d9a200e]::runtime::scheduler::current_thread::CoreGuard>::block_on<core[df12db4294e9bfd3]::pin::Pin<&mut libsubconverter[ff96d4fcadc81332]::rulesets::ruleset::tests::test_fetch_ruleset_cache_expiration::{closure#0}>>::{closure#0}::{closure#0}>
[INFO] [stdout]   14:     0x64201341c1a2 - <tokio[a8cf95fa2d9a200e]::runtime::context::scoped::Scoped<tokio[a8cf95fa2d9a200e]::runtime::scheduler::Context>>::set::<<tokio[a8cf95fa2d9a200e]::runtime::scheduler::current_thread::CoreGuard>::enter<<tokio[a8cf95fa2d9a200e]::runtime::scheduler::current_thread::CoreGuard>::block_on<core[df12db4294e9bfd3]::pin::Pin<&mut libsubconverter[ff96d4fcadc81332]::rulesets::ruleset::tests::test_fetch_ruleset_cache_expiration::{closure#0}>>::{closure#0}, core[df12db4294e9bfd3]::option::Option<()>>::{closure#0}, (alloc[2182bb758b4b3781]::boxed::Box<tokio[a8cf95fa2d9a200e]::runtime::scheduler::current_thread::Core>, core[df12db4294e9bfd3]::option::Option<()>)>
[INFO] [stdout]   15:     0x64201348ca8b - <tokio[a8cf95fa2d9a200e]::runtime::runtime::Runtime>::block_on::<libsubconverter[ff96d4fcadc81332]::rulesets::ruleset::tests::test_fetch_ruleset_cache_expiration::{closure#0}>
[INFO] [stdout]   16:     0x64201343e0bc - libsubconverter[ff96d4fcadc81332]::rulesets::ruleset::tests::test_fetch_ruleset_cache_expiration
[INFO] [stdout]   17:     0x6420134a8a69 - <libsubconverter[ff96d4fcadc81332]::rulesets::ruleset::tests::test_fetch_ruleset_cache_expiration::{closure#0} as core[df12db4294e9bfd3]::ops::function::FnOnce<()>>::call_once
[INFO] [stdout]   18:     0x6420134bcaeb - test[9d35eded1c95d3be]::__rust_begin_short_backtrace::<core[df12db4294e9bfd3]::result::Result<(), alloc[2182bb758b4b3781]::string::String>, fn() -> core[df12db4294e9bfd3]::result::Result<(), alloc[2182bb758b4b3781]::string::String>>
[INFO] [stdout]   19:     0x6420134ca155 - test[9d35eded1c95d3be]::run_test::{closure#0}
[INFO] [stdout]   20:     0x6420134c3a14 - std[70759c8f55707aa4]::sys::backtrace::__rust_begin_short_backtrace::<test[9d35eded1c95d3be]::run_test::{closure#1}, ()>
[INFO] [stdout]   21:     0x6420134cd2b2 - <std[70759c8f55707aa4]::thread::lifecycle::spawn_unchecked<test[9d35eded1c95d3be]::run_test::{closure#1}, ()>::{closure#1} as core[df12db4294e9bfd3]::ops::function::FnOnce<()>>::call_once::{shim:vtable#0}
[INFO] [stdout]   22:     0x6420137c2d29 - <std[70759c8f55707aa4]::sys::thread::unix::Thread>::new::thread_start
[INFO] [stdout]   23:     0x7eefa08b0dfa - <unknown>
[INFO] [stdout]   24:     0x7eefa09443d4 - clone
[INFO] [stdout]   25:                0x0 - <unknown>
[INFO] [stdout] 
[INFO] [stdout] ---- utils::string::tests::test_remove_emoji stdout ----
[INFO] [stdout] 
[INFO] [stdout] thread 'utils::string::tests::test_remove_emoji' (3252) panicked at src/utils/string.rs:414:9:
[INFO] [stdout] assertion `left == right` failed
[INFO] [stdout]   left: ""
[INFO] [stdout]  right: "😀"
[INFO] [stdout] stack backtrace:
[INFO] [stdout]    0:     0x6420137c3b71 - <<std[70759c8f55707aa4]::sys::backtrace::BacktraceLock>::print::DisplayBacktrace as core[df12db4294e9bfd3]::fmt::Display>::fmt
[INFO] [stdout]    1:     0x6420137db9fa - core[df12db4294e9bfd3]::fmt::write
[INFO] [stdout]    2:     0x6420137c87ac - <alloc[2182bb758b4b3781]::vec::Vec<u8> as core[df12db4294e9bfd3]::io::write::Write>::write_fmt
[INFO] [stdout]    3:     0x64201379ee96 - std[70759c8f55707aa4]::panicking::default_hook::{closure#0}
[INFO] [stdout]    4:     0x6420137bb779 - std[70759c8f55707aa4]::panicking::default_hook
[INFO] [stdout]    5:     0x6420134c9800 - test[9d35eded1c95d3be]::test_main_inner::<test[9d35eded1c95d3be]::test_main_static::{closure#0}>::{closure#0}
[INFO] [stdout]    6:     0x6420137bbaa2 - std[70759c8f55707aa4]::panicking::panic_with_hook
[INFO] [stdout]    7:     0x64201379ef42 - std[70759c8f55707aa4]::panicking::panic_handler::{closure#0}
[INFO] [stdout]    8:     0x642013797a59 - std[70759c8f55707aa4]::sys::backtrace::__rust_end_short_backtrace::<std[70759c8f55707aa4]::panicking::panic_handler::{closure#0}, !>
[INFO] [stdout]    9:     0x64201379fd2d - __rustc[8fa7c3cbc660c2b3]::rust_begin_unwind
[INFO] [stdout]   10:     0x6420137dc1dc - core[df12db4294e9bfd3]::panicking::panic_fmt
[INFO] [stdout]   11:     0x6420137dc0f3 - core[df12db4294e9bfd3]::panicking::assert_failed_inner
[INFO] [stdout]   12:     0x64201344aa59 - core[df12db4294e9bfd3]::panicking::assert_failed::<alloc[2182bb758b4b3781]::string::String, &str>
[INFO] [stdout]   13:     0x6420134baaa7 - libsubconverter[ff96d4fcadc81332]::utils::string::tests::test_remove_emoji
[INFO] [stdout]   14:     0x6420134a8499 - <libsubconverter[ff96d4fcadc81332]::utils::string::tests::test_remove_emoji::{closure#0} as core[df12db4294e9bfd3]::ops::function::FnOnce<()>>::call_once
[INFO] [stdout]   15:     0x6420134bcaeb - test[9d35eded1c95d3be]::__rust_begin_short_backtrace::<core[df12db4294e9bfd3]::result::Result<(), alloc[2182bb758b4b3781]::string::String>, fn() -> core[df12db4294e9bfd3]::result::Result<(), alloc[2182bb758b4b3781]::string::String>>
[INFO] [stdout]   16:     0x6420134ca155 - test[9d35eded1c95d3be]::run_test::{closure#0}
[INFO] [stdout]   17:     0x6420134c3a14 - std[70759c8f55707aa4]::sys::backtrace::__rust_begin_short_backtrace::<test[9d35eded1c95d3be]::run_test::{closure#1}, ()>
[INFO] [stdout]   18:     0x6420134cd2b2 - <std[70759c8f55707aa4]::thread::lifecycle::spawn_unchecked<test[9d35eded1c95d3be]::run_test::{closure#1}, ()>::{closure#1} as core[df12db4294e9bfd3]::ops::function::FnOnce<()>>::call_once::{shim:vtable#0}
[INFO] [stdout]   19:     0x6420137c2d29 - <std[70759c8f55707aa4]::sys::thread::unix::Thread>::new::thread_start
[INFO] [stdout]   20:     0x7eefa08b0dfa - <unknown>
[INFO] [stdout]   21:     0x7eefa09443d4 - clone
[INFO] [stdout]   22:                0x0 - <unknown>
[INFO] [stdout] 
[INFO] [stdout] 
[INFO] [stdout] failures:
[INFO] [stdout]     generator::config::group::tests::test_group_generate_empty_result_with_direct
[INFO] [stdout]     rulesets::ruleset::tests::test_fetch_ruleset_cache_expiration
[INFO] [stdout]     utils::matcher::tests::test_compile_rule_group_with_subrule
[INFO] [stdout]     utils::matcher::tests::test_compile_rule_security
[INFO] [stdout]     utils::string::tests::test_remove_emoji
[INFO] [stdout] 
[INFO] [stdout] test result: FAILED. 66 passed; 5 failed; 0 ignored; 0 measured; 0 filtered out; finished in 1.00s
[INFO] [stdout] 
[INFO] [stderr] error: test failed, to rerun pass `--lib`
[INFO] running `Command { std: "docker" "inspect" "b21bfa537dc2674ef4bd180d2cccf2b0af92435a312c37c8dc3be355b1c1b487", kill_on_drop: false }`
[INFO] running `Command { std: "docker" "rm" "-f" "b21bfa537dc2674ef4bd180d2cccf2b0af92435a312c37c8dc3be355b1c1b487", kill_on_drop: false }`
[INFO] [stdout] b21bfa537dc2674ef4bd180d2cccf2b0af92435a312c37c8dc3be355b1c1b487
