[INFO] cloning repository https://github.com/helinwang/sync_mv
[INFO] running `Command { std: "git" "-c" "credential.helper=" "-c" "credential.helper=/workspace/cargo-home/bin/git-credential-null" "clone" "--bare" "https://github.com/helinwang/sync_mv" "/workspace/cache/git-repos/https%3A%2F%2Fgithub.com%2Fhelinwang%2Fsync_mv", kill_on_drop: false }`
[INFO] [stderr] Cloning into bare repository '/workspace/cache/git-repos/https%3A%2F%2Fgithub.com%2Fhelinwang%2Fsync_mv'...
[INFO] running `Command { std: "git" "rev-parse" "HEAD", kill_on_drop: false }`
[INFO] [stdout] e8638d50bcd7934a29163da4569e2aaa31e4e1ac
[INFO] testing helinwang/sync_mv against 1.99.0-beta.8+cargoflags=--release for beta-release-1.100-2
[INFO] running `Command { std: "git" "clone" "/workspace/cache/git-repos/https%3A%2F%2Fgithub.com%2Fhelinwang%2Fsync_mv" "/workspace/builds/worker-6-tc1/source", kill_on_drop: false }`
[INFO] [stderr] Cloning into '/workspace/builds/worker-6-tc1/source'...
[INFO] [stderr] done.
[INFO] started tweaking git repo https://github.com/helinwang/sync_mv
[INFO] finished tweaking git repo https://github.com/helinwang/sync_mv
[INFO] tweaked toml for git repo https://github.com/helinwang/sync_mv written to /workspace/builds/worker-6-tc1/source/Cargo.toml
[INFO] validating manifest of git repo https://github.com/helinwang/sync_mv on toolchain 1.99.0-beta.8
[INFO] running `Command { std: CARGO_HOME="/workspace/cargo-home" RUSTUP_HOME="/workspace/rustup-home" "/workspace/cargo-home/bin/cargo" "+1.99.0-beta.8" "metadata" "--manifest-path" "Cargo.toml" "--no-deps", kill_on_drop: false }`
[INFO] crate git repo https://github.com/helinwang/sync_mv already has a lockfile, it will not be regenerated
[INFO] running `Command { std: CARGO_HOME="/workspace/cargo-home" RUSTUP_HOME="/workspace/rustup-home" "/workspace/cargo-home/bin/cargo" "+1.99.0-beta.8" "fetch" "--manifest-path" "Cargo.toml", kill_on_drop: false }`
[INFO] [stderr]     Updating crates.io index
[INFO] [stderr]  Downloading crates ...
[INFO] [stderr]   Downloaded temp-file v0.1.7
[INFO] [stderr]   Downloaded serde_derive v1.0.151
[INFO] [stderr]   Downloaded clap_lex v0.3.0
[INFO] [stderr]   Downloaded predicates v2.1.4
[INFO] [stderr]   Downloaded proc-macro2 v1.0.49
[INFO] [stderr]   Downloaded clap_derive v4.0.21
[INFO] [stderr]   Downloaded io-lifetimes v1.0.3
[INFO] [stderr]   Downloaded assert_cmd v2.0.7
[INFO] [stderr]   Downloaded serde v1.0.151
[INFO] [stderr]   Downloaded clap v4.0.32
[INFO] [stderr]   Downloaded rustix v0.36.5
[INFO] [stderr]   Downloaded bstr v1.1.0
[INFO] running `Command { std: "docker" "create" "-v" "/var/lib/crater-agent-workspace/builds/worker-6-tc1/source:/opt/rustwide/workdir:ro,Z" "-v" "/var/lib/crater-agent-workspace/builds/worker-6-tc1/target:/opt/rustwide/target:rw,Z" "-v" "/var/lib/crater-agent-workspace/cargo-home:/opt/rustwide/cargo-home:ro,Z" "-v" "/var/lib/crater-agent-workspace/rustup-home:/opt/rustwide/rustup-home:ro,Z" "-m" "1610612736" "--network" "none" "ghcr.io/rust-lang/crates-build-env/linux@sha256:77db811e55d90add9212f6832c23229e3de5f1c1f9905e8cb07319ea15df73ac" "sleep" "infinity", kill_on_drop: false }`
[INFO] [stdout] e71d084faa2ef699fe034811f5d6c384960ee9e2ab6dbfae359ebc3bd4a0cefc
[INFO] running `Command { std: "docker" "start" "e71d084faa2ef699fe034811f5d6c384960ee9e2ab6dbfae359ebc3bd4a0cefc", kill_on_drop: false }`
[INFO] running `Command { std: "docker" "inspect" "e71d084faa2ef699fe034811f5d6c384960ee9e2ab6dbfae359ebc3bd4a0cefc", kill_on_drop: false }`
[INFO] running `Command { std: "docker" "exec" "-e" "SOURCE_DIR=/opt/rustwide/workdir" "-e" "CARGO_HOME=/opt/rustwide/cargo-home" "-e" "RUSTUP_HOME=/opt/rustwide/rustup-home" "-e" "CARGO_TARGET_DIR=/opt/rustwide/target" "-w" "/opt/rustwide/workdir" "--user" "0:0" "e71d084faa2ef699fe034811f5d6c384960ee9e2ab6dbfae359ebc3bd4a0cefc" "/opt/rustwide/cargo-home/bin/cargo" "+1.99.0-beta.8" "metadata" "--no-deps" "--format-version=1", kill_on_drop: false }`
[INFO] running `Command { std: "docker" "inspect" "e71d084faa2ef699fe034811f5d6c384960ee9e2ab6dbfae359ebc3bd4a0cefc", kill_on_drop: false }`
[INFO] running `Command { std: "docker" "exec" "-e" "SOURCE_DIR=/opt/rustwide/workdir" "-e" "CARGO_HOME=/opt/rustwide/cargo-home" "-e" "RUSTUP_HOME=/opt/rustwide/rustup-home" "-e" "CARGO_TARGET_DIR=/opt/rustwide/target" "-e" "CARGO_INCREMENTAL=0" "-e" "RUST_BACKTRACE=full" "-e" "RUSTFLAGS=--cap-lints=warn" "-e" "RUSTDOCFLAGS=--cap-lints=warn" "-w" "/opt/rustwide/workdir" "--user" "0:0" "e71d084faa2ef699fe034811f5d6c384960ee9e2ab6dbfae359ebc3bd4a0cefc" "/opt/rustwide/cargo-home/bin/cargo" "+1.99.0-beta.8" "build" "--frozen" "--message-format=json" "--release", kill_on_drop: false }`
[INFO] [stderr]    Compiling proc-macro2 v1.0.49
[INFO] [stderr]    Compiling unicode-ident v1.0.6
[INFO] [stderr]    Compiling quote v1.0.23
[INFO] [stderr]    Compiling syn v1.0.107
[INFO] [stderr]    Compiling libc v0.2.139
[INFO] [stderr]    Compiling io-lifetimes v1.0.3
[INFO] [stderr]    Compiling serde_derive v1.0.151
[INFO] [stderr]    Compiling rustix v0.36.5
[INFO] [stderr]    Compiling serde v1.0.151
[INFO] [stderr]    Compiling linux-raw-sys v0.1.4
[INFO] [stderr]    Compiling heck v0.4.0
[INFO] [stderr]    Compiling os_str_bytes v6.4.1
[INFO] [stderr]    Compiling serde_json v1.0.91
[INFO] [stderr]    Compiling ryu v1.0.12
[INFO] [stderr]    Compiling proc-macro-error-attr v1.0.4
[INFO] [stderr]    Compiling proc-macro-error v1.0.4
[INFO] [stderr]    Compiling itoa v1.0.5
[INFO] [stderr]    Compiling termcolor v1.1.3
[INFO] [stderr]    Compiling once_cell v1.16.0
[INFO] [stderr]    Compiling clap_lex v0.3.0
[INFO] [stderr]    Compiling is-terminal v0.4.2
[INFO] [stderr]    Compiling clap_derive v4.0.21
[INFO] [stderr]    Compiling clap v4.0.32
[INFO] [stderr]    Compiling sync_mv v0.1.3 (/opt/rustwide/workdir)
[INFO] [stderr]     Finished `release` profile [optimized] target(s) in 25.79s
[INFO] running `Command { std: "docker" "inspect" "e71d084faa2ef699fe034811f5d6c384960ee9e2ab6dbfae359ebc3bd4a0cefc", kill_on_drop: false }`
[INFO] running `Command { std: "docker" "exec" "-e" "SOURCE_DIR=/opt/rustwide/workdir" "-e" "CARGO_HOME=/opt/rustwide/cargo-home" "-e" "RUSTUP_HOME=/opt/rustwide/rustup-home" "-e" "CARGO_TARGET_DIR=/opt/rustwide/target" "-e" "CARGO_INCREMENTAL=0" "-e" "RUST_BACKTRACE=full" "-e" "RUSTFLAGS=--cap-lints=warn" "-e" "RUSTDOCFLAGS=--cap-lints=warn" "-w" "/opt/rustwide/workdir" "--user" "0:0" "e71d084faa2ef699fe034811f5d6c384960ee9e2ab6dbfae359ebc3bd4a0cefc" "/opt/rustwide/cargo-home/bin/cargo" "+1.99.0-beta.8" "test" "--frozen" "--no-run" "--message-format=json" "--release", kill_on_drop: false }`
[INFO] [stderr]    Compiling memchr v2.5.0
[INFO] [stderr]    Compiling predicates-core v1.0.5
[INFO] [stderr]    Compiling either v1.8.0
[INFO] [stderr]    Compiling doc-comment v0.3.3
[INFO] [stderr]    Compiling regex-automata v0.1.10
[INFO] [stderr]    Compiling difflib v0.4.0
[INFO] [stderr]    Compiling termtree v0.4.0
[INFO] [stderr]    Compiling wait-timeout v0.2.0
[INFO] [stderr]    Compiling temp-file v0.1.7
[INFO] [stderr]    Compiling itertools v0.10.5
[INFO] [stderr]    Compiling predicates-tree v1.0.7
[INFO] [stderr]    Compiling bstr v1.1.0
[INFO] [stderr]    Compiling predicates v2.1.4
[INFO] [stderr]    Compiling assert_cmd v2.0.7
[INFO] [stderr]    Compiling sync_mv v0.1.3 (/opt/rustwide/workdir)
[INFO] [stderr]     Finished `release` profile [optimized] target(s) in 7.12s
[INFO] running `Command { std: "docker" "inspect" "e71d084faa2ef699fe034811f5d6c384960ee9e2ab6dbfae359ebc3bd4a0cefc", kill_on_drop: false }`
[INFO] running `Command { std: "docker" "exec" "-e" "SOURCE_DIR=/opt/rustwide/workdir" "-e" "CARGO_HOME=/opt/rustwide/cargo-home" "-e" "RUSTUP_HOME=/opt/rustwide/rustup-home" "-e" "CARGO_TARGET_DIR=/opt/rustwide/target" "-e" "CARGO_INCREMENTAL=0" "-e" "RUST_BACKTRACE=full" "-e" "RUSTFLAGS=--cap-lints=warn" "-e" "RUSTDOCFLAGS=--cap-lints=warn" "-w" "/opt/rustwide/workdir" "--user" "0:0" "e71d084faa2ef699fe034811f5d6c384960ee9e2ab6dbfae359ebc3bd4a0cefc" "/opt/rustwide/cargo-home/bin/cargo" "+1.99.0-beta.8" "test" "--frozen" "--release", kill_on_drop: false }`
[INFO] [stderr]     Finished `release` profile [optimized] target(s) in 0.08s
[INFO] [stdout] 
[INFO] [stderr]      Running unittests src/main.rs (/opt/rustwide/target/release/deps/sync_mv-7d8ba2de2634cb75)
[INFO] [stdout] running 0 tests
[INFO] [stderr]      Running tests/sync.rs (/opt/rustwide/target/release/deps/sync-272a8c0f58b3dc72)
[INFO] [stdout] 
[INFO] [stdout] test result: ok. 0 passed; 0 failed; 0 ignored; 0 measured; 0 filtered out; finished in 0.00s
[INFO] [stdout] 
[INFO] [stdout] 
[INFO] [stdout] running 1 test
[INFO] [stdout] test sync ... FAILED
[INFO] [stdout] 
[INFO] [stdout] failures:
[INFO] [stdout] 
[INFO] [stdout] ---- sync stdout ----
[INFO] [stdout] 
[INFO] [stdout] thread 'sync' (1132) panicked at /rustc/dfb0accb7f508ae8be965d8629557221c889dd98/library/core/src/ops/function.rs:250:5:
[INFO] [stdout] Unexpected stdout, failed diff original var
[INFO] [stdout] ├── original: {
[INFO] [stdout] │     "base_dir": "tests/test_data/src/",
[INFO] [stdout] │     "min_file_bytes": 0,
[INFO] [stdout] │     "files": {
[INFO] [stdout] │       "1/1_.txt": {
[INFO] [stdout] │         "size": 2,
[INFO] [stdout] │         "modified": 1671944003613389535
[INFO] [stdout] │       },
[INFO] [stdout] │       "2_.txt": {
[INFO] [stdout] │         "size": 2,
[INFO] [stdout] │         "modified": 1671944011717239623
[INFO] [stdout] │       },
[INFO] [stdout] │       "3.txt": {
[INFO] [stdout] │         "size": 2,
[INFO] [stdout] │         "modified": 1672027351079920913
[INFO] [stdout] │       },
[INFO] [stdout] │       "3_.txt": {
[INFO] [stdout] │         "size": 2,
[INFO] [stdout] │         "modified": 1672027351079920913
[INFO] [stdout] │       },
[INFO] [stdout] │       "4.txt": {
[INFO] [stdout] │         "size": 2,
[INFO] [stdout] │         "modified": 1672027285744982980
[INFO] [stdout] │       }
[INFO] [stdout] │     }
[INFO] [stdout] │   }
[INFO] [stdout] ├── diff: 
[INFO] [stdout] │   --- 	orig
[INFO] [stdout] │   +++ 	var
[INFO] [stdout] │   @@ -7 +7 @@
[INFO] [stdout] │   -      "modified": 1671944003613389535
[INFO] [stdout] │   +      "modified": 1792293139695938587
[INFO] [stdout] │   @@ -11 +11 @@
[INFO] [stdout] │   -      "modified": 1671944011717239623
[INFO] [stdout] │   +      "modified": 1792293139695938587
[INFO] [stdout] │   @@ -15 +15 @@
[INFO] [stdout] │   -      "modified": 1672027351079920913
[INFO] [stdout] │   +      "modified": 1792293139695938587
[INFO] [stdout] │   @@ -19 +19 @@
[INFO] [stdout] │   -      "modified": 1672027351079920913
[INFO] [stdout] │   +      "modified": 1792293139695938587
[INFO] [stdout] │   @@ -23 +23 @@
[INFO] [stdout] │   -      "modified": 1672027285744982980
[INFO] [stdout] │   +      "modified": 1792293139695938587
[INFO] [stdout] └── var as str: {
[INFO] [stdout]       "base_dir": "tests/test_data/src/",
[INFO] [stdout]       "min_file_bytes": 0,
[INFO] [stdout]       "files": {
[INFO] [stdout]         "1/1_.txt": {
[INFO] [stdout]           "size": 2,
[INFO] [stdout]           "modified": 1792293139695938587
[INFO] [stdout]         },
[INFO] [stdout]         "2_.txt": {
[INFO] [stdout]           "size": 2,
[INFO] [stdout]           "modified": 1792293139695938587
[INFO] [stdout]         },
[INFO] [stdout]         "3.txt": {
[INFO] [stdout]           "size": 2,
[INFO] [stdout]           "modified": 1792293139695938587
[INFO] [stdout]         },
[INFO] [stdout]         "3_.txt": {
[INFO] [stdout]           "size": 2,
[INFO] [stdout]           "modified": 1792293139695938587
[INFO] [stdout]         },
[INFO] [stdout]         "4.txt": {
[INFO] [stdout]           "size": 2,
[INFO] [stdout]           "modified": 1792293139695938587
[INFO] [stdout]         }
[INFO] [stdout]       }
[INFO] [stdout]     }
[INFO] [stdout] 
[INFO] [stdout] command=`"/opt/rustwide/target/release/sync_mv" "--action" "digest" "--folder" "tests/test_data/src" "--min-file-size" "0"`
[INFO] [stdout] code=0
[INFO] [stdout] stdout="{\n  \"base_dir\": \"tests/test_data/src/\",\n  \"min_file_bytes\": 0,\n  \"files\": {\n    \"1/1_.txt\": {\n      \"size\": 2,\n      \"modified\": 1792293139695938587\n    },\n    \"2_.txt\": {\n      \"size\": 2,\n      \"modified\": 1792293139695938587\n    },\n    \"3.txt\": {\n      \"size\": 2,\n      \"modified\": 1792293139695938587\n    },\n    \"3_.txt\": {\n      \"size\": 2,\n      \"modified\": 1792293139695938587\n    },\n    \"4.txt\": {\n      \"size\": 2,\n      \"modified\": 1792293139695938587\n    }\n  }\n}\n"
[INFO] [stdout] stderr=""
[INFO] [stdout] 
[INFO] [stdout] stack backtrace:
[INFO] [stdout]    0:     0x61d8804d85f1 - <<std[70759c8f55707aa4]::sys::backtrace::BacktraceLock>::print::DisplayBacktrace as core[df12db4294e9bfd3]::fmt::Display>::fmt
[INFO] [stdout]    1:     0x61d8804ee1ea - core[df12db4294e9bfd3]::fmt::write
[INFO] [stdout]    2:     0x61d8804dde9c - <alloc[2182bb758b4b3781]::vec::Vec<u8> as core[df12db4294e9bfd3]::io::write::Write>::write_fmt
[INFO] [stdout]    3:     0x61d8804b3d86 - std[70759c8f55707aa4]::panicking::default_hook::{closure#0}
[INFO] [stdout]    4:     0x61d8804d0959 - std[70759c8f55707aa4]::panicking::default_hook
[INFO] [stdout]    5:     0x61d880456810 - test[9d35eded1c95d3be]::test_main_inner::<test[9d35eded1c95d3be]::test_main_static::{closure#0}>::{closure#0}
[INFO] [stdout]    6:     0x61d8804d0b12 - std[70759c8f55707aa4]::panicking::panic_with_hook
[INFO] [stdout]    7:     0x61d8804b3e32 - std[70759c8f55707aa4]::panicking::panic_handler::{closure#0}
[INFO] [stdout]    8:     0x61d8804acb09 - std[70759c8f55707aa4]::sys::backtrace::__rust_end_short_backtrace::<std[70759c8f55707aa4]::panicking::panic_handler::{closure#0}, !>
[INFO] [stdout]    9:     0x61d8804b4a2d - __rustc[8fa7c3cbc660c2b3]::rust_begin_unwind
[INFO] [stdout]   10:     0x61d8804ee91c - core[df12db4294e9bfd3]::panicking::panic_fmt
[INFO] [stdout]   11:     0x61d880448064 - <assert_cmd[8b78b7e72b4df14d]::assert::AssertError>::panic::<assert_cmd[8b78b7e72b4df14d]::assert::Assert>
[INFO] [stdout]   12:     0x61d880449899 - <sync[1f2059006b377110]::sync::{closure#0} as core[df12db4294e9bfd3]::ops::function::FnOnce<()>>::call_once
[INFO] [stdout]   13:     0x61d880449afb - test[9d35eded1c95d3be]::__rust_begin_short_backtrace::<core[df12db4294e9bfd3]::result::Result<(), alloc[2182bb758b4b3781]::string::String>, fn() -> core[df12db4294e9bfd3]::result::Result<(), alloc[2182bb758b4b3781]::string::String>>
[INFO] [stdout]   14:     0x61d880457165 - test[9d35eded1c95d3be]::run_test::{closure#0}
[INFO] [stdout]   15:     0x61d880450a24 - std[70759c8f55707aa4]::sys::backtrace::__rust_begin_short_backtrace::<test[9d35eded1c95d3be]::run_test::{closure#1}, ()>
[INFO] [stdout]   16:     0x61d88045a2c2 - <std[70759c8f55707aa4]::thread::lifecycle::spawn_unchecked<test[9d35eded1c95d3be]::run_test::{closure#1}, ()>::{closure#1} as core[df12db4294e9bfd3]::ops::function::FnOnce<()>>::call_once::{shim:vtable#0}
[INFO] [stdout]   17:     0x61d8804d7c59 - <std[70759c8f55707aa4]::sys::thread::unix::Thread>::new::thread_start
[INFO] [stdout]   18:     0x7ae1d942fdfa - <unknown>
[INFO] [stdout]   19:     0x7ae1d94c33d4 - clone
[INFO] [stdout]   20:                0x0 - <unknown>
[INFO] [stdout] 
[INFO] [stdout] 
[INFO] [stdout] failures:
[INFO] [stdout]     sync
[INFO] [stdout] 
[INFO] [stdout] test result: FAILED. 0 passed; 1 failed; 0 ignored; 0 measured; 0 filtered out; finished in 0.01s
[INFO] [stdout] 
[INFO] [stderr] error: test failed, to rerun pass `--test sync`
[INFO] running `Command { std: "docker" "inspect" "e71d084faa2ef699fe034811f5d6c384960ee9e2ab6dbfae359ebc3bd4a0cefc", kill_on_drop: false }`
[INFO] running `Command { std: "docker" "rm" "-f" "e71d084faa2ef699fe034811f5d6c384960ee9e2ab6dbfae359ebc3bd4a0cefc", kill_on_drop: false }`
[INFO] [stdout] e71d084faa2ef699fe034811f5d6c384960ee9e2ab6dbfae359ebc3bd4a0cefc
