[INFO] cloning repository https://github.com/he00741098/24game
[INFO] running `Command { std: "git" "-c" "credential.helper=" "-c" "credential.helper=/workspace/cargo-home/bin/git-credential-null" "clone" "--bare" "https://github.com/he00741098/24game" "/workspace/cache/git-repos/https%3A%2F%2Fgithub.com%2Fhe00741098%2F24game", kill_on_drop: false }`
[INFO] [stderr] Cloning into bare repository '/workspace/cache/git-repos/https%3A%2F%2Fgithub.com%2Fhe00741098%2F24game'...
[INFO] running `Command { std: "git" "rev-parse" "HEAD", kill_on_drop: false }`
[INFO] [stdout] 8231ecc95a06126c9f92098c917d02badf29f758
[INFO] testing he00741098/24game against 1.100.0-beta.1+cargoflags=--release for beta-release-1.100-2
[INFO] running `Command { std: "git" "clone" "/workspace/cache/git-repos/https%3A%2F%2Fgithub.com%2Fhe00741098%2F24game" "/workspace/builds/worker-1-tc2/source", kill_on_drop: false }`
[INFO] [stderr] Cloning into '/workspace/builds/worker-1-tc2/source'...
[INFO] [stderr] done.
[INFO] [stderr] Updating files:  57% (1269/2202)
Updating files:  58% (1278/2202)
Updating files:  59% (1300/2202)
Updating files:  60% (1322/2202)
Updating files:  61% (1344/2202)
Updating files:  62% (1366/2202)
Updating files:  63% (1388/2202)
Updating files:  64% (1410/2202)
Updating files:  64% (1411/2202)
Updating files:  64% (1431/2202)
Updating files:  65% (1432/2202)
Updating files:  66% (1454/2202)
Updating files:  67% (1476/2202)
Updating files:  67% (1481/2202)
Updating files:  68% (1498/2202)
Updating files:  69% (1520/2202)
Updating files:  70% (1542/2202)
Updating files:  71% (1564/2202)
Updating files:  72% (1586/2202)
Updating files:  73% (1608/2202)
Updating files:  74% (1630/2202)
Updating files:  75% (1652/2202)
Updating files:  76% (1674/2202)
Updating files:  77% (1696/2202)
Updating files:  78% (1718/2202)
Updating files:  79% (1740/2202)
Updating files:  80% (1762/2202)
Updating files:  81% (1784/2202)
Updating files:  82% (1806/2202)
Updating files:  83% (1828/2202)
Updating files:  84% (1850/2202)
Updating files:  85% (1872/2202)
Updating files:  86% (1894/2202)
Updating files:  87% (1916/2202)
Updating files:  88% (1938/2202)
Updating files:  89% (1960/2202)
Updating files:  90% (1982/2202)
Updating files:  91% (2004/2202)
Updating files:  92% (2026/2202)
Updating files:  93% (2048/2202)
Updating files:  94% (2070/2202)
Updating files:  95% (2092/2202)
Updating files:  96% (2114/2202)
Updating files:  97% (2136/2202)
Updating files:  98% (2158/2202)
Updating files:  99% (2180/2202)
Updating files: 100% (2202/2202)
Updating files: 100% (2202/2202), done.
[INFO] started tweaking git repo https://github.com/he00741098/24game
[INFO] finished tweaking git repo https://github.com/he00741098/24game
[INFO] tweaked toml for git repo https://github.com/he00741098/24game written to /workspace/builds/worker-1-tc2/source/Cargo.toml
[INFO] validating manifest of git repo https://github.com/he00741098/24game on toolchain 1.100.0-beta.1
[INFO] running `Command { std: CARGO_HOME="/workspace/cargo-home" RUSTUP_HOME="/workspace/rustup-home" "/workspace/cargo-home/bin/cargo" "+1.100.0-beta.1" "metadata" "--manifest-path" "Cargo.toml" "--no-deps", kill_on_drop: false }`
[INFO] crate git repo https://github.com/he00741098/24game already has a lockfile, it will not be regenerated
[INFO] running `Command { std: CARGO_HOME="/workspace/cargo-home" RUSTUP_HOME="/workspace/rustup-home" "/workspace/cargo-home/bin/cargo" "+1.100.0-beta.1" "fetch" "--manifest-path" "Cargo.toml", kill_on_drop: false }`
[INFO] running `Command { std: "docker" "create" "-v" "/var/lib/crater-agent-workspace/builds/worker-1-tc2/source:/opt/rustwide/workdir:ro,Z" "-v" "/var/lib/crater-agent-workspace/builds/worker-1-tc2/target:/opt/rustwide/target:rw,Z" "-v" "/var/lib/crater-agent-workspace/cargo-home:/opt/rustwide/cargo-home:ro,Z" "-v" "/var/lib/crater-agent-workspace/rustup-home:/opt/rustwide/rustup-home:ro,Z" "-m" "1610612736" "--network" "none" "ghcr.io/rust-lang/crates-build-env/linux@sha256:77db811e55d90add9212f6832c23229e3de5f1c1f9905e8cb07319ea15df73ac" "sleep" "infinity", kill_on_drop: false }`
[INFO] [stdout] e166a257ccc386e7953f77a4042e4958ab083637db11b0a724a49e9739f8b702
[INFO] running `Command { std: "docker" "start" "e166a257ccc386e7953f77a4042e4958ab083637db11b0a724a49e9739f8b702", kill_on_drop: false }`
[INFO] running `Command { std: "docker" "inspect" "e166a257ccc386e7953f77a4042e4958ab083637db11b0a724a49e9739f8b702", kill_on_drop: false }`
[INFO] running `Command { std: "docker" "exec" "-e" "SOURCE_DIR=/opt/rustwide/workdir" "-e" "CARGO_HOME=/opt/rustwide/cargo-home" "-e" "RUSTUP_HOME=/opt/rustwide/rustup-home" "-e" "CARGO_TARGET_DIR=/opt/rustwide/target" "-w" "/opt/rustwide/workdir" "--user" "0:0" "e166a257ccc386e7953f77a4042e4958ab083637db11b0a724a49e9739f8b702" "/opt/rustwide/cargo-home/bin/cargo" "+1.100.0-beta.1" "metadata" "--no-deps" "--format-version=1", kill_on_drop: false }`
[INFO] running `Command { std: "docker" "inspect" "e166a257ccc386e7953f77a4042e4958ab083637db11b0a724a49e9739f8b702", kill_on_drop: false }`
[INFO] running `Command { std: "docker" "exec" "-e" "SOURCE_DIR=/opt/rustwide/workdir" "-e" "CARGO_HOME=/opt/rustwide/cargo-home" "-e" "RUSTUP_HOME=/opt/rustwide/rustup-home" "-e" "CARGO_TARGET_DIR=/opt/rustwide/target" "-e" "CARGO_INCREMENTAL=0" "-e" "RUST_BACKTRACE=full" "-e" "RUSTFLAGS=--cap-lints=warn" "-e" "RUSTDOCFLAGS=--cap-lints=warn" "-w" "/opt/rustwide/workdir" "--user" "0:0" "e166a257ccc386e7953f77a4042e4958ab083637db11b0a724a49e9739f8b702" "/opt/rustwide/cargo-home/bin/cargo" "+1.100.0-beta.1" "build" "--frozen" "--message-format=json" "--release", kill_on_drop: false }`
[INFO] [stderr]    Compiling libc v0.2.139
[INFO] [stderr]    Compiling autocfg v1.1.0
[INFO] [stderr]    Compiling proc-macro2 v1.0.51
[INFO] [stderr]    Compiling unicode-ident v1.0.6
[INFO] [stderr]    Compiling quote v1.0.23
[INFO] [stderr]    Compiling syn v1.0.107
[INFO] [stderr]    Compiling version_check v0.9.4
[INFO] [stderr]    Compiling typenum v1.16.0
[INFO] [stderr]    Compiling log v0.4.17
[INFO] [stderr]    Compiling memchr v2.5.0
[INFO] [stderr]    Compiling tinyvec v1.6.0
[INFO] [stderr]    Compiling generic-array v0.14.6
[INFO] [stderr]    Compiling lock_api v0.4.9
[INFO] [stderr]    Compiling io-lifetimes v1.0.5
[INFO] [stderr]    Compiling parking_lot_core v0.9.7
[INFO] [stderr]    Compiling slab v0.4.8
[INFO] [stderr]    Compiling bytes v1.4.0
[INFO] [stderr]    Compiling unicode-bidi v0.3.10
[INFO] [stderr]    Compiling scopeguard v1.1.0
[INFO] [stderr]    Compiling percent-encoding v2.2.0
[INFO] [stderr]    Compiling futures-core v0.3.26
[INFO] [stderr]    Compiling itoa v1.0.5
[INFO] [stderr]    Compiling unicode-normalization v0.1.22
[INFO] [stderr]    Compiling rustix v0.36.8
[INFO] [stderr]    Compiling httparse v1.8.0
[INFO] [stderr]    Compiling futures-task v0.3.26
[INFO] [stderr]    Compiling ppv-lite86 v0.2.17
[INFO] [stderr]    Compiling smallvec v1.10.0
[INFO] [stderr]    Compiling thiserror v1.0.38
[INFO] [stderr]    Compiling getrandom v0.2.8
[INFO] [stderr]    Compiling rand_core v0.6.4
[INFO] [stderr]    Compiling idna v0.3.0
[INFO] [stderr]    Compiling block-buffer v0.10.3
[INFO] [stderr]    Compiling crypto-common v0.1.6
[INFO] [stderr]    Compiling rand_chacha v0.3.1
[INFO] [stderr]    Compiling digest v0.10.6
[INFO] [stderr]    Compiling form_urlencoded v1.1.0
[INFO] [stderr]    Compiling tokio v1.25.0
[INFO] [stderr]    Compiling pin-project-lite v0.2.9
[INFO] [stderr]    Compiling cpufeatures v0.2.5
[INFO] [stderr]    Compiling serde v1.0.152
[INFO] [stderr]    Compiling linux-raw-sys v0.1.4
[INFO] [stderr]    Compiling futures-util v0.3.26
[INFO] [stderr]    Compiling sha1 v0.10.5
[INFO] [stderr]    Compiling parking_lot v0.12.1
[INFO] [stderr]    Compiling rand v0.8.5
[INFO] [stderr]    Compiling http v0.2.9
[INFO] [stderr]    Compiling url v2.3.1
[INFO] [stderr]    Compiling num_cpus v1.15.0
[INFO] [stderr]    Compiling mio v0.8.6
[INFO] [stderr]    Compiling socket2 v0.4.7
[INFO] [stderr]    Compiling signal-hook-registry v1.4.1
[INFO] [stderr]    Compiling aho-corasick v0.7.20
[INFO] [stderr]    Compiling base64 v0.13.1
[INFO] [stderr]    Compiling futures-sink v0.3.26
[INFO] [stderr]    Compiling regex-syntax v0.6.28
[INFO] [stderr]    Compiling serde_json v1.0.93
[INFO] [stderr]    Compiling utf-8 v0.7.6
[INFO] [stderr]    Compiling byteorder v1.4.3
[INFO] [stderr]    Compiling is-terminal v0.4.3
[INFO] [stderr]    Compiling humantime v2.1.0
[INFO] [stderr]    Compiling ryu v1.0.12
[INFO] [stderr]    Compiling termcolor v1.2.0
[INFO] [stderr]    Compiling catch-input v1.1.2
[INFO] [stderr]    Compiling thiserror-impl v1.0.38
[INFO] [stderr]    Compiling tokio-macros v1.8.2
[INFO] [stderr]    Compiling futures-macro v0.3.26
[INFO] [stderr]    Compiling regex v1.7.1
[INFO] [stderr]    Compiling tungstenite v0.18.0
[INFO] [stderr]    Compiling env_logger v0.10.0
[INFO] [stderr]    Compiling tokio-tungstenite v0.18.0
[INFO] [stderr]    Compiling my-project v0.1.0 (/opt/rustwide/workdir)
[INFO] [stdout] warning: unused import: `WebSocket`
[INFO] [stdout]  --> src/game.rs:5:23
[INFO] [stdout]   |
[INFO] [stdout] 5 |     use tungstenite::{WebSocket, Message};
[INFO] [stdout]   |                       ^^^^^^^^^
[INFO] [stdout]   |
[INFO] [stdout]   = note: `#[warn(unused_imports)]` (part of `#[warn(unused)]`) on by default
[INFO] [stdout] 
[INFO] [stdout] 
[INFO] [stdout] warning: variable does not need to be mutable
[INFO] [stdout]    --> src/main.rs:128:5
[INFO] [stdout]     |
[INFO] [stdout] 128 | let mut nvec = [i,p,t,v];
[INFO] [stdout]     |     ----^^^^
[INFO] [stdout]     |     |
[INFO] [stdout]     |     help: remove this `mut`
[INFO] [stdout]     |
[INFO] [stdout]     = note: `#[warn(unused_mut)]` (part of `#[warn(unused)]`) on by default
[INFO] [stdout] 
[INFO] [stdout] 
[INFO] [stdout] warning: variable does not need to be mutable
[INFO] [stdout]    --> src/main.rs:310:25
[INFO] [stdout]     |
[INFO] [stdout] 310 |                     for mut p in p..q{
[INFO] [stdout]     |                         ----^
[INFO] [stdout]     |                         |
[INFO] [stdout]     |                         help: remove this `mut`
[INFO] [stdout] 
[INFO] [stdout] 
[INFO] [stdout] warning: function `cry` is never used
[INFO] [stdout]  --> src/main.rs:9:4
[INFO] [stdout]   |
[INFO] [stdout] 9 | fn cry() -> f32{
[INFO] [stdout]   |    ^^^
[INFO] [stdout]   |
[INFO] [stdout]   = note: `#[warn(dead_code)]` (part of `#[warn(unused)]`) on by default
[INFO] [stdout] 
[INFO] [stdout] 
[INFO] [stdout] warning: function `print_array` is never used
[INFO] [stdout]    --> src/main.rs:327:4
[INFO] [stdout]     |
[INFO] [stdout] 327 | fn print_array(n:i32, a:Vec<i32>) {
[INFO] [stdout]     |    ^^^^^^^^^^^
[INFO] [stdout] 
[INFO] [stdout] 
[INFO] [stdout] warning: function `compare_ints` is never used
[INFO] [stdout]    --> src/main.rs:336:4
[INFO] [stdout]     |
[INFO] [stdout] 336 | fn compare_ints(a:i32, b:i32) ->i32 {
[INFO] [stdout]     |    ^^^^^^^^^^^^
[INFO] [stdout] 
[INFO] [stdout] 
[INFO] [stdout] warning: function `sort_array` is never used
[INFO] [stdout]    --> src/main.rs:341:4
[INFO] [stdout]     |
[INFO] [stdout] 341 | fn sort_array(mut a:Vec<i32>) { quicksort(&mut a); }
[INFO] [stdout]     |    ^^^^^^^^^^
[INFO] [stdout] 
[INFO] [stdout] 
[INFO] [stdout] warning: function `partition` is never used
[INFO] [stdout]    --> src/main.rs:344:4
[INFO] [stdout]     |
[INFO] [stdout] 344 | fn partition(a: &mut [i32]) -> usize{
[INFO] [stdout]     |    ^^^^^^^^^
[INFO] [stdout] 
[INFO] [stdout] 
[INFO] [stdout] warning: function `quicksort` is never used
[INFO] [stdout]    --> src/main.rs:359:4
[INFO] [stdout]     |
[INFO] [stdout] 359 | fn quicksort(a: &mut [i32]) {
[INFO] [stdout]     |    ^^^^^^^^^
[INFO] [stdout] 
[INFO] [stdout] 
[INFO] [stdout] warning: function `print_stuff` is never used
[INFO] [stdout]    --> src/main.rs:367:4
[INFO] [stdout]     |
[INFO] [stdout] 367 | fn print_stuff(op:i32, op2:i32, op3:i32, arr:&Vec<f32>, var:i32) {
[INFO] [stdout]     |    ^^^^^^^^^^^
[INFO] [stdout] 
[INFO] [stdout] 
[INFO] [stdout] warning: struct `Game` is never constructed
[INFO] [stdout]  --> src/game.rs:8:12
[INFO] [stdout]   |
[INFO] [stdout] 8 | pub struct Game{
[INFO] [stdout]   |            ^^^^
[INFO] [stdout] 
[INFO] [stdout] 
[INFO] [stderr]     Finished `release` profile [optimized] target(s) in 1m 32s
[INFO] running `Command { std: "docker" "inspect" "e166a257ccc386e7953f77a4042e4958ab083637db11b0a724a49e9739f8b702", kill_on_drop: false }`
[INFO] running `Command { std: "docker" "exec" "-e" "SOURCE_DIR=/opt/rustwide/workdir" "-e" "CARGO_HOME=/opt/rustwide/cargo-home" "-e" "RUSTUP_HOME=/opt/rustwide/rustup-home" "-e" "CARGO_TARGET_DIR=/opt/rustwide/target" "-e" "CARGO_INCREMENTAL=0" "-e" "RUST_BACKTRACE=full" "-e" "RUSTFLAGS=--cap-lints=warn" "-e" "RUSTDOCFLAGS=--cap-lints=warn" "-w" "/opt/rustwide/workdir" "--user" "0:0" "e166a257ccc386e7953f77a4042e4958ab083637db11b0a724a49e9739f8b702" "/opt/rustwide/cargo-home/bin/cargo" "+1.100.0-beta.1" "test" "--frozen" "--no-run" "--message-format=json" "--release", kill_on_drop: false }`
[INFO] [stderr]    Compiling my-project v0.1.0 (/opt/rustwide/workdir)
[INFO] [stdout] warning: unused import: `WebSocket`
[INFO] [stdout]  --> src/game.rs:5:23
[INFO] [stdout]   |
[INFO] [stdout] 5 |     use tungstenite::{WebSocket, Message};
[INFO] [stdout]   |                       ^^^^^^^^^
[INFO] [stdout]   |
[INFO] [stdout]   = note: `#[warn(unused_imports)]` (part of `#[warn(unused)]`) on by default
[INFO] [stdout] 
[INFO] [stdout] 
[INFO] [stdout] warning: variable does not need to be mutable
[INFO] [stdout]    --> src/main.rs:128:5
[INFO] [stdout]     |
[INFO] [stdout] 128 | let mut nvec = [i,p,t,v];
[INFO] [stdout]     |     ----^^^^
[INFO] [stdout]     |     |
[INFO] [stdout]     |     help: remove this `mut`
[INFO] [stdout]     |
[INFO] [stdout]     = note: `#[warn(unused_mut)]` (part of `#[warn(unused)]`) on by default
[INFO] [stdout] 
[INFO] [stdout] 
[INFO] [stdout] warning: variable does not need to be mutable
[INFO] [stdout]    --> src/main.rs:310:25
[INFO] [stdout]     |
[INFO] [stdout] 310 |                     for mut p in p..q{
[INFO] [stdout]     |                         ----^
[INFO] [stdout]     |                         |
[INFO] [stdout]     |                         help: remove this `mut`
[INFO] [stdout] 
[INFO] [stdout] 
[INFO] [stdout] warning: function `cry` is never used
[INFO] [stdout]  --> src/main.rs:9:4
[INFO] [stdout]   |
[INFO] [stdout] 9 | fn cry() -> f32{
[INFO] [stdout]   |    ^^^
[INFO] [stdout]   |
[INFO] [stdout]   = note: `#[warn(dead_code)]` (part of `#[warn(unused)]`) on by default
[INFO] [stdout] 
[INFO] [stdout] 
[INFO] [stdout] warning: function `print_array` is never used
[INFO] [stdout]    --> src/main.rs:327:4
[INFO] [stdout]     |
[INFO] [stdout] 327 | fn print_array(n:i32, a:Vec<i32>) {
[INFO] [stdout]     |    ^^^^^^^^^^^
[INFO] [stdout] 
[INFO] [stdout] 
[INFO] [stdout] warning: function `compare_ints` is never used
[INFO] [stdout]    --> src/main.rs:336:4
[INFO] [stdout]     |
[INFO] [stdout] 336 | fn compare_ints(a:i32, b:i32) ->i32 {
[INFO] [stdout]     |    ^^^^^^^^^^^^
[INFO] [stdout] 
[INFO] [stdout] 
[INFO] [stdout] warning: function `sort_array` is never used
[INFO] [stdout]    --> src/main.rs:341:4
[INFO] [stdout]     |
[INFO] [stdout] 341 | fn sort_array(mut a:Vec<i32>) { quicksort(&mut a); }
[INFO] [stdout]     |    ^^^^^^^^^^
[INFO] [stdout] 
[INFO] [stdout] 
[INFO] [stdout] warning: function `print_stuff` is never used
[INFO] [stdout]    --> src/main.rs:367:4
[INFO] [stdout]     |
[INFO] [stdout] 367 | fn print_stuff(op:i32, op2:i32, op3:i32, arr:&Vec<f32>, var:i32) {
[INFO] [stdout]     |    ^^^^^^^^^^^
[INFO] [stdout] 
[INFO] [stdout] 
[INFO] [stdout] warning: struct `Game` is never constructed
[INFO] [stdout]  --> src/game.rs:8:12
[INFO] [stdout]   |
[INFO] [stdout] 8 | pub struct Game{
[INFO] [stdout]   |            ^^^^
[INFO] [stdout] 
[INFO] [stdout] 
[INFO] [stderr]     Finished `release` profile [optimized] target(s) in 1.61s
[INFO] running `Command { std: "docker" "inspect" "e166a257ccc386e7953f77a4042e4958ab083637db11b0a724a49e9739f8b702", kill_on_drop: false }`
[INFO] running `Command { std: "docker" "exec" "-e" "SOURCE_DIR=/opt/rustwide/workdir" "-e" "CARGO_HOME=/opt/rustwide/cargo-home" "-e" "RUSTUP_HOME=/opt/rustwide/rustup-home" "-e" "CARGO_TARGET_DIR=/opt/rustwide/target" "-e" "CARGO_INCREMENTAL=0" "-e" "RUST_BACKTRACE=full" "-e" "RUSTFLAGS=--cap-lints=warn" "-e" "RUSTDOCFLAGS=--cap-lints=warn" "-w" "/opt/rustwide/workdir" "--user" "0:0" "e166a257ccc386e7953f77a4042e4958ab083637db11b0a724a49e9739f8b702" "/opt/rustwide/cargo-home/bin/cargo" "+1.100.0-beta.1" "test" "--frozen" "--release", kill_on_drop: false }`
[INFO] [stderr] warning: unused import: `WebSocket`
[INFO] [stderr]  --> src/game.rs:5:23
[INFO] [stderr]   |
[INFO] [stderr] 5 |     use tungstenite::{WebSocket, Message};
[INFO] [stderr]   |                       ^^^^^^^^^
[INFO] [stderr]   |
[INFO] [stderr]   = note: `#[warn(unused_imports)]` (part of `#[warn(unused)]`) on by default
[INFO] [stderr] 
[INFO] [stderr] warning: variable does not need to be mutable
[INFO] [stderr]    --> src/main.rs:128:5
[INFO] [stderr]     |
[INFO] [stderr] 128 | let mut nvec = [i,p,t,v];
[INFO] [stderr]     |     ----^^^^
[INFO] [stderr]     |     |
[INFO] [stderr]     |     help: remove this `mut`
[INFO] [stderr]     |
[INFO] [stderr]     = note: `#[warn(unused_mut)]` (part of `#[warn(unused)]`) on by default
[INFO] [stderr] 
[INFO] [stderr] warning: variable does not need to be mutable
[INFO] [stderr]    --> src/main.rs:310:25
[INFO] [stderr]     |
[INFO] [stderr] 310 |                     for mut p in p..q{
[INFO] [stderr]     |                         ----^
[INFO] [stderr]     |                         |
[INFO] [stderr]     |                         help: remove this `mut`
[INFO] [stderr] 
[INFO] [stderr] warning: function `cry` is never used
[INFO] [stderr]  --> src/main.rs:9:4
[INFO] [stderr]   |
[INFO] [stderr] 9 | fn cry() -> f32{
[INFO] [stderr]   |    ^^^
[INFO] [stderr]   |
[INFO] [stderr]   = note: `#[warn(dead_code)]` (part of `#[warn(unused)]`) on by default
[INFO] [stderr] 
[INFO] [stderr] warning: function `print_array` is never used
[INFO] [stderr]    --> src/main.rs:327:4
[INFO] [stderr]     |
[INFO] [stderr] 327 | fn print_array(n:i32, a:Vec<i32>) {
[INFO] [stderr]     |    ^^^^^^^^^^^
[INFO] [stderr] 
[INFO] [stderr] warning: function `compare_ints` is never used
[INFO] [stderr]    --> src/main.rs:336:4
[INFO] [stderr]     |
[INFO] [stderr] 336 | fn compare_ints(a:i32, b:i32) ->i32 {
[INFO] [stderr]     |    ^^^^^^^^^^^^
[INFO] [stderr] 
[INFO] [stderr] warning: function `sort_array` is never used
[INFO] [stderr]    --> src/main.rs:341:4
[INFO] [stderr]     |
[INFO] [stderr] 341 | fn sort_array(mut a:Vec<i32>) { quicksort(&mut a); }
[INFO] [stderr]     |    ^^^^^^^^^^
[INFO] [stderr] 
[INFO] [stderr] warning: function `print_stuff` is never used
[INFO] [stderr]    --> src/main.rs:367:4
[INFO] [stderr]     |
[INFO] [stderr] 367 | fn print_stuff(op:i32, op2:i32, op3:i32, arr:&Vec<f32>, var:i32) {
[INFO] [stderr]     |    ^^^^^^^^^^^
[INFO] [stderr] 
[INFO] [stderr] warning: struct `Game` is never constructed
[INFO] [stderr]  --> src/game.rs:8:12
[INFO] [stderr]   |
[INFO] [stderr] 8 | pub struct Game{
[INFO] [stderr]   |            ^^^^
[INFO] [stderr] 
[INFO] [stderr] warning: `my-project` (bin "my-project" test) generated 9 warnings (run `cargo fix --bin "my-project" -p my-project --tests` to apply 3 suggestions)
[INFO] [stderr]     Finished `release` profile [optimized] target(s) in 0.19s
[INFO] [stderr]      Running unittests src/main.rs (/opt/rustwide/target/release/build/my-project/17a6e0e60f3860b8/out/my_project-17a6e0e60f3860b8)
[INFO] [stdout] 
[INFO] [stdout] running 1 test
[INFO] [stdout] test test_database ... FAILED
[INFO] [stdout] 
[INFO] [stdout] failures:
[INFO] [stdout] 
[INFO] [stdout] ---- test_database stdout ----
[INFO] [stdout] 
[INFO] [stdout] thread 'test_database' (1545) panicked at src/main.rs:160:63:
[INFO] [stdout] called `Result::unwrap()` on an `Err` value: Os { code: 2, kind: NotFound, message: "No such file or directory" }
[INFO] [stdout] stack backtrace:
[INFO] [stdout]    0:     0x6465f7400791 - <<std[617be2ca0a6fd877]::sys::backtrace::BacktraceLock>::print::DisplayBacktrace as core[a373ad73a504971]::fmt::Display>::fmt
[INFO] [stdout]    1:     0x6465f74147ea - core[a373ad73a504971]::fmt::write
[INFO] [stdout]    2:     0x6465f74049ac - <alloc[2e1b2a31b91974c5]::vec::Vec<u8> as core[a373ad73a504971]::io::write::Write>::write_fmt
[INFO] [stdout]    3:     0x6465f73dc896 - std[617be2ca0a6fd877]::panicking::default_hook::{closure#0}
[INFO] [stdout]    4:     0x6465f73f8ac9 - std[617be2ca0a6fd877]::panicking::default_hook
[INFO] [stdout]    5:     0x6465f7394c20 - test[aada8e7e76ba119b]::test_main_inner::{closure#0}
[INFO] [stdout]    6:     0x6465f73f8c82 - std[617be2ca0a6fd877]::panicking::panic_with_hook
[INFO] [stdout]    7:     0x6465f73dc942 - std[617be2ca0a6fd877]::panicking::panic_handler::{closure#0}
[INFO] [stdout]    8:     0x6465f73d54c9 - std[617be2ca0a6fd877]::sys::backtrace::__rust_end_short_backtrace::<std[617be2ca0a6fd877]::panicking::panic_handler::{closure#0}, !>
[INFO] [stdout]    9:     0x6465f73dd54d - __rustc[ea4f61d10b84890b]::rust_begin_unwind
[INFO] [stdout]   10:     0x6465f7414f1c - core[a373ad73a504971]::panicking::panic_fmt
[INFO] [stderr] error: test failed, to rerun pass `--bin my-project`
[INFO] [stdout]   11:     0x6465f7414cf2 - core[a373ad73a504971]::result::unwrap_failed
[INFO] [stdout]   12:     0x6465f738246d - <my_project[b39ad8338c1b0256]::test_database::{closure#0} as core[a373ad73a504971]::ops::function::FnOnce<()>>::call_once
[INFO] [stdout]   13:     0x6465f738806b - test[aada8e7e76ba119b]::__rust_begin_short_backtrace::<core[a373ad73a504971]::result::Result<(), alloc[2e1b2a31b91974c5]::string::String>, fn() -> core[a373ad73a504971]::result::Result<(), alloc[2e1b2a31b91974c5]::string::String>>
[INFO] [stdout]   14:     0x6465f7395245 - test[aada8e7e76ba119b]::run_test::{closure#0}
[INFO] [stdout]   15:     0x6465f738eb34 - std[617be2ca0a6fd877]::sys::backtrace::__rust_begin_short_backtrace::<test[aada8e7e76ba119b]::run_test::{closure#1}, ()>
[INFO] [stdout]   16:     0x6465f73982d2 - <std[617be2ca0a6fd877]::thread::lifecycle::spawn_unchecked<test[aada8e7e76ba119b]::run_test::{closure#1}, ()>::{closure#1} as core[a373ad73a504971]::ops::function::FnOnce<()>>::call_once::{shim:vtable#0}
[INFO] [stdout]   17:     0x6465f73ffc8f - <std[617be2ca0a6fd877]::sys::thread::unix::Thread>::new::thread_start
[INFO] [stdout]   18:     0x77c01b0e1dfa - <unknown>
[INFO] [stdout]   19:     0x77c01b1753d4 - clone
[INFO] [stdout]   20:                0x0 - <unknown>
[INFO] [stdout] 
[INFO] [stdout] 
[INFO] [stdout] failures:
[INFO] [stdout]     test_database
[INFO] [stdout] 
[INFO] [stdout] test result: FAILED. 0 passed; 1 failed; 0 ignored; 0 measured; 0 filtered out; finished in 0.00s
[INFO] [stdout] 
[INFO] running `Command { std: "docker" "inspect" "e166a257ccc386e7953f77a4042e4958ab083637db11b0a724a49e9739f8b702", kill_on_drop: false }`
[INFO] running `Command { std: "docker" "rm" "-f" "e166a257ccc386e7953f77a4042e4958ab083637db11b0a724a49e9739f8b702", kill_on_drop: false }`
[INFO] [stdout] e166a257ccc386e7953f77a4042e4958ab083637db11b0a724a49e9739f8b702
