[INFO] cloning repository https://github.com/hbons/Twinkle
[INFO] running `Command { std: "git" "-c" "credential.helper=" "-c" "credential.helper=/workspace/cargo-home/bin/git-credential-null" "clone" "--bare" "https://github.com/hbons/Twinkle" "/workspace/cache/git-repos/https%3A%2F%2Fgithub.com%2Fhbons%2FTwinkle", kill_on_drop: false }`
[INFO] [stderr] Cloning into bare repository '/workspace/cache/git-repos/https%3A%2F%2Fgithub.com%2Fhbons%2FTwinkle'...
[INFO] running `Command { std: "git" "rev-parse" "HEAD", kill_on_drop: false }`
[INFO] [stdout] 191e151a6c83c67f615ba407f7f0a77c940bcf43
[INFO] testing hbons/Twinkle against 1.99.0-beta.8+cargoflags=--release for beta-release-1.100-2
[INFO] running `Command { std: "git" "clone" "/workspace/cache/git-repos/https%3A%2F%2Fgithub.com%2Fhbons%2FTwinkle" "/workspace/builds/worker-1-tc1/source", kill_on_drop: false }`
[INFO] [stderr] Cloning into '/workspace/builds/worker-1-tc1/source'...
[INFO] [stderr] done.
[INFO] removed /workspace/builds/worker-1-tc1/source/.cargo/config.toml
[INFO] started tweaking git repo https://github.com/hbons/Twinkle
[INFO] finished tweaking git repo https://github.com/hbons/Twinkle
[INFO] tweaked toml for git repo https://github.com/hbons/Twinkle written to /workspace/builds/worker-1-tc1/source/Cargo.toml
[INFO] validating manifest of git repo https://github.com/hbons/Twinkle on toolchain 1.99.0-beta.8
[INFO] running `Command { std: CARGO_HOME="/workspace/cargo-home" RUSTUP_HOME="/workspace/rustup-home" "/workspace/cargo-home/bin/cargo" "+1.99.0-beta.8" "metadata" "--manifest-path" "Cargo.toml" "--no-deps", kill_on_drop: false }`
[INFO] crate git repo https://github.com/hbons/Twinkle already has a lockfile, it will not be regenerated
[INFO] running `Command { std: CARGO_HOME="/workspace/cargo-home" RUSTUP_HOME="/workspace/rustup-home" "/workspace/cargo-home/bin/cargo" "+1.99.0-beta.8" "fetch" "--manifest-path" "Cargo.toml", kill_on_drop: false }`
[INFO] [stderr]     Blocking waiting for file lock on package cache
[INFO] [stderr]  Downloading crates ...
[INFO] [stderr]   Downloaded cc v1.4.3
[INFO] running `Command { std: "docker" "create" "-v" "/var/lib/crater-agent-workspace/builds/worker-1-tc1/source:/opt/rustwide/workdir:ro,Z" "-v" "/var/lib/crater-agent-workspace/builds/worker-1-tc1/target:/opt/rustwide/target:rw,Z" "-v" "/var/lib/crater-agent-workspace/cargo-home:/opt/rustwide/cargo-home:ro,Z" "-v" "/var/lib/crater-agent-workspace/rustup-home:/opt/rustwide/rustup-home:ro,Z" "-m" "1610612736" "--network" "none" "ghcr.io/rust-lang/crates-build-env/linux@sha256:77db811e55d90add9212f6832c23229e3de5f1c1f9905e8cb07319ea15df73ac" "sleep" "infinity", kill_on_drop: false }`
[INFO] [stdout] 8b50a44445e4abc3266c8ff92ad243029a3c270e19a52aab2478cd6f98eb2a7c
[INFO] running `Command { std: "docker" "start" "8b50a44445e4abc3266c8ff92ad243029a3c270e19a52aab2478cd6f98eb2a7c", kill_on_drop: false }`
[INFO] running `Command { std: "docker" "inspect" "8b50a44445e4abc3266c8ff92ad243029a3c270e19a52aab2478cd6f98eb2a7c", kill_on_drop: false }`
[INFO] running `Command { std: "docker" "exec" "-e" "SOURCE_DIR=/opt/rustwide/workdir" "-e" "CARGO_HOME=/opt/rustwide/cargo-home" "-e" "RUSTUP_HOME=/opt/rustwide/rustup-home" "-e" "CARGO_TARGET_DIR=/opt/rustwide/target" "-w" "/opt/rustwide/workdir" "--user" "0:0" "8b50a44445e4abc3266c8ff92ad243029a3c270e19a52aab2478cd6f98eb2a7c" "/opt/rustwide/cargo-home/bin/cargo" "+1.99.0-beta.8" "metadata" "--no-deps" "--format-version=1", kill_on_drop: false }`
[INFO] running `Command { std: "docker" "inspect" "8b50a44445e4abc3266c8ff92ad243029a3c270e19a52aab2478cd6f98eb2a7c", kill_on_drop: false }`
[INFO] running `Command { std: "docker" "exec" "-e" "SOURCE_DIR=/opt/rustwide/workdir" "-e" "CARGO_HOME=/opt/rustwide/cargo-home" "-e" "RUSTUP_HOME=/opt/rustwide/rustup-home" "-e" "CARGO_TARGET_DIR=/opt/rustwide/target" "-e" "CARGO_INCREMENTAL=0" "-e" "RUST_BACKTRACE=full" "-e" "RUSTFLAGS=--cap-lints=warn" "-e" "RUSTDOCFLAGS=--cap-lints=warn" "-w" "/opt/rustwide/workdir" "--user" "0:0" "8b50a44445e4abc3266c8ff92ad243029a3c270e19a52aab2478cd6f98eb2a7c" "/opt/rustwide/cargo-home/bin/cargo" "+1.99.0-beta.8" "build" "--frozen" "--message-format=json" "--release", kill_on_drop: false }`
[INFO] [stderr]    Compiling libc v0.2.189
[INFO] [stderr]    Compiling typenum v1.20.1
[INFO] [stderr]    Compiling inotify-sys v0.1.8
[INFO] [stderr]    Compiling autocfg v1.5.1
[INFO] [stderr]    Compiling bitflags v2.13.1
[INFO] [stderr]    Compiling log v0.4.33
[INFO] [stderr]    Compiling const-oid v0.10.2
[INFO] [stderr]    Compiling same-file v1.0.6
[INFO] [stderr]    Compiling cpufeatures v0.3.0
[INFO] [stderr]    Compiling cfg-if v1.0.4
[INFO] [stderr]    Compiling iana-time-zone v0.1.65
[INFO] [stderr]    Compiling walkdir v2.5.0
[INFO] [stderr]    Compiling notify-types v2.1.0
[INFO] [stderr]    Compiling num-traits v0.2.19
[INFO] [stderr]    Compiling chrono v0.4.45
[INFO] [stderr]    Compiling mio v1.2.2
[INFO] [stderr]    Compiling inotify v0.11.5
[INFO] [stderr]    Compiling hybrid-array v0.4.14
[INFO] [stderr]    Compiling crypto-common v0.2.2
[INFO] [stderr]    Compiling block-buffer v0.12.1
[INFO] [stderr]    Compiling notify v8.2.0
[INFO] [stderr]    Compiling digest v0.11.3
[INFO] [stderr]    Compiling sha2 v0.11.0
[INFO] [stderr]    Compiling Twinkle v50.0.0 (/opt/rustwide/workdir)
[INFO] [stderr]     Finished `release` profile [optimized] target(s) in 18.49s
[INFO] running `Command { std: "docker" "inspect" "8b50a44445e4abc3266c8ff92ad243029a3c270e19a52aab2478cd6f98eb2a7c", kill_on_drop: false }`
[INFO] running `Command { std: "docker" "exec" "-e" "SOURCE_DIR=/opt/rustwide/workdir" "-e" "CARGO_HOME=/opt/rustwide/cargo-home" "-e" "RUSTUP_HOME=/opt/rustwide/rustup-home" "-e" "CARGO_TARGET_DIR=/opt/rustwide/target" "-e" "CARGO_INCREMENTAL=0" "-e" "RUST_BACKTRACE=full" "-e" "RUSTFLAGS=--cap-lints=warn" "-e" "RUSTDOCFLAGS=--cap-lints=warn" "-w" "/opt/rustwide/workdir" "--user" "0:0" "8b50a44445e4abc3266c8ff92ad243029a3c270e19a52aab2478cd6f98eb2a7c" "/opt/rustwide/cargo-home/bin/cargo" "+1.99.0-beta.8" "test" "--frozen" "--no-run" "--message-format=json" "--release", kill_on_drop: false }`
[INFO] [stderr]    Compiling typenum v1.20.1
[INFO] [stderr]    Compiling libc v0.2.189
[INFO] [stderr]    Compiling bitflags v2.13.1
[INFO] [stderr]    Compiling log v0.4.33
[INFO] [stderr]    Compiling same-file v1.0.6
[INFO] [stderr]    Compiling const-oid v0.10.2
[INFO] [stderr]    Compiling cpufeatures v0.3.0
[INFO] [stderr]    Compiling cfg-if v1.0.4
[INFO] [stderr]    Compiling iana-time-zone v0.1.65
[INFO] [stderr]    Compiling num-traits v0.2.19
[INFO] [stderr]    Compiling walkdir v2.5.0
[INFO] [stderr]    Compiling notify-types v2.1.0
[INFO] [stderr]    Compiling chrono v0.4.45
[INFO] [stderr]    Compiling inotify-sys v0.1.8
[INFO] [stderr]    Compiling mio v1.2.2
[INFO] [stderr]    Compiling inotify v0.11.5
[INFO] [stderr]    Compiling hybrid-array v0.4.14
[INFO] [stderr]    Compiling notify v8.2.0
[INFO] [stderr]    Compiling block-buffer v0.12.1
[INFO] [stderr]    Compiling crypto-common v0.2.2
[INFO] [stderr]    Compiling digest v0.11.3
[INFO] [stderr]    Compiling sha2 v0.11.0
[INFO] [stderr]    Compiling Twinkle v50.0.0 (/opt/rustwide/workdir)
[INFO] [stderr]     Finished `release` profile [optimized] target(s) in 20.45s
[INFO] running `Command { std: "docker" "inspect" "8b50a44445e4abc3266c8ff92ad243029a3c270e19a52aab2478cd6f98eb2a7c", kill_on_drop: false }`
[INFO] running `Command { std: "docker" "exec" "-e" "SOURCE_DIR=/opt/rustwide/workdir" "-e" "CARGO_HOME=/opt/rustwide/cargo-home" "-e" "RUSTUP_HOME=/opt/rustwide/rustup-home" "-e" "CARGO_TARGET_DIR=/opt/rustwide/target" "-e" "CARGO_INCREMENTAL=0" "-e" "RUST_BACKTRACE=full" "-e" "RUSTFLAGS=--cap-lints=warn" "-e" "RUSTDOCFLAGS=--cap-lints=warn" "-w" "/opt/rustwide/workdir" "--user" "0:0" "8b50a44445e4abc3266c8ff92ad243029a3c270e19a52aab2478cd6f98eb2a7c" "/opt/rustwide/cargo-home/bin/cargo" "+1.99.0-beta.8" "test" "--frozen" "--release", kill_on_drop: false }`
[INFO] [stderr]     Finished `release` profile [optimized] target(s) in 0.05s
[INFO] [stderr]      Running unittests src/main.rs (/opt/rustwide/target/release/deps/twinkle-4c5227e8942ceee0)
[INFO] [stdout] 
[INFO] [stdout] running 76 tests
[INFO] [stdout] test tests::core::test_default::test_default_exclude_rules ... ok
[INFO] [stdout] test tests::core::test_object_repository::test_object_repository_parse_lfs_size ... ok
[INFO] [stdout] test tests::core::test_pretty_commit_message::test_pretty_commit_message_renamed ... ok
[INFO] [stdout] test tests::core::test_pretty_datetime::test_pretty_bool ... ok
[INFO] [stdout] test tests::core::test_pretty_commit_message::test_pretty_commit_message_copied ... ok
[INFO] [stdout] test tests::core::test_default::test_default_settings ... ok
[INFO] [stdout] test tests::core::test_object_repository::test_object_repository_parse_polling_interval ... ok
[INFO] [stdout] test tests::core::test_pretty_repo_change::test_pretty_repo_change ... ok
[INFO] [stdout] test tests::core::test_pretty_file_status::test_pretty_file_status ... ok
[INFO] [stdout] test tests::core::test_pretty_commit_message::test_pretty_commit_message_various_2 ... ok
[INFO] [stdout] test tests::core::test_pretty_commit_message::test_pretty_commit_message_various_3 ... ok
[INFO] [stdout] test tests::core::test_pretty_change::test_pretty_change ... ok
[INFO] [stdout] test tests::core::test_pretty_commit_message::test_pretty_commit_message ... ok
[INFO] [stdout] test tests::core::test_pretty_bool::test_pretty_bool ... ok
[INFO] [stdout] test tests::core::test_default::test_default_attribute_rules ... ok
[INFO] [stdout] test tests::core::test_pretty_dir::test_pretty_dir ... ok
[INFO] [stdout] test tests::core::test_settings_url_for_host::test_settings_url_for ... ok
[INFO] [stdout] test tests::core::test_sync::test_sync_up_delay ... ok
[INFO] [stdout] test tests::core::test_unique_dir::test_unique_dir ... FAILED
[INFO] [stdout] test tests::git::test_git_object_commit_message::test_object_commit_message_to_string ... ok
[INFO] [stdout] test tests::git::test_git_object_change::test_object_change_from_status_line ... ok
[INFO] [stdout] test tests::git::test_git_object_commit_message::test_object_commit_message_from_str ... ok
[INFO] [stdout] test tests::git::test_git_object_change::test_git_object_change_as_merge_status ... ok
[INFO] [stdout] test tests::core::test_resolve_paths::test_resolve_paths ... ok
[INFO] [stdout] test tests::git::test_git_object_file_status::test_git_object_file_status_display ... ok
[INFO] [stdout] test tests::git::test_git_object_id::test_object_id_from_str ... ok
[INFO] [stdout] test tests::git::test_git_object_change::test_object_change_from_log_line ... ok
[INFO] [stdout] test tests::git::test_git_object_id::test_object_as_str ... ok
[INFO] [stdout] test tests::git::test_git_object_version::test_git_object_version_from_str ... ok
[INFO] [stdout] test tests::git::test_git_object_id::test_object_id_display ... ok
[INFO] [stdout] test tests::git::test_git_object_version::test_git_object_version_to_string ... ok
[INFO] [stdout] test tests::git::test_git_object_file_status::test_git_object_file_status_from_str ... ok
[INFO] [stdout] test tests::ssh::test_ssh_keygen::test_ssh_keygen ... FAILED
[INFO] [stdout] test tests::git::test_git_object_version::test_git_object_version_default ... ok
[INFO] [stdout] test tests::git::test_git_object_user::test_git_object_user_to_string ... ok
[INFO] [stdout] test tests::core::test_pretty_commit_message::test_pretty_commit_message_multiple ... ok
[INFO] [stdout] test tests::git::test_git_object_id::test_object_id_to_short_str ... ok
[INFO] [stdout] test tests::git::test_git_object_user::test_git_object_user_from_str ... ok
[INFO] [stdout] test tests::core::test_default::test_default_welcome ... ok
[INFO] [stdout] test tests::git::test_git_object_merge_status::test_git_object_merge_status_from_str ... ok
[INFO] [stdout] test tests::git::test_git_object_user::test_git_object_user_default ... ok
[INFO] [stdout] test tests::git::test_git_object_environment::test_git_object_environment_get_environment ... ok
[INFO] [stdout] test tests::git::test_git_object_environment::test_git_object_environment_new ... ok
[INFO] [stdout] test tests::git::test_git_object_version::test_git_object_version_new ... ok
[INFO] [stdout] test tests::git::test_git_object_environment::test_git_object_environment_run_with_env ... ok
[INFO] [stdout] test tests::ssh::test_ssh_object_hostkey::test_ssh_hostkey_for_host ... ok
[INFO] [stdout] test tests::ssh::test_ssh_object_hostkey::test_ssh_hostkey_from_file ... FAILED
[INFO] [stdout] test tests::ssh::test_ssh_object_hostkey::test_ssh_hostkey_to_file_name ... ok
[INFO] [stdout] test tests::ssh::test_ssh_object_hostkey::test_ssh_hostkey_to_string ... ok
[INFO] [stdout] test tests::ssh::test_ssh_object_keytype::test_ssh_keytype_fmt ... ok
[INFO] [stdout] test tests::ssh::test_ssh_object_url::test_ssh_url_from_str_alternate ... ok
[INFO] [stdout] test tests::ssh::test_ssh_object_url::test_ssh_url_from_str_alternate_ipv6 ... ok
[INFO] [stdout] test tests::ssh::test_ssh_object_url::test_ssh_url_from_str_standard ... ok
[INFO] [stdout] test tests::ssh::test_ssh_object_url::test_ssh_url_from_str_standard_ipv6 ... ok
[INFO] [stdout] test tests::ssh::test_ssh_object_url::test_ssh_url_from_str_standard_ipv6_with_port ... ok
[INFO] [stdout] test tests::ssh::test_ssh_object_url::test_ssh_url_to_string ... ok
[INFO] [stdout] test tests::ssh::test_ssh_object_url::test_ssh_url_to_string_alternate ... ok
[INFO] [stdout] test tests::ssh::test_ssh_object_url::test_ssh_url_to_string_ipv6 ... ok
[INFO] [stdout] test tests::ssh::test_ssh_object_url::test_ssh_url_to_string_standard ... ok
[INFO] [stdout] test tests::ssh::test_ssh_object_url::test_ssh_url_to_string_with_port ... ok
[INFO] [stdout] test tests::ssh::test_ssh_known_hosts::test_ssh_known_hostkey_codeberg ... FAILED
[INFO] [stdout] test tests::ssh::test_ssh_known_hosts::test_ssh_known_hostkey_github ... FAILED
[INFO] [stdout] test tests::ssh::test_ssh_keyscan::test_ssh_keyscan_gitlab ... FAILED
[INFO] [stdout] test tests::ssh::test_ssh_known_hosts::test_ssh_known_hostkey_sourceforge ... FAILED
[INFO] [stdout] test tests::ssh::test_ssh_keyscan::test_ssh_keyscan_github ... FAILED
[INFO] [stdout] test tests::ssh::test_ssh_known_hosts::test_ssh_known_hostkey_gitee ... FAILED
[INFO] [stdout] test tests::ssh::test_ssh_known_hosts::test_ssh_known_savannah ... FAILED
[INFO] [stdout] test tests::ssh::test_ssh_known_hosts::test_ssh_known_hostkey_bitbucket ... FAILED
[INFO] [stdout] test tests::ssh::test_ssh_known_hosts::test_ssh_known_hostkey_devops ... FAILED
[INFO] [stdout] test tests::ssh::test_ssh_known_hosts::test_ssh_known_hostkey_gitlab ... FAILED
[INFO] [stdout] test tests::ssh::test_ssh_known_hosts::test_ssh_known_hostkey_kde ... FAILED
[INFO] [stdout] test tests::ssh::test_ssh_known_hosts::test_ssh_known_hostkey_gnome ... FAILED
[INFO] [stdout] test tests::ssh::test_ssh_known_hosts::test_ssh_known_hostkey_sourcehut ... FAILED
[INFO] [stdout] test tests::ssh::test_ssh_version::test_ssh_version ... ok
[INFO] [stdout] test tests::git::test_git_object_environment::test_git_object_environment_run ... ok
[INFO] [stdout] test tests::ssh::test_ssh_keygen::test_ssh_keygen_fingerprint ... ok
[INFO] [stdout] 
[INFO] [stderr] error: test failed, to rerun pass `--bin twinkle`
[INFO] [stdout] failures:
[INFO] [stdout] 
[INFO] [stdout] ---- tests::core::test_unique_dir::test_unique_dir stdout ----
[INFO] [stdout] 
[INFO] [stdout] thread 'tests::core::test_unique_dir::test_unique_dir' (602) panicked at src/tests/core/test_unique_dir.rs:22:30:
[INFO] [stdout] called `Result::unwrap()` on an `Err` value: Os { code: 30, kind: ReadOnlyFilesystem, message: "Read-only file system" }
[INFO] [stdout] stack backtrace:
[INFO] [stdout]    0:     0x56e722a94027 - <unknown>
[INFO] [stdout]    1:     0x56e722a7cce4 - <unknown>
[INFO] [stdout]    2:     0x56e722a935eb - <unknown>
[INFO] [stdout]    3:     0x56e722a931e9 - <unknown>
[INFO] [stdout]    4:     0x56e722a92e6a - <unknown>
[INFO] [stdout]    5:     0x56e722a929a3 - <unknown>
[INFO] [stdout]    6:     0x56e722ab8791 - <unknown>
[INFO] [stdout]    7:     0x56e722ab8749 - <unknown>
[INFO] [stdout]    8:     0x56e722ab8c4c - <unknown>
[INFO] [stdout]    9:     0x56e722a7cb7b - <unknown>
[INFO] [stdout]   10:     0x56e722a7f8d1 - <unknown>
[INFO] [stdout]   11:     0x56e722a70f06 - <unknown>
[INFO] [stdout]   12:     0x56e722ad2a4b - <unknown>
[INFO] [stdout]   13:     0x56e722acef52 - <unknown>
[INFO] [stdout]   14:     0x56e722ace77c - <unknown>
[INFO] [stdout]   15:     0x56e722ae78ac - <unknown>
[INFO] [stdout]   16:     0x56e722ab9fca - <unknown>
[INFO] [stdout]   17:     0x7f80904b7dfa - <unknown>
[INFO] [stdout]   18:     0x7f809054b3d4 - clone
[INFO] [stdout]   19:                0x0 - <unknown>
[INFO] [stdout] 
[INFO] [stdout] ---- tests::ssh::test_ssh_keygen::test_ssh_keygen stdout ----
[INFO] [stdout] 
[INFO] [stdout] thread 'tests::ssh::test_ssh_keygen::test_ssh_keygen' (630) panicked at src/tests/ssh/test_ssh_keygen.rs:27:90:
[INFO] [stdout] called `Result::unwrap()` on an `Err` value: Os { code: 30, kind: ReadOnlyFilesystem, message: "Read-only file system" }
[INFO] [stdout] stack backtrace:
[INFO] [stdout]    0:     0x56e722a94027 - <unknown>
[INFO] [stdout]    1:     0x56e722a7cce4 - <unknown>
[INFO] [stdout]    2:     0x56e722a935eb - <unknown>
[INFO] [stdout]    3:     0x56e722a931e9 - <unknown>
[INFO] [stdout]    4:     0x56e722a92e6a - <unknown>
[INFO] [stdout]    5:     0x56e722a929a3 - <unknown>
[INFO] [stdout]    6:     0x56e722ab8791 - <unknown>
[INFO] [stdout]    7:     0x56e722ab8749 - <unknown>
[INFO] [stdout]    8:     0x56e722ab8c4c - <unknown>
[INFO] [stdout]    9:     0x56e722a7cb7b - <unknown>
[INFO] [stdout]   10:     0x56e722a7f8d1 - <unknown>
[INFO] [stdout]   11:     0x56e722a6b006 - <unknown>
[INFO] [stdout]   12:     0x56e722ad2a4b - <unknown>
[INFO] [stdout]   13:     0x56e722acef52 - <unknown>
[INFO] [stdout]   14:     0x56e722ace77c - <unknown>
[INFO] [stdout]   15:     0x56e722ae78ac - <unknown>
[INFO] [stdout]   16:     0x56e722ab9fca - <unknown>
[INFO] [stdout]   17:     0x7f80904b7dfa - <unknown>
[INFO] [stdout]   18:     0x7f809054b3d4 - clone
[INFO] [stdout]   19:                0x0 - <unknown>
[INFO] [stdout] 
[INFO] [stdout] ---- tests::ssh::test_ssh_object_hostkey::test_ssh_hostkey_from_file stdout ----
[INFO] [stdout] 
[INFO] [stdout] thread 'tests::ssh::test_ssh_object_hostkey::test_ssh_hostkey_from_file' (662) panicked at src/tests/ssh/test_ssh_object_hostkey.rs:54:49:
[INFO] [stdout] called `Result::unwrap()` on an `Err` value: Os { code: 2, kind: NotFound, message: "No such file or directory" }
[INFO] [stdout] stack backtrace:
[INFO] [stdout]    0:     0x56e722a94027 - <unknown>
[INFO] [stdout]    1:     0x56e722a7cce4 - <unknown>
[INFO] [stdout]    2:     0x56e722a935eb - <unknown>
[INFO] [stdout]    3:     0x56e722a931e9 - <unknown>
[INFO] [stdout]    4:     0x56e722a92e6a - <unknown>
[INFO] [stdout]    5:     0x56e722a929a3 - <unknown>
[INFO] [stdout]    6:     0x56e722ab8791 - <unknown>
[INFO] [stdout]    7:     0x56e722ab8749 - <unknown>
[INFO] [stdout]    8:     0x56e722ab8c4c - <unknown>
[INFO] [stdout]    9:     0x56e722a7cb7b - <unknown>
[INFO] [stdout]   10:     0x56e722a7f8d1 - <unknown>
[INFO] [stdout]   11:     0x56e722a6f167 - <unknown>
[INFO] [stdout]   12:     0x56e722ad2a4b - <unknown>
[INFO] [stdout]   13:     0x56e722acef52 - <unknown>
[INFO] [stdout]   14:     0x56e722ace77c - <unknown>
[INFO] [stdout]   15:     0x56e722ae78ac - <unknown>
[INFO] [stdout]   16:     0x56e722ab9fca - <unknown>
[INFO] [stdout]   17:     0x7f80904b7dfa - <unknown>
[INFO] [stdout]   18:     0x7f809054b3d4 - clone
[INFO] [stdout]   19:                0x0 - <unknown>
[INFO] [stdout] 
[INFO] [stdout] ---- tests::ssh::test_ssh_known_hosts::test_ssh_known_hostkey_codeberg stdout ----
[INFO] [stdout] 
[INFO] [stdout] thread 'tests::ssh::test_ssh_known_hosts::test_ssh_known_hostkey_codeberg' (635) panicked at src/tests/ssh/test_ssh_known_hosts.rs:37:74:
[INFO] [stdout] called `Result::unwrap()` on an `Err` value: "ssh-keyscan exited with error getaddrinfo codeberg.org: Temporary failure in name resolution: 1"
[INFO] [stdout] stack backtrace:
[INFO] [stdout]    0:     0x56e722a94027 - <unknown>
[INFO] [stdout]    1:     0x56e722a7cce4 - <unknown>
[INFO] [stdout]    2:     0x56e722a935eb - <unknown>
[INFO] [stdout]    3:     0x56e722a931e9 - <unknown>
[INFO] [stdout]    4:     0x56e722a92e6a - <unknown>
[INFO] [stdout]    5:     0x56e722a929a3 - <unknown>
[INFO] [stdout]    6:     0x56e722ab8791 - <unknown>
[INFO] [stdout]    7:     0x56e722ab8749 - <unknown>
[INFO] [stdout]    8:     0x56e722ab8c4c - <unknown>
[INFO] [stdout]    9:     0x56e722a7cb7b - <unknown>
[INFO] [stdout]   10:     0x56e722a7f8d1 - <unknown>
[INFO] [stdout]   11:     0x56e722a6e4c0 - <unknown>
[INFO] [stdout]   12:     0x56e722ad2a4b - <unknown>
[INFO] [stdout]   13:     0x56e722acef52 - <unknown>
[INFO] [stdout]   14:     0x56e722ace77c - <unknown>
[INFO] [stdout]   15:     0x56e722ae78ac - <unknown>
[INFO] [stdout]   16:     0x56e722ab9fca - <unknown>
[INFO] [stdout]   17:     0x7f80904b7dfa - <unknown>
[INFO] [stdout]   18:     0x7f809054b3d4 - clone
[INFO] [stdout]   19:                0x0 - <unknown>
[INFO] [stdout] 
[INFO] [stdout] ---- tests::ssh::test_ssh_known_hosts::test_ssh_known_hostkey_github stdout ----
[INFO] [stdout] 
[INFO] [stdout] thread 'tests::ssh::test_ssh_known_hosts::test_ssh_known_hostkey_github' (642) panicked at src/tests/ssh/test_ssh_known_hosts.rs:47:74:
[INFO] [stdout] called `Result::unwrap()` on an `Err` value: "ssh-keyscan exited with error getaddrinfo github.com: Temporary failure in name resolution: 1"
[INFO] [stdout] stack backtrace:
[INFO] [stdout]    0:     0x56e722a94027 - <unknown>
[INFO] [stdout]    1:     0x56e722a7cce4 - <unknown>
[INFO] [stdout]    2:     0x56e722a935eb - <unknown>
[INFO] [stdout]    3:     0x56e722a931e9 - <unknown>
[INFO] [stdout]    4:     0x56e722a92e6a - <unknown>
[INFO] [stdout]    5:     0x56e722a929a3 - <unknown>
[INFO] [stdout]    6:     0x56e722ab8791 - <unknown>
[INFO] [stdout]    7:     0x56e722ab8749 - <unknown>
[INFO] [stdout]    8:     0x56e722ab8c4c - <unknown>
[INFO] [stdout]    9:     0x56e722a7cb7b - <unknown>
[INFO] [stdout]   10:     0x56e722a7f8d1 - <unknown>
[INFO] [stdout]   11:     0x56e722a6e246 - <unknown>
[INFO] [stdout]   12:     0x56e722ad2a4b - <unknown>
[INFO] [stdout]   13:     0x56e722acef52 - <unknown>
[INFO] [stdout]   14:     0x56e722ace77c - <unknown>
[INFO] [stdout]   15:     0x56e722ae78ac - <unknown>
[INFO] [stdout]   16:     0x56e722ab9fca - <unknown>
[INFO] [stdout]   17:     0x7f80904b7dfa - <unknown>
[INFO] [stdout]   18:     0x7f809054b3d4 - clone
[INFO] [stdout]   19:                0x0 - <unknown>
[INFO] [stdout] 
[INFO] [stdout] ---- tests::ssh::test_ssh_keyscan::test_ssh_keyscan_gitlab stdout ----
[INFO] [stdout] 
[INFO] [stdout] thread 'tests::ssh::test_ssh_keyscan::test_ssh_keyscan_gitlab' (633) panicked at src/tests/ssh/test_ssh_keyscan.rs:47:62:
[INFO] [stdout] called `Result::unwrap()` on an `Err` value: "ssh-keyscan exited with error getaddrinfo gitlab.com: Temporary failure in name resolution: 1"
[INFO] [stdout] stack backtrace:
[INFO] [stdout]    0:     0x56e722a94027 - <unknown>
[INFO] [stdout]    1:     0x56e722a7cce4 - <unknown>
[INFO] [stdout]    2:     0x56e722a935eb - <unknown>
[INFO] [stdout]    3:     0x56e722a931e9 - <unknown>
[INFO] [stdout]    4:     0x56e722a92e6a - <unknown>
[INFO] [stdout]    5:     0x56e722a929a3 - <unknown>
[INFO] [stdout]    6:     0x56e722ab8791 - <unknown>
[INFO] [stdout]    7:     0x56e722ab8749 - <unknown>
[INFO] [stdout]    8:     0x56e722ab8c4c - <unknown>
[INFO] [stdout]    9:     0x56e722a7cb7b - <unknown>
[INFO] [stdout]   10:     0x56e722a7f8d1 - <unknown>
[INFO] [stdout]   11:     0x56e722a6baf0 - <unknown>
[INFO] [stdout]   12:     0x56e722ad2a4b - <unknown>
[INFO] [stdout]   13:     0x56e722acef52 - <unknown>
[INFO] [stdout]   14:     0x56e722ace77c - <unknown>
[INFO] [stdout]   15:     0x56e722ae78ac - <unknown>
[INFO] [stdout]   16:     0x56e722ab9fca - <unknown>
[INFO] [stdout]   17:     0x7f80904b7dfa - <unknown>
[INFO] [stdout]   18:     0x7f809054b3d4 - clone
[INFO] [stdout]   19:                0x0 - <unknown>
[INFO] [stdout] 
[INFO] [stdout] ---- tests::ssh::test_ssh_known_hosts::test_ssh_known_hostkey_sourceforge stdout ----
[INFO] [stdout] 
[INFO] [stdout] thread 'tests::ssh::test_ssh_known_hosts::test_ssh_known_hostkey_sourceforge' (654) panicked at src/tests/ssh/test_ssh_known_hosts.rs:109:74:
[INFO] [stdout] called `Result::unwrap()` on an `Err` value: "ssh-keyscan exited with error getaddrinfo git.code.sf.net: Temporary failure in name resolution: 1"
[INFO] [stdout] stack backtrace:
[INFO] [stdout]    0:     0x56e722a94027 - <unknown>
[INFO] [stdout]    1:     0x56e722a7cce4 - <unknown>
[INFO] [stdout]    2:     0x56e722a935eb - <unknown>
[INFO] [stdout]    3:     0x56e722a931e9 - <unknown>
[INFO] [stdout]    4:     0x56e722a92e6a - <unknown>
[INFO] [stdout]    5:     0x56e722a929a3 - <unknown>
[INFO] [stdout]    6:     0x56e722ab8791 - <unknown>
[INFO] [stdout]    7:     0x56e722ab8749 - <unknown>
[INFO] [stdout]    8:     0x56e722ab8c4c - <unknown>
[INFO] [stdout]    9:     0x56e722a7cb7b - <unknown>
[INFO] [stdout]   10:     0x56e722a7f8d1 - <unknown>
[INFO] [stdout]   11:     0x56e722a6e877 - <unknown>
[INFO] [stdout]   12:     0x56e722ad2a4b - <unknown>
[INFO] [stdout]   13:     0x56e722acef52 - <unknown>
[INFO] [stdout]   14:     0x56e722ace77c - <unknown>
[INFO] [stdout]   15:     0x56e722ae78ac - <unknown>
[INFO] [stdout]   16:     0x56e722ab9fca - <unknown>
[INFO] [stdout]   17:     0x7f80904b7dfa - <unknown>
[INFO] [stdout]   18:     0x7f809054b3d4 - clone
[INFO] [stdout]   19:                0x0 - <unknown>
[INFO] [stdout] 
[INFO] [stdout] ---- tests::ssh::test_ssh_keyscan::test_ssh_keyscan_github stdout ----
[INFO] [stdout] 
[INFO] [stdout] thread 'tests::ssh::test_ssh_keyscan::test_ssh_keyscan_github' (632) panicked at src/tests/ssh/test_ssh_keyscan.rs:21:62:
[INFO] [stdout] called `Result::unwrap()` on an `Err` value: "ssh-keyscan exited with error getaddrinfo github.com: Temporary failure in name resolution: 1"
[INFO] [stdout] stack backtrace:
[INFO] [stdout]    0:     0x56e722a94027 - <unknown>
[INFO] [stdout]    1:     0x56e722a7cce4 - <unknown>
[INFO] [stdout]    2:     0x56e722a935eb - <unknown>
[INFO] [stdout]    3:     0x56e722a931e9 - <unknown>
[INFO] [stdout]    4:     0x56e722a92e6a - <unknown>
[INFO] [stdout]    5:     0x56e722a929a3 - <unknown>
[INFO] [stdout]    6:     0x56e722ab8791 - <unknown>
[INFO] [stdout]    7:     0x56e722ab8749 - <unknown>
[INFO] [stdout]    8:     0x56e722ab8c4c - <unknown>
[INFO] [stdout]    9:     0x56e722a7cb7b - <unknown>
[INFO] [stdout]   10:     0x56e722a7f8d1 - <unknown>
[INFO] [stdout]   11:     0x56e722a6b762 - <unknown>
[INFO] [stdout]   12:     0x56e722ad2a4b - <unknown>
[INFO] [stdout]   13:     0x56e722acef52 - <unknown>
[INFO] [stdout]   14:     0x56e722ace77c - <unknown>
[INFO] [stdout]   15:     0x56e722ae78ac - <unknown>
[INFO] [stdout]   16:     0x56e722ab9fca - <unknown>
[INFO] [stdout]   17:     0x7f80904b7dfa - <unknown>
[INFO] [stdout]   18:     0x7f809054b3d4 - clone
[INFO] [stdout]   19:                0x0 - <unknown>
[INFO] [stdout] 
[INFO] [stdout] ---- tests::ssh::test_ssh_known_hosts::test_ssh_known_hostkey_gitee stdout ----
[INFO] [stdout] 
[INFO] [stdout] thread 'tests::ssh::test_ssh_known_hosts::test_ssh_known_hostkey_gitee' (640) panicked at src/tests/ssh/test_ssh_known_hosts.rs:99:74:
[INFO] [stdout] called `Result::unwrap()` on an `Err` value: "ssh-keyscan exited with error getaddrinfo gitee.com: Temporary failure in name resolution: 1"
[INFO] [stdout] stack backtrace:
[INFO] [stdout]    0:     0x56e722a94027 - <unknown>
[INFO] [stdout]    1:     0x56e722a7cce4 - <unknown>
[INFO] [stdout]    2:     0x56e722a935eb - <unknown>
[INFO] [stdout]    3:     0x56e722a931e9 - <unknown>
[INFO] [stdout]    4:     0x56e722a92e6a - <unknown>
[INFO] [stdout]    5:     0x56e722a929a3 - <unknown>
[INFO] [stdout]    6:     0x56e722ab8791 - <unknown>
[INFO] [stdout]    7:     0x56e722ab8749 - <unknown>
[INFO] [stdout]    8:     0x56e722ab8c4c - <unknown>
[INFO] [stdout]    9:     0x56e722a7cb7b - <unknown>
[INFO] [stdout]   10:     0x56e722a7f8d1 - <unknown>
[INFO] [stdout]   11:     0x56e722a6de5b - <unknown>
[INFO] [stdout]   12:     0x56e722ad2a4b - <unknown>
[INFO] [stdout]   13:     0x56e722acef52 - <unknown>
[INFO] [stdout]   14:     0x56e722ace77c - <unknown>
[INFO] [stdout]   15:     0x56e722ae78ac - <unknown>
[INFO] [stdout]   16:     0x56e722ab9fca - <unknown>
[INFO] [stdout]   17:     0x7f80904b7dfa - <unknown>
[INFO] [stdout]   18:     0x7f809054b3d4 - clone
[INFO] [stdout]   19:                0x0 - <unknown>
[INFO] [stdout] 
[INFO] [stdout] ---- tests::ssh::test_ssh_known_hosts::test_ssh_known_savannah stdout ----
[INFO] [stdout] 
[INFO] [stdout] thread 'tests::ssh::test_ssh_known_hosts::test_ssh_known_savannah' (656) panicked at src/tests/ssh/test_ssh_known_hosts.rs:89:74:
[INFO] [stdout] called `Result::unwrap()` on an `Err` value: "ssh-keyscan exited with error getaddrinfo git.savannah.gnu.org: Temporary failure in name resolution: 1"
[INFO] [stdout] stack backtrace:
[INFO] [stdout]    0:     0x56e722a94027 - <unknown>
[INFO] [stdout]    1:     0x56e722a7cce4 - <unknown>
[INFO] [stdout]    2:     0x56e722a935eb - <unknown>
[INFO] [stdout]    3:     0x56e722a931e9 - <unknown>
[INFO] [stdout]    4:     0x56e722a92e6a - <unknown>
[INFO] [stdout]    5:     0x56e722a929a3 - <unknown>
[INFO] [stdout]    6:     0x56e722ab8791 - <unknown>
[INFO] [stdout]    7:     0x56e722ab8749 - <unknown>
[INFO] [stdout]    8:     0x56e722ab8c4c - <unknown>
[INFO] [stdout]    9:     0x56e722a7cb7b - <unknown>
[INFO] [stdout]   10:     0x56e722a7f8d1 - <unknown>
[INFO] [stdout]   11:     0x56e722a6dbe1 - <unknown>
[INFO] [stdout]   12:     0x56e722ad2a4b - <unknown>
[INFO] [stdout]   13:     0x56e722acef52 - <unknown>
[INFO] [stdout]   14:     0x56e722ace77c - <unknown>
[INFO] [stdout]   15:     0x56e722ae78ac - <unknown>
[INFO] [stdout]   16:     0x56e722ab9fca - <unknown>
[INFO] [stdout]   17:     0x7f80904b7dfa - <unknown>
[INFO] [stdout]   18:     0x7f809054b3d4 - clone
[INFO] [stdout]   19:                0x0 - <unknown>
[INFO] [stdout] 
[INFO] [stdout] ---- tests::ssh::test_ssh_known_hosts::test_ssh_known_hostkey_bitbucket stdout ----
[INFO] [stdout] 
[INFO] [stdout] thread 'tests::ssh::test_ssh_known_hosts::test_ssh_known_hostkey_bitbucket' (634) panicked at src/tests/ssh/test_ssh_known_hosts.rs:27:74:
[INFO] [stdout] called `Result::unwrap()` on an `Err` value: "ssh-keyscan exited with error getaddrinfo bitbucket.org: Temporary failure in name resolution: 1"
[INFO] [stdout] stack backtrace:
[INFO] [stdout]    0:     0x56e722a94027 - <unknown>
[INFO] [stdout]    1:     0x56e722a7cce4 - <unknown>
[INFO] [stdout]    2:     0x56e722a935eb - <unknown>
[INFO] [stdout]    3:     0x56e722a931e9 - <unknown>
[INFO] [stdout]    4:     0x56e722a92e6a - <unknown>
[INFO] [stdout]    5:     0x56e722a929a3 - <unknown>
[INFO] [stdout]    6:     0x56e722ab8791 - <unknown>
[INFO] [stdout]    7:     0x56e722ab8749 - <unknown>
[INFO] [stdout]    8:     0x56e722ab8c4c - <unknown>
[INFO] [stdout]    9:     0x56e722a7cb7b - <unknown>
[INFO] [stdout]   10:     0x56e722a7f8d1 - <unknown>
[INFO] [stdout]   11:     0x56e722a6e5fd - <unknown>
[INFO] [stdout]   12:     0x56e722ad2a4b - <unknown>
[INFO] [stdout]   13:     0x56e722acef52 - <unknown>
[INFO] [stdout]   14:     0x56e722ace77c - <unknown>
[INFO] [stdout]   15:     0x56e722ae78ac - <unknown>
[INFO] [stdout]   16:     0x56e722ab9fca - <unknown>
[INFO] [stdout]   17:     0x7f80904b7dfa - <unknown>
[INFO] [stdout]   18:     0x7f809054b3d4 - clone
[INFO] [stdout]   19:                0x0 - <unknown>
[INFO] [stdout] 
[INFO] [stdout] ---- tests::ssh::test_ssh_known_hosts::test_ssh_known_hostkey_devops stdout ----
[INFO] [stdout] 
[INFO] [stdout] thread 'tests::ssh::test_ssh_known_hosts::test_ssh_known_hostkey_devops' (637) panicked at src/tests/ssh/test_ssh_known_hosts.rs:119:70:
[INFO] [stdout] called `Result::unwrap()` on an `Err` value: "ssh-keyscan exited with error getaddrinfo ssh.dev.azure.com: Temporary failure in name resolution: 1"
[INFO] [stdout] stack backtrace:
[INFO] [stdout]    0:     0x56e722a94027 - <unknown>
[INFO] [stdout]    1:     0x56e722a7cce4 - <unknown>
[INFO] [stdout]    2:     0x56e722a935eb - <unknown>
[INFO] [stdout]    3:     0x56e722a931e9 - <unknown>
[INFO] [stdout]    4:     0x56e722a92e6a - <unknown>
[INFO] [stdout]    5:     0x56e722a929a3 - <unknown>
[INFO] [stdout]    6:     0x56e722ab8791 - <unknown>
[INFO] [stdout]    7:     0x56e722ab8749 - <unknown>
[INFO] [stdout]    8:     0x56e722ab8c4c - <unknown>
[INFO] [stdout]    9:     0x56e722a7cb7b - <unknown>
[INFO] [stdout]   10:     0x56e722a7f8d1 - <unknown>
[INFO] [stdout]   11:     0x56e722a6e109 - <unknown>
[INFO] [stdout]   12:     0x56e722ad2a4b - <unknown>
[INFO] [stdout]   13:     0x56e722acef52 - <unknown>
[INFO] [stdout]   14:     0x56e722ace77c - <unknown>
[INFO] [stdout]   15:     0x56e722ae78ac - <unknown>
[INFO] [stdout]   16:     0x56e722ab9fca - <unknown>
[INFO] [stdout]   17:     0x7f80904b7dfa - <unknown>
[INFO] [stdout]   18:     0x7f809054b3d4 - clone
[INFO] [stdout]   19:                0x0 - <unknown>
[INFO] [stdout] 
[INFO] [stdout] ---- tests::ssh::test_ssh_known_hosts::test_ssh_known_hostkey_gitlab stdout ----
[INFO] [stdout] 
[INFO] [stdout] thread 'tests::ssh::test_ssh_known_hosts::test_ssh_known_hostkey_gitlab' (647) panicked at src/tests/ssh/test_ssh_known_hosts.rs:57:74:
[INFO] [stdout] called `Result::unwrap()` on an `Err` value: "ssh-keyscan exited with error getaddrinfo gitlab.com: Temporary failure in name resolution: 1"
[INFO] [stdout] stack backtrace:
[INFO] [stdout]    0:     0x56e722a94027 - <unknown>
[INFO] [stdout]    1:     0x56e722a7cce4 - <unknown>
[INFO] [stdout]    2:     0x56e722a935eb - <unknown>
[INFO] [stdout]    3:     0x56e722a931e9 - <unknown>
[INFO] [stdout]    4:     0x56e722a92e6a - <unknown>
[INFO] [stdout]    5:     0x56e722a929a3 - <unknown>
[INFO] [stdout]    6:     0x56e722ab8791 - <unknown>
[INFO] [stdout]    7:     0x56e722ab8749 - <unknown>
[INFO] [stdout]    8:     0x56e722ab8c4c - <unknown>
[INFO] [stdout]    9:     0x56e722a7cb7b - <unknown>
[INFO] [stdout]   10:     0x56e722a7f8d1 - <unknown>
[INFO] [stdout]   11:     0x56e722a6e383 - <unknown>
[INFO] [stdout]   12:     0x56e722ad2a4b - <unknown>
[INFO] [stdout]   13:     0x56e722acef52 - <unknown>
[INFO] [stdout]   14:     0x56e722ace77c - <unknown>
[INFO] [stdout]   15:     0x56e722ae78ac - <unknown>
[INFO] [stdout]   16:     0x56e722ab9fca - <unknown>
[INFO] [stdout]   17:     0x7f80904b7dfa - <unknown>
[INFO] [stdout]   18:     0x7f809054b3d4 - clone
[INFO] [stdout]   19:                0x0 - <unknown>
[INFO] [stdout] 
[INFO] [stdout] ---- tests::ssh::test_ssh_known_hosts::test_ssh_known_hostkey_kde stdout ----
[INFO] [stdout] 
[INFO] [stdout] thread 'tests::ssh::test_ssh_known_hosts::test_ssh_known_hostkey_kde' (649) panicked at src/tests/ssh/test_ssh_known_hosts.rs:129:74:
[INFO] [stdout] called `Result::unwrap()` on an `Err` value: "ssh-keyscan exited with error getaddrinfo invent.kde.org: Temporary failure in name resolution: 1"
[INFO] [stdout] stack backtrace:
[INFO] [stdout]    0:     0x56e722a94027 - <unknown>
[INFO] [stdout]    1:     0x56e722a7cce4 - <unknown>
[INFO] [stdout]    2:     0x56e722a935eb - <unknown>
[INFO] [stdout]    3:     0x56e722a931e9 - <unknown>
[INFO] [stdout]    4:     0x56e722a92e6a - <unknown>
[INFO] [stdout]    5:     0x56e722a929a3 - <unknown>
[INFO] [stdout]    6:     0x56e722ab8791 - <unknown>
[INFO] [stdout]    7:     0x56e722ab8749 - <unknown>
[INFO] [stdout]    8:     0x56e722ab8c4c - <unknown>
[INFO] [stdout]    9:     0x56e722a7cb7b - <unknown>
[INFO] [stdout]   10:     0x56e722a7f8d1 - <unknown>
[INFO] [stdout]   11:     0x56e722a6dd1e - <unknown>
[INFO] [stdout]   12:     0x56e722ad2a4b - <unknown>
[INFO] [stdout]   13:     0x56e722acef52 - <unknown>
[INFO] [stdout]   14:     0x56e722ace77c - <unknown>
[INFO] [stdout]   15:     0x56e722ae78ac - <unknown>
[INFO] [stdout]   16:     0x56e722ab9fca - <unknown>
[INFO] [stdout]   17:     0x7f80904b7dfa - <unknown>
[INFO] [stdout]   18:     0x7f809054b3d4 - clone
[INFO] [stdout]   19:                0x0 - <unknown>
[INFO] [stdout] 
[INFO] [stdout] ---- tests::ssh::test_ssh_known_hosts::test_ssh_known_hostkey_gnome stdout ----
[INFO] [stdout] 
[INFO] [stdout] thread 'tests::ssh::test_ssh_known_hosts::test_ssh_known_hostkey_gnome' (648) panicked at src/tests/ssh/test_ssh_known_hosts.rs:69:74:
[INFO] [stdout] called `Result::unwrap()` on an `Err` value: "ssh-keyscan exited with error getaddrinfo ssh.gitlab.gnome.org: Temporary failure in name resolution: 1"
[INFO] [stdout] stack backtrace:
[INFO] [stdout]    0:     0x56e722a94027 - <unknown>
[INFO] [stdout]    1:     0x56e722a7cce4 - <unknown>
[INFO] [stdout]    2:     0x56e722a935eb - <unknown>
[INFO] [stdout]    3:     0x56e722a931e9 - <unknown>
[INFO] [stdout]    4:     0x56e722a92e6a - <unknown>
[INFO] [stdout]    5:     0x56e722a929a3 - <unknown>
[INFO] [stdout]    6:     0x56e722ab8791 - <unknown>
[INFO] [stdout]    7:     0x56e722ab8749 - <unknown>
[INFO] [stdout]    8:     0x56e722ab8c4c - <unknown>
[INFO] [stdout]    9:     0x56e722a7cb7b - <unknown>
[INFO] [stdout]   10:     0x56e722a7f8d1 - <unknown>
[INFO] [stdout]   11:     0x56e722a6dfc9 - <unknown>
[INFO] [stdout]   12:     0x56e722ad2a4b - <unknown>
[INFO] [stdout]   13:     0x56e722acef52 - <unknown>
[INFO] [stdout]   14:     0x56e722ace77c - <unknown>
[INFO] [stdout]   15:     0x56e722ae78ac - <unknown>
[INFO] [stdout]   16:     0x56e722ab9fca - <unknown>
[INFO] [stdout]   17:     0x7f80904b7dfa - <unknown>
[INFO] [stdout]   18:     0x7f809054b3d4 - clone
[INFO] [stdout]   19:                0x0 - <unknown>
[INFO] [stdout] 
[INFO] [stdout] ---- tests::ssh::test_ssh_known_hosts::test_ssh_known_hostkey_sourcehut stdout ----
[INFO] [stdout] 
[INFO] [stdout] thread 'tests::ssh::test_ssh_known_hosts::test_ssh_known_hostkey_sourcehut' (655) panicked at src/tests/ssh/test_ssh_known_hosts.rs:79:74:
[INFO] [stdout] called `Result::unwrap()` on an `Err` value: "ssh-keyscan exited with error getaddrinfo git.sr.ht: Temporary failure in name resolution: 1"
[INFO] [stdout] stack backtrace:
[INFO] [stdout]    0:     0x56e722a94027 - <unknown>
[INFO] [stdout]    1:     0x56e722a7cce4 - <unknown>
[INFO] [stdout]    2:     0x56e722a935eb - <unknown>
[INFO] [stdout]    3:     0x56e722a931e9 - <unknown>
[INFO] [stdout]    4:     0x56e722a92e6a - <unknown>
[INFO] [stdout]    5:     0x56e722a929a3 - <unknown>
[INFO] [stdout]    6:     0x56e722ab8791 - <unknown>
[INFO] [stdout]    7:     0x56e722ab8749 - <unknown>
[INFO] [stdout]    8:     0x56e722ab8c4c - <unknown>
[INFO] [stdout]    9:     0x56e722a7cb7b - <unknown>
[INFO] [stdout]   10:     0x56e722a7f8d1 - <unknown>
[INFO] [stdout]   11:     0x56e722a6e73a - <unknown>
[INFO] [stdout]   12:     0x56e722ad2a4b - <unknown>
[INFO] [stdout]   13:     0x56e722acef52 - <unknown>
[INFO] [stdout]   14:     0x56e722ace77c - <unknown>
[INFO] [stdout]   15:     0x56e722ae78ac - <unknown>
[INFO] [stdout]   16:     0x56e722ab9fca - <unknown>
[INFO] [stdout]   17:     0x7f80904b7dfa - <unknown>
[INFO] [stdout]   18:     0x7f809054b3d4 - clone
[INFO] [stdout]   19:                0x0 - <unknown>
[INFO] [stdout] 
[INFO] [stdout] 
[INFO] [stdout] failures:
[INFO] [stdout]     tests::core::test_unique_dir::test_unique_dir
[INFO] [stdout]     tests::ssh::test_ssh_keygen::test_ssh_keygen
[INFO] [stdout]     tests::ssh::test_ssh_keyscan::test_ssh_keyscan_github
[INFO] [stdout]     tests::ssh::test_ssh_keyscan::test_ssh_keyscan_gitlab
[INFO] [stdout]     tests::ssh::test_ssh_known_hosts::test_ssh_known_hostkey_bitbucket
[INFO] [stdout]     tests::ssh::test_ssh_known_hosts::test_ssh_known_hostkey_codeberg
[INFO] [stdout]     tests::ssh::test_ssh_known_hosts::test_ssh_known_hostkey_devops
[INFO] [stdout]     tests::ssh::test_ssh_known_hosts::test_ssh_known_hostkey_gitee
[INFO] [stdout]     tests::ssh::test_ssh_known_hosts::test_ssh_known_hostkey_github
[INFO] [stdout]     tests::ssh::test_ssh_known_hosts::test_ssh_known_hostkey_gitlab
[INFO] [stdout]     tests::ssh::test_ssh_known_hosts::test_ssh_known_hostkey_gnome
[INFO] [stdout]     tests::ssh::test_ssh_known_hosts::test_ssh_known_hostkey_kde
[INFO] [stdout]     tests::ssh::test_ssh_known_hosts::test_ssh_known_hostkey_sourceforge
[INFO] [stdout]     tests::ssh::test_ssh_known_hosts::test_ssh_known_hostkey_sourcehut
[INFO] [stdout]     tests::ssh::test_ssh_known_hosts::test_ssh_known_savannah
[INFO] [stdout]     tests::ssh::test_ssh_object_hostkey::test_ssh_hostkey_from_file
[INFO] [stdout] 
[INFO] [stdout] test result: FAILED. 60 passed; 16 failed; 0 ignored; 0 measured; 0 filtered out; finished in 1.03s
[INFO] [stdout] 
[INFO] running `Command { std: "docker" "inspect" "8b50a44445e4abc3266c8ff92ad243029a3c270e19a52aab2478cd6f98eb2a7c", kill_on_drop: false }`
[INFO] running `Command { std: "docker" "rm" "-f" "8b50a44445e4abc3266c8ff92ad243029a3c270e19a52aab2478cd6f98eb2a7c", kill_on_drop: false }`
[INFO] [stdout] 8b50a44445e4abc3266c8ff92ad243029a3c270e19a52aab2478cd6f98eb2a7c
