[INFO] cloning repository https://github.com/harshit2786/order_engine
[INFO] running `Command { std: "git" "-c" "credential.helper=" "-c" "credential.helper=/workspace/cargo-home/bin/git-credential-null" "clone" "--bare" "https://github.com/harshit2786/order_engine" "/workspace/cache/git-repos/https%3A%2F%2Fgithub.com%2Fharshit2786%2Forder_engine", kill_on_drop: false }`
[INFO] [stderr] Cloning into bare repository '/workspace/cache/git-repos/https%3A%2F%2Fgithub.com%2Fharshit2786%2Forder_engine'...
[INFO] running `Command { std: "git" "rev-parse" "HEAD", kill_on_drop: false }`
[INFO] [stdout] 6f320fe283f49486bee1af5fe0f85a848350dbed
[INFO] testing harshit2786/order_engine against 1.99.0-beta.8+cargoflags=--release for beta-release-1.100-2
[INFO] running `Command { std: "git" "clone" "/workspace/cache/git-repos/https%3A%2F%2Fgithub.com%2Fharshit2786%2Forder_engine" "/workspace/builds/worker-3-tc1/source", kill_on_drop: false }`
[INFO] [stderr] Cloning into '/workspace/builds/worker-3-tc1/source'...
[INFO] [stderr] done.
[INFO] started tweaking git repo https://github.com/harshit2786/order_engine
[INFO] finished tweaking git repo https://github.com/harshit2786/order_engine
[INFO] tweaked toml for git repo https://github.com/harshit2786/order_engine written to /workspace/builds/worker-3-tc1/source/Cargo.toml
[INFO] validating manifest of git repo https://github.com/harshit2786/order_engine on toolchain 1.99.0-beta.8
[INFO] running `Command { std: CARGO_HOME="/workspace/cargo-home" RUSTUP_HOME="/workspace/rustup-home" "/workspace/cargo-home/bin/cargo" "+1.99.0-beta.8" "metadata" "--manifest-path" "Cargo.toml" "--no-deps", kill_on_drop: false }`
[INFO] crate git repo https://github.com/harshit2786/order_engine already has a lockfile, it will not be regenerated
[INFO] running `Command { std: CARGO_HOME="/workspace/cargo-home" RUSTUP_HOME="/workspace/rustup-home" "/workspace/cargo-home/bin/cargo" "+1.99.0-beta.8" "fetch" "--manifest-path" "Cargo.toml", kill_on_drop: false }`
[INFO] [stderr]  Downloading crates ...
[INFO] [stderr]   Downloaded flate2 v1.1.7
[INFO] [stderr]   Downloaded axum v0.8.7
[INFO] running `Command { std: "docker" "create" "-v" "/var/lib/crater-agent-workspace/builds/worker-3-tc1/source:/opt/rustwide/workdir:ro,Z" "-v" "/var/lib/crater-agent-workspace/builds/worker-3-tc1/target:/opt/rustwide/target:rw,Z" "-v" "/var/lib/crater-agent-workspace/cargo-home:/opt/rustwide/cargo-home:ro,Z" "-v" "/var/lib/crater-agent-workspace/rustup-home:/opt/rustwide/rustup-home:ro,Z" "-m" "1610612736" "--network" "none" "ghcr.io/rust-lang/crates-build-env/linux@sha256:77db811e55d90add9212f6832c23229e3de5f1c1f9905e8cb07319ea15df73ac" "sleep" "infinity", kill_on_drop: false }`
[INFO] [stdout] 84c2caff1e0607add6dd7754ba73a20d49c9a40930c86adc8031033246279a5b
[INFO] running `Command { std: "docker" "start" "84c2caff1e0607add6dd7754ba73a20d49c9a40930c86adc8031033246279a5b", kill_on_drop: false }`
[INFO] running `Command { std: "docker" "inspect" "84c2caff1e0607add6dd7754ba73a20d49c9a40930c86adc8031033246279a5b", kill_on_drop: false }`
[INFO] running `Command { std: "docker" "exec" "-e" "SOURCE_DIR=/opt/rustwide/workdir" "-e" "CARGO_HOME=/opt/rustwide/cargo-home" "-e" "RUSTUP_HOME=/opt/rustwide/rustup-home" "-e" "CARGO_TARGET_DIR=/opt/rustwide/target" "-w" "/opt/rustwide/workdir" "--user" "0:0" "84c2caff1e0607add6dd7754ba73a20d49c9a40930c86adc8031033246279a5b" "/opt/rustwide/cargo-home/bin/cargo" "+1.99.0-beta.8" "metadata" "--no-deps" "--format-version=1", kill_on_drop: false }`
[INFO] running `Command { std: "docker" "inspect" "84c2caff1e0607add6dd7754ba73a20d49c9a40930c86adc8031033246279a5b", kill_on_drop: false }`
[INFO] running `Command { std: "docker" "exec" "-e" "SOURCE_DIR=/opt/rustwide/workdir" "-e" "CARGO_HOME=/opt/rustwide/cargo-home" "-e" "RUSTUP_HOME=/opt/rustwide/rustup-home" "-e" "CARGO_TARGET_DIR=/opt/rustwide/target" "-e" "CARGO_INCREMENTAL=0" "-e" "RUST_BACKTRACE=full" "-e" "RUSTFLAGS=--cap-lints=warn" "-e" "RUSTDOCFLAGS=--cap-lints=warn" "-w" "/opt/rustwide/workdir" "--user" "0:0" "84c2caff1e0607add6dd7754ba73a20d49c9a40930c86adc8031033246279a5b" "/opt/rustwide/cargo-home/bin/cargo" "+1.99.0-beta.8" "build" "--frozen" "--message-format=json" "--release", kill_on_drop: false }`
[INFO] [stderr]    Compiling proc-macro2 v1.0.103
[INFO] [stderr]    Compiling quote v1.0.42
[INFO] [stderr]    Compiling unicode-ident v1.0.22
[INFO] [stderr]    Compiling cfg-if v1.0.4
[INFO] [stderr]    Compiling libc v0.2.178
[INFO] [stderr]    Compiling smallvec v1.15.1
[INFO] [stderr]    Compiling once_cell v1.21.3
[INFO] [stderr]    Compiling bytes v1.11.0
[INFO] [stderr]    Compiling stable_deref_trait v1.2.1
[INFO] [stderr]    Compiling log v0.4.29
[INFO] [stderr]    Compiling parking_lot_core v0.9.12
[INFO] [stderr]    Compiling lock_api v0.4.14
[INFO] [stderr]    Compiling serde_core v1.0.228
[INFO] [stderr]    Compiling tracing-core v0.1.35
[INFO] [stderr]    Compiling find-msvc-tools v0.1.5
[INFO] [stderr]    Compiling litemap v0.8.1
[INFO] [stderr]    Compiling writeable v0.6.2
[INFO] [stderr]    Compiling cc v1.2.48
[INFO] [stderr]    Compiling futures-sink v0.3.31
[INFO] [stderr]    Compiling icu_normalizer_data v2.1.1
[INFO] [stderr]    Compiling httparse v1.10.1
[INFO] [stderr]    Compiling hashbrown v0.16.1
[INFO] [stderr]    Compiling icu_properties_data v2.1.1
[INFO] [stderr]    Compiling http v1.4.0
[INFO] [stderr]    Compiling syn v2.0.111
[INFO] [stderr]    Compiling tower-service v0.3.3
[INFO] [stderr]    Compiling futures-task v0.3.31
[INFO] [stderr]    Compiling percent-encoding v2.3.2
[INFO] [stderr]    Compiling serde v1.0.228
[INFO] [stderr]    Compiling signal-hook-registry v1.4.7
[INFO] [stderr]    Compiling socket2 v0.6.1
[INFO] [stderr]    Compiling parking_lot v0.12.5
[INFO] [stderr]    Compiling mio v1.1.1
[INFO] [stderr]    Compiling openssl-sys v0.9.111
[INFO] [stderr]    Compiling http-body v1.0.1
[INFO] [stderr]    Compiling indexmap v2.12.1
[INFO] [stderr]    Compiling futures-util v0.3.31
[INFO] [stderr]    Compiling openssl v0.10.75
[INFO] [stderr]    Compiling atomic-waker v1.1.2
[INFO] [stderr]    Compiling foreign-types-shared v0.1.1
[INFO] [stderr]    Compiling slab v0.4.11
[INFO] [stderr]    Compiling try-lock v0.2.5
[INFO] [stderr]    Compiling fnv v1.0.7
[INFO] [stderr]    Compiling bitflags v2.10.0
[INFO] [stderr]    Compiling want v0.3.1
[INFO] [stderr]    Compiling foreign-types v0.3.2
[INFO] [stderr]    Compiling futures-channel v0.3.31
[INFO] [stderr]    Compiling sync_wrapper v1.0.2
[INFO] [stderr]    Compiling tower-layer v0.3.3
[INFO] [stderr]    Compiling autocfg v1.5.0
[INFO] [stderr]    Compiling native-tls v0.2.14
[INFO] [stderr]    Compiling httpdate v1.0.3
[INFO] [stderr]    Compiling http-body-util v0.1.3
[INFO] [stderr]    Compiling form_urlencoded v1.2.2
[INFO] [stderr]    Compiling num-traits v0.2.19
[INFO] [stderr]    Compiling openssl-probe v0.1.6
[INFO] [stderr]    Compiling ipnet v2.11.0
[INFO] [stderr]    Compiling crc32fast v1.5.0
[INFO] [stderr]    Compiling memchr v2.7.6
[INFO] [stderr]    Compiling base64 v0.22.1
[INFO] [stderr]    Compiling mime v0.3.17
[INFO] [stderr]    Compiling getrandom v0.3.4
[INFO] [stderr]    Compiling serde_json v1.0.145
[INFO] [stderr]    Compiling simd-adler32 v0.3.7
[INFO] [stderr]    Compiling regex-syntax v0.8.8
[INFO] [stderr]    Compiling miniz_oxide v0.8.9
[INFO] [stderr]    Compiling zeroize v1.8.2
[INFO] [stderr]    Compiling lazy_static v1.5.0
[INFO] [stderr]    Compiling iri-string v0.7.9
[INFO] [stderr]    Compiling minimal-lexical v0.2.1
[INFO] [stderr]    Compiling sharded-slab v0.1.7
[INFO] [stderr]    Compiling rustls-pki-types v1.13.1
[INFO] [stderr]    Compiling synstructure v0.13.2
[INFO] [stderr]    Compiling nom v7.1.3
[INFO] [stderr]    Compiling crossbeam-channel v0.5.15
[INFO] [stderr]    Compiling regex-automata v0.4.13
[INFO] [stderr]    Compiling flate2 v1.1.7
[INFO] [stderr]    Compiling serde_path_to_error v0.1.20
[INFO] [stderr]    Compiling tracing-log v0.2.0
[INFO] [stderr]    Compiling thread_local v1.1.9
[INFO] [stderr]    Compiling encoding_rs v0.8.35
[INFO] [stderr]    Compiling zerofrom-derive v0.1.6
[INFO] [stderr]    Compiling yoke-derive v0.8.1
[INFO] [stderr]    Compiling zerovec-derive v0.11.2
[INFO] [stderr]    Compiling zerofrom v0.1.6
[INFO] [stderr]    Compiling tracing-attributes v0.1.31
[INFO] [stderr]    Compiling yoke v0.8.1
[INFO] [stderr]    Compiling tokio-macros v2.6.0
[INFO] [stderr]    Compiling displaydoc v0.2.5
[INFO] [stderr]    Compiling tokio v1.48.0
[INFO] [stderr]    Compiling zerovec v0.11.5
[INFO] [stderr]    Compiling tracing v0.1.43
[INFO] [stderr]    Compiling zerotrie v0.2.3
[INFO] [stderr]    Compiling serde_derive v1.0.228
[INFO] [stderr]    Compiling openssl-macros v0.1.1
[INFO] [stderr]    Compiling tinystr v0.8.2
[INFO] [stderr]    Compiling potential_utf v0.1.4
[INFO] [stderr]    Compiling icu_locale_core v2.1.1
[INFO] [stderr]    Compiling icu_collections v2.1.1
[INFO] [stderr]    Compiling axum-core v0.5.5
[INFO] [stderr]    Compiling icu_provider v2.1.1
[INFO] [stderr]    Compiling icu_normalizer v2.1.1
[INFO] [stderr]    Compiling icu_properties v2.1.1
[INFO] [stderr]    Compiling matchers v0.2.0
[INFO] [stderr]    Compiling iana-time-zone v0.1.64
[INFO] [stderr]    Compiling nu-ansi-term v0.50.3
[INFO] [stderr]    Compiling matchit v0.8.4
[INFO] [stderr]    Compiling base64 v0.21.7
[INFO] [stderr]    Compiling serde_urlencoded v0.7.1
[INFO] [stderr]    Compiling byteorder v1.5.0
[INFO] [stderr]    Compiling chrono v0.4.42
[INFO] [stderr]    Compiling hdrhistogram v7.5.4
[INFO] [stderr]    Compiling idna_adapter v1.2.1
[INFO] [stderr]    Compiling idna v1.1.0
[INFO] [stderr]    Compiling url v2.5.7
[INFO] [stderr]    Compiling tracing-subscriber v0.3.22
[INFO] [stderr]    Compiling tokio-util v0.7.17
[INFO] [stderr]    Compiling h2 v0.4.12
[INFO] [stderr]    Compiling tower v0.5.2
[INFO] [stderr]    Compiling tokio-native-tls v0.3.1
[INFO] [stderr]    Compiling tower-http v0.6.7
[INFO] [stderr]    Compiling uuid v1.19.0
[INFO] [stderr]    Compiling hyper v1.8.1
[INFO] [stderr]    Compiling hyper-util v0.1.19
[INFO] [stderr]    Compiling hyper-tls v0.6.0
[INFO] [stderr]    Compiling axum v0.8.7
[INFO] [stderr]    Compiling reqwest v0.12.24
[INFO] [stderr]    Compiling order_matching_engine v0.1.0 (/opt/rustwide/workdir)
[INFO] [stderr]     Finished `release` profile [optimized] target(s) in 3m 29s
[INFO] running `Command { std: "docker" "inspect" "84c2caff1e0607add6dd7754ba73a20d49c9a40930c86adc8031033246279a5b", kill_on_drop: false }`
[INFO] running `Command { std: "docker" "exec" "-e" "SOURCE_DIR=/opt/rustwide/workdir" "-e" "CARGO_HOME=/opt/rustwide/cargo-home" "-e" "RUSTUP_HOME=/opt/rustwide/rustup-home" "-e" "CARGO_TARGET_DIR=/opt/rustwide/target" "-e" "CARGO_INCREMENTAL=0" "-e" "RUST_BACKTRACE=full" "-e" "RUSTFLAGS=--cap-lints=warn" "-e" "RUSTDOCFLAGS=--cap-lints=warn" "-w" "/opt/rustwide/workdir" "--user" "0:0" "84c2caff1e0607add6dd7754ba73a20d49c9a40930c86adc8031033246279a5b" "/opt/rustwide/cargo-home/bin/cargo" "+1.99.0-beta.8" "test" "--frozen" "--no-run" "--message-format=json" "--release", kill_on_drop: false }`
[INFO] [stderr]    Compiling order_matching_engine v0.1.0 (/opt/rustwide/workdir)
[INFO] [stderr]     Finished `release` profile [optimized] target(s) in 37.31s
[INFO] running `Command { std: "docker" "inspect" "84c2caff1e0607add6dd7754ba73a20d49c9a40930c86adc8031033246279a5b", kill_on_drop: false }`
[INFO] running `Command { std: "docker" "exec" "-e" "SOURCE_DIR=/opt/rustwide/workdir" "-e" "CARGO_HOME=/opt/rustwide/cargo-home" "-e" "RUSTUP_HOME=/opt/rustwide/rustup-home" "-e" "CARGO_TARGET_DIR=/opt/rustwide/target" "-e" "CARGO_INCREMENTAL=0" "-e" "RUST_BACKTRACE=full" "-e" "RUSTFLAGS=--cap-lints=warn" "-e" "RUSTDOCFLAGS=--cap-lints=warn" "-w" "/opt/rustwide/workdir" "--user" "0:0" "84c2caff1e0607add6dd7754ba73a20d49c9a40930c86adc8031033246279a5b" "/opt/rustwide/cargo-home/bin/cargo" "+1.99.0-beta.8" "test" "--frozen" "--release", kill_on_drop: false }`
[INFO] [stderr]     Finished `release` profile [optimized] target(s) in 0.20s
[INFO] [stderr]      Running unittests src/lib.rs (/opt/rustwide/target/release/deps/order_matching_engine-ed7eecb4218684c4)
[INFO] [stdout] 
[INFO] [stdout] running 117 tests
[INFO] [stdout] test api::handlers::tests::test_get_metrics_after_activity ... ok
[INFO] [stdout] test api::handlers::tests::test_cancel_order_success ... ok
[INFO] [stdout] test api::handlers::tests::test_cancel_filled_order ... ok
[INFO] [stdout] test api::handlers::tests::test_get_order_status_not_found ... ok
[INFO] [stdout] test api::handlers::tests::test_get_order_status_success ... ok
[INFO] [stdout] test api::handlers::tests::test_health_check ... ok
[INFO] [stdout] test api::handlers::tests::test_get_metrics ... ok
[INFO] [stdout] test api::handlers::tests::test_submit_invalid_order_missing_price ... ok
[INFO] [stdout] test api::handlers::tests::test_get_order_book_with_depth ... ok
[INFO] [stdout] test api::handlers::tests::test_submit_limit_order_accepted ... ok
[INFO] [stdout] test api::routes::tests::test_health_check_route ... ok
[INFO] [stdout] test api::handlers::tests::test_get_order_book_empty_symbol ... ok
[INFO] [stdout] test api::handlers::tests::test_submit_limit_order_filled ... ok
[INFO] [stdout] test api::handlers::tests::test_get_order_book ... ok
[INFO] [stdout] test api::handlers::tests::test_submit_limit_order_partial_fill ... ok
[INFO] [stdout] test api::handlers::tests::test_cancel_order_not_found ... ok
[INFO] [stdout] test api::routes::tests::test_metrics_route ... ok
[INFO] [stdout] test api::handlers::tests::test_submit_market_order_insufficient_liquidity ... ok
[INFO] [stdout] test matching::engine::tests::test_cancel_filled_order_fails ... ok
[INFO] [stdout] test error::tests::test_order_not_found_status ... ok
[INFO] [stdout] test matching::engine::tests::test_aggregated_quantity_at_price_level ... ok
[INFO] [stdout] test matching::engine::tests::test_cancel_already_cancelled_order ... ok
[INFO] [stdout] test api::handlers::tests::test_submit_invalid_order_zero_quantity ... ok
[INFO] [stdout] test matching::engine::tests::test_cancel_order_success ... ok
[INFO] [stdout] test matching::engine::tests::test_cancel_order_not_found ... ok
[INFO] [stdout] test matching::engine::tests::test_cancel_partially_filled_order ... ok
[INFO] [stdout] test error::tests::test_cannot_cancel_filled_status ... ok
[INFO] [stdout] test error::tests::test_insufficient_liquidity_status ... ok
[INFO] [stdout] test matching::engine::tests::test_get_order_book ... ok
[INFO] [stdout] test matching::engine::tests::test_get_order_book_depth_limit ... ok
[INFO] [stdout] test error::tests::test_invalid_order_status ... ok
[INFO] [stdout] test matching::engine::tests::test_large_order_multiple_fills ... ok
[INFO] [stdout] test matching::engine::tests::test_market_order_matches_multiple_price_levels ... ok
[INFO] [stdout] test matching::engine::tests::test_metrics_multiple_trades ... ok
[INFO] [stdout] test matching::engine::tests::test_metrics_orders_cancelled ... ok
[INFO] [stdout] test matching::engine::tests::test_metrics_orders_matched ... ok
[INFO] [stdout] test matching::engine::tests::test_metrics_orders_received ... ok
[INFO] [stdout] test matching::engine::tests::test_get_order_book_empty_symbol ... ok
[INFO] [stdout] test matching::engine::tests::test_get_order_not_found ... ok
[INFO] [stdout] test matching::engine::tests::test_get_order_success ... ok
[INFO] [stdout] test matching::engine::tests::test_concurrent_safety ... ok
[INFO] [stdout] test matching::engine::tests::test_metrics_trades_executed ... ok
[INFO] [stdout] test matching::engine::tests::test_price_priority_sell_matches_highest_bid ... ok
[INFO] [stdout] test matching::engine::tests::test_multiple_symbols ... ok
[INFO] [stdout] test matching::engine::tests::test_no_match_buy_price_too_low ... ok
[INFO] [stdout] test matching::engine::tests::test_no_match_sell_price_too_high ... ok
[INFO] [stdout] test matching::engine::tests::test_order_book_updates_after_partial_fill ... ok
[INFO] [stdout] test matching::engine::tests::test_orders_in_book_count ... ok
[INFO] [stdout] test matching::engine::tests::test_price_priority_buy_matches_lowest_ask ... ok
[INFO] [stdout] test matching::engine::tests::test_resting_order_status_updated_after_match ... ok
[INFO] [stdout] test matching::engine::tests::test_submit_limit_order_full_match ... ok
[INFO] [stdout] test matching::engine::tests::test_submit_limit_order_no_match ... ok
[INFO] [stdout] test matching::engine::tests::test_submit_market_order_full_match ... ok
[INFO] [stdout] test matching::engine::tests::test_submit_market_order_insufficient_liquidity ... ok
[INFO] [stdout] test matching::engine::tests::test_submit_market_order_no_liquidity ... ok
[INFO] [stdout] test matching::engine::tests::test_submit_market_sell_order ... ok
[INFO] [stdout] test matching::engine::tests::test_taker_side_in_trade ... ok
[INFO] [stdout] test matching::engine::tests::test_validation_zero_quantity ... ok
[INFO] [stdout] test matching::engine::tests::test_time_priority_fifo ... ok
[INFO] [stdout] test metrics::tracker::tests::test_extreme_latencies ... ok
[INFO] [stdout] test metrics::tracker::tests::test_latency_percentiles ... ok
[INFO] [stdout] test metrics::tracker::tests::test_new_metrics_tracker ... ok
[INFO] [stdout] test matching::engine::tests::test_validation_limit_order_no_price ... ok
[INFO] [stdout] test matching::engine::tests::test_validation_market_order_with_price ... ok
[INFO] [stdout] test matching::engine::tests::test_resting_order_fully_filled ... ok
[INFO] [stdout] test matching::engine::tests::test_submit_limit_order_partial_match ... ok
[INFO] [stdout] test metrics::tracker::tests::test_reset ... ok
[INFO] [stdout] test models::order::tests::test_limit_order_without_price_fails ... ok
[INFO] [stdout] test models::order::tests::test_market_order_with_price_fails ... ok
[INFO] [stdout] test models::order::tests::test_order_cancel ... ok
[INFO] [stdout] test models::order::tests::test_order_fill_complete ... ok
[INFO] [stdout] test models::order::tests::test_order_fill_multiple_times ... ok
[INFO] [stdout] test models::order::tests::test_order_fill_partial ... ok
[INFO] [stdout] test models::order::tests::test_order_to_status_response ... ok
[INFO] [stdout] test models::order::tests::test_submit_order_response_accepted ... ok
[INFO] [stdout] test models::order::tests::test_submit_order_response_filled ... ok
[INFO] [stdout] test matching::engine::tests::test_validation_empty_symbol ... ok
[INFO] [stdout] test models::order::tests::test_submit_order_response_partial_fill ... ok
[INFO] [stdout] test metrics::tracker::tests::test_record_latency ... ok
[INFO] [stdout] test models::order::tests::test_create_limit_order ... ok
[INFO] [stdout] test models::order::tests::test_create_market_order ... ok
[INFO] [stdout] test models::order::tests::test_zero_quantity_fails ... ok
[INFO] [stdout] test models::trade::tests::test_create_trade ... ok
[INFO] [stdout] test models::trade::tests::test_trade_summary_empty ... ok
[INFO] [stdout] test models::trade::tests::test_trade_summary_multiple_trades ... ok
[INFO] [stdout] test models::trade::tests::test_trade_summary_single_trade ... ok
[INFO] [stdout] test models::trade::tests::test_trade_summary_to_trade_info_list ... ok
[INFO] [stdout] test models::trade::tests::test_trade_summary_weighted_average ... ok
[INFO] [stdout] test models::trade::tests::test_trade_to_trade_info ... ok
[INFO] [stdout] test orderbook::book::tests::test_add_ask_order ... ok
[INFO] [stdout] test orderbook::book::tests::test_add_bid_order ... ok
[INFO] [stdout] test orderbook::book::tests::test_best_ask_is_lowest ... ok
[INFO] [stdout] test orderbook::book::tests::test_best_bid_is_highest ... ok
[INFO] [stdout] test orderbook::book::tests::test_best_level_mut ... ok
[INFO] [stdout] test orderbook::book::tests::test_get_order_location ... ok
[INFO] [stdout] test orderbook::book::tests::test_multiple_orders_same_price ... ok
[INFO] [stdout] test orderbook::book::tests::test_remove_nonexistent_order ... ok
[INFO] [stdout] test orderbook::book::tests::test_remove_order ... ok
[INFO] [stdout] test orderbook::book::tests::test_to_response ... ok
[INFO] [stdout] test orderbook::book::tests::test_to_response_depth_limit ... ok
[INFO] [stdout] test orderbook::book::tests::test_total_quantities ... ok
[INFO] [stdout] test orderbook::price_level::tests::test_add_multiple_orders ... ok
[INFO] [stdout] test orderbook::price_level::tests::test_add_order ... ok
[INFO] [stdout] test orderbook::price_level::tests::test_remove_order_by_id ... ok
[INFO] [stdout] test orderbook::book::tests::test_new_order_book ... ok
[INFO] [stdout] test state::tests::test_app_state_clone_shares_data ... ok
[INFO] [stdout] test orderbook::price_level::tests::test_remove_nonexistent_order ... ok
[INFO] [stdout] test orderbook::book::tests::test_price_level_cleanup ... ok
[INFO] [stdout] test orderbook::price_level::tests::test_new_price_level ... ok
[INFO] [stdout] test state::tests::test_app_state_creation ... ok
[INFO] [stdout] test tests::test_server_config_default ... ok
[INFO] [stdout] test orderbook::price_level::tests::test_fifo_order ... ok
[INFO] [stdout] test state::tests::test_app_state_default ... ok
[INFO] [stdout] test orderbook::price_level::tests::test_front_mut ... ok
[INFO] [stdout] test tests::test_server_config_new ... ok
[INFO] [stdout] test tests::test_server_config_socket_addr ... ok
[INFO] [stdout] test metrics::tracker::tests::test_throughput ... ok
[INFO] [stdout] 
[INFO] [stdout] test result: ok. 117 passed; 0 failed; 0 ignored; 0 measured; 0 filtered out; finished in 0.11s
[INFO] [stdout] 
[INFO] [stdout] 
[INFO] [stdout] running 0 tests
[INFO] [stdout] 
[INFO] [stdout] test result: ok. 0 passed; 0 failed; 0 ignored; 0 measured; 0 filtered out; finished in 0.00s
[INFO] [stdout] 
[INFO] [stderr]      Running unittests src/main.rs (/opt/rustwide/target/release/deps/order_matching_engine-ba5e1fc1bef372d4)
[INFO] [stderr]      Running tests/integration_tests.rs (/opt/rustwide/target/release/deps/integration_tests-c8d91eef96f62133)
[INFO] [stdout] 
[INFO] [stdout] running 16 tests
[INFO] [stdout] test test_invalid_order_requests ... ok
[INFO] [stdout] test test_cancel_non_existent_order ... ok
[INFO] [stdout] test test_market_order_execution ... ok
[INFO] [stdout] test test_cancel_filled_order ... ok
[INFO] [stdout] test test_full_trade_execution ... ok
[INFO] [stdout] test test_market_order_insufficient_liquidity ... ok
[INFO] [stdout] test test_multiple_symbols_isolation ... ok
[INFO] [stdout] test test_data_consistency_under_load ... ok
[INFO] [stdout] test test_health_and_metrics ... ok
[INFO] [stdout] test test_order_book_aggregation ... ok
[INFO] [stdout] test test_order_book_depth_limit ... ok
[INFO] [stdout] test test_order_lifecycle_submit_check_cancel ... ok
[INFO] [stdout] test test_partial_fill_order ... ok
[INFO] [stdout] test test_price_time_priority ... ok
[INFO] [stdout] test test_concurrent_order_operations ... ok
[INFO] [stderr]      Running tests/performance_tests.rs (/opt/rustwide/target/release/deps/performance_tests-128fa0aeb7e8b9e0)
[INFO] [stdout] test test_trading_session_simulation ... ok
[INFO] [stdout] 
[INFO] [stdout] test result: ok. 16 passed; 0 failed; 0 ignored; 0 measured; 0 filtered out; finished in 0.01s
[INFO] [stdout] 
[INFO] [stdout] 
[INFO] [stdout] running 6 tests
[INFO] [stdout] test test_matching_correctness ... ok
[INFO] [stdout] test load_test_60_seconds_http ... FAILED
[INFO] [stdout] test test_http_throughput_concurrent ... FAILED
[INFO] [stdout] test test_data_integrity_under_stress ... ok
[INFO] [stdout] test test_no_race_conditions ... ok
[INFO] [stdout] test test_http_latency_measurements ... ok
[INFO] [stdout] 
[INFO] [stdout] failures:
[INFO] [stdout] 
[INFO] [stdout] ---- load_test_60_seconds_http stdout ----
[INFO] [stdout] 
[INFO] [stdout] thread 'load_test_60_seconds_http' (2590) panicked at tests/performance_tests.rs:29:50:
[INFO] [stdout] Failed to bind to address 127.0.0.1:8081. Port might be in use.: Os { code: 98, kind: AddrInUse, message: "Address already in use" }
[INFO] [stdout] stack backtrace:
[INFO] [stdout]    0:     0x5ff6f9686a01 - <<std[70759c8f55707aa4]::sys::backtrace::BacktraceLock>::print::DisplayBacktrace as core[df12db4294e9bfd3]::fmt::Display>::fmt
[INFO] [stdout]    1:     0x5ff6f969d4ba - core[df12db4294e9bfd3]::fmt::write
[INFO] [stdout]    2:     0x5ff6f968b6ac - <alloc[2182bb758b4b3781]::vec::Vec<u8> as core[df12db4294e9bfd3]::io::write::Write>::write_fmt
[INFO] [stdout]    3:     0x5ff6f9661b66 - std[70759c8f55707aa4]::panicking::default_hook::{closure#0}
[INFO] [stdout]    4:     0x5ff6f967e909 - std[70759c8f55707aa4]::panicking::default_hook
[INFO] [stdout]    5:     0x5ff6f945d350 - test[9d35eded1c95d3be]::test_main_inner::<test[9d35eded1c95d3be]::test_main_static::{closure#0}>::{closure#0}
[INFO] [stdout]    6:     0x5ff6f967ec32 - std[70759c8f55707aa4]::panicking::panic_with_hook
[INFO] [stdout]    7:     0x5ff6f9661c12 - std[70759c8f55707aa4]::panicking::panic_handler::{closure#0}
[INFO] [stdout]    8:     0x5ff6f965a8b9 - std[70759c8f55707aa4]::sys::backtrace::__rust_end_short_backtrace::<std[70759c8f55707aa4]::panicking::panic_handler::{closure#0}, !>
[INFO] [stdout]    9:     0x5ff6f96629fd - __rustc[8fa7c3cbc660c2b3]::rust_begin_unwind
[INFO] [stdout]   10:     0x5ff6f969dc1c - core[df12db4294e9bfd3]::panicking::panic_fmt
[INFO] [stdout]   11:     0x5ff6f969d9f2 - core[df12db4294e9bfd3]::result::unwrap_failed
[INFO] [stdout]   12:     0x5ff6f93d0217 - performance_tests[3e07688475601c2a]::start_server::{closure#0}
[INFO] [stdout]   13:     0x5ff6f93c9517 - <tokio[dcd682830a4b4f92]::runtime::park::CachedParkThread>::block_on::<performance_tests[3e07688475601c2a]::load_test_60_seconds_http::{closure#0}>
[INFO] [stdout]   14:     0x5ff6f9414de0 - <tokio[dcd682830a4b4f92]::runtime::runtime::Runtime>::block_on::<performance_tests[3e07688475601c2a]::load_test_60_seconds_http::{closure#0}>
[INFO] [stdout]   15:     0x5ff6f93ebd40 - <performance_tests[3e07688475601c2a]::load_test_60_seconds_http::{closure#0} as core[df12db4294e9bfd3]::ops::function::FnOnce<()>>::call_once
[INFO] [stdout]   16:     0x5ff6f945063b - test[9d35eded1c95d3be]::__rust_begin_short_backtrace::<core[df12db4294e9bfd3]::result::Result<(), alloc[2182bb758b4b3781]::string::String>, fn() -> core[df12db4294e9bfd3]::result::Result<(), alloc[2182bb758b4b3781]::string::String>>
[INFO] [stdout]   17:     0x5ff6f945dca5 - test[9d35eded1c95d3be]::run_test::{closure#0}
[INFO] [stdout]   18:     0x5ff6f9457564 - std[70759c8f55707aa4]::sys::backtrace::__rust_begin_short_backtrace::<test[9d35eded1c95d3be]::run_test::{closure#1}, ()>
[INFO] [stdout]   19:     0x5ff6f9460e02 - <std[70759c8f55707aa4]::thread::lifecycle::spawn_unchecked<test[9d35eded1c95d3be]::run_test::{closure#1}, ()>::{closure#1} as core[df12db4294e9bfd3]::ops::function::FnOnce<()>>::call_once::{shim:vtable#0}
[INFO] [stdout]   20:     0x5ff6f9685f29 - <std[70759c8f55707aa4]::sys::thread::unix::Thread>::new::thread_start
[INFO] [stdout]   21:     0x7add3aeebdfa - <unknown>
[INFO] [stdout]   22:     0x7add3af7f3d4 - clone
[INFO] [stdout]   23:                0x0 - <unknown>
[INFO] [stdout] 
[INFO] [stdout] ---- test_http_throughput_concurrent stdout ----
[INFO] [stdout] 
[INFO] [stdout] thread 'test_http_throughput_concurrent' (2593) panicked at tests/performance_tests.rs:29:50:
[INFO] [stdout] Failed to bind to address 127.0.0.1:8081. Port might be in use.: Os { code: 98, kind: AddrInUse, message: "Address already in use" }
[INFO] [stdout] stack backtrace:
[INFO] [stdout]    0:     0x5ff6f9686a01 - <<std[70759c8f55707aa4]::sys::backtrace::BacktraceLock>::print::DisplayBacktrace as core[df12db4294e9bfd3]::fmt::Display>::fmt
[INFO] [stdout]    1:     0x5ff6f969d4ba - core[df12db4294e9bfd3]::fmt::write
[INFO] [stdout]    2:     0x5ff6f968b6ac - <alloc[2182bb758b4b3781]::vec::Vec<u8> as core[df12db4294e9bfd3]::io::write::Write>::write_fmt
[INFO] [stdout]    3:     0x5ff6f9661b66 - std[70759c8f55707aa4]::panicking::default_hook::{closure#0}
[INFO] [stdout]    4:     0x5ff6f967e909 - std[70759c8f55707aa4]::panicking::default_hook
[INFO] [stdout]    5:     0x5ff6f945d350 - test[9d35eded1c95d3be]::test_main_inner::<test[9d35eded1c95d3be]::test_main_static::{closure#0}>::{closure#0}
[INFO] [stdout]    6:     0x5ff6f967ec32 - std[70759c8f55707aa4]::panicking::panic_with_hook
[INFO] [stdout]    7:     0x5ff6f9661c12 - std[70759c8f55707aa4]::panicking::panic_handler::{closure#0}
[INFO] [stdout]    8:     0x5ff6f965a8b9 - std[70759c8f55707aa4]::sys::backtrace::__rust_end_short_backtrace::<std[70759c8f55707aa4]::panicking::panic_handler::{closure#0}, !>
[INFO] [stdout]    9:     0x5ff6f96629fd - __rustc[8fa7c3cbc660c2b3]::rust_begin_unwind
[INFO] [stdout]   10:     0x5ff6f969dc1c - core[df12db4294e9bfd3]::panicking::panic_fmt
[INFO] [stdout]   11:     0x5ff6f969d9f2 - core[df12db4294e9bfd3]::result::unwrap_failed
[INFO] [stdout]   12:     0x5ff6f93d0217 - performance_tests[3e07688475601c2a]::start_server::{closure#0}
[INFO] [stdout]   13:     0x5ff6f93cbd5f - <tokio[dcd682830a4b4f92]::runtime::park::CachedParkThread>::block_on::<performance_tests[3e07688475601c2a]::test_http_throughput_concurrent::{closure#0}>
[INFO] [stdout]   14:     0x5ff6f9415460 - <tokio[dcd682830a4b4f92]::runtime::runtime::Runtime>::block_on::<performance_tests[3e07688475601c2a]::test_http_throughput_concurrent::{closure#0}>
[INFO] [stdout]   15:     0x5ff6f93ee140 - <performance_tests[3e07688475601c2a]::test_http_throughput_concurrent::{closure#0} as core[df12db4294e9bfd3]::ops::function::FnOnce<()>>::call_once
[INFO] [stdout]   16:     0x5ff6f945063b - test[9d35eded1c95d3be]::__rust_begin_short_backtrace::<core[df12db4294e9bfd3]::result::Result<(), alloc[2182bb758b4b3781]::string::String>, fn() -> core[df12db4294e9bfd3]::result::Result<(), alloc[2182bb758b4b3781]::string::String>>
[INFO] [stdout]   17:     0x5ff6f945dca5 - test[9d35eded1c95d3be]::run_test::{closure#0}
[INFO] [stdout]   18:     0x5ff6f9457564 - std[70759c8f55707aa4]::sys::backtrace::__rust_begin_short_backtrace::<test[9d35eded1c95d3be]::run_test::{closure#1}, ()>
[INFO] [stdout]   19:     0x5ff6f9460e02 - <std[70759c8f55707aa4]::thread::lifecycle::spawn_unchecked<test[9d35eded1c95d3be]::run_test::{closure#1}, ()>::{closure#1} as core[df12db4294e9bfd3]::ops::function::FnOnce<()>>::call_once::{shim:vtable#0}
[INFO] [stdout]   20:     0x5ff6f9685f29 - <std[70759c8f55707aa4]::sys::thread::unix::Thread>::new::thread_start
[INFO] [stdout]   21:     0x7add3aeebdfa - <unknown>
[INFO] [stdout]   22:     0x7add3af7f3d4 - clone
[INFO] [stdout]   23:                0x0 - <unknown>
[INFO] [stdout] 
[INFO] [stdout] 
[INFO] [stdout] failures:
[INFO] [stdout]     load_test_60_seconds_http
[INFO] [stdout]     test_http_throughput_concurrent
[INFO] [stdout] 
[INFO] [stdout] test result: FAILED. 4 passed; 2 failed; 0 ignored; 0 measured; 0 filtered out; finished in 2.45s
[INFO] [stdout] 
[INFO] [stderr] error: test failed, to rerun pass `--test performance_tests`
[INFO] running `Command { std: "docker" "inspect" "84c2caff1e0607add6dd7754ba73a20d49c9a40930c86adc8031033246279a5b", kill_on_drop: false }`
[INFO] running `Command { std: "docker" "rm" "-f" "84c2caff1e0607add6dd7754ba73a20d49c9a40930c86adc8031033246279a5b", kill_on_drop: false }`
[INFO] [stdout] 84c2caff1e0607add6dd7754ba73a20d49c9a40930c86adc8031033246279a5b
