[INFO] cloning repository https://github.com/harshit-d3v/fluxwright
[INFO] running `Command { std: "git" "-c" "credential.helper=" "-c" "credential.helper=/workspace/cargo-home/bin/git-credential-null" "clone" "--bare" "https://github.com/harshit-d3v/fluxwright" "/workspace/cache/git-repos/https%3A%2F%2Fgithub.com%2Fharshit-d3v%2Ffluxwright", kill_on_drop: false }`
[INFO] [stderr] Cloning into bare repository '/workspace/cache/git-repos/https%3A%2F%2Fgithub.com%2Fharshit-d3v%2Ffluxwright'...
[INFO] running `Command { std: "git" "rev-parse" "HEAD", kill_on_drop: false }`
[INFO] [stdout] 19de7616f8bca65fd90135926da885f7f78a928b
[INFO] testing harshit-d3v/fluxwright against 1.100.0-beta.1+cargoflags=--release for beta-release-1.100-2
[INFO] running `Command { std: "git" "clone" "/workspace/cache/git-repos/https%3A%2F%2Fgithub.com%2Fharshit-d3v%2Ffluxwright" "/workspace/builds/worker-1-tc2/source", kill_on_drop: false }`
[INFO] [stderr] Cloning into '/workspace/builds/worker-1-tc2/source'...
[INFO] [stderr] done.
[INFO] started tweaking git repo https://github.com/harshit-d3v/fluxwright
[INFO] finished tweaking git repo https://github.com/harshit-d3v/fluxwright
[INFO] tweaked toml for git repo https://github.com/harshit-d3v/fluxwright written to /workspace/builds/worker-1-tc2/source/Cargo.toml
[INFO] validating manifest of git repo https://github.com/harshit-d3v/fluxwright on toolchain 1.100.0-beta.1
[INFO] running `Command { std: CARGO_HOME="/workspace/cargo-home" RUSTUP_HOME="/workspace/rustup-home" "/workspace/cargo-home/bin/cargo" "+1.100.0-beta.1" "metadata" "--manifest-path" "Cargo.toml" "--no-deps", kill_on_drop: false }`
[INFO] crate git repo https://github.com/harshit-d3v/fluxwright already has a lockfile, it will not be regenerated
[INFO] running `Command { std: CARGO_HOME="/workspace/cargo-home" RUSTUP_HOME="/workspace/rustup-home" "/workspace/cargo-home/bin/cargo" "+1.100.0-beta.1" "fetch" "--manifest-path" "Cargo.toml", kill_on_drop: false }`
[INFO] [stderr] warning: unused workspace dependency `bytes`
[INFO] [stderr]   --> Cargo.toml:11:1
[INFO] [stderr]    |
[INFO] [stderr] 11 | bytes = "1.9"
[INFO] [stderr]    | ^^^^^
[INFO] [stderr]    |
[INFO] [stderr]    = note: `cargo::unused_workspace_dependencies` is set to `warn` by default
[INFO] [stderr] help: consider removing the workspace dependency `bytes`
[INFO] [stderr] warning: unused workspace dependency `http-body-util`
[INFO] [stderr]   --> Cargo.toml:13:1
[INFO] [stderr]    |
[INFO] [stderr] 13 | http-body-util = "0.1"
[INFO] [stderr]    | ^^^^^^^^^^^^^^
[INFO] [stderr]    |
[INFO] [stderr] help: consider removing the workspace dependency `http-body-util`
[INFO] [stderr] warning: unused workspace dependency `hyper`
[INFO] [stderr]   --> Cargo.toml:43:25
[INFO] [stderr]    |
[INFO] [stderr] 43 | [workspace.dependencies.hyper]
[INFO] [stderr]    |                         ^^^^^
[INFO] [stderr]    |
[INFO] [stderr] help: consider removing the workspace dependency `hyper`
[INFO] [stderr] warning: unused workspace dependency `hyper-util`
[INFO] [stderr]   --> Cargo.toml:47:25
[INFO] [stderr]    |
[INFO] [stderr] 47 | [workspace.dependencies.hyper-util]
[INFO] [stderr]    |                         ^^^^^^^^^^
[INFO] [stderr]    |
[INFO] [stderr] help: consider removing the workspace dependency `hyper-util`
[INFO] [stderr] warning: unused workspace dependency `napi`
[INFO] [stderr]   --> Cargo.toml:51:25
[INFO] [stderr]    |
[INFO] [stderr] 51 | [workspace.dependencies.napi]
[INFO] [stderr]    |                         ^^^^
[INFO] [stderr]    |
[INFO] [stderr] help: consider removing the workspace dependency `napi`
[INFO] [stderr] warning: unused workspace dependency `napi-derive`
[INFO] [stderr]   --> Cargo.toml:14:1
[INFO] [stderr]    |
[INFO] [stderr] 14 | napi-derive = "2.16"
[INFO] [stderr]    | ^^^^^^^^^^^
[INFO] [stderr]    |
[INFO] [stderr] help: consider removing the workspace dependency `napi-derive`
[INFO] [stderr] warning: unused workspace dependency `parking_lot`
[INFO] [stderr]   --> Cargo.toml:15:1
[INFO] [stderr]    |
[INFO] [stderr] 15 | parking_lot = "0.12"
[INFO] [stderr]    | ^^^^^^^^^^^
[INFO] [stderr]    |
[INFO] [stderr] help: consider removing the workspace dependency `parking_lot`
[INFO] [stderr] warning: unused field `repository` in `workspace.package`
[INFO] [stderr]   --> Cargo.toml:75:1
[INFO] [stderr]    |
[INFO] [stderr] 75 | repository = "https://github.com/harshit-d3v/fluxwright"
[INFO] [stderr]    | ^^^^^^^^^^
[INFO] [stderr]    |
[INFO] [stderr]    = note: `cargo::unused_workspace_package_fields` is set to `warn` by default
[INFO] [stderr] help: consider removing the field `workspace.package.repository`
[INFO] [stderr] warning: workspace (manifest) generated 8 warnings
[INFO] running `Command { std: "docker" "create" "-v" "/var/lib/crater-agent-workspace/builds/worker-1-tc2/source:/opt/rustwide/workdir:ro,Z" "-v" "/var/lib/crater-agent-workspace/builds/worker-1-tc2/target:/opt/rustwide/target:rw,Z" "-v" "/var/lib/crater-agent-workspace/cargo-home:/opt/rustwide/cargo-home:ro,Z" "-v" "/var/lib/crater-agent-workspace/rustup-home:/opt/rustwide/rustup-home:ro,Z" "-m" "1610612736" "--network" "none" "ghcr.io/rust-lang/crates-build-env/linux@sha256:77db811e55d90add9212f6832c23229e3de5f1c1f9905e8cb07319ea15df73ac" "sleep" "infinity", kill_on_drop: false }`
[INFO] [stdout] c0a66a46af8698fe748110a8118ed365160514b8cee1ea6d1309c0833eeca5ec
[INFO] running `Command { std: "docker" "start" "c0a66a46af8698fe748110a8118ed365160514b8cee1ea6d1309c0833eeca5ec", kill_on_drop: false }`
[INFO] running `Command { std: "docker" "inspect" "c0a66a46af8698fe748110a8118ed365160514b8cee1ea6d1309c0833eeca5ec", kill_on_drop: false }`
[INFO] running `Command { std: "docker" "exec" "-e" "SOURCE_DIR=/opt/rustwide/workdir" "-e" "CARGO_HOME=/opt/rustwide/cargo-home" "-e" "RUSTUP_HOME=/opt/rustwide/rustup-home" "-e" "CARGO_TARGET_DIR=/opt/rustwide/target" "-w" "/opt/rustwide/workdir" "--user" "0:0" "c0a66a46af8698fe748110a8118ed365160514b8cee1ea6d1309c0833eeca5ec" "/opt/rustwide/cargo-home/bin/cargo" "+1.100.0-beta.1" "metadata" "--no-deps" "--format-version=1", kill_on_drop: false }`
[INFO] running `Command { std: "docker" "inspect" "c0a66a46af8698fe748110a8118ed365160514b8cee1ea6d1309c0833eeca5ec", kill_on_drop: false }`
[INFO] running `Command { std: "docker" "exec" "-e" "SOURCE_DIR=/opt/rustwide/workdir" "-e" "CARGO_HOME=/opt/rustwide/cargo-home" "-e" "RUSTUP_HOME=/opt/rustwide/rustup-home" "-e" "CARGO_TARGET_DIR=/opt/rustwide/target" "-e" "CARGO_INCREMENTAL=0" "-e" "RUST_BACKTRACE=full" "-e" "RUSTFLAGS=--cap-lints=warn" "-e" "RUSTDOCFLAGS=--cap-lints=warn" "-w" "/opt/rustwide/workdir" "--user" "0:0" "c0a66a46af8698fe748110a8118ed365160514b8cee1ea6d1309c0833eeca5ec" "/opt/rustwide/cargo-home/bin/cargo" "+1.100.0-beta.1" "build" "--frozen" "--message-format=json" "--release", kill_on_drop: false }`
[INFO] [stderr] warning: unused workspace dependency `bytes`
[INFO] [stderr]   --> Cargo.toml:11:1
[INFO] [stderr]    |
[INFO] [stderr] 11 | bytes = "1.9"
[INFO] [stderr]    | ^^^^^
[INFO] [stderr]    |
[INFO] [stderr]    = note: `cargo::unused_workspace_dependencies` is set to `warn` by default
[INFO] [stderr] help: consider removing the workspace dependency `bytes`
[INFO] [stderr] warning: unused workspace dependency `http-body-util`
[INFO] [stderr]   --> Cargo.toml:13:1
[INFO] [stderr]    |
[INFO] [stderr] 13 | http-body-util = "0.1"
[INFO] [stderr]    | ^^^^^^^^^^^^^^
[INFO] [stderr]    |
[INFO] [stderr] help: consider removing the workspace dependency `http-body-util`
[INFO] [stderr] warning: unused workspace dependency `hyper`
[INFO] [stderr]   --> Cargo.toml:43:25
[INFO] [stderr]    |
[INFO] [stderr] 43 | [workspace.dependencies.hyper]
[INFO] [stderr]    |                         ^^^^^
[INFO] [stderr]    |
[INFO] [stderr] help: consider removing the workspace dependency `hyper`
[INFO] [stderr] warning: unused workspace dependency `hyper-util`
[INFO] [stderr]   --> Cargo.toml:47:25
[INFO] [stderr]    |
[INFO] [stderr] 47 | [workspace.dependencies.hyper-util]
[INFO] [stderr]    |                         ^^^^^^^^^^
[INFO] [stderr]    |
[INFO] [stderr] help: consider removing the workspace dependency `hyper-util`
[INFO] [stderr] warning: unused workspace dependency `napi`
[INFO] [stderr]   --> Cargo.toml:51:25
[INFO] [stderr]    |
[INFO] [stderr] 51 | [workspace.dependencies.napi]
[INFO] [stderr]    |                         ^^^^
[INFO] [stderr]    |
[INFO] [stderr] help: consider removing the workspace dependency `napi`
[INFO] [stderr] warning: unused workspace dependency `napi-derive`
[INFO] [stderr]   --> Cargo.toml:14:1
[INFO] [stderr]    |
[INFO] [stderr] 14 | napi-derive = "2.16"
[INFO] [stderr]    | ^^^^^^^^^^^
[INFO] [stderr]    |
[INFO] [stderr] help: consider removing the workspace dependency `napi-derive`
[INFO] [stderr] warning: unused workspace dependency `parking_lot`
[INFO] [stderr]   --> Cargo.toml:15:1
[INFO] [stderr]    |
[INFO] [stderr] 15 | parking_lot = "0.12"
[INFO] [stderr]    | ^^^^^^^^^^^
[INFO] [stderr]    |
[INFO] [stderr] help: consider removing the workspace dependency `parking_lot`
[INFO] [stderr] warning: unused field `repository` in `workspace.package`
[INFO] [stderr]   --> Cargo.toml:75:1
[INFO] [stderr]    |
[INFO] [stderr] 75 | repository = "https://github.com/harshit-d3v/fluxwright"
[INFO] [stderr]    | ^^^^^^^^^^
[INFO] [stderr]    |
[INFO] [stderr]    = note: `cargo::unused_workspace_package_fields` is set to `warn` by default
[INFO] [stderr] help: consider removing the field `workspace.package.repository`
[INFO] [stderr] warning: workspace (manifest) generated 8 warnings
[INFO] [stderr]    Compiling unicode-ident v1.0.26
[INFO] [stderr]    Compiling libc v0.2.190
[INFO] [stderr]    Compiling cfg-if v1.0.5
[INFO] [stderr]    Compiling pin-project-lite v0.2.17
[INFO] [stderr]    Compiling serde_core v1.0.229
[INFO] [stderr]    Compiling futures-core v0.3.34
[INFO] [stderr]    Compiling bytes v1.12.1
[INFO] [stderr]    Compiling smallvec v1.16.1
[INFO] [stderr]    Compiling futures-sink v0.3.34
[INFO] [stderr]    Compiling serde v1.0.229
[INFO] [stderr]    Compiling log v0.4.34
[INFO] [stderr]    Compiling tracing-core v0.1.36
[INFO] [stderr]    Compiling slab v0.4.12
[INFO] [stderr]    Compiling futures-io v0.3.34
[INFO] [stderr]    Compiling futures-task v0.3.34
[INFO] [stderr]    Compiling httparse v1.10.1
[INFO] [stderr]    Compiling serde_json v1.0.151
[INFO] [stderr]    Compiling getrandom v0.4.3
[INFO] [stderr]    Compiling proc-macro2 v1.0.107
[INFO] [stderr]    Compiling futures-channel v0.3.34
[INFO] [stderr]    Compiling rand_core v0.10.1
[INFO] [stderr]    Compiling typenum v1.20.1
[INFO] [stderr]    Compiling cpufeatures v0.3.1
[INFO] [stderr]    Compiling thiserror v2.0.21
[INFO] [stderr]    Compiling const-oid v0.10.2
[INFO] [stderr]    Compiling chacha20 v0.10.2
[INFO] [stderr]    Compiling rustix v1.1.5
[INFO] [stderr]    Compiling data-encoding v2.11.1
[INFO] [stderr]    Compiling linux-raw-sys v0.12.1
[INFO] [stderr]    Compiling tower-service v0.3.3
[INFO] [stderr]    Compiling bitflags v2.13.2
[INFO] [stderr]    Compiling percent-encoding v2.3.2
[INFO] [stderr]    Compiling httpdate v1.0.3
[INFO] [stderr]    Compiling base64 v0.23.1
[INFO] [stderr]    Compiling tower-layer v0.3.3
[INFO] [stderr]    Compiling sync_wrapper v1.0.2
[INFO] [stderr]    Compiling atomic-waker v1.1.2
[INFO] [stderr]    Compiling fastrand v2.5.0
[INFO] [stderr]    Compiling autocfg v1.5.1
[INFO] [stderr]    Compiling form_urlencoded v1.2.2
[INFO] [stderr]    Compiling mime v0.3.17
[INFO] [stderr]    Compiling ryu v1.0.23
[INFO] [stderr]    Compiling strsim v0.11.1
[INFO] [stderr]    Compiling ident_case v1.0.1
[INFO] [stderr]    Compiling zmij v1.0.23
[INFO] [stderr]    Compiling quote v1.0.47
[INFO] [stderr]    Compiling num-traits v0.2.19
[INFO] [stderr]    Compiling anyhow v1.0.104
[INFO] [stderr]    Compiling http v1.5.0
[INFO] [stderr]    Compiling ref-cast v1.0.27
[INFO] [stderr]    Compiling matchit v0.8.4
[INFO] [stderr]    Compiling regex-syntax v0.8.11
[INFO] [stderr]    Compiling syn v3.0.6
[INFO] [stderr]    Compiling syn v2.0.119
[INFO] [stderr]    Compiling clap_lex v1.1.1
[INFO] [stderr]    Compiling memchr v2.8.3
[INFO] [stderr]    Compiling lazy_static v1.5.0
[INFO] [stderr]    Compiling itoa v1.0.18
[INFO] [stderr]    Compiling sharded-slab v0.1.7
[INFO] [stderr]    Compiling clap_builder v4.6.7
[INFO] [stderr]    Compiling parking_lot_core v0.9.12
[INFO] [stderr]    Compiling errno v0.3.14
[INFO] [stderr]    Compiling mio v1.2.3
[INFO] [stderr]    Compiling signal-hook-registry v1.4.8
[INFO] [stderr]    Compiling parking_lot v0.12.5
[INFO] [stderr]    Compiling socket2 v0.6.5
[INFO] [stderr]    Compiling hybrid-array v0.4.15
[INFO] [stderr]    Compiling http-body v1.1.0
[INFO] [stderr]    Compiling rand v0.10.3
[INFO] [stderr]    Compiling sysinfo v0.39.6
[INFO] [stderr]    Compiling http-body-util v0.1.5
[INFO] [stderr]    Compiling tracing-log v0.2.0
[INFO] [stderr]    Compiling thread_local v1.1.10
[INFO] [stderr]    Compiling hashbrown v0.17.1
[INFO] [stderr]    Compiling crypto-common v0.2.2
[INFO] [stderr]    Compiling block-buffer v0.12.1
[INFO] [stderr]    Compiling regex-automata v0.4.18
[INFO] [stderr]    Compiling rmcp v3.5.1
[INFO] [stderr]    Compiling nu-ansi-term v0.50.3
[INFO] [stderr]    Compiling dyn-clone v1.0.20
[INFO] [stderr]    Compiling pastey v0.2.3
[INFO] [stderr]    Compiling digest v0.11.3
[INFO] [stderr]    Compiling uuid v1.28.0
[INFO] [stderr]    Compiling sha1 v0.11.0
[INFO] [stderr]    Compiling tempfile v3.27.0
[INFO] [stderr]    Compiling serde_path_to_error v0.1.20
[INFO] [stderr]    Compiling indexmap v2.14.2
[INFO] [stderr]    Compiling darling_core v0.24.1
[INFO] [stderr]    Compiling serde_derive_internals v0.30.0
[INFO] [stderr]    Compiling matchers v0.2.0
[INFO] [stderr]    Compiling tokio-macros v2.7.2
[INFO] [stderr]    Compiling serde_derive v1.0.229
[INFO] [stderr]    Compiling futures-macro v0.3.34
[INFO] [stderr]    Compiling tracing-attributes v0.1.31
[INFO] [stderr]    Compiling thiserror-impl v2.0.21
[INFO] [stderr]    Compiling async-trait v0.1.92
[INFO] [stderr]    Compiling ref-cast-impl v1.0.27
[INFO] [stderr]    Compiling clap_derive v4.6.7
[INFO] [stderr]    Compiling schemars_derive v1.2.2
[INFO] [stderr]    Compiling tokio v1.53.2
[INFO] [stderr]    Compiling futures-util v0.3.34
[INFO] [stderr]    Compiling tracing v0.1.44
[INFO] [stderr]    Compiling tungstenite v0.30.0
[INFO] [stderr]    Compiling axum-core v0.5.6
[INFO] [stderr]    Compiling darling_macro v0.24.1
[INFO] [stderr]    Compiling clap v4.6.7
[INFO] [stderr]    Compiling darling v0.24.1
[INFO] [stderr]    Compiling rmcp-macros v3.5.1
[INFO] [stderr]    Compiling serde_urlencoded v0.7.1
[INFO] [stderr]    Compiling tracing-serde v0.2.0
[INFO] [stderr]    Compiling chrono v0.4.45
[INFO] [stderr]    Compiling tracing-subscriber v0.3.23
[INFO] [stderr]    Compiling futures-executor v0.3.34
[INFO] [stderr]    Compiling futures v0.3.34
[INFO] [stderr]    Compiling schemars v1.2.2
[INFO] [stderr]    Compiling tokio-tungstenite v0.30.0
[INFO] [stderr]    Compiling hyper v1.12.0
[INFO] [stderr]    Compiling tower v0.5.3
[INFO] [stderr]    Compiling tokio-util v0.7.19
[INFO] [stderr]    Compiling fluxwright-cdp v0.1.0 (/opt/rustwide/workdir/crates/fluxwright-cdp)
[INFO] [stderr]    Compiling hyper-util v0.1.21
[INFO] [stderr]    Compiling axum v0.8.9
[INFO] [stderr]    Compiling fluxwright-core v0.1.0 (/opt/rustwide/workdir/crates/fluxwright-core)
[INFO] [stderr]    Compiling fluxwright v0.1.0 (/opt/rustwide/workdir/crates/fluxwright)
[INFO] [stderr]    Compiling benchmark-server v0.1.0 (/opt/rustwide/workdir/benchmark-server)
[INFO] [stderr]    Compiling fluxwright-benchmarks v0.1.0 (/opt/rustwide/workdir/benchmarks)
[INFO] [stderr]    Compiling fluxwright-cli v0.1.0 (/opt/rustwide/workdir/crates/fluxwright-cli)
[INFO] [stderr]    Compiling fluxwright-mcp v0.1.0 (/opt/rustwide/workdir/crates/fluxwright-mcp)
[INFO] [stderr] warning: unused dependency `benchmark-server`
[INFO] [stderr]   --> crates/fluxwright-cli/Cargo.toml:15:1
[INFO] [stderr]    |
[INFO] [stderr] 15 | benchmark-server.workspace = true
[INFO] [stderr]    | ^^^^^^^^^^^^^^^^
[INFO] [stderr]    |
[INFO] [stderr]    = note: `cargo::unused_dependencies` is set to `warn` by default
[INFO] [stderr] help: consider removing the dependency on `benchmark-server`
[INFO] [stderr] warning: `fluxwright-cli` (manifest) generated 1 warning
[INFO] [stderr]     Finished `release` profile [optimized] target(s) in 2m 47s
[INFO] running `Command { std: "docker" "inspect" "c0a66a46af8698fe748110a8118ed365160514b8cee1ea6d1309c0833eeca5ec", kill_on_drop: false }`
[INFO] running `Command { std: "docker" "exec" "-e" "SOURCE_DIR=/opt/rustwide/workdir" "-e" "CARGO_HOME=/opt/rustwide/cargo-home" "-e" "RUSTUP_HOME=/opt/rustwide/rustup-home" "-e" "CARGO_TARGET_DIR=/opt/rustwide/target" "-e" "CARGO_INCREMENTAL=0" "-e" "RUST_BACKTRACE=full" "-e" "RUSTFLAGS=--cap-lints=warn" "-e" "RUSTDOCFLAGS=--cap-lints=warn" "-w" "/opt/rustwide/workdir" "--user" "0:0" "c0a66a46af8698fe748110a8118ed365160514b8cee1ea6d1309c0833eeca5ec" "/opt/rustwide/cargo-home/bin/cargo" "+1.100.0-beta.1" "test" "--frozen" "--no-run" "--message-format=json" "--release", kill_on_drop: false }`
[INFO] [stderr] warning: unused workspace dependency `bytes`
[INFO] [stderr]   --> Cargo.toml:11:1
[INFO] [stderr]    |
[INFO] [stderr] 11 | bytes = "1.9"
[INFO] [stderr]    | ^^^^^
[INFO] [stderr]    |
[INFO] [stderr]    = note: `cargo::unused_workspace_dependencies` is set to `warn` by default
[INFO] [stderr] help: consider removing the workspace dependency `bytes`
[INFO] [stderr] warning: unused workspace dependency `http-body-util`
[INFO] [stderr]   --> Cargo.toml:13:1
[INFO] [stderr]    |
[INFO] [stderr] 13 | http-body-util = "0.1"
[INFO] [stderr]    | ^^^^^^^^^^^^^^
[INFO] [stderr]    |
[INFO] [stderr] help: consider removing the workspace dependency `http-body-util`
[INFO] [stderr] warning: unused workspace dependency `hyper`
[INFO] [stderr]   --> Cargo.toml:43:25
[INFO] [stderr]    |
[INFO] [stderr] 43 | [workspace.dependencies.hyper]
[INFO] [stderr]    |                         ^^^^^
[INFO] [stderr]    |
[INFO] [stderr] help: consider removing the workspace dependency `hyper`
[INFO] [stderr] warning: unused workspace dependency `hyper-util`
[INFO] [stderr]   --> Cargo.toml:47:25
[INFO] [stderr]    |
[INFO] [stderr] 47 | [workspace.dependencies.hyper-util]
[INFO] [stderr]    |                         ^^^^^^^^^^
[INFO] [stderr]    |
[INFO] [stderr] help: consider removing the workspace dependency `hyper-util`
[INFO] [stderr] warning: unused workspace dependency `napi`
[INFO] [stderr]   --> Cargo.toml:51:25
[INFO] [stderr]    |
[INFO] [stderr] 51 | [workspace.dependencies.napi]
[INFO] [stderr]    |                         ^^^^
[INFO] [stderr]    |
[INFO] [stderr] help: consider removing the workspace dependency `napi`
[INFO] [stderr] warning: unused workspace dependency `napi-derive`
[INFO] [stderr]   --> Cargo.toml:14:1
[INFO] [stderr]    |
[INFO] [stderr] 14 | napi-derive = "2.16"
[INFO] [stderr]    | ^^^^^^^^^^^
[INFO] [stderr]    |
[INFO] [stderr] help: consider removing the workspace dependency `napi-derive`
[INFO] [stderr] warning: unused workspace dependency `parking_lot`
[INFO] [stderr]   --> Cargo.toml:15:1
[INFO] [stderr]    |
[INFO] [stderr] 15 | parking_lot = "0.12"
[INFO] [stderr]    | ^^^^^^^^^^^
[INFO] [stderr]    |
[INFO] [stderr] help: consider removing the workspace dependency `parking_lot`
[INFO] [stderr] warning: unused field `repository` in `workspace.package`
[INFO] [stderr]   --> Cargo.toml:75:1
[INFO] [stderr]    |
[INFO] [stderr] 75 | repository = "https://github.com/harshit-d3v/fluxwright"
[INFO] [stderr]    | ^^^^^^^^^^
[INFO] [stderr]    |
[INFO] [stderr]    = note: `cargo::unused_workspace_package_fields` is set to `warn` by default
[INFO] [stderr] help: consider removing the field `workspace.package.repository`
[INFO] [stderr] warning: workspace (manifest) generated 8 warnings
[INFO] [stderr]    Compiling tokio v1.53.2
[INFO] [stderr]    Compiling tokio-tungstenite v0.30.0
[INFO] [stderr]    Compiling hyper v1.12.0
[INFO] [stderr]    Compiling tower v0.5.3
[INFO] [stderr]    Compiling tokio-util v0.7.19
[INFO] [stderr]    Compiling fluxwright-cdp v0.1.0 (/opt/rustwide/workdir/crates/fluxwright-cdp)
[INFO] [stderr]    Compiling rmcp v3.5.1
[INFO] [stderr]    Compiling hyper-util v0.1.21
[INFO] [stderr]    Compiling axum v0.8.9
[INFO] [stderr]    Compiling fluxwright-core v0.1.0 (/opt/rustwide/workdir/crates/fluxwright-core)
[INFO] [stderr]    Compiling fluxwright v0.1.0 (/opt/rustwide/workdir/crates/fluxwright)
[INFO] [stderr]    Compiling benchmark-server v0.1.0 (/opt/rustwide/workdir/benchmark-server)
[INFO] [stderr]    Compiling fluxwright-benchmarks v0.1.0 (/opt/rustwide/workdir/benchmarks)
[INFO] [stderr]    Compiling fluxwright-cli v0.1.0 (/opt/rustwide/workdir/crates/fluxwright-cli)
[INFO] [stderr]    Compiling fluxwright-mcp v0.1.0 (/opt/rustwide/workdir/crates/fluxwright-mcp)
[INFO] [stderr] warning: unused dependency `benchmark-server`
[INFO] [stderr]   --> crates/fluxwright-cli/Cargo.toml:15:1
[INFO] [stderr]    |
[INFO] [stderr] 15 | benchmark-server.workspace = true
[INFO] [stderr]    | ^^^^^^^^^^^^^^^^
[INFO] [stderr]    |
[INFO] [stderr]    = note: `cargo::unused_dependencies` is set to `warn` by default
[INFO] [stderr] help: consider removing the dependency on `benchmark-server`
[INFO] [stderr] warning: `fluxwright-cli` (manifest) generated 1 warning
[INFO] [stderr]     Finished `release` profile [optimized] target(s) in 1m 27s
[INFO] running `Command { std: "docker" "inspect" "c0a66a46af8698fe748110a8118ed365160514b8cee1ea6d1309c0833eeca5ec", kill_on_drop: false }`
[INFO] running `Command { std: "docker" "exec" "-e" "SOURCE_DIR=/opt/rustwide/workdir" "-e" "CARGO_HOME=/opt/rustwide/cargo-home" "-e" "RUSTUP_HOME=/opt/rustwide/rustup-home" "-e" "CARGO_TARGET_DIR=/opt/rustwide/target" "-e" "CARGO_INCREMENTAL=0" "-e" "RUST_BACKTRACE=full" "-e" "RUSTFLAGS=--cap-lints=warn" "-e" "RUSTDOCFLAGS=--cap-lints=warn" "-w" "/opt/rustwide/workdir" "--user" "0:0" "c0a66a46af8698fe748110a8118ed365160514b8cee1ea6d1309c0833eeca5ec" "/opt/rustwide/cargo-home/bin/cargo" "+1.100.0-beta.1" "test" "--frozen" "--release", kill_on_drop: false }`
[INFO] [stderr] warning: unused workspace dependency `bytes`
[INFO] [stderr]   --> Cargo.toml:11:1
[INFO] [stderr]    |
[INFO] [stderr] 11 | bytes = "1.9"
[INFO] [stderr]    | ^^^^^
[INFO] [stderr]    |
[INFO] [stderr]    = note: `cargo::unused_workspace_dependencies` is set to `warn` by default
[INFO] [stderr] help: consider removing the workspace dependency `bytes`
[INFO] [stderr] warning: unused workspace dependency `http-body-util`
[INFO] [stderr]   --> Cargo.toml:13:1
[INFO] [stderr]    |
[INFO] [stderr] 13 | http-body-util = "0.1"
[INFO] [stderr]    | ^^^^^^^^^^^^^^
[INFO] [stderr]    |
[INFO] [stderr] help: consider removing the workspace dependency `http-body-util`
[INFO] [stderr] warning: unused workspace dependency `hyper`
[INFO] [stderr]   --> Cargo.toml:43:25
[INFO] [stderr]    |
[INFO] [stderr] 43 | [workspace.dependencies.hyper]
[INFO] [stderr]    |                         ^^^^^
[INFO] [stderr]    |
[INFO] [stderr] help: consider removing the workspace dependency `hyper`
[INFO] [stderr] warning: unused workspace dependency `hyper-util`
[INFO] [stderr]   --> Cargo.toml:47:25
[INFO] [stderr]    |
[INFO] [stderr] 47 | [workspace.dependencies.hyper-util]
[INFO] [stderr]    |                         ^^^^^^^^^^
[INFO] [stderr]    |
[INFO] [stderr] help: consider removing the workspace dependency `hyper-util`
[INFO] [stderr] warning: unused workspace dependency `napi`
[INFO] [stderr]   --> Cargo.toml:51:25
[INFO] [stderr]    |
[INFO] [stderr] 51 | [workspace.dependencies.napi]
[INFO] [stderr]    |                         ^^^^
[INFO] [stderr]    |
[INFO] [stderr] help: consider removing the workspace dependency `napi`
[INFO] [stderr] warning: unused workspace dependency `napi-derive`
[INFO] [stderr]   --> Cargo.toml:14:1
[INFO] [stderr]    |
[INFO] [stderr] 14 | napi-derive = "2.16"
[INFO] [stderr]    | ^^^^^^^^^^^
[INFO] [stderr]    |
[INFO] [stderr] help: consider removing the workspace dependency `napi-derive`
[INFO] [stderr] warning: unused workspace dependency `parking_lot`
[INFO] [stderr]   --> Cargo.toml:15:1
[INFO] [stderr]    |
[INFO] [stderr] 15 | parking_lot = "0.12"
[INFO] [stderr]    | ^^^^^^^^^^^
[INFO] [stderr]    |
[INFO] [stderr] help: consider removing the workspace dependency `parking_lot`
[INFO] [stderr] warning: unused field `repository` in `workspace.package`
[INFO] [stderr]   --> Cargo.toml:75:1
[INFO] [stderr]    |
[INFO] [stderr] 75 | repository = "https://github.com/harshit-d3v/fluxwright"
[INFO] [stderr]    | ^^^^^^^^^^
[INFO] [stderr]    |
[INFO] [stderr]    = note: `cargo::unused_workspace_package_fields` is set to `warn` by default
[INFO] [stderr] help: consider removing the field `workspace.package.repository`
[INFO] [stderr] warning: workspace (manifest) generated 8 warnings
[INFO] [stderr] warning: unused dependency `benchmark-server`
[INFO] [stderr]   --> crates/fluxwright-cli/Cargo.toml:15:1
[INFO] [stderr]    |
[INFO] [stderr] 15 | benchmark-server.workspace = true
[INFO] [stderr]    | ^^^^^^^^^^^^^^^^
[INFO] [stderr]    |
[INFO] [stderr]    = note: `cargo::unused_dependencies` is set to `warn` by default
[INFO] [stderr] help: consider removing the dependency on `benchmark-server`
[INFO] [stderr] warning: `fluxwright-cli` (manifest) generated 1 warning
[INFO] [stderr]     Finished `release` profile [optimized] target(s) in 0.28s
[INFO] [stderr]      Running unittests src/lib.rs (/opt/rustwide/target/release/build/benchmark-server/d83649a780272b38/out/benchmark_server-d83649a780272b38)
[INFO] [stdout] 
[INFO] [stderr]      Running unittests src/main.rs (/opt/rustwide/target/release/build/benchmark-server/057db2db119e372f/out/benchmark_server-057db2db119e372f)
[INFO] [stdout] running 0 tests
[INFO] [stdout] 
[INFO] [stdout] test result: ok. 0 passed; 0 failed; 0 ignored; 0 measured; 0 filtered out; finished in 0.00s
[INFO] [stdout] 
[INFO] [stdout] 
[INFO] [stdout] running 0 tests
[INFO] [stdout] 
[INFO] [stdout] test result: ok. 0 passed; 0 failed; 0 ignored; 0 measured; 0 filtered out; finished in 0.00s
[INFO] [stdout] 
[INFO] [stderr]      Running unittests src/lib.rs (/opt/rustwide/target/release/build/fluxwright/14ce74365349a025/out/fluxwright-14ce74365349a025)
[INFO] [stdout] 
[INFO] [stdout] running 0 tests
[INFO] [stdout] 
[INFO] [stdout] test result: ok. 0 passed; 0 failed; 0 ignored; 0 measured; 0 filtered out; finished in 0.00s
[INFO] [stdout] 
[INFO] [stderr]      Running tests/integration.rs (/opt/rustwide/target/release/build/fluxwright/72f176a1d71cebec/out/integration-72f176a1d71cebec)
[INFO] [stdout] 
[INFO] [stdout] running 30 tests
[INFO] [stdout] test emulation_and_permissions ... FAILED
[INFO] [stdout] test dialogs_do_not_block ... FAILED
[INFO] [stdout] test bounding_box_and_element_evaluate ... FAILED
[INFO] [stdout] test page_scripts_cannot_break_selectors ... FAILED
[INFO] [stdout] test page_actions ... FAILED
[INFO] [stdout] test cookie_set_in_one_job_not_visible_in_next ... FAILED
[INFO] [stdout] test lease_dropped_outside_runtime_frees_its_slot ... FAILED
[INFO] [stdout] test more_locators_and_chaining ... FAILED
[INFO] [stdout] test proxy_per_job ... FAILED
[INFO] [stdout] test logs_as_they_happen ... FAILED
[INFO] [stdout] test emulation_reaches_cross_site_iframes ... FAILED
[INFO] [stderr] 
[INFO] [stdout] test downloads ... FAILED
[INFO] [stderr] thread 'chrome_dies_with_engine' (3827) panicked at crates/fluxwright/tests/integration.rs:1174:40:
[INFO] [stdout] test actionability_edge_cases ... FAILED
[INFO] [stderr] called `Result::unwrap()` on an `Err` value: Cdp(ChromeNotFound)
[INFO] [stderr] stack backtrace:
[INFO] [stderr]    0:     0x5d18bee440b1 - <<std[617be2ca0a6fd877]::sys::backtrace::BacktraceLock>::print::DisplayBacktrace as core[a373ad73a504971]::fmt::Display>::fmt
[INFO] [stderr]    1:     0x5d18bee5c06a - core[a373ad73a504971]::fmt::write
[INFO] [stderr]    2:     0x5d18bee49d3c - <std[617be2ca0a6fd877]::sys::stdio::unix::Stderr as core[a373ad73a504971]::io::write::Write>::write_fmt
[INFO] [stderr]    3:     0x5d18bee1c116 - std[617be2ca0a6fd877]::panicking::default_hook::{closure#0}
[INFO] [stderr]    4:     0x5d18bee3a481 - std[617be2ca0a6fd877]::panicking::default_hook
[INFO] [stderr]    5:     0x5d18bee3a7ab - std[617be2ca0a6fd877]::panicking::panic_with_hook
[INFO] [stderr]    6:     0x5d18bee1c1c2 - std[617be2ca0a6fd877]::panicking::panic_handler::{closure#0}
[INFO] [stderr]    7:     0x5d18bee14aa9 - std[617be2ca0a6fd877]::sys::backtrace::__rust_end_short_backtrace::<std[617be2ca0a6fd877]::panicking::panic_handler::{closure#0}, !>
[INFO] [stderr]    8:     0x5d18bee1cfbd - __rustc[ea4f61d10b84890b]::rust_begin_unwind
[INFO] [stderr]    9:     0x5d18bee5c7cc - core[a373ad73a504971]::panicking::panic_fmt
[INFO] [stderr]   10:     0x5d18bee5c5a2 - core[a373ad73a504971]::result::unwrap_failed
[INFO] [stderr]   11:     0x5d18beb960de - integration[7de1ede6ce738086]::chrome_dies_with_engine::{closure#0}
[INFO] [stderr]   12:     0x5d18bec7d33a - <tokio[1203433bd33060fd]::runtime::park::CachedParkThread>::block_on::<core[a373ad73a504971]::pin::Pin<&mut dyn core[a373ad73a504971]::future::future::Future<Output = ()>>>
[INFO] [stderr]   13:     0x5d18bec2b010 - <tokio[1203433bd33060fd]::runtime::runtime::Runtime>::block_on::<core[a373ad73a504971]::pin::Pin<&mut dyn core[a373ad73a504971]::future::future::Future<Output = ()>>>
[INFO] [stderr]   14:     0x5d18bebcf3fe - <integration[7de1ede6ce738086]::chrome_dies_with_engine::{closure#0} as core[a373ad73a504971]::ops::function::FnOnce<()>>::call_once
[INFO] [stderr]   15:     0x5d18becc0adb - test[aada8e7e76ba119b]::__rust_begin_short_backtrace::<core[a373ad73a504971]::result::Result<(), alloc[2e1b2a31b91974c5]::string::String>, fn() -> core[a373ad73a504971]::result::Result<(), alloc[2e1b2a31b91974c5]::string::String>>
[INFO] [stderr]   16:     0x5d18beccdcb5 - test[aada8e7e76ba119b]::run_test::{closure#0}
[INFO] [stderr]   17:     0x5d18becc75a4 - std[617be2ca0a6fd877]::sys::backtrace::__rust_begin_short_backtrace::<test[aada8e7e76ba119b]::run_test::{closure#1}, ()>
[INFO] [stderr]   18:     0x5d18becd0d42 - <std[617be2ca0a6fd877]::thread::lifecycle::spawn_unchecked<test[aada8e7e76ba119b]::run_test::{closure#1}, ()>::{closure#1} as core[a373ad73a504971]::ops::function::FnOnce<()>>::call_once::{shim:vtable#0}
[INFO] [stderr]   19:     0x5d18bee42eef - <std[617be2ca0a6fd877]::sys::thread::unix::Thread>::new::thread_start
[INFO] [stderr]   20:     0x76352ccd5dfa - <unknown>
[INFO] [stderr]   21:     0x76352cd693d4 - clone
[INFO] [stderr]   22:                0x0 - <unknown>
[INFO] [stdout] test kill_browser_mid_job_retries ... FAILED
[INFO] [stdout] test recycle_by_job_count ... FAILED
[INFO] [stdout] test queue_full_error_mode ... FAILED
[INFO] [stdout] test blocking_covers_cross_origin_frames ... FAILED
[INFO] [stdout] test storage_state_round_trip ... FAILED
[INFO] [stdout] test selectors_and_frames ... FAILED
[INFO] [stdout] test chrome_dies_with_engine ... FAILED
[INFO] [stdout] test shutdown_with_leases_in_flight ... FAILED
[INFO] [stdout] test goto_wait_until ... FAILED
[INFO] [stdout] test element_screenshots ... FAILED
[INFO] [stdout] test console_messages_and_page_errors ... FAILED
[INFO] [stdout] test recycle_by_rss_threshold ... FAILED
[INFO] [stdout] test transformed_frames ... FAILED
[INFO] [stdout] test screenshot_larger_than_16_mib ... FAILED
[INFO] [stdout] test queue_full_wait_mode ... FAILED
[INFO] [stdout] test intercept_requests ... FAILED
[INFO] [stdout] test two_hundred_leases_five_browsers_no_deadlock ... FAILED
[INFO] [stdout] 
[INFO] [stdout] failures:
[INFO] [stdout] 
[INFO] [stdout] ---- emulation_and_permissions stdout ----
[INFO] [stdout] 
[INFO] [stdout] thread 'emulation_and_permissions' (3422) panicked at crates/fluxwright/tests/integration.rs:48:45:
[INFO] [stdout] called `Result::unwrap()` on an `Err` value: Cdp(ChromeNotFound)
[INFO] [stdout] stack backtrace:
[INFO] [stdout]    0:     0x5629a14880b1 - <<std[617be2ca0a6fd877]::sys::backtrace::BacktraceLock>::print::DisplayBacktrace as core[a373ad73a504971]::fmt::Display>::fmt
[INFO] [stdout]    1:     0x5629a14a006a - core[a373ad73a504971]::fmt::write
[INFO] [stdout]    2:     0x5629a148cf2c - <alloc[2e1b2a31b91974c5]::vec::Vec<u8> as core[a373ad73a504971]::io::write::Write>::write_fmt
[INFO] [stdout]    3:     0x5629a1460116 - std[617be2ca0a6fd877]::panicking::default_hook::{closure#0}
[INFO] [stdout]    4:     0x5629a147e4b9 - std[617be2ca0a6fd877]::panicking::default_hook
[INFO] [stdout]    5:     0x5629a1311690 - test[aada8e7e76ba119b]::test_main_inner::{closure#0}
[INFO] [stdout]    6:     0x5629a147e7e2 - std[617be2ca0a6fd877]::panicking::panic_with_hook
[INFO] [stdout]    7:     0x5629a14601c2 - std[617be2ca0a6fd877]::panicking::panic_handler::{closure#0}
[INFO] [stdout]    8:     0x5629a1458aa9 - std[617be2ca0a6fd877]::sys::backtrace::__rust_end_short_backtrace::<std[617be2ca0a6fd877]::panicking::panic_handler::{closure#0}, !>
[INFO] [stdout]    9:     0x5629a1460fbd - __rustc[ea4f61d10b84890b]::rust_begin_unwind
[INFO] [stdout]   10:     0x5629a14a07cc - core[a373ad73a504971]::panicking::panic_fmt
[INFO] [stdout]   11:     0x5629a14a05a2 - core[a373ad73a504971]::result::unwrap_failed
[INFO] [stdout]   12:     0x5629a11e1dc7 - integration[7de1ede6ce738086]::emulation_and_permissions::{closure#0}
[INFO] [stdout]   13:     0x5629a12c133a - <tokio[1203433bd33060fd]::runtime::park::CachedParkThread>::block_on::<core[a373ad73a504971]::pin::Pin<&mut dyn core[a373ad73a504971]::future::future::Future<Output = ()>>>
[INFO] [stdout]   14:     0x5629a126f010 - <tokio[1203433bd33060fd]::runtime::runtime::Runtime>::block_on::<core[a373ad73a504971]::pin::Pin<&mut dyn core[a373ad73a504971]::future::future::Future<Output = ()>>>
[INFO] [stdout]   15:     0x5629a121397e - <integration[7de1ede6ce738086]::emulation_and_permissions::{closure#0} as core[a373ad73a504971]::ops::function::FnOnce<()>>::call_once
[INFO] [stdout]   16:     0x5629a1304adb - test[aada8e7e76ba119b]::__rust_begin_short_backtrace::<core[a373ad73a504971]::result::Result<(), alloc[2e1b2a31b91974c5]::string::String>, fn() -> core[a373ad73a504971]::result::Result<(), alloc[2e1b2a31b91974c5]::string::String>>
[INFO] [stdout]   17:     0x5629a1311cb5 - test[aada8e7e76ba119b]::run_test::{closure#0}
[INFO] [stdout]   18:     0x5629a130b5a4 - std[617be2ca0a6fd877]::sys::backtrace::__rust_begin_short_backtrace::<test[aada8e7e76ba119b]::run_test::{closure#1}, ()>
[INFO] [stdout]   19:     0x5629a1314d42 - <std[617be2ca0a6fd877]::thread::lifecycle::spawn_unchecked<test[aada8e7e76ba119b]::run_test::{closure#1}, ()>::{closure#1} as core[a373ad73a504971]::ops::function::FnOnce<()>>::call_once::{shim:vtable#0}
[INFO] [stdout]   20:     0x5629a1486eef - <std[617be2ca0a6fd877]::sys::thread::unix::Thread>::new::thread_start
[INFO] [stdout]   21:     0x71c6a7e44dfa - <unknown>
[INFO] [stdout]   22:     0x71c6a7ed83d4 - clone
[INFO] [stdout]   23:                0x0 - <unknown>
[INFO] [stdout] 
[INFO] [stdout] ---- dialogs_do_not_block stdout ----
[INFO] [stdout] 
[INFO] [stdout] thread 'dialogs_do_not_block' (3419) panicked at crates/fluxwright/tests/integration.rs:957:36:
[INFO] [stdout] called `Result::unwrap()` on an `Err` value: Cdp(ChromeNotFound)
[INFO] [stdout] stack backtrace:
[INFO] [stdout]    0:     0x5629a14880b1 - <<std[617be2ca0a6fd877]::sys::backtrace::BacktraceLock>::print::DisplayBacktrace as core[a373ad73a504971]::fmt::Display>::fmt
[INFO] [stdout]    1:     0x5629a14a006a - core[a373ad73a504971]::fmt::write
[INFO] [stdout]    2:     0x5629a148cf2c - <alloc[2e1b2a31b91974c5]::vec::Vec<u8> as core[a373ad73a504971]::io::write::Write>::write_fmt
[INFO] [stdout]    3:     0x5629a1460116 - std[617be2ca0a6fd877]::panicking::default_hook::{closure#0}
[INFO] [stdout]    4:     0x5629a147e4b9 - std[617be2ca0a6fd877]::panicking::default_hook
[INFO] [stdout]    5:     0x5629a1311690 - test[aada8e7e76ba119b]::test_main_inner::{closure#0}
[INFO] [stdout]    6:     0x5629a147e7e2 - std[617be2ca0a6fd877]::panicking::panic_with_hook
[INFO] [stdout]    7:     0x5629a14601c2 - std[617be2ca0a6fd877]::panicking::panic_handler::{closure#0}
[INFO] [stdout]    8:     0x5629a1458aa9 - std[617be2ca0a6fd877]::sys::backtrace::__rust_end_short_backtrace::<std[617be2ca0a6fd877]::panicking::panic_handler::{closure#0}, !>
[INFO] [stdout]    9:     0x5629a1460fbd - __rustc[ea4f61d10b84890b]::rust_begin_unwind
[INFO] [stdout]   10:     0x5629a14a07cc - core[a373ad73a504971]::panicking::panic_fmt
[INFO] [stdout]   11:     0x5629a14a05a2 - core[a373ad73a504971]::result::unwrap_failed
[INFO] [stdout]   12:     0x5629a11d20fe - integration[7de1ede6ce738086]::dialogs_do_not_block::{closure#0}
[INFO] [stdout]   13:     0x5629a12c133a - <tokio[1203433bd33060fd]::runtime::park::CachedParkThread>::block_on::<core[a373ad73a504971]::pin::Pin<&mut dyn core[a373ad73a504971]::future::future::Future<Output = ()>>>
[INFO] [stdout]   14:     0x5629a126f010 - <tokio[1203433bd33060fd]::runtime::runtime::Runtime>::block_on::<core[a373ad73a504971]::pin::Pin<&mut dyn core[a373ad73a504971]::future::future::Future<Output = ()>>>
[INFO] [stdout]   15:     0x5629a1212d1e - <integration[7de1ede6ce738086]::dialogs_do_not_block::{closure#0} as core[a373ad73a504971]::ops::function::FnOnce<()>>::call_once
[INFO] [stdout]   16:     0x5629a1304adb - test[aada8e7e76ba119b]::__rust_begin_short_backtrace::<core[a373ad73a504971]::result::Result<(), alloc[2e1b2a31b91974c5]::string::String>, fn() -> core[a373ad73a504971]::result::Result<(), alloc[2e1b2a31b91974c5]::string::String>>
[INFO] [stdout]   17:     0x5629a1311cb5 - test[aada8e7e76ba119b]::run_test::{closure#0}
[INFO] [stdout]   18:     0x5629a130b5a4 - std[617be2ca0a6fd877]::sys::backtrace::__rust_begin_short_backtrace::<test[aada8e7e76ba119b]::run_test::{closure#1}, ()>
[INFO] [stdout]   19:     0x5629a1314d42 - <std[617be2ca0a6fd877]::thread::lifecycle::spawn_unchecked<test[aada8e7e76ba119b]::run_test::{closure#1}, ()>::{closure#1} as core[a373ad73a504971]::ops::function::FnOnce<()>>::call_once::{shim:vtable#0}
[INFO] [stdout]   20:     0x5629a1486eef - <std[617be2ca0a6fd877]::sys::thread::unix::Thread>::new::thread_start
[INFO] [stdout]   21:     0x71c6a7e44dfa - <unknown>
[INFO] [stdout]   22:     0x71c6a7ed83d4 - clone
[INFO] [stdout]   23:                0x0 - <unknown>
[INFO] [stdout] 
[INFO] [stdout] ---- bounding_box_and_element_evaluate stdout ----
[INFO] [stdout] 
[INFO] [stdout] thread 'bounding_box_and_element_evaluate' (3415) panicked at crates/fluxwright/tests/integration.rs:215:81:
[INFO] [stdout] called `Result::unwrap()` on an `Err` value: Cdp(ChromeNotFound)
[INFO] [stdout] stack backtrace:
[INFO] [stdout]    0:     0x5629a14880b1 - <<std[617be2ca0a6fd877]::sys::backtrace::BacktraceLock>::print::DisplayBacktrace as core[a373ad73a504971]::fmt::Display>::fmt
[INFO] [stdout]    1:     0x5629a14a006a - core[a373ad73a504971]::fmt::write
[INFO] [stdout]    2:     0x5629a148cf2c - <alloc[2e1b2a31b91974c5]::vec::Vec<u8> as core[a373ad73a504971]::io::write::Write>::write_fmt
[INFO] [stdout]    3:     0x5629a1460116 - std[617be2ca0a6fd877]::panicking::default_hook::{closure#0}
[INFO] [stdout]    4:     0x5629a147e4b9 - std[617be2ca0a6fd877]::panicking::default_hook
[INFO] [stdout]    5:     0x5629a1311690 - test[aada8e7e76ba119b]::test_main_inner::{closure#0}
[INFO] [stdout]    6:     0x5629a147e7e2 - std[617be2ca0a6fd877]::panicking::panic_with_hook
[INFO] [stdout]    7:     0x5629a14601c2 - std[617be2ca0a6fd877]::panicking::panic_handler::{closure#0}
[INFO] [stdout]    8:     0x5629a1458aa9 - std[617be2ca0a6fd877]::sys::backtrace::__rust_end_short_backtrace::<std[617be2ca0a6fd877]::panicking::panic_handler::{closure#0}, !>
[INFO] [stdout]    9:     0x5629a1460fbd - __rustc[ea4f61d10b84890b]::rust_begin_unwind
[INFO] [stdout]   10:     0x5629a14a07cc - core[a373ad73a504971]::panicking::panic_fmt
[INFO] [stdout]   11:     0x5629a14a05a2 - core[a373ad73a504971]::result::unwrap_failed
[INFO] [stdout]   12:     0x5629a11eae97 - integration[7de1ede6ce738086]::bounding_box_and_element_evaluate::{closure#0}
[INFO] [stdout]   13:     0x5629a12c133a - <tokio[1203433bd33060fd]::runtime::park::CachedParkThread>::block_on::<core[a373ad73a504971]::pin::Pin<&mut dyn core[a373ad73a504971]::future::future::Future<Output = ()>>>
[INFO] [stdout]   14:     0x5629a126f010 - <tokio[1203433bd33060fd]::runtime::runtime::Runtime>::block_on::<core[a373ad73a504971]::pin::Pin<&mut dyn core[a373ad73a504971]::future::future::Future<Output = ()>>>
[INFO] [stdout]   15:     0x5629a12141be - <integration[7de1ede6ce738086]::bounding_box_and_element_evaluate::{closure#0} as core[a373ad73a504971]::ops::function::FnOnce<()>>::call_once
[INFO] [stdout]   16:     0x5629a1304adb - test[aada8e7e76ba119b]::__rust_begin_short_backtrace::<core[a373ad73a504971]::result::Result<(), alloc[2e1b2a31b91974c5]::string::String>, fn() -> core[a373ad73a504971]::result::Result<(), alloc[2e1b2a31b91974c5]::string::String>>
[INFO] [stdout]   17:     0x5629a1311cb5 - test[aada8e7e76ba119b]::run_test::{closure#0}
[INFO] [stdout]   18:     0x5629a130b5a4 - std[617be2ca0a6fd877]::sys::backtrace::__rust_begin_short_backtrace::<test[aada8e7e76ba119b]::run_test::{closure#1}, ()>
[INFO] [stdout]   19:     0x5629a1314d42 - <std[617be2ca0a6fd877]::thread::lifecycle::spawn_unchecked<test[aada8e7e76ba119b]::run_test::{closure#1}, ()>::{closure#1} as core[a373ad73a504971]::ops::function::FnOnce<()>>::call_once::{shim:vtable#0}
[INFO] [stdout]   20:     0x5629a1486eef - <std[617be2ca0a6fd877]::sys::thread::unix::Thread>::new::thread_start
[INFO] [stdout]   21:     0x71c6a7e44dfa - <unknown>
[INFO] [stdout]   22:     0x71c6a7ed83d4 - clone
[INFO] [stdout]   23:                0x0 - <unknown>
[INFO] [stdout] 
[INFO] [stdout] ---- page_scripts_cannot_break_selectors stdout ----
[INFO] [stdout] 
[INFO] [stdout] thread 'page_scripts_cannot_break_selectors' (3627) panicked at crates/fluxwright/tests/integration.rs:986:36:
[INFO] [stdout] called `Result::unwrap()` on an `Err` value: Cdp(ChromeNotFound)
[INFO] [stdout] stack backtrace:
[INFO] [stdout]    0:     0x5629a14880b1 - <<std[617be2ca0a6fd877]::sys::backtrace::BacktraceLock>::print::DisplayBacktrace as core[a373ad73a504971]::fmt::Display>::fmt
[INFO] [stdout]    1:     0x5629a14a006a - core[a373ad73a504971]::fmt::write
[INFO] [stdout]    2:     0x5629a148cf2c - <alloc[2e1b2a31b91974c5]::vec::Vec<u8> as core[a373ad73a504971]::io::write::Write>::write_fmt
[INFO] [stdout]    3:     0x5629a1460116 - std[617be2ca0a6fd877]::panicking::default_hook::{closure#0}
[INFO] [stdout]    4:     0x5629a147e4b9 - std[617be2ca0a6fd877]::panicking::default_hook
[INFO] [stdout]    5:     0x5629a1311690 - test[aada8e7e76ba119b]::test_main_inner::{closure#0}
[INFO] [stdout]    6:     0x5629a147e7e2 - std[617be2ca0a6fd877]::panicking::panic_with_hook
[INFO] [stdout]    7:     0x5629a14601c2 - std[617be2ca0a6fd877]::panicking::panic_handler::{closure#0}
[INFO] [stdout]    8:     0x5629a1458aa9 - std[617be2ca0a6fd877]::sys::backtrace::__rust_end_short_backtrace::<std[617be2ca0a6fd877]::panicking::panic_handler::{closure#0}, !>
[INFO] [stdout]    9:     0x5629a1460fbd - __rustc[ea4f61d10b84890b]::rust_begin_unwind
[INFO] [stdout]   10:     0x5629a14a07cc - core[a373ad73a504971]::panicking::panic_fmt
[INFO] [stdout]   11:     0x5629a14a05a2 - core[a373ad73a504971]::result::unwrap_failed
[INFO] [stdout]   12:     0x5629a11ed54b - integration[7de1ede6ce738086]::page_scripts_cannot_break_selectors::{closure#0}
[INFO] [stdout]   13:     0x5629a12c133a - <tokio[1203433bd33060fd]::runtime::park::CachedParkThread>::block_on::<core[a373ad73a504971]::pin::Pin<&mut dyn core[a373ad73a504971]::future::future::Future<Output = ()>>>
[INFO] [stdout]   14:     0x5629a126f010 - <tokio[1203433bd33060fd]::runtime::runtime::Runtime>::block_on::<core[a373ad73a504971]::pin::Pin<&mut dyn core[a373ad73a504971]::future::future::Future<Output = ()>>>
[INFO] [stdout]   15:     0x5629a121447e - <integration[7de1ede6ce738086]::page_scripts_cannot_break_selectors::{closure#0} as core[a373ad73a504971]::ops::function::FnOnce<()>>::call_once
[INFO] [stdout]   16:     0x5629a1304adb - test[aada8e7e76ba119b]::__rust_begin_short_backtrace::<core[a373ad73a504971]::result::Result<(), alloc[2e1b2a31b91974c5]::string::String>, fn() -> core[a373ad73a504971]::result::Result<(), alloc[2e1b2a31b91974c5]::string::String>>
[INFO] [stdout]   17:     0x5629a1311cb5 - test[aada8e7e76ba119b]::run_test::{closure#0}
[INFO] [stdout]   18:     0x5629a130b5a4 - std[617be2ca0a6fd877]::sys::backtrace::__rust_begin_short_backtrace::<test[aada8e7e76ba119b]::run_test::{closure#1}, ()>
[INFO] [stdout]   19:     0x5629a1314d42 - <std[617be2ca0a6fd877]::thread::lifecycle::spawn_unchecked<test[aada8e7e76ba119b]::run_test::{closure#1}, ()>::{closure#1} as core[a373ad73a504971]::ops::function::FnOnce<()>>::call_once::{shim:vtable#0}
[INFO] [stdout]   20:     0x5629a1486eef - <std[617be2ca0a6fd877]::sys::thread::unix::Thread>::new::thread_start
[INFO] [stdout]   21:     0x71c6a7e44dfa - <unknown>
[INFO] [stdout]   22:     0x71c6a7ed83d4 - clone
[INFO] [stdout]   23:                0x0 - <unknown>
[INFO] [stdout] 
[INFO] [stdout] ---- page_actions stdout ----
[INFO] [stdout] 
[INFO] [stdout] thread 'page_actions' (3588) panicked at crates/fluxwright/tests/integration.rs:693:36:
[INFO] [stdout] called `Result::unwrap()` on an `Err` value: Cdp(ChromeNotFound)
[INFO] [stdout] stack backtrace:
[INFO] [stdout]    0:     0x5629a14880b1 - <<std[617be2ca0a6fd877]::sys::backtrace::BacktraceLock>::print::DisplayBacktrace as core[a373ad73a504971]::fmt::Display>::fmt
[INFO] [stdout]    1:     0x5629a14a006a - core[a373ad73a504971]::fmt::write
[INFO] [stdout]    2:     0x5629a148cf2c - <alloc[2e1b2a31b91974c5]::vec::Vec<u8> as core[a373ad73a504971]::io::write::Write>::write_fmt
[INFO] [stdout]    3:     0x5629a1460116 - std[617be2ca0a6fd877]::panicking::default_hook::{closure#0}
[INFO] [stdout]    4:     0x5629a147e4b9 - std[617be2ca0a6fd877]::panicking::default_hook
[INFO] [stdout]    5:     0x5629a1311690 - test[aada8e7e76ba119b]::test_main_inner::{closure#0}
[INFO] [stdout]    6:     0x5629a147e7e2 - std[617be2ca0a6fd877]::panicking::panic_with_hook
[INFO] [stdout]    7:     0x5629a14601c2 - std[617be2ca0a6fd877]::panicking::panic_handler::{closure#0}
[INFO] [stdout]    8:     0x5629a1458aa9 - std[617be2ca0a6fd877]::sys::backtrace::__rust_end_short_backtrace::<std[617be2ca0a6fd877]::panicking::panic_handler::{closure#0}, !>
[INFO] [stdout]    9:     0x5629a1460fbd - __rustc[ea4f61d10b84890b]::rust_begin_unwind
[INFO] [stdout]   10:     0x5629a14a07cc - core[a373ad73a504971]::panicking::panic_fmt
[INFO] [stdout]   11:     0x5629a14a05a2 - core[a373ad73a504971]::result::unwrap_failed
[INFO] [stdout]   12:     0x5629a11c70fd - integration[7de1ede6ce738086]::page_actions::{closure#0}
[INFO] [stdout]   13:     0x5629a12c133a - <tokio[1203433bd33060fd]::runtime::park::CachedParkThread>::block_on::<core[a373ad73a504971]::pin::Pin<&mut dyn core[a373ad73a504971]::future::future::Future<Output = ()>>>
[INFO] [stdout]   14:     0x5629a126f010 - <tokio[1203433bd33060fd]::runtime::runtime::Runtime>::block_on::<core[a373ad73a504971]::pin::Pin<&mut dyn core[a373ad73a504971]::future::future::Future<Output = ()>>>
[INFO] [stdout]   15:     0x5629a121237e - <integration[7de1ede6ce738086]::page_actions::{closure#0} as core[a373ad73a504971]::ops::function::FnOnce<()>>::call_once
[INFO] [stdout]   16:     0x5629a1304adb - test[aada8e7e76ba119b]::__rust_begin_short_backtrace::<core[a373ad73a504971]::result::Result<(), alloc[2e1b2a31b91974c5]::string::String>, fn() -> core[a373ad73a504971]::result::Result<(), alloc[2e1b2a31b91974c5]::string::String>>
[INFO] [stdout]   17:     0x5629a1311cb5 - test[aada8e7e76ba119b]::run_test::{closure#0}
[INFO] [stdout]   18:     0x5629a130b5a4 - std[617be2ca0a6fd877]::sys::backtrace::__rust_begin_short_backtrace::<test[aada8e7e76ba119b]::run_test::{closure#1}, ()>
[INFO] [stdout]   19:     0x5629a1314d42 - <std[617be2ca0a6fd877]::thread::lifecycle::spawn_unchecked<test[aada8e7e76ba119b]::run_test::{closure#1}, ()>::{closure#1} as core[a373ad73a504971]::ops::function::FnOnce<()>>::call_once::{shim:vtable#0}
[INFO] [stdout]   20:     0x5629a1486eef - <std[617be2ca0a6fd877]::sys::thread::unix::Thread>::new::thread_start
[INFO] [stdout]   21:     0x71c6a7e44dfa - <unknown>
[INFO] [stdout]   22:     0x71c6a7ed83d4 - clone
[INFO] [stdout]   23:                0x0 - <unknown>
[INFO] [stdout] 
[INFO] [stdout] ---- cookie_set_in_one_job_not_visible_in_next stdout ----
[INFO] [stdout] 
[INFO] [stdout] thread 'cookie_set_in_one_job_not_visible_in_next' (3418) panicked at crates/fluxwright/tests/integration.rs:476:6:
[INFO] [stdout] called `Result::unwrap()` on an `Err` value: Cdp(ChromeNotFound)
[INFO] [stdout] stack backtrace:
[INFO] [stdout]    0:     0x5629a14880b1 - <<std[617be2ca0a6fd877]::sys::backtrace::BacktraceLock>::print::DisplayBacktrace as core[a373ad73a504971]::fmt::Display>::fmt
[INFO] [stdout]    1:     0x5629a14a006a - core[a373ad73a504971]::fmt::write
[INFO] [stdout]    2:     0x5629a148cf2c - <alloc[2e1b2a31b91974c5]::vec::Vec<u8> as core[a373ad73a504971]::io::write::Write>::write_fmt
[INFO] [stdout]    3:     0x5629a1460116 - std[617be2ca0a6fd877]::panicking::default_hook::{closure#0}
[INFO] [stdout]    4:     0x5629a147e4b9 - std[617be2ca0a6fd877]::panicking::default_hook
[INFO] [stdout]    5:     0x5629a1311690 - test[aada8e7e76ba119b]::test_main_inner::{closure#0}
[INFO] [stdout]    6:     0x5629a147e7e2 - std[617be2ca0a6fd877]::panicking::panic_with_hook
[INFO] [stdout]    7:     0x5629a14601c2 - std[617be2ca0a6fd877]::panicking::panic_handler::{closure#0}
[INFO] [stdout]    8:     0x5629a1458aa9 - std[617be2ca0a6fd877]::sys::backtrace::__rust_end_short_backtrace::<std[617be2ca0a6fd877]::panicking::panic_handler::{closure#0}, !>
[INFO] [stdout]    9:     0x5629a1460fbd - __rustc[ea4f61d10b84890b]::rust_begin_unwind
[INFO] [stdout]   10:     0x5629a14a07cc - core[a373ad73a504971]::panicking::panic_fmt
[INFO] [stdout]   11:     0x5629a14a05a2 - core[a373ad73a504971]::result::unwrap_failed
[INFO] [stdout]   12:     0x5629a11efd02 - integration[7de1ede6ce738086]::cookie_set_in_one_job_not_visible_in_next::{closure#0}
[INFO] [stdout]   13:     0x5629a12c133a - <tokio[1203433bd33060fd]::runtime::park::CachedParkThread>::block_on::<core[a373ad73a504971]::pin::Pin<&mut dyn core[a373ad73a504971]::future::future::Future<Output = ()>>>
[INFO] [stdout]   14:     0x5629a126f010 - <tokio[1203433bd33060fd]::runtime::runtime::Runtime>::block_on::<core[a373ad73a504971]::pin::Pin<&mut dyn core[a373ad73a504971]::future::future::Future<Output = ()>>>
[INFO] [stdout]   15:     0x5629a1214752 - <integration[7de1ede6ce738086]::cookie_set_in_one_job_not_visible_in_next::{closure#0} as core[a373ad73a504971]::ops::function::FnOnce<()>>::call_once
[INFO] [stdout]   16:     0x5629a1304adb - test[aada8e7e76ba119b]::__rust_begin_short_backtrace::<core[a373ad73a504971]::result::Result<(), alloc[2e1b2a31b91974c5]::string::String>, fn() -> core[a373ad73a504971]::result::Result<(), alloc[2e1b2a31b91974c5]::string::String>>
[INFO] [stdout]   17:     0x5629a1311cb5 - test[aada8e7e76ba119b]::run_test::{closure#0}
[INFO] [stdout]   18:     0x5629a130b5a4 - std[617be2ca0a6fd877]::sys::backtrace::__rust_begin_short_backtrace::<test[aada8e7e76ba119b]::run_test::{closure#1}, ()>
[INFO] [stdout]   19:     0x5629a1314d42 - <std[617be2ca0a6fd877]::thread::lifecycle::spawn_unchecked<test[aada8e7e76ba119b]::run_test::{closure#1}, ()>::{closure#1} as core[a373ad73a504971]::ops::function::FnOnce<()>>::call_once::{shim:vtable#0}
[INFO] [stdout]   20:     0x5629a1486eef - <std[617be2ca0a6fd877]::sys::thread::unix::Thread>::new::thread_start
[INFO] [stdout]   21:     0x71c6a7e44dfa - <unknown>
[INFO] [stdout]   22:     0x71c6a7ed83d4 - clone
[INFO] [stdout]   23:                0x0 - <unknown>
[INFO] [stdout] 
[INFO] [stdout] ---- lease_dropped_outside_runtime_frees_its_slot stdout ----
[INFO] [stdout] 
[INFO] [stdout] thread 'lease_dropped_outside_runtime_frees_its_slot' (3461) panicked at crates/fluxwright/tests/integration.rs:448:44:
[INFO] [stdout] first lease: Cdp(ChromeNotFound)
[INFO] [stdout] stack backtrace:
[INFO] [stdout]    0:     0x5629a14880b1 - <<std[617be2ca0a6fd877]::sys::backtrace::BacktraceLock>::print::DisplayBacktrace as core[a373ad73a504971]::fmt::Display>::fmt
[INFO] [stdout]    1:     0x5629a14a006a - core[a373ad73a504971]::fmt::write
[INFO] [stdout]    2:     0x5629a148cf2c - <alloc[2e1b2a31b91974c5]::vec::Vec<u8> as core[a373ad73a504971]::io::write::Write>::write_fmt
[INFO] [stdout]    3:     0x5629a1460116 - std[617be2ca0a6fd877]::panicking::default_hook::{closure#0}
[INFO] [stdout]    4:     0x5629a147e4b9 - std[617be2ca0a6fd877]::panicking::default_hook
[INFO] [stdout]    5:     0x5629a1311690 - test[aada8e7e76ba119b]::test_main_inner::{closure#0}
[INFO] [stdout]    6:     0x5629a147e7e2 - std[617be2ca0a6fd877]::panicking::panic_with_hook
[INFO] [stdout]    7:     0x5629a14601c2 - std[617be2ca0a6fd877]::panicking::panic_handler::{closure#0}
[INFO] [stdout]    8:     0x5629a1458aa9 - std[617be2ca0a6fd877]::sys::backtrace::__rust_end_short_backtrace::<std[617be2ca0a6fd877]::panicking::panic_handler::{closure#0}, !>
[INFO] [stdout]    9:     0x5629a1460fbd - __rustc[ea4f61d10b84890b]::rust_begin_unwind
[INFO] [stdout]   10:     0x5629a14a07cc - core[a373ad73a504971]::panicking::panic_fmt
[INFO] [stdout]   11:     0x5629a14a05a2 - core[a373ad73a504971]::result::unwrap_failed
[INFO] [stdout]   12:     0x5629a1214b64 - <integration[7de1ede6ce738086]::lease_dropped_outside_runtime_frees_its_slot::{closure#0} as core[a373ad73a504971]::ops::function::FnOnce<()>>::call_once
[INFO] [stdout]   13:     0x5629a1304adb - test[aada8e7e76ba119b]::__rust_begin_short_backtrace::<core[a373ad73a504971]::result::Result<(), alloc[2e1b2a31b91974c5]::string::String>, fn() -> core[a373ad73a504971]::result::Result<(), alloc[2e1b2a31b91974c5]::string::String>>
[INFO] [stdout]   14:     0x5629a1311cb5 - test[aada8e7e76ba119b]::run_test::{closure#0}
[INFO] [stdout]   15:     0x5629a130b5a4 - std[617be2ca0a6fd877]::sys::backtrace::__rust_begin_short_backtrace::<test[aada8e7e76ba119b]::run_test::{closure#1}, ()>
[INFO] [stdout]   16:     0x5629a1314d42 - <std[617be2ca0a6fd877]::thread::lifecycle::spawn_unchecked<test[aada8e7e76ba119b]::run_test::{closure#1}, ()>::{closure#1} as core[a373ad73a504971]::ops::function::FnOnce<()>>::call_once::{shim:vtable#0}
[INFO] [stdout]   17:     0x5629a1486eef - <std[617be2ca0a6fd877]::sys::thread::unix::Thread>::new::thread_start
[INFO] [stdout]   18:     0x71c6a7e44dfa - <unknown>
[INFO] [stdout]   19:     0x71c6a7ed83d4 - clone
[INFO] [stdout]   20:                0x0 - <unknown>
[INFO] [stdout] 
[INFO] [stdout] ---- more_locators_and_chaining stdout ----
[INFO] [stdout] 
[INFO] [stdout] thread 'more_locators_and_chaining' (3544) panicked at crates/fluxwright/tests/integration.rs:122:36:
[INFO] [stdout] called `Result::unwrap()` on an `Err` value: Cdp(ChromeNotFound)
[INFO] [stdout] stack backtrace:
[INFO] [stdout]    0:     0x5629a14880b1 - <<std[617be2ca0a6fd877]::sys::backtrace::BacktraceLock>::print::DisplayBacktrace as core[a373ad73a504971]::fmt::Display>::fmt
[INFO] [stdout]    1:     0x5629a14a006a - core[a373ad73a504971]::fmt::write
[INFO] [stdout]    2:     0x5629a148cf2c - <alloc[2e1b2a31b91974c5]::vec::Vec<u8> as core[a373ad73a504971]::io::write::Write>::write_fmt
[INFO] [stdout]    3:     0x5629a1460116 - std[617be2ca0a6fd877]::panicking::default_hook::{closure#0}
[INFO] [stdout]    4:     0x5629a147e4b9 - std[617be2ca0a6fd877]::panicking::default_hook
[INFO] [stdout]    5:     0x5629a1311690 - test[aada8e7e76ba119b]::test_main_inner::{closure#0}
[INFO] [stdout]    6:     0x5629a147e7e2 - std[617be2ca0a6fd877]::panicking::panic_with_hook
[INFO] [stdout]    7:     0x5629a14601c2 - std[617be2ca0a6fd877]::panicking::panic_handler::{closure#0}
[INFO] [stdout]    8:     0x5629a1458aa9 - std[617be2ca0a6fd877]::sys::backtrace::__rust_end_short_backtrace::<std[617be2ca0a6fd877]::panicking::panic_handler::{closure#0}, !>
[INFO] [stdout]    9:     0x5629a1460fbd - __rustc[ea4f61d10b84890b]::rust_begin_unwind
[INFO] [stdout]   10:     0x5629a14a07cc - core[a373ad73a504971]::panicking::panic_fmt
[INFO] [stdout]   11:     0x5629a14a05a2 - core[a373ad73a504971]::result::unwrap_failed
[INFO] [stdout]   12:     0x5629a11e45b2 - integration[7de1ede6ce738086]::more_locators_and_chaining::{closure#0}
[INFO] [stdout]   13:     0x5629a12c133a - <tokio[1203433bd33060fd]::runtime::park::CachedParkThread>::block_on::<core[a373ad73a504971]::pin::Pin<&mut dyn core[a373ad73a504971]::future::future::Future<Output = ()>>>
[INFO] [stdout]   14:     0x5629a126f010 - <tokio[1203433bd33060fd]::runtime::runtime::Runtime>::block_on::<core[a373ad73a504971]::pin::Pin<&mut dyn core[a373ad73a504971]::future::future::Future<Output = ()>>>
[INFO] [stdout]   15:     0x5629a1213ade - <integration[7de1ede6ce738086]::more_locators_and_chaining::{closure#0} as core[a373ad73a504971]::ops::function::FnOnce<()>>::call_once
[INFO] [stdout]   16:     0x5629a1304adb - test[aada8e7e76ba119b]::__rust_begin_short_backtrace::<core[a373ad73a504971]::result::Result<(), alloc[2e1b2a31b91974c5]::string::String>, fn() -> core[a373ad73a504971]::result::Result<(), alloc[2e1b2a31b91974c5]::string::String>>
[INFO] [stdout]   17:     0x5629a1311cb5 - test[aada8e7e76ba119b]::run_test::{closure#0}
[INFO] [stdout]   18:     0x5629a130b5a4 - std[617be2ca0a6fd877]::sys::backtrace::__rust_begin_short_backtrace::<test[aada8e7e76ba119b]::run_test::{closure#1}, ()>
[INFO] [stdout]   19:     0x5629a1314d42 - <std[617be2ca0a6fd877]::thread::lifecycle::spawn_unchecked<test[aada8e7e76ba119b]::run_test::{closure#1}, ()>::{closure#1} as core[a373ad73a504971]::ops::function::FnOnce<()>>::call_once::{shim:vtable#0}
[INFO] [stdout]   20:     0x5629a1486eef - <std[617be2ca0a6fd877]::sys::thread::unix::Thread>::new::thread_start
[INFO] [stdout]   21:     0x71c6a7e44dfa - <unknown>
[INFO] [stdout]   22:     0x71c6a7ed83d4 - clone
[INFO] [stdout]   23:                0x0 - <unknown>
[INFO] [stdout] 
[INFO] [stdout] ---- proxy_per_job stdout ----
[INFO] [stdout] 
[INFO] [stdout] thread 'proxy_per_job' (3670) panicked at crates/fluxwright/tests/integration.rs:1060:34:
[INFO] [stdout] called `Result::unwrap()` on an `Err` value: Cdp(ChromeNotFound)
[INFO] [stdout] stack backtrace:
[INFO] [stdout]    0:     0x5629a14880b1 - <<std[617be2ca0a6fd877]::sys::backtrace::BacktraceLock>::print::DisplayBacktrace as core[a373ad73a504971]::fmt::Display>::fmt
[INFO] [stdout]    1:     0x5629a14a006a - core[a373ad73a504971]::fmt::write
[INFO] [stdout]    2:     0x5629a148cf2c - <alloc[2e1b2a31b91974c5]::vec::Vec<u8> as core[a373ad73a504971]::io::write::Write>::write_fmt
[INFO] [stdout]    3:     0x5629a1460116 - std[617be2ca0a6fd877]::panicking::default_hook::{closure#0}
[INFO] [stdout]    4:     0x5629a147e4b9 - std[617be2ca0a6fd877]::panicking::default_hook
[INFO] [stdout]    5:     0x5629a1311690 - test[aada8e7e76ba119b]::test_main_inner::{closure#0}
[INFO] [stdout]    6:     0x5629a147e7e2 - std[617be2ca0a6fd877]::panicking::panic_with_hook
[INFO] [stdout]    7:     0x5629a14601c2 - std[617be2ca0a6fd877]::panicking::panic_handler::{closure#0}
[INFO] [stdout]    8:     0x5629a1458aa9 - std[617be2ca0a6fd877]::sys::backtrace::__rust_end_short_backtrace::<std[617be2ca0a6fd877]::panicking::panic_handler::{closure#0}, !>
[INFO] [stdout]    9:     0x5629a1460fbd - __rustc[ea4f61d10b84890b]::rust_begin_unwind
[INFO] [stdout]   10:     0x5629a14a07cc - core[a373ad73a504971]::panicking::panic_fmt
[INFO] [stdout]   11:     0x5629a14a05a2 - core[a373ad73a504971]::result::unwrap_failed
[INFO] [stdout]   12:     0x5629a11c9723 - integration[7de1ede6ce738086]::proxy_per_job::{closure#0}
[INFO] [stdout]   13:     0x5629a12c133a - <tokio[1203433bd33060fd]::runtime::park::CachedParkThread>::block_on::<core[a373ad73a504971]::pin::Pin<&mut dyn core[a373ad73a504971]::future::future::Future<Output = ()>>>
[INFO] [stdout]   14:     0x5629a126f010 - <tokio[1203433bd33060fd]::runtime::runtime::Runtime>::block_on::<core[a373ad73a504971]::pin::Pin<&mut dyn core[a373ad73a504971]::future::future::Future<Output = ()>>>
[INFO] [stdout]   15:     0x5629a12124de - <integration[7de1ede6ce738086]::proxy_per_job::{closure#0} as core[a373ad73a504971]::ops::function::FnOnce<()>>::call_once
[INFO] [stdout]   16:     0x5629a1304adb - test[aada8e7e76ba119b]::__rust_begin_short_backtrace::<core[a373ad73a504971]::result::Result<(), alloc[2e1b2a31b91974c5]::string::String>, fn() -> core[a373ad73a504971]::result::Result<(), alloc[2e1b2a31b91974c5]::string::String>>
[INFO] [stdout]   17:     0x5629a1311cb5 - test[aada8e7e76ba119b]::run_test::{closure#0}
[INFO] [stdout]   18:     0x5629a130b5a4 - std[617be2ca0a6fd877]::sys::backtrace::__rust_begin_short_backtrace::<test[aada8e7e76ba119b]::run_test::{closure#1}, ()>
[INFO] [stdout]   19:     0x5629a1314d42 - <std[617be2ca0a6fd877]::thread::lifecycle::spawn_unchecked<test[aada8e7e76ba119b]::run_test::{closure#1}, ()>::{closure#1} as core[a373ad73a504971]::ops::function::FnOnce<()>>::call_once::{shim:vtable#0}
[INFO] [stdout]   20:     0x5629a1486eef - <std[617be2ca0a6fd877]::sys::thread::unix::Thread>::new::thread_start
[INFO] [stdout]   21:     0x71c6a7e44dfa - <unknown>
[INFO] [stdout]   22:     0x71c6a7ed83d4 - clone
[INFO] [stdout]   23:                0x0 - <unknown>
[INFO] [stdout] 
[INFO] [stdout] ---- logs_as_they_happen stdout ----
[INFO] [stdout] 
[INFO] [stdout] thread 'logs_as_they_happen' (3462) panicked at crates/fluxwright/tests/integration.rs:377:36:
[INFO] [stdout] called `Result::unwrap()` on an `Err` value: Cdp(ChromeNotFound)
[INFO] [stdout] stack backtrace:
[INFO] [stdout]    0:     0x5629a14880b1 - <<std[617be2ca0a6fd877]::sys::backtrace::BacktraceLock>::print::DisplayBacktrace as core[a373ad73a504971]::fmt::Display>::fmt
[INFO] [stdout]    1:     0x5629a14a006a - core[a373ad73a504971]::fmt::write
[INFO] [stdout]    2:     0x5629a148cf2c - <alloc[2e1b2a31b91974c5]::vec::Vec<u8> as core[a373ad73a504971]::io::write::Write>::write_fmt
[INFO] [stdout]    3:     0x5629a1460116 - std[617be2ca0a6fd877]::panicking::default_hook::{closure#0}
[INFO] [stdout]    4:     0x5629a147e4b9 - std[617be2ca0a6fd877]::panicking::default_hook
[INFO] [stdout]    5:     0x5629a1311690 - test[aada8e7e76ba119b]::test_main_inner::{closure#0}
[INFO] [stdout]    6:     0x5629a147e7e2 - std[617be2ca0a6fd877]::panicking::panic_with_hook
[INFO] [stdout]    7:     0x5629a14601c2 - std[617be2ca0a6fd877]::panicking::panic_handler::{closure#0}
[INFO] [stdout]    8:     0x5629a1458aa9 - std[617be2ca0a6fd877]::sys::backtrace::__rust_end_short_backtrace::<std[617be2ca0a6fd877]::panicking::panic_handler::{closure#0}, !>
[INFO] [stdout]    9:     0x5629a1460fbd - __rustc[ea4f61d10b84890b]::rust_begin_unwind
[INFO] [stdout]   10:     0x5629a14a07cc - core[a373ad73a504971]::panicking::panic_fmt
[INFO] [stdout]   11:     0x5629a14a05a2 - core[a373ad73a504971]::result::unwrap_failed
[INFO] [stdout]   12:     0x5629a11d1475 - integration[7de1ede6ce738086]::logs_as_they_happen::{closure#0}
[INFO] [stdout]   13:     0x5629a12c133a - <tokio[1203433bd33060fd]::runtime::park::CachedParkThread>::block_on::<core[a373ad73a504971]::pin::Pin<&mut dyn core[a373ad73a504971]::future::future::Future<Output = ()>>>
[INFO] [stdout]   14:     0x5629a126f010 - <tokio[1203433bd33060fd]::runtime::runtime::Runtime>::block_on::<core[a373ad73a504971]::pin::Pin<&mut dyn core[a373ad73a504971]::future::future::Future<Output = ()>>>
[INFO] [stdout]   15:     0x5629a1212bbe - <integration[7de1ede6ce738086]::logs_as_they_happen::{closure#0} as core[a373ad73a504971]::ops::function::FnOnce<()>>::call_once
[INFO] [stdout]   16:     0x5629a1304adb - test[aada8e7e76ba119b]::__rust_begin_short_backtrace::<core[a373ad73a504971]::result::Result<(), alloc[2e1b2a31b91974c5]::string::String>, fn() -> core[a373ad73a504971]::result::Result<(), alloc[2e1b2a31b91974c5]::string::String>>
[INFO] [stdout]   17:     0x5629a1311cb5 - test[aada8e7e76ba119b]::run_test::{closure#0}
[INFO] [stdout]   18:     0x5629a130b5a4 - std[617be2ca0a6fd877]::sys::backtrace::__rust_begin_short_backtrace::<test[aada8e7e76ba119b]::run_test::{closure#1}, ()>
[INFO] [stdout]   19:     0x5629a1314d42 - <std[617be2ca0a6fd877]::thread::lifecycle::spawn_unchecked<test[aada8e7e76ba119b]::run_test::{closure#1}, ()>::{closure#1} as core[a373ad73a504971]::ops::function::FnOnce<()>>::call_once::{shim:vtable#0}
[INFO] [stdout]   20:     0x5629a1486eef - <std[617be2ca0a6fd877]::sys::thread::unix::Thread>::new::thread_start
[INFO] [stdout]   21:     0x71c6a7e44dfa - <unknown>
[INFO] [stdout]   22:     0x71c6a7ed83d4 - clone
[INFO] [stdout]   23:                0x0 - <unknown>
[INFO] [stdout] 
[INFO] [stdout] ---- emulation_reaches_cross_site_iframes stdout ----
[INFO] [stdout] 
[INFO] [stdout] thread 'emulation_reaches_cross_site_iframes' (3423) panicked at crates/fluxwright/tests/integration.rs:112:45:
[INFO] [stdout] called `Result::unwrap()` on an `Err` value: Cdp(ChromeNotFound)
[INFO] [stdout] stack backtrace:
[INFO] [stdout]    0:     0x5629a14880b1 - <<std[617be2ca0a6fd877]::sys::backtrace::BacktraceLock>::print::DisplayBacktrace as core[a373ad73a504971]::fmt::Display>::fmt
[INFO] [stdout]    1:     0x5629a14a006a - core[a373ad73a504971]::fmt::write
[INFO] [stdout]    2:     0x5629a148cf2c - <alloc[2e1b2a31b91974c5]::vec::Vec<u8> as core[a373ad73a504971]::io::write::Write>::write_fmt
[INFO] [stdout]    3:     0x5629a1460116 - std[617be2ca0a6fd877]::panicking::default_hook::{closure#0}
[INFO] [stdout]    4:     0x5629a147e4b9 - std[617be2ca0a6fd877]::panicking::default_hook
[INFO] [stdout]    5:     0x5629a1311690 - test[aada8e7e76ba119b]::test_main_inner::{closure#0}
[INFO] [stdout]    6:     0x5629a147e7e2 - std[617be2ca0a6fd877]::panicking::panic_with_hook
[INFO] [stdout]    7:     0x5629a14601c2 - std[617be2ca0a6fd877]::panicking::panic_handler::{closure#0}
[INFO] [stdout]    8:     0x5629a1458aa9 - std[617be2ca0a6fd877]::sys::backtrace::__rust_end_short_backtrace::<std[617be2ca0a6fd877]::panicking::panic_handler::{closure#0}, !>
[INFO] [stdout]    9:     0x5629a1460fbd - __rustc[ea4f61d10b84890b]::rust_begin_unwind
[INFO] [stdout]   10:     0x5629a14a07cc - core[a373ad73a504971]::panicking::panic_fmt
[INFO] [stdout]   11:     0x5629a14a05a2 - core[a373ad73a504971]::result::unwrap_failed
[INFO] [stdout]   12:     0x5629a11ee68c - integration[7de1ede6ce738086]::emulation_reaches_cross_site_iframes::{closure#0}
[INFO] [stdout]   13:     0x5629a12c133a - <tokio[1203433bd33060fd]::runtime::park::CachedParkThread>::block_on::<core[a373ad73a504971]::pin::Pin<&mut dyn core[a373ad73a504971]::future::future::Future<Output = ()>>>
[INFO] [stdout]   14:     0x5629a126f010 - <tokio[1203433bd33060fd]::runtime::runtime::Runtime>::block_on::<core[a373ad73a504971]::pin::Pin<&mut dyn core[a373ad73a504971]::future::future::Future<Output = ()>>>
[INFO] [stdout]   15:     0x5629a12145de - <integration[7de1ede6ce738086]::emulation_reaches_cross_site_iframes::{closure#0} as core[a373ad73a504971]::ops::function::FnOnce<()>>::call_once
[INFO] [stdout]   16:     0x5629a1304adb - test[aada8e7e76ba119b]::__rust_begin_short_backtrace::<core[a373ad73a504971]::result::Result<(), alloc[2e1b2a31b91974c5]::string::String>, fn() -> core[a373ad73a504971]::result::Result<(), alloc[2e1b2a31b91974c5]::string::String>>
[INFO] [stdout]   17:     0x5629a1311cb5 - test[aada8e7e76ba119b]::run_test::{closure#0}
[INFO] [stdout]   18:     0x5629a130b5a4 - std[617be2ca0a6fd877]::sys::backtrace::__rust_begin_short_backtrace::<test[aada8e7e76ba119b]::run_test::{closure#1}, ()>
[INFO] [stdout]   19:     0x5629a1314d42 - <std[617be2ca0a6fd877]::thread::lifecycle::spawn_unchecked<test[aada8e7e76ba119b]::run_test::{closure#1}, ()>::{closure#1} as core[a373ad73a504971]::ops::function::FnOnce<()>>::call_once::{shim:vtable#0}
[INFO] [stdout]   20:     0x5629a1486eef - <std[617be2ca0a6fd877]::sys::thread::unix::Thread>::new::thread_start
[INFO] [stdout]   21:     0x71c6a7e44dfa - <unknown>
[INFO] [stdout]   22:     0x71c6a7ed83d4 - clone
[INFO] [stdout]   23:                0x0 - <unknown>
[INFO] [stdout] 
[INFO] [stdout] ---- downloads stdout ----
[INFO] [stdout] 
[INFO] [stdout] thread 'downloads' (3420) panicked at crates/fluxwright/tests/integration.rs:352:36:
[INFO] [stdout] called `Result::unwrap()` on an `Err` value: Cdp(ChromeNotFound)
[INFO] [stdout] stack backtrace:
[INFO] [stdout]    0:     0x5629a14880b1 - <<std[617be2ca0a6fd877]::sys::backtrace::BacktraceLock>::print::DisplayBacktrace as core[a373ad73a504971]::fmt::Display>::fmt
[INFO] [stdout]    1:     0x5629a14a006a - core[a373ad73a504971]::fmt::write
[INFO] [stdout]    2:     0x5629a148cf2c - <alloc[2e1b2a31b91974c5]::vec::Vec<u8> as core[a373ad73a504971]::io::write::Write>::write_fmt
[INFO] [stdout]    3:     0x5629a1460116 - std[617be2ca0a6fd877]::panicking::default_hook::{closure#0}
[INFO] [stdout]    4:     0x5629a147e4b9 - std[617be2ca0a6fd877]::panicking::default_hook
[INFO] [stdout]    5:     0x5629a1311690 - test[aada8e7e76ba119b]::test_main_inner::{closure#0}
[INFO] [stdout]    6:     0x5629a147e7e2 - std[617be2ca0a6fd877]::panicking::panic_with_hook
[INFO] [stdout]    7:     0x5629a14601c2 - std[617be2ca0a6fd877]::panicking::panic_handler::{closure#0}
[INFO] [stdout]    8:     0x5629a1458aa9 - std[617be2ca0a6fd877]::sys::backtrace::__rust_end_short_backtrace::<std[617be2ca0a6fd877]::panicking::panic_handler::{closure#0}, !>
[INFO] [stdout]    9:     0x5629a1460fbd - __rustc[ea4f61d10b84890b]::rust_begin_unwind
[INFO] [stdout]   10:     0x5629a14a07cc - core[a373ad73a504971]::panicking::panic_fmt
[INFO] [stdout]   11:     0x5629a14a05a2 - core[a373ad73a504971]::result::unwrap_failed
[INFO] [stdout]   12:     0x5629a11f2586 - integration[7de1ede6ce738086]::downloads::{closure#0}
[INFO] [stdout]   13:     0x5629a12c133a - <tokio[1203433bd33060fd]::runtime::park::CachedParkThread>::block_on::<core[a373ad73a504971]::pin::Pin<&mut dyn core[a373ad73a504971]::future::future::Future<Output = ()>>>
[INFO] [stdout]   14:     0x5629a126f010 - <tokio[1203433bd33060fd]::runtime::runtime::Runtime>::block_on::<core[a373ad73a504971]::pin::Pin<&mut dyn core[a373ad73a504971]::future::future::Future<Output = ()>>>
[INFO] [stdout]   15:     0x5629a1214ece - <integration[7de1ede6ce738086]::downloads::{closure#0} as core[a373ad73a504971]::ops::function::FnOnce<()>>::call_once
[INFO] [stdout]   16:     0x5629a1304adb - test[aada8e7e76ba119b]::__rust_begin_short_backtrace::<core[a373ad73a504971]::result::Result<(), alloc[2e1b2a31b91974c5]::string::String>, fn() -> core[a373ad73a504971]::result::Result<(), alloc[2e1b2a31b91974c5]::string::String>>
[INFO] [stdout]   17:     0x5629a1311cb5 - test[aada8e7e76ba119b]::run_test::{closure#0}
[INFO] [stdout]   18:     0x5629a130b5a4 - std[617be2ca0a6fd877]::sys::backtrace::__rust_begin_short_backtrace::<test[aada8e7e76ba119b]::run_test::{closure#1}, ()>
[INFO] [stdout]   19:     0x5629a1314d42 - <std[617be2ca0a6fd877]::thread::lifecycle::spawn_unchecked<test[aada8e7e76ba119b]::run_test::{closure#1}, ()>::{closure#1} as core[a373ad73a504971]::ops::function::FnOnce<()>>::call_once::{shim:vtable#0}
[INFO] [stdout]   20:     0x5629a1486eef - <std[617be2ca0a6fd877]::sys::thread::unix::Thread>::new::thread_start
[INFO] [stdout]   21:     0x71c6a7e44dfa - <unknown>
[INFO] [stdout]   22:     0x71c6a7ed83d4 - clone
[INFO] [stdout]   23:                0x0 - <unknown>
[INFO] [stdout] 
[INFO] [stdout] ---- actionability_edge_cases stdout ----
[INFO] [stdout] 
[INFO] [stdout] thread 'actionability_edge_cases' (3413) panicked at crates/fluxwright/tests/integration.rs:1087:36:
[INFO] [stdout] called `Result::unwrap()` on an `Err` value: Cdp(ChromeNotFound)
[INFO] [stdout] stack backtrace:
[INFO] [stdout]    0:     0x5629a14880b1 - <<std[617be2ca0a6fd877]::sys::backtrace::BacktraceLock>::print::DisplayBacktrace as core[a373ad73a504971]::fmt::Display>::fmt
[INFO] [stdout]    1:     0x5629a14a006a - core[a373ad73a504971]::fmt::write
[INFO] [stdout]    2:     0x5629a148cf2c - <alloc[2e1b2a31b91974c5]::vec::Vec<u8> as core[a373ad73a504971]::io::write::Write>::write_fmt
[INFO] [stdout]    3:     0x5629a1460116 - std[617be2ca0a6fd877]::panicking::default_hook::{closure#0}
[INFO] [stdout]    4:     0x5629a147e4b9 - std[617be2ca0a6fd877]::panicking::default_hook
[INFO] [stdout]    5:     0x5629a1311690 - test[aada8e7e76ba119b]::test_main_inner::{closure#0}
[INFO] [stdout]    6:     0x5629a147e7e2 - std[617be2ca0a6fd877]::panicking::panic_with_hook
[INFO] [stdout]    7:     0x5629a14601c2 - std[617be2ca0a6fd877]::panicking::panic_handler::{closure#0}
[INFO] [stdout]    8:     0x5629a1458aa9 - std[617be2ca0a6fd877]::sys::backtrace::__rust_end_short_backtrace::<std[617be2ca0a6fd877]::panicking::panic_handler::{closure#0}, !>
[INFO] [stdout]    9:     0x5629a1460fbd - __rustc[ea4f61d10b84890b]::rust_begin_unwind
[INFO] [stdout]   10:     0x5629a14a07cc - core[a373ad73a504971]::panicking::panic_fmt
[INFO] [stdout]   11:     0x5629a14a05a2 - core[a373ad73a504971]::result::unwrap_failed
[INFO] [stdout]   12:     0x5629a11dba3d - integration[7de1ede6ce738086]::actionability_edge_cases::{closure#0}
[INFO] [stdout]   13:     0x5629a12c133a - <tokio[1203433bd33060fd]::runtime::park::CachedParkThread>::block_on::<core[a373ad73a504971]::pin::Pin<&mut dyn core[a373ad73a504971]::future::future::Future<Output = ()>>>
[INFO] [stdout]   14:     0x5629a126f010 - <tokio[1203433bd33060fd]::runtime::runtime::Runtime>::block_on::<core[a373ad73a504971]::pin::Pin<&mut dyn core[a373ad73a504971]::future::future::Future<Output = ()>>>
[INFO] [stdout]   15:     0x5629a121355e - <integration[7de1ede6ce738086]::actionability_edge_cases::{closure#0} as core[a373ad73a504971]::ops::function::FnOnce<()>>::call_once
[INFO] [stdout]   16:     0x5629a1304adb - test[aada8e7e76ba119b]::__rust_begin_short_backtrace::<core[a373ad73a504971]::result::Result<(), alloc[2e1b2a31b91974c5]::string::String>, fn() -> core[a373ad73a504971]::result::Result<(), alloc[2e1b2a31b91974c5]::string::String>>
[INFO] [stdout]   17:     0x5629a1311cb5 - test[aada8e7e76ba119b]::run_test::{closure#0}
[INFO] [stdout]   18:     0x5629a130b5a4 - std[617be2ca0a6fd877]::sys::backtrace::__rust_begin_short_backtrace::<test[aada8e7e76ba119b]::run_test::{closure#1}, ()>
[INFO] [stdout]   19:     0x5629a1314d42 - <std[617be2ca0a6fd877]::thread::lifecycle::spawn_unchecked<test[aada8e7e76ba119b]::run_test::{closure#1}, ()>::{closure#1} as core[a373ad73a504971]::ops::function::FnOnce<()>>::call_once::{shim:vtable#0}
[INFO] [stdout]   20:     0x5629a1486eef - <std[617be2ca0a6fd877]::sys::thread::unix::Thread>::new::thread_start
[INFO] [stdout]   21:     0x71c6a7e44dfa - <unknown>
[INFO] [stdout]   22:     0x71c6a7ed83d4 - clone
[INFO] [stdout]   23:                0x0 - <unknown>
[INFO] [stdout] 
[INFO] [stdout] ---- kill_browser_mid_job_retries stdout ----
[INFO] [stdout] 
[INFO] [stdout] thread 'kill_browser_mid_job_retries' (3460) panicked at crates/fluxwright/tests/integration.rs:681:5:
[INFO] [stdout] Err(Cdp(ChromeNotFound))
[INFO] [stdout] stack backtrace:
[INFO] [stdout]    0:     0x5629a14880b1 - <<std[617be2ca0a6fd877]::sys::backtrace::BacktraceLock>::print::DisplayBacktrace as core[a373ad73a504971]::fmt::Display>::fmt
[INFO] [stdout]    1:     0x5629a14a006a - core[a373ad73a504971]::fmt::write
[INFO] [stdout]    2:     0x5629a148cf2c - <alloc[2e1b2a31b91974c5]::vec::Vec<u8> as core[a373ad73a504971]::io::write::Write>::write_fmt
[INFO] [stdout]    3:     0x5629a1460116 - std[617be2ca0a6fd877]::panicking::default_hook::{closure#0}
[INFO] [stdout]    4:     0x5629a147e4b9 - std[617be2ca0a6fd877]::panicking::default_hook
[INFO] [stdout]    5:     0x5629a1311690 - test[aada8e7e76ba119b]::test_main_inner::{closure#0}
[INFO] [stdout]    6:     0x5629a147e7e2 - std[617be2ca0a6fd877]::panicking::panic_with_hook
[INFO] [stdout]    7:     0x5629a14601c2 - std[617be2ca0a6fd877]::panicking::panic_handler::{closure#0}
[INFO] [stdout]    8:     0x5629a1458aa9 - std[617be2ca0a6fd877]::sys::backtrace::__rust_end_short_backtrace::<std[617be2ca0a6fd877]::panicking::panic_handler::{closure#0}, !>
[INFO] [stdout]    9:     0x5629a1460fbd - __rustc[ea4f61d10b84890b]::rust_begin_unwind
[INFO] [stdout]   10:     0x5629a14a07cc - core[a373ad73a504971]::panicking::panic_fmt
[INFO] [stdout]   11:     0x5629a11e6a80 - integration[7de1ede6ce738086]::kill_browser_mid_job_retries::{closure#0}
[INFO] [stdout]   12:     0x5629a12c133a - <tokio[1203433bd33060fd]::runtime::park::CachedParkThread>::block_on::<core[a373ad73a504971]::pin::Pin<&mut dyn core[a373ad73a504971]::future::future::Future<Output = ()>>>
[INFO] [stdout]   13:     0x5629a126f010 - <tokio[1203433bd33060fd]::runtime::runtime::Runtime>::block_on::<core[a373ad73a504971]::pin::Pin<&mut dyn core[a373ad73a504971]::future::future::Future<Output = ()>>>
[INFO] [stdout]   14:     0x5629a1213c3e - <integration[7de1ede6ce738086]::kill_browser_mid_job_retries::{closure#0} as core[a373ad73a504971]::ops::function::FnOnce<()>>::call_once
[INFO] [stdout]   15:     0x5629a1304adb - test[aada8e7e76ba119b]::__rust_begin_short_backtrace::<core[a373ad73a504971]::result::Result<(), alloc[2e1b2a31b91974c5]::string::String>, fn() -> core[a373ad73a504971]::result::Result<(), alloc[2e1b2a31b91974c5]::string::String>>
[INFO] [stdout]   16:     0x5629a1311cb5 - test[aada8e7e76ba119b]::run_test::{closure#0}
[INFO] [stdout]   17:     0x5629a130b5a4 - std[617be2ca0a6fd877]::sys::backtrace::__rust_begin_short_backtrace::<test[aada8e7e76ba119b]::run_test::{closure#1}, ()>
[INFO] [stdout]   18:     0x5629a1314d42 - <std[617be2ca0a6fd877]::thread::lifecycle::spawn_unchecked<test[aada8e7e76ba119b]::run_test::{closure#1}, ()>::{closure#1} as core[a373ad73a504971]::ops::function::FnOnce<()>>::call_once::{shim:vtable#0}
[INFO] [stdout]   19:     0x5629a1486eef - <std[617be2ca0a6fd877]::sys::thread::unix::Thread>::new::thread_start
[INFO] [stdout]   20:     0x71c6a7e44dfa - <unknown>
[INFO] [stdout]   21:     0x71c6a7ed83d4 - clone
[INFO] [stdout]   22:                0x0 - <unknown>
[INFO] [stdout] 
[INFO] [stdout] ---- recycle_by_job_count stdout ----
[INFO] [stdout] 
[INFO] [stdout] thread 'recycle_by_job_count' (3715) panicked at crates/fluxwright/tests/integration.rs:579:10:
[INFO] [stdout] called `Result::unwrap()` on an `Err` value: Cdp(ChromeNotFound)
[INFO] [stdout] stack backtrace:
[INFO] [stdout]    0:     0x5629a14880b1 - <<std[617be2ca0a6fd877]::sys::backtrace::BacktraceLock>::print::DisplayBacktrace as core[a373ad73a504971]::fmt::Display>::fmt
[INFO] [stdout]    1:     0x5629a14a006a - core[a373ad73a504971]::fmt::write
[INFO] [stdout]    2:     0x5629a148cf2c - <alloc[2e1b2a31b91974c5]::vec::Vec<u8> as core[a373ad73a504971]::io::write::Write>::write_fmt
[INFO] [stdout]    3:     0x5629a1460116 - std[617be2ca0a6fd877]::panicking::default_hook::{closure#0}
[INFO] [stdout]    4:     0x5629a147e4b9 - std[617be2ca0a6fd877]::panicking::default_hook
[INFO] [stdout]    5:     0x5629a1311690 - test[aada8e7e76ba119b]::test_main_inner::{closure#0}
[INFO] [stdout]    6:     0x5629a147e7e2 - std[617be2ca0a6fd877]::panicking::panic_with_hook
[INFO] [stdout]    7:     0x5629a14601c2 - std[617be2ca0a6fd877]::panicking::panic_handler::{closure#0}
[INFO] [stdout]    8:     0x5629a1458aa9 - std[617be2ca0a6fd877]::sys::backtrace::__rust_end_short_backtrace::<std[617be2ca0a6fd877]::panicking::panic_handler::{closure#0}, !>
[INFO] [stdout]    9:     0x5629a1460fbd - __rustc[ea4f61d10b84890b]::rust_begin_unwind
[INFO] [stdout]   10:     0x5629a14a07cc - core[a373ad73a504971]::panicking::panic_fmt
[INFO] [stdout]   11:     0x5629a14a05a2 - core[a373ad73a504971]::result::unwrap_failed
[INFO] [stdout]   12:     0x5629a11d5247 - integration[7de1ede6ce738086]::recycle_by_job_count::{closure#0}
[INFO] [stdout]   13:     0x5629a12c133a - <tokio[1203433bd33060fd]::runtime::park::CachedParkThread>::block_on::<core[a373ad73a504971]::pin::Pin<&mut dyn core[a373ad73a504971]::future::future::Future<Output = ()>>>
[INFO] [stdout]   14:     0x5629a126f010 - <tokio[1203433bd33060fd]::runtime::runtime::Runtime>::block_on::<core[a373ad73a504971]::pin::Pin<&mut dyn core[a373ad73a504971]::future::future::Future<Output = ()>>>
[INFO] [stdout]   15:     0x5629a1212fde - <integration[7de1ede6ce738086]::recycle_by_job_count::{closure#0} as core[a373ad73a504971]::ops::function::FnOnce<()>>::call_once
[INFO] [stdout]   16:     0x5629a1304adb - test[aada8e7e76ba119b]::__rust_begin_short_backtrace::<core[a373ad73a504971]::result::Result<(), alloc[2e1b2a31b91974c5]::string::String>, fn() -> core[a373ad73a504971]::result::Result<(), alloc[2e1b2a31b91974c5]::string::String>>
[INFO] [stdout]   17:     0x5629a1311cb5 - test[aada8e7e76ba119b]::run_test::{closure#0}
[INFO] [stdout]   18:     0x5629a130b5a4 - std[617be2ca0a6fd877]::sys::backtrace::__rust_begin_short_backtrace::<test[aada8e7e76ba119b]::run_test::{closure#1}, ()>
[INFO] [stdout]   19:     0x5629a1314d42 - <std[617be2ca0a6fd877]::thread::lifecycle::spawn_unchecked<test[aada8e7e76ba119b]::run_test::{closure#1}, ()>::{closure#1} as core[a373ad73a504971]::ops::function::FnOnce<()>>::call_once::{shim:vtable#0}
[INFO] [stdout]   20:     0x5629a1486eef - <std[617be2ca0a6fd877]::sys::thread::unix::Thread>::new::thread_start
[INFO] [stdout]   21:     0x71c6a7e44dfa - <unknown>
[INFO] [stdout]   22:     0x71c6a7ed83d4 - clone
[INFO] [stdout]   23:                0x0 - <unknown>
[INFO] [stdout] 
[INFO] [stdout] ---- queue_full_error_mode stdout ----
[INFO] [stdout] 
[INFO] [stdout] thread 'queue_full_error_mode' (3681) panicked at crates/fluxwright/tests/integration.rs:512:33:
[INFO] [stdout] first lease: Cdp(ChromeNotFound)
[INFO] [stdout] stack backtrace:
[INFO] [stdout]    0:     0x5629a14880b1 - <<std[617be2ca0a6fd877]::sys::backtrace::BacktraceLock>::print::DisplayBacktrace as core[a373ad73a504971]::fmt::Display>::fmt
[INFO] [stdout]    1:     0x5629a14a006a - core[a373ad73a504971]::fmt::write
[INFO] [stdout]    2:     0x5629a148cf2c - <alloc[2e1b2a31b91974c5]::vec::Vec<u8> as core[a373ad73a504971]::io::write::Write>::write_fmt
[INFO] [stdout]    3:     0x5629a1460116 - std[617be2ca0a6fd877]::panicking::default_hook::{closure#0}
[INFO] [stdout]    4:     0x5629a147e4b9 - std[617be2ca0a6fd877]::panicking::default_hook
[INFO] [stdout]    5:     0x5629a1311690 - test[aada8e7e76ba119b]::test_main_inner::{closure#0}
[INFO] [stdout]    6:     0x5629a147e7e2 - std[617be2ca0a6fd877]::panicking::panic_with_hook
[INFO] [stdout]    7:     0x5629a14601c2 - std[617be2ca0a6fd877]::panicking::panic_handler::{closure#0}
[INFO] [stdout]    8:     0x5629a1458aa9 - std[617be2ca0a6fd877]::sys::backtrace::__rust_end_short_backtrace::<std[617be2ca0a6fd877]::panicking::panic_handler::{closure#0}, !>
[INFO] [stdout]    9:     0x5629a1460fbd - __rustc[ea4f61d10b84890b]::rust_begin_unwind
[INFO] [stdout]   10:     0x5629a14a07cc - core[a373ad73a504971]::panicking::panic_fmt
[INFO] [stdout]   11:     0x5629a14a05a2 - core[a373ad73a504971]::result::unwrap_failed
[INFO] [stdout]   12:     0x5629a11d8d3c - integration[7de1ede6ce738086]::queue_full_error_mode::{closure#0}
[INFO] [stdout]   13:     0x5629a12c133a - <tokio[1203433bd33060fd]::runtime::park::CachedParkThread>::block_on::<core[a373ad73a504971]::pin::Pin<&mut dyn core[a373ad73a504971]::future::future::Future<Output = ()>>>
[INFO] [stdout]   14:     0x5629a126f010 - <tokio[1203433bd33060fd]::runtime::runtime::Runtime>::block_on::<core[a373ad73a504971]::pin::Pin<&mut dyn core[a373ad73a504971]::future::future::Future<Output = ()>>>
[INFO] [stdout]   15:     0x5629a121329e - <integration[7de1ede6ce738086]::queue_full_error_mode::{closure#0} as core[a373ad73a504971]::ops::function::FnOnce<()>>::call_once
[INFO] [stdout]   16:     0x5629a1304adb - test[aada8e7e76ba119b]::__rust_begin_short_backtrace::<core[a373ad73a504971]::result::Result<(), alloc[2e1b2a31b91974c5]::string::String>, fn() -> core[a373ad73a504971]::result::Result<(), alloc[2e1b2a31b91974c5]::string::String>>
[INFO] [stdout]   17:     0x5629a1311cb5 - test[aada8e7e76ba119b]::run_test::{closure#0}
[INFO] [stdout]   18:     0x5629a130b5a4 - std[617be2ca0a6fd877]::sys::backtrace::__rust_begin_short_backtrace::<test[aada8e7e76ba119b]::run_test::{closure#1}, ()>
[INFO] [stdout]   19:     0x5629a1314d42 - <std[617be2ca0a6fd877]::thread::lifecycle::spawn_unchecked<test[aada8e7e76ba119b]::run_test::{closure#1}, ()>::{closure#1} as core[a373ad73a504971]::ops::function::FnOnce<()>>::call_once::{shim:vtable#0}
[INFO] [stdout]   20:     0x5629a1486eef - <std[617be2ca0a6fd877]::sys::thread::unix::Thread>::new::thread_start
[INFO] [stdout]   21:     0x71c6a7e44dfa - <unknown>
[INFO] [stdout]   22:     0x71c6a7ed83d4 - clone
[INFO] [stdout]   23:                0x0 - <unknown>
[INFO] [stdout] 
[INFO] [stdout] ---- blocking_covers_cross_origin_frames stdout ----
[INFO] [stdout] 
[INFO] [stdout] thread 'blocking_covers_cross_origin_frames' (3414) panicked at crates/fluxwright/tests/integration.rs:938:26:
[INFO] [stdout] called `Result::unwrap()` on an `Err` value: Cdp(ChromeNotFound)
[INFO] [stdout] stack backtrace:
[INFO] [stdout]    0:     0x5629a14880b1 - <<std[617be2ca0a6fd877]::sys::backtrace::BacktraceLock>::print::DisplayBacktrace as core[a373ad73a504971]::fmt::Display>::fmt
[INFO] [stdout]    1:     0x5629a14a006a - core[a373ad73a504971]::fmt::write
[INFO] [stdout]    2:     0x5629a148cf2c - <alloc[2e1b2a31b91974c5]::vec::Vec<u8> as core[a373ad73a504971]::io::write::Write>::write_fmt
[INFO] [stdout]    3:     0x5629a1460116 - std[617be2ca0a6fd877]::panicking::default_hook::{closure#0}
[INFO] [stdout]    4:     0x5629a147e4b9 - std[617be2ca0a6fd877]::panicking::default_hook
[INFO] [stdout]    5:     0x5629a1311690 - test[aada8e7e76ba119b]::test_main_inner::{closure#0}
[INFO] [stdout]    6:     0x5629a147e7e2 - std[617be2ca0a6fd877]::panicking::panic_with_hook
[INFO] [stdout]    7:     0x5629a14601c2 - std[617be2ca0a6fd877]::panicking::panic_handler::{closure#0}
[INFO] [stdout]    8:     0x5629a1458aa9 - std[617be2ca0a6fd877]::sys::backtrace::__rust_end_short_backtrace::<std[617be2ca0a6fd877]::panicking::panic_handler::{closure#0}, !>
[INFO] [stdout]    9:     0x5629a1460fbd - __rustc[ea4f61d10b84890b]::rust_begin_unwind
[INFO] [stdout]   10:     0x5629a14a07cc - core[a373ad73a504971]::panicking::panic_fmt
[INFO] [stdout]   11:     0x5629a14a05a2 - core[a373ad73a504971]::result::unwrap_failed
[INFO] [stdout]   12:     0x5629a11ec6a0 - integration[7de1ede6ce738086]::blocking_covers_cross_origin_frames::{closure#0}
[INFO] [stdout]   13:     0x5629a12c133a - <tokio[1203433bd33060fd]::runtime::park::CachedParkThread>::block_on::<core[a373ad73a504971]::pin::Pin<&mut dyn core[a373ad73a504971]::future::future::Future<Output = ()>>>
[INFO] [stdout]   14:     0x5629a126f010 - <tokio[1203433bd33060fd]::runtime::runtime::Runtime>::block_on::<core[a373ad73a504971]::pin::Pin<&mut dyn core[a373ad73a504971]::future::future::Future<Output = ()>>>
[INFO] [stdout]   15:     0x5629a121432a - <integration[7de1ede6ce738086]::blocking_covers_cross_origin_frames::{closure#0} as core[a373ad73a504971]::ops::function::FnOnce<()>>::call_once
[INFO] [stdout]   16:     0x5629a1304adb - test[aada8e7e76ba119b]::__rust_begin_short_backtrace::<core[a373ad73a504971]::result::Result<(), alloc[2e1b2a31b91974c5]::string::String>, fn() -> core[a373ad73a504971]::result::Result<(), alloc[2e1b2a31b91974c5]::string::String>>
[INFO] [stdout]   17:     0x5629a1311cb5 - test[aada8e7e76ba119b]::run_test::{closure#0}
[INFO] [stdout]   18:     0x5629a130b5a4 - std[617be2ca0a6fd877]::sys::backtrace::__rust_begin_short_backtrace::<test[aada8e7e76ba119b]::run_test::{closure#1}, ()>
[INFO] [stdout]   19:     0x5629a1314d42 - <std[617be2ca0a6fd877]::thread::lifecycle::spawn_unchecked<test[aada8e7e76ba119b]::run_test::{closure#1}, ()>::{closure#1} as core[a373ad73a504971]::ops::function::FnOnce<()>>::call_once::{shim:vtable#0}
[INFO] [stdout]   20:     0x5629a1486eef - <std[617be2ca0a6fd877]::sys::thread::unix::Thread>::new::thread_start
[INFO] [stdout]   21:     0x71c6a7e44dfa - <unknown>
[INFO] [stdout]   22:     0x71c6a7ed83d4 - clone
[INFO] [stdout]   23:                0x0 - <unknown>
[INFO] [stdout] 
[INFO] [stdout] ---- storage_state_round_trip stdout ----
[INFO] [stdout] 
[INFO] [stdout] thread 'storage_state_round_trip' (3842) panicked at crates/fluxwright/tests/integration.rs:398:37:
[INFO] [stdout] called `Result::unwrap()` on an `Err` value: Cdp(ChromeNotFound)
[INFO] [stdout] stack backtrace:
[INFO] [stdout]    0:     0x5629a14880b1 - <<std[617be2ca0a6fd877]::sys::backtrace::BacktraceLock>::print::DisplayBacktrace as core[a373ad73a504971]::fmt::Display>::fmt
[INFO] [stdout]    1:     0x5629a14a006a - core[a373ad73a504971]::fmt::write
[INFO] [stdout]    2:     0x5629a148cf2c - <alloc[2e1b2a31b91974c5]::vec::Vec<u8> as core[a373ad73a504971]::io::write::Write>::write_fmt
[INFO] [stdout]    3:     0x5629a1460116 - std[617be2ca0a6fd877]::panicking::default_hook::{closure#0}
[INFO] [stdout]    4:     0x5629a147e4b9 - std[617be2ca0a6fd877]::panicking::default_hook
[INFO] [stdout]    5:     0x5629a1311690 - test[aada8e7e76ba119b]::test_main_inner::{closure#0}
[INFO] [stdout]    6:     0x5629a147e7e2 - std[617be2ca0a6fd877]::panicking::panic_with_hook
[INFO] [stdout]    7:     0x5629a14601c2 - std[617be2ca0a6fd877]::panicking::panic_handler::{closure#0}
[INFO] [stdout]    8:     0x5629a1458aa9 - std[617be2ca0a6fd877]::sys::backtrace::__rust_end_short_backtrace::<std[617be2ca0a6fd877]::panicking::panic_handler::{closure#0}, !>
[INFO] [stdout]    9:     0x5629a1460fbd - __rustc[ea4f61d10b84890b]::rust_begin_unwind
[INFO] [stdout]   10:     0x5629a14a07cc - core[a373ad73a504971]::panicking::panic_fmt
[INFO] [stdout]   11:     0x5629a14a05a2 - core[a373ad73a504971]::result::unwrap_failed
[INFO] [stdout]   12:     0x5629a11e0013 - integration[7de1ede6ce738086]::storage_state_round_trip::{closure#0}
[INFO] [stdout]   13:     0x5629a12c133a - <tokio[1203433bd33060fd]::runtime::park::CachedParkThread>::block_on::<core[a373ad73a504971]::pin::Pin<&mut dyn core[a373ad73a504971]::future::future::Future<Output = ()>>>
[INFO] [stdout]   14:     0x5629a126f010 - <tokio[1203433bd33060fd]::runtime::runtime::Runtime>::block_on::<core[a373ad73a504971]::pin::Pin<&mut dyn core[a373ad73a504971]::future::future::Future<Output = ()>>>
[INFO] [stdout]   15:     0x5629a121381e - <integration[7de1ede6ce738086]::storage_state_round_trip::{closure#0} as core[a373ad73a504971]::ops::function::FnOnce<()>>::call_once
[INFO] [stdout]   16:     0x5629a1304adb - test[aada8e7e76ba119b]::__rust_begin_short_backtrace::<core[a373ad73a504971]::result::Result<(), alloc[2e1b2a31b91974c5]::string::String>, fn() -> core[a373ad73a504971]::result::Result<(), alloc[2e1b2a31b91974c5]::string::String>>
[INFO] [stdout]   17:     0x5629a1311cb5 - test[aada8e7e76ba119b]::run_test::{closure#0}
[INFO] [stdout]   18:     0x5629a130b5a4 - std[617be2ca0a6fd877]::sys::backtrace::__rust_begin_short_backtrace::<test[aada8e7e76ba119b]::run_test::{closure#1}, ()>
[INFO] [stdout]   19:     0x5629a1314d42 - <std[617be2ca0a6fd877]::thread::lifecycle::spawn_unchecked<test[aada8e7e76ba119b]::run_test::{closure#1}, ()>::{closure#1} as core[a373ad73a504971]::ops::function::FnOnce<()>>::call_once::{shim:vtable#0}
[INFO] [stdout]   20:     0x5629a1486eef - <std[617be2ca0a6fd877]::sys::thread::unix::Thread>::new::thread_start
[INFO] [stdout]   21:     0x71c6a7e44dfa - <unknown>
[INFO] [stdout]   22:     0x71c6a7ed83d4 - clone
[INFO] [stdout]   23:                0x0 - <unknown>
[INFO] [stdout] 
[INFO] [stdout] ---- selectors_and_frames stdout ----
[INFO] [stdout] 
[INFO] [stdout] thread 'selectors_and_frames' (3803) panicked at crates/fluxwright/tests/integration.rs:812:36:
[INFO] [stdout] called `Result::unwrap()` on an `Err` value: Cdp(ChromeNotFound)
[INFO] [stdout] stack backtrace:
[INFO] [stdout]    0:     0x5629a14880b1 - <<std[617be2ca0a6fd877]::sys::backtrace::BacktraceLock>::print::DisplayBacktrace as core[a373ad73a504971]::fmt::Display>::fmt
[INFO] [stdout]    1:     0x5629a14a006a - core[a373ad73a504971]::fmt::write
[INFO] [stdout]    2:     0x5629a148cf2c - <alloc[2e1b2a31b91974c5]::vec::Vec<u8> as core[a373ad73a504971]::io::write::Write>::write_fmt
[INFO] [stdout]    3:     0x5629a1460116 - std[617be2ca0a6fd877]::panicking::default_hook::{closure#0}
[INFO] [stdout]    4:     0x5629a147e4b9 - std[617be2ca0a6fd877]::panicking::default_hook
[INFO] [stdout]    5:     0x5629a1311690 - test[aada8e7e76ba119b]::test_main_inner::{closure#0}
[INFO] [stdout]    6:     0x5629a147e7e2 - std[617be2ca0a6fd877]::panicking::panic_with_hook
[INFO] [stdout]    7:     0x5629a14601c2 - std[617be2ca0a6fd877]::panicking::panic_handler::{closure#0}
[INFO] [stdout]    8:     0x5629a1458aa9 - std[617be2ca0a6fd877]::sys::backtrace::__rust_end_short_backtrace::<std[617be2ca0a6fd877]::panicking::panic_handler::{closure#0}, !>
[INFO] [stdout]    9:     0x5629a1460fbd - __rustc[ea4f61d10b84890b]::rust_begin_unwind
[INFO] [stdout]   10:     0x5629a14a07cc - core[a373ad73a504971]::panicking::panic_fmt
[INFO] [stdout]   11:     0x5629a14a05a2 - core[a373ad73a504971]::result::unwrap_failed
[INFO] [stdout]   12:     0x5629a11d6ccc - integration[7de1ede6ce738086]::selectors_and_frames::{closure#0}
[INFO] [stdout]   13:     0x5629a12c133a - <tokio[1203433bd33060fd]::runtime::park::CachedParkThread>::block_on::<core[a373ad73a504971]::pin::Pin<&mut dyn core[a373ad73a504971]::future::future::Future<Output = ()>>>
[INFO] [stdout]   14:     0x5629a126f010 - <tokio[1203433bd33060fd]::runtime::runtime::Runtime>::block_on::<core[a373ad73a504971]::pin::Pin<&mut dyn core[a373ad73a504971]::future::future::Future<Output = ()>>>
[INFO] [stdout]   15:     0x5629a121313e - <integration[7de1ede6ce738086]::selectors_and_frames::{closure#0} as core[a373ad73a504971]::ops::function::FnOnce<()>>::call_once
[INFO] [stdout]   16:     0x5629a1304adb - test[aada8e7e76ba119b]::__rust_begin_short_backtrace::<core[a373ad73a504971]::result::Result<(), alloc[2e1b2a31b91974c5]::string::String>, fn() -> core[a373ad73a504971]::result::Result<(), alloc[2e1b2a31b91974c5]::string::String>>
[INFO] [stdout]   17:     0x5629a1311cb5 - test[aada8e7e76ba119b]::run_test::{closure#0}
[INFO] [stdout]   18:     0x5629a130b5a4 - std[617be2ca0a6fd877]::sys::backtrace::__rust_begin_short_backtrace::<test[aada8e7e76ba119b]::run_test::{closure#1}, ()>
[INFO] [stdout]   19:     0x5629a1314d42 - <std[617be2ca0a6fd877]::thread::lifecycle::spawn_unchecked<test[aada8e7e76ba119b]::run_test::{closure#1}, ()>::{closure#1} as core[a373ad73a504971]::ops::function::FnOnce<()>>::call_once::{shim:vtable#0}
[INFO] [stdout]   20:     0x5629a1486eef - <std[617be2ca0a6fd877]::sys::thread::unix::Thread>::new::thread_start
[INFO] [stdout]   21:     0x71c6a7e44dfa - <unknown>
[INFO] [stdout]   22:     0x71c6a7ed83d4 - clone
[INFO] [stdout]   23:                0x0 - <unknown>
[INFO] [stdout] 
[INFO] [stdout] ---- chrome_dies_with_engine stdout ----
[INFO] [stdout] 
[INFO] [stdout] thread 'chrome_dies_with_engine' (3416) panicked at crates/fluxwright/tests/integration.rs:1191:10:
[INFO] [stdout] child never reported a browser pid
[INFO] [stdout] stack backtrace:
[INFO] [stdout]    0:     0x5629a14880b1 - <<std[617be2ca0a6fd877]::sys::backtrace::BacktraceLock>::print::DisplayBacktrace as core[a373ad73a504971]::fmt::Display>::fmt
[INFO] [stdout]    1:     0x5629a14a006a - core[a373ad73a504971]::fmt::write
[INFO] [stdout]    2:     0x5629a148cf2c - <alloc[2e1b2a31b91974c5]::vec::Vec<u8> as core[a373ad73a504971]::io::write::Write>::write_fmt
[INFO] [stdout]    3:     0x5629a1460116 - std[617be2ca0a6fd877]::panicking::default_hook::{closure#0}
[INFO] [stdout]    4:     0x5629a147e4b9 - std[617be2ca0a6fd877]::panicking::default_hook
[INFO] [stdout]    5:     0x5629a1311690 - test[aada8e7e76ba119b]::test_main_inner::{closure#0}
[INFO] [stdout]    6:     0x5629a147e7e2 - std[617be2ca0a6fd877]::panicking::panic_with_hook
[INFO] [stdout]    7:     0x5629a14601c2 - std[617be2ca0a6fd877]::panicking::panic_handler::{closure#0}
[INFO] [stdout]    8:     0x5629a1458aa9 - std[617be2ca0a6fd877]::sys::backtrace::__rust_end_short_backtrace::<std[617be2ca0a6fd877]::panicking::panic_handler::{closure#0}, !>
[INFO] [stdout]    9:     0x5629a1460fbd - __rustc[ea4f61d10b84890b]::rust_begin_unwind
[INFO] [stdout]   10:     0x5629a14a07cc - core[a373ad73a504971]::panicking::panic_fmt
[INFO] [stdout]   11:     0x5629a14a0524 - core[a373ad73a504971]::option::expect_failed
[INFO] [stdout]   12:     0x5629a11da299 - integration[7de1ede6ce738086]::chrome_dies_with_engine::{closure#0}
[INFO] [stdout]   13:     0x5629a12c133a - <tokio[1203433bd33060fd]::runtime::park::CachedParkThread>::block_on::<core[a373ad73a504971]::pin::Pin<&mut dyn core[a373ad73a504971]::future::future::Future<Output = ()>>>
[INFO] [stdout]   14:     0x5629a126f010 - <tokio[1203433bd33060fd]::runtime::runtime::Runtime>::block_on::<core[a373ad73a504971]::pin::Pin<&mut dyn core[a373ad73a504971]::future::future::Future<Output = ()>>>
[INFO] [stdout]   15:     0x5629a12133fe - <integration[7de1ede6ce738086]::chrome_dies_with_engine::{closure#0} as core[a373ad73a504971]::ops::function::FnOnce<()>>::call_once
[INFO] [stdout]   16:     0x5629a1304adb - test[aada8e7e76ba119b]::__rust_begin_short_backtrace::<core[a373ad73a504971]::result::Result<(), alloc[2e1b2a31b91974c5]::string::String>, fn() -> core[a373ad73a504971]::result::Result<(), alloc[2e1b2a31b91974c5]::string::String>>
[INFO] [stdout]   17:     0x5629a1311cb5 - test[aada8e7e76ba119b]::run_test::{closure#0}
[INFO] [stdout]   18:     0x5629a130b5a4 - std[617be2ca0a6fd877]::sys::backtrace::__rust_begin_short_backtrace::<test[aada8e7e76ba119b]::run_test::{closure#1}, ()>
[INFO] [stdout]   19:     0x5629a1314d42 - <std[617be2ca0a6fd877]::thread::lifecycle::spawn_unchecked<test[aada8e7e76ba119b]::run_test::{closure#1}, ()>::{closure#1} as core[a373ad73a504971]::ops::function::FnOnce<()>>::call_once::{shim:vtable#0}
[INFO] [stdout]   20:     0x5629a1486eef - <std[617be2ca0a6fd877]::sys::thread::unix::Thread>::new::thread_start
[INFO] [stdout]   21:     0x71c6a7e44dfa - <unknown>
[INFO] [stdout]   22:     0x71c6a7ed83d4 - clone
[INFO] [stdout]   23:                0x0 - <unknown>
[INFO] [stdout] 
[INFO] [stdout] ---- shutdown_with_leases_in_flight stdout ----
[INFO] [stdout] 
[INFO] [stdout] thread 'shutdown_with_leases_in_flight' (3826) panicked at crates/fluxwright/tests/integration.rs:631:36:
[INFO] [stdout] called `Result::unwrap()` on an `Err` value: Cdp(ChromeNotFound)
[INFO] [stdout] stack backtrace:
[INFO] [stdout]    0:     0x5629a14880b1 - <<std[617be2ca0a6fd877]::sys::backtrace::BacktraceLock>::print::DisplayBacktrace as core[a373ad73a504971]::fmt::Display>::fmt
[INFO] [stdout]    1:     0x5629a14a006a - core[a373ad73a504971]::fmt::write
[INFO] [stdout]    2:     0x5629a148cf2c - <alloc[2e1b2a31b91974c5]::vec::Vec<u8> as core[a373ad73a504971]::io::write::Write>::write_fmt
[INFO] [stdout]    3:     0x5629a1460116 - std[617be2ca0a6fd877]::panicking::default_hook::{closure#0}
[INFO] [stdout]    4:     0x5629a147e4b9 - std[617be2ca0a6fd877]::panicking::default_hook
[INFO] [stderr] error: test failed, to rerun pass `-p fluxwright --test integration`
[INFO] [stdout]    5:     0x5629a1311690 - test[aada8e7e76ba119b]::test_main_inner::{closure#0}
[INFO] [stdout]    6:     0x5629a147e7e2 - std[617be2ca0a6fd877]::panicking::panic_with_hook
[INFO] [stdout]    7:     0x5629a14601c2 - std[617be2ca0a6fd877]::panicking::panic_handler::{closure#0}
[INFO] [stdout]    8:     0x5629a1458aa9 - std[617be2ca0a6fd877]::sys::backtrace::__rust_end_short_backtrace::<std[617be2ca0a6fd877]::panicking::panic_handler::{closure#0}, !>
[INFO] [stdout]    9:     0x5629a1460fbd - __rustc[ea4f61d10b84890b]::rust_begin_unwind
[INFO] [stdout]   10:     0x5629a14a07cc - core[a373ad73a504971]::panicking::panic_fmt
[INFO] [stdout]   11:     0x5629a14a05a2 - core[a373ad73a504971]::result::unwrap_failed
[INFO] [stdout]   12:     0x5629a11e806a - integration[7de1ede6ce738086]::shutdown_with_leases_in_flight::{closure#0}
[INFO] [stdout]   13:     0x5629a12c133a - <tokio[1203433bd33060fd]::runtime::park::CachedParkThread>::block_on::<core[a373ad73a504971]::pin::Pin<&mut dyn core[a373ad73a504971]::future::future::Future<Output = ()>>>
[INFO] [stdout]   14:     0x5629a126f010 - <tokio[1203433bd33060fd]::runtime::runtime::Runtime>::block_on::<core[a373ad73a504971]::pin::Pin<&mut dyn core[a373ad73a504971]::future::future::Future<Output = ()>>>
[INFO] [stdout]   15:     0x5629a1213efe - <integration[7de1ede6ce738086]::shutdown_with_leases_in_flight::{closure#0} as core[a373ad73a504971]::ops::function::FnOnce<()>>::call_once
[INFO] [stdout]   16:     0x5629a1304adb - test[aada8e7e76ba119b]::__rust_begin_short_backtrace::<core[a373ad73a504971]::result::Result<(), alloc[2e1b2a31b91974c5]::string::String>, fn() -> core[a373ad73a504971]::result::Result<(), alloc[2e1b2a31b91974c5]::string::String>>
[INFO] [stdout]   17:     0x5629a1311cb5 - test[aada8e7e76ba119b]::run_test::{closure#0}
[INFO] [stdout]   18:     0x5629a130b5a4 - std[617be2ca0a6fd877]::sys::backtrace::__rust_begin_short_backtrace::<test[aada8e7e76ba119b]::run_test::{closure#1}, ()>
[INFO] [stdout]   19:     0x5629a1314d42 - <std[617be2ca0a6fd877]::thread::lifecycle::spawn_unchecked<test[aada8e7e76ba119b]::run_test::{closure#1}, ()>::{closure#1} as core[a373ad73a504971]::ops::function::FnOnce<()>>::call_once::{shim:vtable#0}
[INFO] [stdout]   20:     0x5629a1486eef - <std[617be2ca0a6fd877]::sys::thread::unix::Thread>::new::thread_start
[INFO] [stdout]   21:     0x71c6a7e44dfa - <unknown>
[INFO] [stdout]   22:     0x71c6a7ed83d4 - clone
[INFO] [stdout]   23:                0x0 - <unknown>
[INFO] [stdout] 
[INFO] [stdout] ---- goto_wait_until stdout ----
[INFO] [stdout] 
[INFO] [stdout] thread 'goto_wait_until' (3458) panicked at crates/fluxwright/tests/integration.rs:751:36:
[INFO] [stdout] called `Result::unwrap()` on an `Err` value: Cdp(ChromeNotFound)
[INFO] [stdout] stack backtrace:
[INFO] [stdout]    0:     0x5629a14880b1 - <<std[617be2ca0a6fd877]::sys::backtrace::BacktraceLock>::print::DisplayBacktrace as core[a373ad73a504971]::fmt::Display>::fmt
[INFO] [stdout]    1:     0x5629a14a006a - core[a373ad73a504971]::fmt::write
[INFO] [stdout]    2:     0x5629a148cf2c - <alloc[2e1b2a31b91974c5]::vec::Vec<u8> as core[a373ad73a504971]::io::write::Write>::write_fmt
[INFO] [stdout]    3:     0x5629a1460116 - std[617be2ca0a6fd877]::panicking::default_hook::{closure#0}
[INFO] [stdout]    4:     0x5629a147e4b9 - std[617be2ca0a6fd877]::panicking::default_hook
[INFO] [stdout]    5:     0x5629a1311690 - test[aada8e7e76ba119b]::test_main_inner::{closure#0}
[INFO] [stdout]    6:     0x5629a147e7e2 - std[617be2ca0a6fd877]::panicking::panic_with_hook
[INFO] [stdout]    7:     0x5629a14601c2 - std[617be2ca0a6fd877]::panicking::panic_handler::{closure#0}
[INFO] [stdout]    8:     0x5629a1458aa9 - std[617be2ca0a6fd877]::sys::backtrace::__rust_end_short_backtrace::<std[617be2ca0a6fd877]::panicking::panic_handler::{closure#0}, !>
[INFO] [stdout]    9:     0x5629a1460fbd - __rustc[ea4f61d10b84890b]::rust_begin_unwind
[INFO] [stdout]   10:     0x5629a14a07cc - core[a373ad73a504971]::panicking::panic_fmt
[INFO] [stdout]   11:     0x5629a14a05a2 - core[a373ad73a504971]::result::unwrap_failed
[INFO] [stdout]   12:     0x5629a11caa1d - integration[7de1ede6ce738086]::goto_wait_until::{closure#0}
[INFO] [stdout]   13:     0x5629a12c133a - <tokio[1203433bd33060fd]::runtime::park::CachedParkThread>::block_on::<core[a373ad73a504971]::pin::Pin<&mut dyn core[a373ad73a504971]::future::future::Future<Output = ()>>>
[INFO] [stdout]   14:     0x5629a126f010 - <tokio[1203433bd33060fd]::runtime::runtime::Runtime>::block_on::<core[a373ad73a504971]::pin::Pin<&mut dyn core[a373ad73a504971]::future::future::Future<Output = ()>>>
[INFO] [stdout]   15:     0x5629a121263e - <integration[7de1ede6ce738086]::goto_wait_until::{closure#0} as core[a373ad73a504971]::ops::function::FnOnce<()>>::call_once
[INFO] [stdout]   16:     0x5629a1304adb - test[aada8e7e76ba119b]::__rust_begin_short_backtrace::<core[a373ad73a504971]::result::Result<(), alloc[2e1b2a31b91974c5]::string::String>, fn() -> core[a373ad73a504971]::result::Result<(), alloc[2e1b2a31b91974c5]::string::String>>
[INFO] [stdout]   17:     0x5629a1311cb5 - test[aada8e7e76ba119b]::run_test::{closure#0}
[INFO] [stdout]   18:     0x5629a130b5a4 - std[617be2ca0a6fd877]::sys::backtrace::__rust_begin_short_backtrace::<test[aada8e7e76ba119b]::run_test::{closure#1}, ()>
[INFO] [stdout]   19:     0x5629a1314d42 - <std[617be2ca0a6fd877]::thread::lifecycle::spawn_unchecked<test[aada8e7e76ba119b]::run_test::{closure#1}, ()>::{closure#1} as core[a373ad73a504971]::ops::function::FnOnce<()>>::call_once::{shim:vtable#0}
[INFO] [stdout]   20:     0x5629a1486eef - <std[617be2ca0a6fd877]::sys::thread::unix::Thread>::new::thread_start
[INFO] [stdout]   21:     0x71c6a7e44dfa - <unknown>
[INFO] [stdout]   22:     0x71c6a7ed83d4 - clone
[INFO] [stdout]   23:                0x0 - <unknown>
[INFO] [stdout] 
[INFO] [stdout] ---- element_screenshots stdout ----
[INFO] [stdout] 
[INFO] [stdout] thread 'element_screenshots' (3421) panicked at crates/fluxwright/tests/integration.rs:177:81:
[INFO] [stdout] called `Result::unwrap()` on an `Err` value: Cdp(ChromeNotFound)
[INFO] [stdout] stack backtrace:
[INFO] [stdout]    0:     0x5629a14880b1 - <<std[617be2ca0a6fd877]::sys::backtrace::BacktraceLock>::print::DisplayBacktrace as core[a373ad73a504971]::fmt::Display>::fmt
[INFO] [stdout]    1:     0x5629a14a006a - core[a373ad73a504971]::fmt::write
[INFO] [stdout]    2:     0x5629a148cf2c - <alloc[2e1b2a31b91974c5]::vec::Vec<u8> as core[a373ad73a504971]::io::write::Write>::write_fmt
[INFO] [stdout]    3:     0x5629a1460116 - std[617be2ca0a6fd877]::panicking::default_hook::{closure#0}
[INFO] [stdout]    4:     0x5629a147e4b9 - std[617be2ca0a6fd877]::panicking::default_hook
[INFO] [stdout]    5:     0x5629a1311690 - test[aada8e7e76ba119b]::test_main_inner::{closure#0}
[INFO] [stdout]    6:     0x5629a147e7e2 - std[617be2ca0a6fd877]::panicking::panic_with_hook
[INFO] [stdout]    7:     0x5629a14601c2 - std[617be2ca0a6fd877]::panicking::panic_handler::{closure#0}
[INFO] [stdout]    8:     0x5629a1458aa9 - std[617be2ca0a6fd877]::sys::backtrace::__rust_end_short_backtrace::<std[617be2ca0a6fd877]::panicking::panic_handler::{closure#0}, !>
[INFO] [stdout]    9:     0x5629a1460fbd - __rustc[ea4f61d10b84890b]::rust_begin_unwind
[INFO] [stdout]   10:     0x5629a14a07cc - core[a373ad73a504971]::panicking::panic_fmt
[INFO] [stdout]   11:     0x5629a14a05a2 - core[a373ad73a504971]::result::unwrap_failed
[INFO] [stdout]   12:     0x5629a11d07a8 - integration[7de1ede6ce738086]::element_screenshots::{closure#0}
[INFO] [stdout]   13:     0x5629a12c133a - <tokio[1203433bd33060fd]::runtime::park::CachedParkThread>::block_on::<core[a373ad73a504971]::pin::Pin<&mut dyn core[a373ad73a504971]::future::future::Future<Output = ()>>>
[INFO] [stdout]   14:     0x5629a126f010 - <tokio[1203433bd33060fd]::runtime::runtime::Runtime>::block_on::<core[a373ad73a504971]::pin::Pin<&mut dyn core[a373ad73a504971]::future::future::Future<Output = ()>>>
[INFO] [stdout]   15:     0x5629a1212a5e - <integration[7de1ede6ce738086]::element_screenshots::{closure#0} as core[a373ad73a504971]::ops::function::FnOnce<()>>::call_once
[INFO] [stdout]   16:     0x5629a1304adb - test[aada8e7e76ba119b]::__rust_begin_short_backtrace::<core[a373ad73a504971]::result::Result<(), alloc[2e1b2a31b91974c5]::string::String>, fn() -> core[a373ad73a504971]::result::Result<(), alloc[2e1b2a31b91974c5]::string::String>>
[INFO] [stdout]   17:     0x5629a1311cb5 - test[aada8e7e76ba119b]::run_test::{closure#0}
[INFO] [stdout]   18:     0x5629a130b5a4 - std[617be2ca0a6fd877]::sys::backtrace::__rust_begin_short_backtrace::<test[aada8e7e76ba119b]::run_test::{closure#1}, ()>
[INFO] [stdout]   19:     0x5629a1314d42 - <std[617be2ca0a6fd877]::thread::lifecycle::spawn_unchecked<test[aada8e7e76ba119b]::run_test::{closure#1}, ()>::{closure#1} as core[a373ad73a504971]::ops::function::FnOnce<()>>::call_once::{shim:vtable#0}
[INFO] [stdout]   20:     0x5629a1486eef - <std[617be2ca0a6fd877]::sys::thread::unix::Thread>::new::thread_start
[INFO] [stdout]   21:     0x71c6a7e44dfa - <unknown>
[INFO] [stdout]   22:     0x71c6a7ed83d4 - clone
[INFO] [stdout]   23:                0x0 - <unknown>
[INFO] [stdout] 
[INFO] [stdout] ---- console_messages_and_page_errors stdout ----
[INFO] [stdout] 
[INFO] [stdout] thread 'console_messages_and_page_errors' (3417) panicked at crates/fluxwright/tests/integration.rs:260:36:
[INFO] [stdout] called `Result::unwrap()` on an `Err` value: Cdp(ChromeNotFound)
[INFO] [stdout] stack backtrace:
[INFO] [stdout]    0:     0x5629a14880b1 - <<std[617be2ca0a6fd877]::sys::backtrace::BacktraceLock>::print::DisplayBacktrace as core[a373ad73a504971]::fmt::Display>::fmt
[INFO] [stdout]    1:     0x5629a14a006a - core[a373ad73a504971]::fmt::write
[INFO] [stdout]    2:     0x5629a148cf2c - <alloc[2e1b2a31b91974c5]::vec::Vec<u8> as core[a373ad73a504971]::io::write::Write>::write_fmt
[INFO] [stdout]    3:     0x5629a1460116 - std[617be2ca0a6fd877]::panicking::default_hook::{closure#0}
[INFO] [stdout]    4:     0x5629a147e4b9 - std[617be2ca0a6fd877]::panicking::default_hook
[INFO] [stdout]    5:     0x5629a1311690 - test[aada8e7e76ba119b]::test_main_inner::{closure#0}
[INFO] [stdout]    6:     0x5629a147e7e2 - std[617be2ca0a6fd877]::panicking::panic_with_hook
[INFO] [stdout]    7:     0x5629a14601c2 - std[617be2ca0a6fd877]::panicking::panic_handler::{closure#0}
[INFO] [stdout]    8:     0x5629a1458aa9 - std[617be2ca0a6fd877]::sys::backtrace::__rust_end_short_backtrace::<std[617be2ca0a6fd877]::panicking::panic_handler::{closure#0}, !>
[INFO] [stdout]    9:     0x5629a1460fbd - __rustc[ea4f61d10b84890b]::rust_begin_unwind
[INFO] [stdout]   10:     0x5629a14a07cc - core[a373ad73a504971]::panicking::panic_fmt
[INFO] [stdout]   11:     0x5629a14a05a2 - core[a373ad73a504971]::result::unwrap_failed
[INFO] [stdout]   12:     0x5629a11e8e08 - integration[7de1ede6ce738086]::console_messages_and_page_errors::{closure#0}
[INFO] [stdout]   13:     0x5629a12c133a - <tokio[1203433bd33060fd]::runtime::park::CachedParkThread>::block_on::<core[a373ad73a504971]::pin::Pin<&mut dyn core[a373ad73a504971]::future::future::Future<Output = ()>>>
[INFO] [stdout]   14:     0x5629a126f010 - <tokio[1203433bd33060fd]::runtime::runtime::Runtime>::block_on::<core[a373ad73a504971]::pin::Pin<&mut dyn core[a373ad73a504971]::future::future::Future<Output = ()>>>
[INFO] [stdout]   15:     0x5629a121405e - <integration[7de1ede6ce738086]::console_messages_and_page_errors::{closure#0} as core[a373ad73a504971]::ops::function::FnOnce<()>>::call_once
[INFO] [stdout]   16:     0x5629a1304adb - test[aada8e7e76ba119b]::__rust_begin_short_backtrace::<core[a373ad73a504971]::result::Result<(), alloc[2e1b2a31b91974c5]::string::String>, fn() -> core[a373ad73a504971]::result::Result<(), alloc[2e1b2a31b91974c5]::string::String>>
[INFO] [stdout]   17:     0x5629a1311cb5 - test[aada8e7e76ba119b]::run_test::{closure#0}
[INFO] [stdout]   18:     0x5629a130b5a4 - std[617be2ca0a6fd877]::sys::backtrace::__rust_begin_short_backtrace::<test[aada8e7e76ba119b]::run_test::{closure#1}, ()>
[INFO] [stdout]   19:     0x5629a1314d42 - <std[617be2ca0a6fd877]::thread::lifecycle::spawn_unchecked<test[aada8e7e76ba119b]::run_test::{closure#1}, ()>::{closure#1} as core[a373ad73a504971]::ops::function::FnOnce<()>>::call_once::{shim:vtable#0}
[INFO] [stdout]   20:     0x5629a1486eef - <std[617be2ca0a6fd877]::sys::thread::unix::Thread>::new::thread_start
[INFO] [stdout]   21:     0x71c6a7e44dfa - <unknown>
[INFO] [stdout]   22:     0x71c6a7ed83d4 - clone
[INFO] [stdout]   23:                0x0 - <unknown>
[INFO] [stdout] 
[INFO] [stdout] ---- recycle_by_rss_threshold stdout ----
[INFO] [stdout] 
[INFO] [stdout] thread 'recycle_by_rss_threshold' (3769) panicked at crates/fluxwright/tests/integration.rs:615:6:
[INFO] [stdout] called `Result::unwrap()` on an `Err` value: Cdp(ChromeNotFound)
[INFO] [stdout] stack backtrace:
[INFO] [stdout]    0:     0x5629a14880b1 - <<std[617be2ca0a6fd877]::sys::backtrace::BacktraceLock>::print::DisplayBacktrace as core[a373ad73a504971]::fmt::Display>::fmt
[INFO] [stdout]    1:     0x5629a14a006a - core[a373ad73a504971]::fmt::write
[INFO] [stdout]    2:     0x5629a148cf2c - <alloc[2e1b2a31b91974c5]::vec::Vec<u8> as core[a373ad73a504971]::io::write::Write>::write_fmt
[INFO] [stdout]    3:     0x5629a1460116 - std[617be2ca0a6fd877]::panicking::default_hook::{closure#0}
[INFO] [stdout]    4:     0x5629a147e4b9 - std[617be2ca0a6fd877]::panicking::default_hook
[INFO] [stdout]    5:     0x5629a1311690 - test[aada8e7e76ba119b]::test_main_inner::{closure#0}
[INFO] [stdout]    6:     0x5629a147e7e2 - std[617be2ca0a6fd877]::panicking::panic_with_hook
[INFO] [stdout]    7:     0x5629a14601c2 - std[617be2ca0a6fd877]::panicking::panic_handler::{closure#0}
[INFO] [stdout]    8:     0x5629a1458aa9 - std[617be2ca0a6fd877]::sys::backtrace::__rust_end_short_backtrace::<std[617be2ca0a6fd877]::panicking::panic_handler::{closure#0}, !>
[INFO] [stdout]    9:     0x5629a1460fbd - __rustc[ea4f61d10b84890b]::rust_begin_unwind
[INFO] [stdout]   10:     0x5629a14a07cc - core[a373ad73a504971]::panicking::panic_fmt
[INFO] [stdout]   11:     0x5629a14a05a2 - core[a373ad73a504971]::result::unwrap_failed
[INFO] [stdout]   12:     0x5629a11dea51 - integration[7de1ede6ce738086]::recycle_by_rss_threshold::{closure#0}
[INFO] [stdout]   13:     0x5629a12c133a - <tokio[1203433bd33060fd]::runtime::park::CachedParkThread>::block_on::<core[a373ad73a504971]::pin::Pin<&mut dyn core[a373ad73a504971]::future::future::Future<Output = ()>>>
[INFO] [stdout]   14:     0x5629a126f010 - <tokio[1203433bd33060fd]::runtime::runtime::Runtime>::block_on::<core[a373ad73a504971]::pin::Pin<&mut dyn core[a373ad73a504971]::future::future::Future<Output = ()>>>
[INFO] [stdout]   15:     0x5629a12136be - <integration[7de1ede6ce738086]::recycle_by_rss_threshold::{closure#0} as core[a373ad73a504971]::ops::function::FnOnce<()>>::call_once
[INFO] [stdout]   16:     0x5629a1304adb - test[aada8e7e76ba119b]::__rust_begin_short_backtrace::<core[a373ad73a504971]::result::Result<(), alloc[2e1b2a31b91974c5]::string::String>, fn() -> core[a373ad73a504971]::result::Result<(), alloc[2e1b2a31b91974c5]::string::String>>
[INFO] [stdout]   17:     0x5629a1311cb5 - test[aada8e7e76ba119b]::run_test::{closure#0}
[INFO] [stdout]   18:     0x5629a130b5a4 - std[617be2ca0a6fd877]::sys::backtrace::__rust_begin_short_backtrace::<test[aada8e7e76ba119b]::run_test::{closure#1}, ()>
[INFO] [stdout]   19:     0x5629a1314d42 - <std[617be2ca0a6fd877]::thread::lifecycle::spawn_unchecked<test[aada8e7e76ba119b]::run_test::{closure#1}, ()>::{closure#1} as core[a373ad73a504971]::ops::function::FnOnce<()>>::call_once::{shim:vtable#0}
[INFO] [stdout]   20:     0x5629a1486eef - <std[617be2ca0a6fd877]::sys::thread::unix::Thread>::new::thread_start
[INFO] [stdout]   21:     0x71c6a7e44dfa - <unknown>
[INFO] [stdout]   22:     0x71c6a7ed83d4 - clone
[INFO] [stdout]   23:                0x0 - <unknown>
[INFO] [stdout] 
[INFO] [stdout] ---- transformed_frames stdout ----
[INFO] [stdout] 
[INFO] [stdout] thread 'transformed_frames' (3880) panicked at crates/fluxwright/tests/integration.rs:876:81:
[INFO] [stdout] called `Result::unwrap()` on an `Err` value: Cdp(ChromeNotFound)
[INFO] [stdout] stack backtrace:
[INFO] [stdout]    0:     0x5629a14880b1 - <<std[617be2ca0a6fd877]::sys::backtrace::BacktraceLock>::print::DisplayBacktrace as core[a373ad73a504971]::fmt::Display>::fmt
[INFO] [stdout]    1:     0x5629a14a006a - core[a373ad73a504971]::fmt::write
[INFO] [stdout]    2:     0x5629a148cf2c - <alloc[2e1b2a31b91974c5]::vec::Vec<u8> as core[a373ad73a504971]::io::write::Write>::write_fmt
[INFO] [stdout]    3:     0x5629a1460116 - std[617be2ca0a6fd877]::panicking::default_hook::{closure#0}
[INFO] [stdout]    4:     0x5629a147e4b9 - std[617be2ca0a6fd877]::panicking::default_hook
[INFO] [stdout]    5:     0x5629a1311690 - test[aada8e7e76ba119b]::test_main_inner::{closure#0}
[INFO] [stdout]    6:     0x5629a147e7e2 - std[617be2ca0a6fd877]::panicking::panic_with_hook
[INFO] [stdout]    7:     0x5629a14601c2 - std[617be2ca0a6fd877]::panicking::panic_handler::{closure#0}
[INFO] [stdout]    8:     0x5629a1458aa9 - std[617be2ca0a6fd877]::sys::backtrace::__rust_end_short_backtrace::<std[617be2ca0a6fd877]::panicking::panic_handler::{closure#0}, !>
[INFO] [stdout]    9:     0x5629a1460fbd - __rustc[ea4f61d10b84890b]::rust_begin_unwind
[INFO] [stdout]   10:     0x5629a14a07cc - core[a373ad73a504971]::panicking::panic_fmt
[INFO] [stdout]   11:     0x5629a14a05a2 - core[a373ad73a504971]::result::unwrap_failed
[INFO] [stdout]   12:     0x5629a11ce388 - integration[7de1ede6ce738086]::transformed_frames::{closure#0}
[INFO] [stdout]   13:     0x5629a12c133a - <tokio[1203433bd33060fd]::runtime::park::CachedParkThread>::block_on::<core[a373ad73a504971]::pin::Pin<&mut dyn core[a373ad73a504971]::future::future::Future<Output = ()>>>
[INFO] [stdout]   14:     0x5629a126f010 - <tokio[1203433bd33060fd]::runtime::runtime::Runtime>::block_on::<core[a373ad73a504971]::pin::Pin<&mut dyn core[a373ad73a504971]::future::future::Future<Output = ()>>>
[INFO] [stdout]   15:     0x5629a12128fe - <integration[7de1ede6ce738086]::transformed_frames::{closure#0} as core[a373ad73a504971]::ops::function::FnOnce<()>>::call_once
[INFO] [stdout]   16:     0x5629a1304adb - test[aada8e7e76ba119b]::__rust_begin_short_backtrace::<core[a373ad73a504971]::result::Result<(), alloc[2e1b2a31b91974c5]::string::String>, fn() -> core[a373ad73a504971]::result::Result<(), alloc[2e1b2a31b91974c5]::string::String>>
[INFO] [stdout]   17:     0x5629a1311cb5 - test[aada8e7e76ba119b]::run_test::{closure#0}
[INFO] [stdout]   18:     0x5629a130b5a4 - std[617be2ca0a6fd877]::sys::backtrace::__rust_begin_short_backtrace::<test[aada8e7e76ba119b]::run_test::{closure#1}, ()>
[INFO] [stdout]   19:     0x5629a1314d42 - <std[617be2ca0a6fd877]::thread::lifecycle::spawn_unchecked<test[aada8e7e76ba119b]::run_test::{closure#1}, ()>::{closure#1} as core[a373ad73a504971]::ops::function::FnOnce<()>>::call_once::{shim:vtable#0}
[INFO] [stdout]   20:     0x5629a1486eef - <std[617be2ca0a6fd877]::sys::thread::unix::Thread>::new::thread_start
[INFO] [stdout]   21:     0x71c6a7e44dfa - <unknown>
[INFO] [stdout]   22:     0x71c6a7ed83d4 - clone
[INFO] [stdout]   23:                0x0 - <unknown>
[INFO] [stdout] 
[INFO] [stdout] ---- screenshot_larger_than_16_mib stdout ----
[INFO] [stdout] 
[INFO] [stdout] thread 'screenshot_larger_than_16_mib' (3770) panicked at crates/fluxwright/tests/integration.rs:1140:36:
[INFO] [stdout] called `Result::unwrap()` on an `Err` value: Cdp(ChromeNotFound)
[INFO] [stdout] stack backtrace:
[INFO] [stdout]    0:     0x5629a14880b1 - <<std[617be2ca0a6fd877]::sys::backtrace::BacktraceLock>::print::DisplayBacktrace as core[a373ad73a504971]::fmt::Display>::fmt
[INFO] [stdout]    1:     0x5629a14a006a - core[a373ad73a504971]::fmt::write
[INFO] [stdout]    2:     0x5629a148cf2c - <alloc[2e1b2a31b91974c5]::vec::Vec<u8> as core[a373ad73a504971]::io::write::Write>::write_fmt
[INFO] [stdout]    3:     0x5629a1460116 - std[617be2ca0a6fd877]::panicking::default_hook::{closure#0}
[INFO] [stdout]    4:     0x5629a147e4b9 - std[617be2ca0a6fd877]::panicking::default_hook
[INFO] [stdout]    5:     0x5629a1311690 - test[aada8e7e76ba119b]::test_main_inner::{closure#0}
[INFO] [stdout]    6:     0x5629a147e7e2 - std[617be2ca0a6fd877]::panicking::panic_with_hook
[INFO] [stdout]    7:     0x5629a14601c2 - std[617be2ca0a6fd877]::panicking::panic_handler::{closure#0}
[INFO] [stdout]    8:     0x5629a1458aa9 - std[617be2ca0a6fd877]::sys::backtrace::__rust_end_short_backtrace::<std[617be2ca0a6fd877]::panicking::panic_handler::{closure#0}, !>
[INFO] [stdout]    9:     0x5629a1460fbd - __rustc[ea4f61d10b84890b]::rust_begin_unwind
[INFO] [stdout]   10:     0x5629a14a07cc - core[a373ad73a504971]::panicking::panic_fmt
[INFO] [stdout]   11:     0x5629a14a05a2 - core[a373ad73a504971]::result::unwrap_failed
[INFO] [stdout]   12:     0x5629a11e7351 - integration[7de1ede6ce738086]::screenshot_larger_than_16_mib::{closure#0}
[INFO] [stdout]   13:     0x5629a12c133a - <tokio[1203433bd33060fd]::runtime::park::CachedParkThread>::block_on::<core[a373ad73a504971]::pin::Pin<&mut dyn core[a373ad73a504971]::future::future::Future<Output = ()>>>
[INFO] [stdout]   14:     0x5629a126f010 - <tokio[1203433bd33060fd]::runtime::runtime::Runtime>::block_on::<core[a373ad73a504971]::pin::Pin<&mut dyn core[a373ad73a504971]::future::future::Future<Output = ()>>>
[INFO] [stdout]   15:     0x5629a1213d9e - <integration[7de1ede6ce738086]::screenshot_larger_than_16_mib::{closure#0} as core[a373ad73a504971]::ops::function::FnOnce<()>>::call_once
[INFO] [stdout]   16:     0x5629a1304adb - test[aada8e7e76ba119b]::__rust_begin_short_backtrace::<core[a373ad73a504971]::result::Result<(), alloc[2e1b2a31b91974c5]::string::String>, fn() -> core[a373ad73a504971]::result::Result<(), alloc[2e1b2a31b91974c5]::string::String>>
[INFO] [stdout]   17:     0x5629a1311cb5 - test[aada8e7e76ba119b]::run_test::{closure#0}
[INFO] [stdout]   18:     0x5629a130b5a4 - std[617be2ca0a6fd877]::sys::backtrace::__rust_begin_short_backtrace::<test[aada8e7e76ba119b]::run_test::{closure#1}, ()>
[INFO] [stdout]   19:     0x5629a1314d42 - <std[617be2ca0a6fd877]::thread::lifecycle::spawn_unchecked<test[aada8e7e76ba119b]::run_test::{closure#1}, ()>::{closure#1} as core[a373ad73a504971]::ops::function::FnOnce<()>>::call_once::{shim:vtable#0}
[INFO] [stdout]   20:     0x5629a1486eef - <std[617be2ca0a6fd877]::sys::thread::unix::Thread>::new::thread_start
[INFO] [stdout]   21:     0x71c6a7e44dfa - <unknown>
[INFO] [stdout]   22:     0x71c6a7ed83d4 - clone
[INFO] [stdout]   23:                0x0 - <unknown>
[INFO] [stdout] 
[INFO] [stdout] ---- queue_full_wait_mode stdout ----
[INFO] [stdout] 
[INFO] [stdout] thread 'queue_full_wait_mode' (3711) panicked at crates/fluxwright/tests/integration.rs:546:36:
[INFO] [stdout] called `Result::unwrap()` on an `Err` value: Cdp(ChromeNotFound)
[INFO] [stdout] stack backtrace:
[INFO] [stdout]    0:     0x5629a14880b1 - <<std[617be2ca0a6fd877]::sys::backtrace::BacktraceLock>::print::DisplayBacktrace as core[a373ad73a504971]::fmt::Display>::fmt
[INFO] [stdout]    1:     0x5629a14a006a - core[a373ad73a504971]::fmt::write
[INFO] [stdout]    2:     0x5629a148cf2c - <alloc[2e1b2a31b91974c5]::vec::Vec<u8> as core[a373ad73a504971]::io::write::Write>::write_fmt
[INFO] [stdout]    3:     0x5629a1460116 - std[617be2ca0a6fd877]::panicking::default_hook::{closure#0}
[INFO] [stdout]    4:     0x5629a147e4b9 - std[617be2ca0a6fd877]::panicking::default_hook
[INFO] [stdout]    5:     0x5629a1311690 - test[aada8e7e76ba119b]::test_main_inner::{closure#0}
[INFO] [stdout]    6:     0x5629a147e7e2 - std[617be2ca0a6fd877]::panicking::panic_with_hook
[INFO] [stdout]    7:     0x5629a14601c2 - std[617be2ca0a6fd877]::panicking::panic_handler::{closure#0}
[INFO] [stdout]    8:     0x5629a1458aa9 - std[617be2ca0a6fd877]::sys::backtrace::__rust_end_short_backtrace::<std[617be2ca0a6fd877]::panicking::panic_handler::{closure#0}, !>
[INFO] [stdout]    9:     0x5629a1460fbd - __rustc[ea4f61d10b84890b]::rust_begin_unwind
[INFO] [stdout]   10:     0x5629a14a07cc - core[a373ad73a504971]::panicking::panic_fmt
[INFO] [stdout]   11:     0x5629a14a05a2 - core[a373ad73a504971]::result::unwrap_failed
[INFO] [stdout]   12:     0x5629a11d3890 - integration[7de1ede6ce738086]::queue_full_wait_mode::{closure#0}
[INFO] [stdout]   13:     0x5629a12c133a - <tokio[1203433bd33060fd]::runtime::park::CachedParkThread>::block_on::<core[a373ad73a504971]::pin::Pin<&mut dyn core[a373ad73a504971]::future::future::Future<Output = ()>>>
[INFO] [stdout]   14:     0x5629a126f010 - <tokio[1203433bd33060fd]::runtime::runtime::Runtime>::block_on::<core[a373ad73a504971]::pin::Pin<&mut dyn core[a373ad73a504971]::future::future::Future<Output = ()>>>
[INFO] [stdout]   15:     0x5629a1212e7e - <integration[7de1ede6ce738086]::queue_full_wait_mode::{closure#0} as core[a373ad73a504971]::ops::function::FnOnce<()>>::call_once
[INFO] [stdout]   16:     0x5629a1304adb - test[aada8e7e76ba119b]::__rust_begin_short_backtrace::<core[a373ad73a504971]::result::Result<(), alloc[2e1b2a31b91974c5]::string::String>, fn() -> core[a373ad73a504971]::result::Result<(), alloc[2e1b2a31b91974c5]::string::String>>
[INFO] [stdout]   17:     0x5629a1311cb5 - test[aada8e7e76ba119b]::run_test::{closure#0}
[INFO] [stdout]   18:     0x5629a130b5a4 - std[617be2ca0a6fd877]::sys::backtrace::__rust_begin_short_backtrace::<test[aada8e7e76ba119b]::run_test::{closure#1}, ()>
[INFO] [stdout]   19:     0x5629a1314d42 - <std[617be2ca0a6fd877]::thread::lifecycle::spawn_unchecked<test[aada8e7e76ba119b]::run_test::{closure#1}, ()>::{closure#1} as core[a373ad73a504971]::ops::function::FnOnce<()>>::call_once::{shim:vtable#0}
[INFO] [stdout]   20:     0x5629a1486eef - <std[617be2ca0a6fd877]::sys::thread::unix::Thread>::new::thread_start
[INFO] [stdout]   21:     0x71c6a7e44dfa - <unknown>
[INFO] [stdout]   22:     0x71c6a7ed83d4 - clone
[INFO] [stdout]   23:                0x0 - <unknown>
[INFO] [stdout] 
[INFO] [stdout] ---- intercept_requests stdout ----
[INFO] [stdout] 
[INFO] [stdout] thread 'intercept_requests' (3459) panicked at crates/fluxwright/tests/integration.rs:291:99:
[INFO] [stdout] called `Result::unwrap()` on an `Err` value: Cdp(ChromeNotFound)
[INFO] [stdout] stack backtrace:
[INFO] [stdout]    0:     0x5629a14880b1 - <<std[617be2ca0a6fd877]::sys::backtrace::BacktraceLock>::print::DisplayBacktrace as core[a373ad73a504971]::fmt::Display>::fmt
[INFO] [stdout]    1:     0x5629a14a006a - core[a373ad73a504971]::fmt::write
[INFO] [stdout]    2:     0x5629a148cf2c - <alloc[2e1b2a31b91974c5]::vec::Vec<u8> as core[a373ad73a504971]::io::write::Write>::write_fmt
[INFO] [stdout]    3:     0x5629a1460116 - std[617be2ca0a6fd877]::panicking::default_hook::{closure#0}
[INFO] [stdout]    4:     0x5629a147e4b9 - std[617be2ca0a6fd877]::panicking::default_hook
[INFO] [stdout]    5:     0x5629a1311690 - test[aada8e7e76ba119b]::test_main_inner::{closure#0}
[INFO] [stdout]    6:     0x5629a147e7e2 - std[617be2ca0a6fd877]::panicking::panic_with_hook
[INFO] [stdout]    7:     0x5629a14601c2 - std[617be2ca0a6fd877]::panicking::panic_handler::{closure#0}
[INFO] [stdout]    8:     0x5629a1458aa9 - std[617be2ca0a6fd877]::sys::backtrace::__rust_end_short_backtrace::<std[617be2ca0a6fd877]::panicking::panic_handler::{closure#0}, !>
[INFO] [stdout]    9:     0x5629a1460fbd - __rustc[ea4f61d10b84890b]::rust_begin_unwind
[INFO] [stdout]   10:     0x5629a14a07cc - core[a373ad73a504971]::panicking::panic_fmt
[INFO] [stdout]   11:     0x5629a14a05a2 - core[a373ad73a504971]::result::unwrap_failed
[INFO] [stdout]   12:     0x5629a11cbc7a - integration[7de1ede6ce738086]::intercept_requests::{closure#0}
[INFO] [stdout]   13:     0x5629a12c133a - <tokio[1203433bd33060fd]::runtime::park::CachedParkThread>::block_on::<core[a373ad73a504971]::pin::Pin<&mut dyn core[a373ad73a504971]::future::future::Future<Output = ()>>>
[INFO] [stdout]   14:     0x5629a126f010 - <tokio[1203433bd33060fd]::runtime::runtime::Runtime>::block_on::<core[a373ad73a504971]::pin::Pin<&mut dyn core[a373ad73a504971]::future::future::Future<Output = ()>>>
[INFO] [stdout]   15:     0x5629a121279e - <integration[7de1ede6ce738086]::intercept_requests::{closure#0} as core[a373ad73a504971]::ops::function::FnOnce<()>>::call_once
[INFO] [stdout]   16:     0x5629a1304adb - test[aada8e7e76ba119b]::__rust_begin_short_backtrace::<core[a373ad73a504971]::result::Result<(), alloc[2e1b2a31b91974c5]::string::String>, fn() -> core[a373ad73a504971]::result::Result<(), alloc[2e1b2a31b91974c5]::string::String>>
[INFO] [stdout]   17:     0x5629a1311cb5 - test[aada8e7e76ba119b]::run_test::{closure#0}
[INFO] [stdout]   18:     0x5629a130b5a4 - std[617be2ca0a6fd877]::sys::backtrace::__rust_begin_short_backtrace::<test[aada8e7e76ba119b]::run_test::{closure#1}, ()>
[INFO] [stdout]   19:     0x5629a1314d42 - <std[617be2ca0a6fd877]::thread::lifecycle::spawn_unchecked<test[aada8e7e76ba119b]::run_test::{closure#1}, ()>::{closure#1} as core[a373ad73a504971]::ops::function::FnOnce<()>>::call_once::{shim:vtable#0}
[INFO] [stdout]   20:     0x5629a1486eef - <std[617be2ca0a6fd877]::sys::thread::unix::Thread>::new::thread_start
[INFO] [stdout]   21:     0x71c6a7e44dfa - <unknown>
[INFO] [stdout]   22:     0x71c6a7ed83d4 - clone
[INFO] [stdout]   23:                0x0 - <unknown>
[INFO] [stdout] 
[INFO] [stdout] ---- two_hundred_leases_five_browsers_no_deadlock stdout ----
[INFO] [stdout] 
[INFO] [stdout] thread 'two_hundred_leases_five_browsers_no_deadlock' (3887) panicked at crates/fluxwright/tests/integration.rs:1256:26:
[INFO] [stdout] lease: Cdp(ChromeNotFound)
[INFO] [stdout] stack backtrace:
[INFO] [stdout]    0:     0x5629a14880b1 - <<std[617be2ca0a6fd877]::sys::backtrace::BacktraceLock>::print::DisplayBacktrace as core[a373ad73a504971]::fmt::Display>::fmt
[INFO] [stdout]    1:     0x5629a14a006a - core[a373ad73a504971]::fmt::write
[INFO] [stdout]    2:     0x5629a148cf2c - <alloc[2e1b2a31b91974c5]::vec::Vec<u8> as core[a373ad73a504971]::io::write::Write>::write_fmt
[INFO] [stdout]    3:     0x5629a1460116 - std[617be2ca0a6fd877]::panicking::default_hook::{closure#0}
[INFO] [stdout]    4:     0x5629a147e4b9 - std[617be2ca0a6fd877]::panicking::default_hook
[INFO] [stdout]    5:     0x5629a1311690 - test[aada8e7e76ba119b]::test_main_inner::{closure#0}
[INFO] [stdout]    6:     0x5629a147e7e2 - std[617be2ca0a6fd877]::panicking::panic_with_hook
[INFO] [stdout]    7:     0x5629a14601c2 - std[617be2ca0a6fd877]::panicking::panic_handler::{closure#0}
[INFO] [stdout]    8:     0x5629a1458aa9 - std[617be2ca0a6fd877]::sys::backtrace::__rust_end_short_backtrace::<std[617be2ca0a6fd877]::panicking::panic_handler::{closure#0}, !>
[INFO] [stdout]    9:     0x5629a1460fbd - __rustc[ea4f61d10b84890b]::rust_begin_unwind
[INFO] [stdout]   10:     0x5629a14a07cc - core[a373ad73a504971]::panicking::panic_fmt
[INFO] [stdout]   11:     0x5629a14a05a2 - core[a373ad73a504971]::result::unwrap_failed
[INFO] [stdout]   12:     0x5629a11f1573 - integration[7de1ede6ce738086]::two_hundred_leases_five_browsers_no_deadlock::{closure#0}
[INFO] [stdout]   13:     0x5629a12c133a - <tokio[1203433bd33060fd]::runtime::park::CachedParkThread>::block_on::<core[a373ad73a504971]::pin::Pin<&mut dyn core[a373ad73a504971]::future::future::Future<Output = ()>>>
[INFO] [stdout]   14:     0x5629a126f010 - <tokio[1203433bd33060fd]::runtime::runtime::Runtime>::block_on::<core[a373ad73a504971]::pin::Pin<&mut dyn core[a373ad73a504971]::future::future::Future<Output = ()>>>
[INFO] [stdout]   15:     0x5629a1214d72 - <integration[7de1ede6ce738086]::two_hundred_leases_five_browsers_no_deadlock::{closure#0} as core[a373ad73a504971]::ops::function::FnOnce<()>>::call_once
[INFO] [stdout]   16:     0x5629a1304adb - test[aada8e7e76ba119b]::__rust_begin_short_backtrace::<core[a373ad73a504971]::result::Result<(), alloc[2e1b2a31b91974c5]::string::String>, fn() -> core[a373ad73a504971]::result::Result<(), alloc[2e1b2a31b91974c5]::string::String>>
[INFO] [stdout]   17:     0x5629a1311cb5 - test[aada8e7e76ba119b]::run_test::{closure#0}
[INFO] [stdout]   18:     0x5629a130b5a4 - std[617be2ca0a6fd877]::sys::backtrace::__rust_begin_short_backtrace::<test[aada8e7e76ba119b]::run_test::{closure#1}, ()>
[INFO] [stdout]   19:     0x5629a1314d42 - <std[617be2ca0a6fd877]::thread::lifecycle::spawn_unchecked<test[aada8e7e76ba119b]::run_test::{closure#1}, ()>::{closure#1} as core[a373ad73a504971]::ops::function::FnOnce<()>>::call_once::{shim:vtable#0}
[INFO] [stdout]   20:     0x5629a1486eef - <std[617be2ca0a6fd877]::sys::thread::unix::Thread>::new::thread_start
[INFO] [stdout]   21:     0x71c6a7e44dfa - <unknown>
[INFO] [stdout]   22:     0x71c6a7ed83d4 - clone
[INFO] [stdout]   23:                0x0 - <unknown>
[INFO] [stdout] 
[INFO] [stdout] 
[INFO] [stdout] failures:
[INFO] [stdout]     actionability_edge_cases
[INFO] [stdout]     blocking_covers_cross_origin_frames
[INFO] [stdout]     bounding_box_and_element_evaluate
[INFO] [stdout]     chrome_dies_with_engine
[INFO] [stdout]     console_messages_and_page_errors
[INFO] [stdout]     cookie_set_in_one_job_not_visible_in_next
[INFO] [stdout]     dialogs_do_not_block
[INFO] [stdout]     downloads
[INFO] [stdout]     element_screenshots
[INFO] [stdout]     emulation_and_permissions
[INFO] [stdout]     emulation_reaches_cross_site_iframes
[INFO] [stdout]     goto_wait_until
[INFO] [stdout]     intercept_requests
[INFO] [stdout]     kill_browser_mid_job_retries
[INFO] [stdout]     lease_dropped_outside_runtime_frees_its_slot
[INFO] [stdout]     logs_as_they_happen
[INFO] [stdout]     more_locators_and_chaining
[INFO] [stdout]     page_actions
[INFO] [stdout]     page_scripts_cannot_break_selectors
[INFO] [stdout]     proxy_per_job
[INFO] [stdout]     queue_full_error_mode
[INFO] [stdout]     queue_full_wait_mode
[INFO] [stdout]     recycle_by_job_count
[INFO] [stdout]     recycle_by_rss_threshold
[INFO] [stdout]     screenshot_larger_than_16_mib
[INFO] [stdout]     selectors_and_frames
[INFO] [stdout]     shutdown_with_leases_in_flight
[INFO] [stdout]     storage_state_round_trip
[INFO] [stdout]     transformed_frames
[INFO] [stdout]     two_hundred_leases_five_browsers_no_deadlock
[INFO] [stdout] 
[INFO] [stdout] test result: FAILED. 0 passed; 30 failed; 0 ignored; 0 measured; 0 filtered out; finished in 0.09s
[INFO] [stdout] 
[INFO] running `Command { std: "docker" "inspect" "c0a66a46af8698fe748110a8118ed365160514b8cee1ea6d1309c0833eeca5ec", kill_on_drop: false }`
[INFO] running `Command { std: "docker" "rm" "-f" "c0a66a46af8698fe748110a8118ed365160514b8cee1ea6d1309c0833eeca5ec", kill_on_drop: false }`
[INFO] [stdout] c0a66a46af8698fe748110a8118ed365160514b8cee1ea6d1309c0833eeca5ec
