[INFO] cloning repository https://github.com/harmless-beep/calcboard
[INFO] running `Command { std: "git" "-c" "credential.helper=" "-c" "credential.helper=/workspace/cargo-home/bin/git-credential-null" "clone" "--bare" "https://github.com/harmless-beep/calcboard" "/workspace/cache/git-repos/https%3A%2F%2Fgithub.com%2Fharmless-beep%2Fcalcboard", kill_on_drop: false }`
[INFO] [stderr] Cloning into bare repository '/workspace/cache/git-repos/https%3A%2F%2Fgithub.com%2Fharmless-beep%2Fcalcboard'...
[INFO] running `Command { std: "git" "rev-parse" "HEAD", kill_on_drop: false }`
[INFO] [stdout] 9889b38dc045af8691be3314b504f84dcd5721c1
[INFO] testing harmless-beep/calcboard against 1.100.0-beta.1+cargoflags=--release for beta-release-1.100-2
[INFO] running `Command { std: "git" "clone" "/workspace/cache/git-repos/https%3A%2F%2Fgithub.com%2Fharmless-beep%2Fcalcboard" "/workspace/builds/worker-4-tc2/source", kill_on_drop: false }`
[INFO] [stderr] Cloning into '/workspace/builds/worker-4-tc2/source'...
[INFO] [stderr] done.
[INFO] started tweaking git repo https://github.com/harmless-beep/calcboard
[INFO] finished tweaking git repo https://github.com/harmless-beep/calcboard
[INFO] tweaked toml for git repo https://github.com/harmless-beep/calcboard written to /workspace/builds/worker-4-tc2/source/Cargo.toml
[INFO] validating manifest of git repo https://github.com/harmless-beep/calcboard on toolchain 1.100.0-beta.1
[INFO] running `Command { std: CARGO_HOME="/workspace/cargo-home" RUSTUP_HOME="/workspace/rustup-home" "/workspace/cargo-home/bin/cargo" "+1.100.0-beta.1" "metadata" "--manifest-path" "Cargo.toml" "--no-deps", kill_on_drop: false }`
[INFO] crate git repo https://github.com/harmless-beep/calcboard already has a lockfile, it will not be regenerated
[INFO] running `Command { std: CARGO_HOME="/workspace/cargo-home" RUSTUP_HOME="/workspace/rustup-home" "/workspace/cargo-home/bin/cargo" "+1.100.0-beta.1" "fetch" "--manifest-path" "Cargo.toml", kill_on_drop: false }`
[INFO] running `Command { std: "docker" "create" "-v" "/var/lib/crater-agent-workspace/builds/worker-4-tc2/source:/opt/rustwide/workdir:ro,Z" "-v" "/var/lib/crater-agent-workspace/builds/worker-4-tc2/target:/opt/rustwide/target:rw,Z" "-v" "/var/lib/crater-agent-workspace/cargo-home:/opt/rustwide/cargo-home:ro,Z" "-v" "/var/lib/crater-agent-workspace/rustup-home:/opt/rustwide/rustup-home:ro,Z" "-m" "1610612736" "--network" "none" "ghcr.io/rust-lang/crates-build-env/linux@sha256:77db811e55d90add9212f6832c23229e3de5f1c1f9905e8cb07319ea15df73ac" "sleep" "infinity", kill_on_drop: false }`
[INFO] [stdout] c541ccc5d72655794834be037007f27e9a1a5f6f2b68a636da06a76fad407514
[INFO] running `Command { std: "docker" "start" "c541ccc5d72655794834be037007f27e9a1a5f6f2b68a636da06a76fad407514", kill_on_drop: false }`
[INFO] running `Command { std: "docker" "inspect" "c541ccc5d72655794834be037007f27e9a1a5f6f2b68a636da06a76fad407514", kill_on_drop: false }`
[INFO] running `Command { std: "docker" "exec" "-e" "SOURCE_DIR=/opt/rustwide/workdir" "-e" "CARGO_HOME=/opt/rustwide/cargo-home" "-e" "RUSTUP_HOME=/opt/rustwide/rustup-home" "-e" "CARGO_TARGET_DIR=/opt/rustwide/target" "-w" "/opt/rustwide/workdir" "--user" "0:0" "c541ccc5d72655794834be037007f27e9a1a5f6f2b68a636da06a76fad407514" "/opt/rustwide/cargo-home/bin/cargo" "+1.100.0-beta.1" "metadata" "--no-deps" "--format-version=1", kill_on_drop: false }`
[INFO] running `Command { std: "docker" "inspect" "c541ccc5d72655794834be037007f27e9a1a5f6f2b68a636da06a76fad407514", kill_on_drop: false }`
[INFO] running `Command { std: "docker" "exec" "-e" "SOURCE_DIR=/opt/rustwide/workdir" "-e" "CARGO_HOME=/opt/rustwide/cargo-home" "-e" "RUSTUP_HOME=/opt/rustwide/rustup-home" "-e" "CARGO_TARGET_DIR=/opt/rustwide/target" "-e" "CARGO_INCREMENTAL=0" "-e" "RUST_BACKTRACE=full" "-e" "RUSTFLAGS=--cap-lints=warn" "-e" "RUSTDOCFLAGS=--cap-lints=warn" "-w" "/opt/rustwide/workdir" "--user" "0:0" "c541ccc5d72655794834be037007f27e9a1a5f6f2b68a636da06a76fad407514" "/opt/rustwide/cargo-home/bin/cargo" "+1.100.0-beta.1" "build" "--frozen" "--message-format=json" "--release", kill_on_drop: false }`
[INFO] [stderr]    Compiling proc-macro2 v1.0.107
[INFO] [stderr]    Compiling quote v1.0.47
[INFO] [stderr]    Compiling unicode-ident v1.0.24
[INFO] [stderr]    Compiling libc v0.2.189
[INFO] [stderr]    Compiling rustversion v1.0.23
[INFO] [stderr]    Compiling strsim v0.11.1
[INFO] [stderr]    Compiling signal-hook v0.3.18
[INFO] [stderr]    Compiling ident_case v1.0.1
[INFO] [stderr]    Compiling cfg-if v1.0.4
[INFO] [stderr]    Compiling parking_lot_core v0.9.12
[INFO] [stderr]    Compiling scopeguard v1.2.0
[INFO] [stderr]    Compiling rustix v0.38.44
[INFO] [stderr]    Compiling smallvec v1.15.2
[INFO] [stderr]    Compiling serde_core v1.0.229
[INFO] [stderr]    Compiling log v0.4.34
[INFO] [stderr]    Compiling itoa v1.0.18
[INFO] [stderr]    Compiling instability v0.3.13
[INFO] [stderr]    Compiling lock_api v0.4.14
[INFO] [stderr]    Compiling equivalent v1.0.2
[INFO] [stderr]    Compiling heck v0.5.0
[INFO] [stderr]    Compiling linux-raw-sys v0.4.15
[INFO] [stderr]    Compiling bitflags v2.13.1
[INFO] [stderr]    Compiling paste v1.0.15
[INFO] [stderr]    Compiling zmij v1.0.23
[INFO] [stderr]    Compiling foldhash v0.1.5
[INFO] [stderr]    Compiling allocator-api2 v0.2.21
[INFO] [stderr]    Compiling either v1.18.0
[INFO] [stderr]    Compiling static_assertions v1.1.0
[INFO] [stderr]    Compiling unicode-width v0.1.14
[INFO] [stderr]    Compiling unicode-segmentation v1.13.3
[INFO] [stderr]    Compiling ryu v1.0.23
[INFO] [stderr]    Compiling indoc v2.0.7
[INFO] [stderr]    Compiling serde_json v1.0.151
[INFO] [stderr]    Compiling serde v1.0.229
[INFO] [stderr]    Compiling itertools v0.13.0
[INFO] [stderr]    Compiling cassowary v0.3.0
[INFO] [stderr]    Compiling unicode-width v0.2.0
[INFO] [stderr]    Compiling memchr v2.8.3
[INFO] [stderr]    Compiling castaway v0.2.4
[INFO] [stderr]    Compiling compact_str v0.8.2
[INFO] [stderr]    Compiling hashbrown v0.15.5
[INFO] [stderr]    Compiling syn v3.0.3
[INFO] [stderr]    Compiling syn v2.0.119
[INFO] [stderr]    Compiling errno v0.3.14
[INFO] [stderr]    Compiling mio v1.2.2
[INFO] [stderr]    Compiling signal-hook-registry v1.4.8
[INFO] [stderr]    Compiling parking_lot v0.12.5
[INFO] [stderr]    Compiling lru v0.12.5
[INFO] [stderr]    Compiling signal-hook-mio v0.2.5
[INFO] [stderr]    Compiling crossterm v0.28.1
[INFO] [stderr]    Compiling unicode-truncate v1.1.0
[INFO] [stderr]    Compiling strum_macros v0.26.4
[INFO] [stderr]    Compiling darling_core v0.24.1
[INFO] [stderr]    Compiling strum v0.26.3
[INFO] [stderr]    Compiling serde_derive v1.0.229
[INFO] [stderr]    Compiling darling_macro v0.24.1
[INFO] [stderr]    Compiling darling v0.24.1
[INFO] [stderr]    Compiling ratatui v0.29.0
[INFO] [stderr]    Compiling calcboard v0.1.0 (/opt/rustwide/workdir)
[INFO] [stderr]     Finished `release` profile [optimized] target(s) in 38.99s
[INFO] running `Command { std: "docker" "inspect" "c541ccc5d72655794834be037007f27e9a1a5f6f2b68a636da06a76fad407514", kill_on_drop: false }`
[INFO] running `Command { std: "docker" "exec" "-e" "SOURCE_DIR=/opt/rustwide/workdir" "-e" "CARGO_HOME=/opt/rustwide/cargo-home" "-e" "RUSTUP_HOME=/opt/rustwide/rustup-home" "-e" "CARGO_TARGET_DIR=/opt/rustwide/target" "-e" "CARGO_INCREMENTAL=0" "-e" "RUST_BACKTRACE=full" "-e" "RUSTFLAGS=--cap-lints=warn" "-e" "RUSTDOCFLAGS=--cap-lints=warn" "-w" "/opt/rustwide/workdir" "--user" "0:0" "c541ccc5d72655794834be037007f27e9a1a5f6f2b68a636da06a76fad407514" "/opt/rustwide/cargo-home/bin/cargo" "+1.100.0-beta.1" "test" "--frozen" "--no-run" "--message-format=json" "--release", kill_on_drop: false }`
[INFO] [stderr]    Compiling calcboard v0.1.0 (/opt/rustwide/workdir)
[INFO] [stderr]     Finished `release` profile [optimized] target(s) in 15.75s
[INFO] running `Command { std: "docker" "inspect" "c541ccc5d72655794834be037007f27e9a1a5f6f2b68a636da06a76fad407514", kill_on_drop: false }`
[INFO] running `Command { std: "docker" "exec" "-e" "SOURCE_DIR=/opt/rustwide/workdir" "-e" "CARGO_HOME=/opt/rustwide/cargo-home" "-e" "RUSTUP_HOME=/opt/rustwide/rustup-home" "-e" "CARGO_TARGET_DIR=/opt/rustwide/target" "-e" "CARGO_INCREMENTAL=0" "-e" "RUST_BACKTRACE=full" "-e" "RUSTFLAGS=--cap-lints=warn" "-e" "RUSTDOCFLAGS=--cap-lints=warn" "-w" "/opt/rustwide/workdir" "--user" "0:0" "c541ccc5d72655794834be037007f27e9a1a5f6f2b68a636da06a76fad407514" "/opt/rustwide/cargo-home/bin/cargo" "+1.100.0-beta.1" "test" "--frozen" "--release", kill_on_drop: false }`
[INFO] [stderr]     Finished `release` profile [optimized] target(s) in 0.14s
[INFO] [stderr]      Running unittests src/lib.rs (/opt/rustwide/target/release/build/calcboard/5b014a7e6485a131/out/calcboard-5b014a7e6485a131)
[INFO] [stdout] 
[INFO] [stdout] running 0 tests
[INFO] [stdout] 
[INFO] [stderr]      Running unittests src/main.rs (/opt/rustwide/target/release/build/calcboard/ac03af699c10d6b5/out/calcboard-ac03af699c10d6b5)
[INFO] [stdout] test result: ok. 0 passed; 0 failed; 0 ignored; 0 measured; 0 filtered out; finished in 0.00s
[INFO] [stdout] 
[INFO] [stdout] 
[INFO] [stdout] running 0 tests
[INFO] [stdout] 
[INFO] [stdout] test result: ok. 0 passed; 0 failed; 0 ignored; 0 measured; 0 filtered out; finished in 0.00s
[INFO] [stdout] 
[INFO] [stderr]      Running tests/integration.rs (/opt/rustwide/target/release/build/calcboard/43b0e85fe2289d7e/out/integration-43b0e85fe2289d7e)
[INFO] [stdout] 
[INFO] [stdout] running 31 tests
[INFO] [stdout] test invalid_expression_returns_friendly_error ... FAILED
[INFO] [stdout] test defint_power ... FAILED
[INFO] [stdout] test derivative_product_rule ... FAILED
[INFO] [stdout] test integral_constant ... FAILED
[INFO] [stdout] test integral_by_parts_trig ... FAILED
[INFO] [stdout] test derivative_log ... FAILED
[INFO] [stdout] test derivative_power_rule ... FAILED
[INFO] [stdout] test derivative_exp ... FAILED
[INFO] [stdout] test defint_sin_pi ... FAILED
[INFO] [stdout] test derivative_quotient_rule ... FAILED
[INFO] [stdout] test derivative_trig_tan ... FAILED
[INFO] [stdout] test apart_denominator ... FAILED
[INFO] [stdout] test derivative_chain_rule ... FAILED
[INFO] [stdout] test integral_power_rule ... FAILED
[INFO] [stdout] test matrix_eigen ... FAILED
[INFO] [stdout] test physics_insufficient ... FAILED
[INFO] [stdout] test matrix_inv ... FAILED
[INFO] [stdout] test integral_sin ... FAILED
[INFO] [stdout] test plot_sin ... FAILED
[INFO] [stdout] test integral_by_parts ... FAILED
[INFO] [stdout] test limit_to_infinity ... FAILED
[INFO] [stdout] test series_sin ... FAILED
[INFO] [stdout] test matrix_det ... FAILED
[INFO] [stdout] test ode_first_order ... FAILED
[INFO] [stdout] test physics_ohm ... FAILED
[INFO] [stdout] test ode_second_order ... FAILED
[INFO] [stdout] test solve_quadratic ... FAILED
[INFO] [stdout] test limit_basic ... FAILED
[INFO] [stdout] test matrix_rank ... FAILED
[INFO] [stdout] test laplace_sin ... FAILED
[INFO] [stdout] test physics_kinematics ... FAILED
[INFO] [stdout] 
[INFO] [stdout] failures:
[INFO] [stdout] 
[INFO] [stdout] ---- invalid_expression_returns_friendly_error stdout ----
[INFO] [stdout] 
[INFO] [stdout] thread 'invalid_expression_returns_friendly_error' (1309) panicked at tests/integration.rs:16:10:
[INFO] [stdout] engine should answer: "engine produced no output (is sympy installed?)"
[INFO] [stdout] stack backtrace:
[INFO] [stdout]    0:     0x5e7ad80fb7e7 - <unknown>
[INFO] [stdout]    1:     0x5e7ad80df83a - <unknown>
[INFO] [stdout]    2:     0x5e7ad80fad9b - <unknown>
[INFO] [stdout]    3:     0x5e7ad80fa87f - <unknown>
[INFO] [stdout]    4:     0x5e7ad80fa4aa - <unknown>
[INFO] [stdout]    5:     0x5e7ad80f9fe5 - <unknown>
[INFO] [stdout]    6:     0x5e7ad8120d91 - <unknown>
[INFO] [stdout]    7:     0x5e7ad8120d49 - <unknown>
[INFO] [stdout]    8:     0x5e7ad812124c - <unknown>
[INFO] [stdout]    9:     0x5e7ad80df6cb - <unknown>
[INFO] [stdout]   10:     0x5e7ad80e2991 - <unknown>
[INFO] [stdout]   11:     0x5e7ad80cf06d - <unknown>
[INFO] [stdout]   12:     0x5e7ad80d48ee - <unknown>
[INFO] [stdout]   13:     0x5e7ad8139adb - <unknown>
[INFO] [stdout]   14:     0x5e7ad8135570 - <unknown>
[INFO] [stdout]   15:     0x5e7ad8134c9c - <unknown>
[INFO] [stdout]   16:     0x5e7ad8154f2c - <unknown>
[INFO] [stdout]   17:     0x5e7ad8122a24 - <unknown>
[INFO] [stdout]   18:     0x7b1bdd5c1dfa - <unknown>
[INFO] [stdout]   19:     0x7b1bdd6553d4 - clone
[INFO] [stdout]   20:                0x0 - <unknown>
[INFO] [stdout] 
[INFO] [stdout] ---- defint_power stdout ----
[INFO] [stdout] 
[INFO] [stdout] thread 'defint_power' (1295) panicked at tests/integration.rs:261:10:
[INFO] [stdout] engine should answer: "engine produced no output (is sympy installed?)"
[INFO] [stdout] stack backtrace:
[INFO] [stdout]    0:     0x5e7ad80fb7e7 - <unknown>
[INFO] [stdout]    1:     0x5e7ad80df83a - <unknown>
[INFO] [stdout]    2:     0x5e7ad80fad9b - <unknown>
[INFO] [stdout]    3:     0x5e7ad80fa87f - <unknown>
[INFO] [stdout]    4:     0x5e7ad80fa4aa - <unknown>
[INFO] [stdout]    5:     0x5e7ad80f9fe5 - <unknown>
[INFO] [stdout]    6:     0x5e7ad8120d91 - <unknown>
[INFO] [stdout]    7:     0x5e7ad8120d49 - <unknown>
[INFO] [stdout]    8:     0x5e7ad812124c - <unknown>
[INFO] [stdout]    9:     0x5e7ad80df6cb - <unknown>
[INFO] [stdout]   10:     0x5e7ad80e2991 - <unknown>
[INFO] [stdout]   11:     0x5e7ad80d11b7 - <unknown>
[INFO] [stdout]   12:     0x5e7ad8139adb - <unknown>
[INFO] [stdout]   13:     0x5e7ad8135570 - <unknown>
[INFO] [stdout]   14:     0x5e7ad8134c9c - <unknown>
[INFO] [stdout]   15:     0x5e7ad8154f2c - <unknown>
[INFO] [stdout]   16:     0x5e7ad8122a24 - <unknown>
[INFO] [stdout]   17:     0x7b1bdd5c1dfa - <unknown>
[INFO] [stdout]   18:     0x7b1bdd6553d4 - clone
[INFO] [stdout]   19:                0x0 - <unknown>
[INFO] [stdout] 
[INFO] [stdout] ---- derivative_product_rule stdout ----
[INFO] [stdout] 
[INFO] [stdout] thread 'derivative_product_rule' (1301) panicked at tests/integration.rs:16:10:
[INFO] [stdout] engine should answer: "engine produced no output (is sympy installed?)"
[INFO] [stdout] stack backtrace:
[INFO] [stdout]    0:     0x5e7ad80fb7e7 - <unknown>
[INFO] [stdout]    1:     0x5e7ad80df83a - <unknown>
[INFO] [stdout]    2:     0x5e7ad80fad9b - <unknown>
[INFO] [stdout]    3:     0x5e7ad80fa87f - <unknown>
[INFO] [stdout]    4:     0x5e7ad80fa4aa - <unknown>
[INFO] [stdout]    5:     0x5e7ad80f9fe5 - <unknown>
[INFO] [stdout]    6:     0x5e7ad8120d91 - <unknown>
[INFO] [stdout]    7:     0x5e7ad8120d49 - <unknown>
[INFO] [stdout]    8:     0x5e7ad812124c - <unknown>
[INFO] [stdout]    9:     0x5e7ad80df6cb - <unknown>
[INFO] [stdout]   10:     0x5e7ad80e2991 - <unknown>
[INFO] [stdout]   11:     0x5e7ad80cf06d - <unknown>
[INFO] [stdout]   12:     0x5e7ad80d43b7 - <unknown>
[INFO] [stdout]   13:     0x5e7ad8139adb - <unknown>
[INFO] [stdout]   14:     0x5e7ad8135570 - <unknown>
[INFO] [stdout]   15:     0x5e7ad8134c9c - <unknown>
[INFO] [stdout]   16:     0x5e7ad8154f2c - <unknown>
[INFO] [stdout]   17:     0x5e7ad8122a24 - <unknown>
[INFO] [stdout]   18:     0x7b1bdd5c1dfa - <unknown>
[INFO] [stdout]   19:     0x7b1bdd6553d4 - clone
[INFO] [stdout]   20:                0x0 - <unknown>
[INFO] [stdout] 
[INFO] [stdout] ---- integral_constant stdout ----
[INFO] [stdout] 
[INFO] [stdout] thread 'integral_constant' (1306) panicked at tests/integration.rs:16:10:
[INFO] [stdout] engine should answer: "engine produced no output (is sympy installed?)"
[INFO] [stdout] stack backtrace:
[INFO] [stdout]    0:     0x5e7ad80fb7e7 - <unknown>
[INFO] [stdout]    1:     0x5e7ad80df83a - <unknown>
[INFO] [stdout]    2:     0x5e7ad80fad9b - <unknown>
[INFO] [stdout]    3:     0x5e7ad80fa87f - <unknown>
[INFO] [stdout]    4:     0x5e7ad80fa4aa - <unknown>
[INFO] [stdout]    5:     0x5e7ad80f9fe5 - <unknown>
[INFO] [stdout]    6:     0x5e7ad8120d91 - <unknown>
[INFO] [stdout]    7:     0x5e7ad8120d49 - <unknown>
[INFO] [stdout]    8:     0x5e7ad812124c - <unknown>
[INFO] [stdout]    9:     0x5e7ad80df6cb - <unknown>
[INFO] [stdout]   10:     0x5e7ad80e2991 - <unknown>
[INFO] [stdout]   11:     0x5e7ad80cf06d - <unknown>
[INFO] [stdout]   12:     0x5e7ad80d2e27 - <unknown>
[INFO] [stdout]   13:     0x5e7ad8139adb - <unknown>
[INFO] [stdout]   14:     0x5e7ad8135570 - <unknown>
[INFO] [stdout]   15:     0x5e7ad8134c9c - <unknown>
[INFO] [stdout]   16:     0x5e7ad8154f2c - <unknown>
[INFO] [stdout]   17:     0x5e7ad8122a24 - <unknown>
[INFO] [stdout]   18:     0x7b1bdd5c1dfa - <unknown>
[INFO] [stdout]   19:     0x7b1bdd6553d4 - clone
[INFO] [stdout]   20:                0x0 - <unknown>
[INFO] [stdout] 
[INFO] [stdout] ---- integral_by_parts_trig stdout ----
[INFO] [stdout] 
[INFO] [stdout] thread 'integral_by_parts_trig' (1305) panicked at tests/integration.rs:16:10:
[INFO] [stdout] engine should answer: "engine produced no output (is sympy installed?)"
[INFO] [stdout] stack backtrace:
[INFO] [stdout]    0:     0x5e7ad80fb7e7 - <unknown>
[INFO] [stdout]    1:     0x5e7ad80df83a - <unknown>
[INFO] [stdout]    2:     0x5e7ad80fad9b - <unknown>
[INFO] [stdout]    3:     0x5e7ad80fa87f - <unknown>
[INFO] [stdout]    4:     0x5e7ad80fa4aa - <unknown>
[INFO] [stdout]    5:     0x5e7ad80f9fe5 - <unknown>
[INFO] [stdout]    6:     0x5e7ad8120d91 - <unknown>
[INFO] [stdout]    7:     0x5e7ad8120d49 - <unknown>
[INFO] [stdout]    8:     0x5e7ad812124c - <unknown>
[INFO] [stdout]    9:     0x5e7ad80df6cb - <unknown>
[INFO] [stdout]   10:     0x5e7ad80e2991 - <unknown>
[INFO] [stdout]   11:     0x5e7ad80cf06d - <unknown>
[INFO] [stdout]   12:     0x5e7ad80d4167 - <unknown>
[INFO] [stdout]   13:     0x5e7ad8139adb - <unknown>
[INFO] [stdout]   14:     0x5e7ad8135570 - <unknown>
[INFO] [stdout]   15:     0x5e7ad8134c9c - <unknown>
[INFO] [stdout]   16:     0x5e7ad8154f2c - <unknown>
[INFO] [stdout]   17:     0x5e7ad8122a24 - <unknown>
[INFO] [stdout]   18:     0x7b1bdd5c1dfa - <unknown>
[INFO] [stdout]   19:     0x7b1bdd6553d4 - clone
[INFO] [stdout]   20:                0x0 - <unknown>
[INFO] [stdout] 
[INFO] [stdout] ---- derivative_log stdout ----
[INFO] [stdout] 
[INFO] [stdout] thread 'derivative_log' (1299) panicked at tests/integration.rs:16:10:
[INFO] [stdout] engine should answer: "engine produced no output (is sympy installed?)"
[INFO] [stdout] stack backtrace:
[INFO] [stdout]    0:     0x5e7ad80fb7e7 - <unknown>
[INFO] [stdout]    1:     0x5e7ad80df83a - <unknown>
[INFO] [stdout]    2:     0x5e7ad80fad9b - <unknown>
[INFO] [stdout]    3:     0x5e7ad80fa87f - <unknown>
[INFO] [stdout]    4:     0x5e7ad80fa4aa - <unknown>
[INFO] [stdout]    5:     0x5e7ad80f9fe5 - <unknown>
[INFO] [stdout]    6:     0x5e7ad8120d91 - <unknown>
[INFO] [stdout]    7:     0x5e7ad8120d49 - <unknown>
[INFO] [stdout]    8:     0x5e7ad812124c - <unknown>
[INFO] [stdout]    9:     0x5e7ad80df6cb - <unknown>
[INFO] [stdout]   10:     0x5e7ad80e2991 - <unknown>
[INFO] [stdout]   11:     0x5e7ad80cf06d - <unknown>
[INFO] [stdout]   12:     0x5e7ad80d1e37 - <unknown>
[INFO] [stdout]   13:     0x5e7ad8139adb - <unknown>
[INFO] [stdout]   14:     0x5e7ad8135570 - <unknown>
[INFO] [stdout]   15:     0x5e7ad8134c9c - <unknown>
[INFO] [stdout]   16:     0x5e7ad8154f2c - <unknown>
[INFO] [stdout]   17:     0x5e7ad8122a24 - <unknown>
[INFO] [stdout]   18:     0x7b1bdd5c1dfa - <unknown>
[INFO] [stdout]   19:     0x7b1bdd6553d4 - clone
[INFO] [stdout]   20:                0x0 - <unknown>
[INFO] [stdout] 
[INFO] [stdout] ---- derivative_power_rule stdout ----
[INFO] [stdout] 
[INFO] [stdout] thread 'derivative_power_rule' (1300) panicked at tests/integration.rs:16:10:
[INFO] [stdout] engine should answer: "engine produced no output (is sympy installed?)"
[INFO] [stdout] stack backtrace:
[INFO] [stdout]    0:     0x5e7ad80fb7e7 - <unknown>
[INFO] [stdout]    1:     0x5e7ad80df83a - <unknown>
[INFO] [stdout]    2:     0x5e7ad80fad9b - <unknown>
[INFO] [stdout]    3:     0x5e7ad80fa87f - <unknown>
[INFO] [stdout]    4:     0x5e7ad80fa4aa - <unknown>
[INFO] [stdout]    5:     0x5e7ad80f9fe5 - <unknown>
[INFO] [stdout]    6:     0x5e7ad8120d91 - <unknown>
[INFO] [stdout]    7:     0x5e7ad8120d49 - <unknown>
[INFO] [stdout]    8:     0x5e7ad812124c - <unknown>
[INFO] [stdout]    9:     0x5e7ad80df6cb - <unknown>
[INFO] [stdout]   10:     0x5e7ad80e2991 - <unknown>
[INFO] [stdout]   11:     0x5e7ad80cf06d - <unknown>
[INFO] [stdout]   12:     0x5e7ad80d3f44 - <unknown>
[INFO] [stdout]   13:     0x5e7ad8139adb - <unknown>
[INFO] [stdout]   14:     0x5e7ad8135570 - <unknown>
[INFO] [stdout]   15:     0x5e7ad8134c9c - <unknown>
[INFO] [stdout]   16:     0x5e7ad8154f2c - <unknown>
[INFO] [stdout]   17:     0x5e7ad8122a24 - <unknown>
[INFO] [stdout]   18:     0x7b1bdd5c1dfa - <unknown>
[INFO] [stdout]   19:     0x7b1bdd6553d4 - clone
[INFO] [stdout]   20:                0x0 - <unknown>
[INFO] [stdout] 
[INFO] [stdout] ---- derivative_exp stdout ----
[INFO] [stdout] 
[INFO] [stdout] thread 'derivative_exp' (1298) panicked at tests/integration.rs:16:10:
[INFO] [stdout] engine should answer: "engine produced no output (is sympy installed?)"
[INFO] [stdout] stack backtrace:
[INFO] [stdout]    0:     0x5e7ad80fb7e7 - <unknown>
[INFO] [stdout]    1:     0x5e7ad80df83a - <unknown>
[INFO] [stdout]    2:     0x5e7ad80fad9b - <unknown>
[INFO] [stdout]    3:     0x5e7ad80fa87f - <unknown>
[INFO] [stdout]    4:     0x5e7ad80fa4aa - <unknown>
[INFO] [stdout]    5:     0x5e7ad80f9fe5 - <unknown>
[INFO] [stdout]    6:     0x5e7ad8120d91 - <unknown>
[INFO] [stdout]    7:     0x5e7ad8120d49 - <unknown>
[INFO] [stdout]    8:     0x5e7ad812124c - <unknown>
[INFO] [stdout]    9:     0x5e7ad80df6cb - <unknown>
[INFO] [stdout]   10:     0x5e7ad80e2991 - <unknown>
[INFO] [stdout]   11:     0x5e7ad80cf06d - <unknown>
[INFO] [stdout]   12:     0x5e7ad80d1c74 - <unknown>
[INFO] [stdout]   13:     0x5e7ad8139adb - <unknown>
[INFO] [stdout]   14:     0x5e7ad8135570 - <unknown>
[INFO] [stdout]   15:     0x5e7ad8134c9c - <unknown>
[INFO] [stdout]   16:     0x5e7ad8154f2c - <unknown>
[INFO] [stdout]   17:     0x5e7ad8122a24 - <unknown>
[INFO] [stdout]   18:     0x7b1bdd5c1dfa - <unknown>
[INFO] [stdout]   19:     0x7b1bdd6553d4 - clone
[INFO] [stdout]   20:                0x0 - <unknown>
[INFO] [stdout] 
[INFO] [stdout] ---- defint_sin_pi stdout ----
[INFO] [stdout] 
[INFO] [stdout] thread 'defint_sin_pi' (1296) panicked at tests/integration.rs:236:10:
[INFO] [stdout] engine should answer: "engine produced no output (is sympy installed?)"
[INFO] [stdout] stack backtrace:
[INFO] [stdout]    0:     0x5e7ad80fb7e7 - <unknown>
[INFO] [stdout]    1:     0x5e7ad80df83a - <unknown>
[INFO] [stdout]    2:     0x5e7ad80fad9b - <unknown>
[INFO] [stdout]    3:     0x5e7ad80fa87f - <unknown>
[INFO] [stdout]    4:     0x5e7ad80fa4aa - <unknown>
[INFO] [stdout]    5:     0x5e7ad80f9fe5 - <unknown>
[INFO] [stdout]    6:     0x5e7ad8120d91 - <unknown>
[INFO] [stdout]    7:     0x5e7ad8120d49 - <unknown>
[INFO] [stdout]    8:     0x5e7ad812124c - <unknown>
[INFO] [stdout]    9:     0x5e7ad80df6cb - <unknown>
[INFO] [stdout]   10:     0x5e7ad80e2991 - <unknown>
[INFO] [stdout]   11:     0x5e7ad80d1aeb - <unknown>
[INFO] [stdout]   12:     0x5e7ad8139adb - <unknown>
[INFO] [stdout]   13:     0x5e7ad8135570 - <unknown>
[INFO] [stdout]   14:     0x5e7ad8134c9c - <unknown>
[INFO] [stdout]   15:     0x5e7ad8154f2c - <unknown>
[INFO] [stdout]   16:     0x5e7ad8122a24 - <unknown>
[INFO] [stdout]   17:     0x7b1bdd5c1dfa - <unknown>
[INFO] [stdout]   18:     0x7b1bdd6553d4 - clone
[INFO] [stdout]   19:                0x0 - <unknown>
[INFO] [stdout] 
[INFO] [stdout] ---- derivative_quotient_rule stdout ----
[INFO] [stdout] 
[INFO] [stdout] thread 'derivative_quotient_rule' (1302) panicked at tests/integration.rs:16:10:
[INFO] [stdout] engine should answer: "engine produced no output (is sympy installed?)"
[INFO] [stdout] stack backtrace:
[INFO] [stdout]    0:     0x5e7ad80fb7e7 - <unknown>
[INFO] [stdout]    1:     0x5e7ad80df83a - <unknown>
[INFO] [stdout]    2:     0x5e7ad80fad9b - <unknown>
[INFO] [stdout]    3:     0x5e7ad80fa87f - <unknown>
[INFO] [stdout]    4:     0x5e7ad80fa4aa - <unknown>
[INFO] [stdout]    5:     0x5e7ad80f9fe5 - <unknown>
[INFO] [stdout]    6:     0x5e7ad8120d91 - <unknown>
[INFO] [stdout]    7:     0x5e7ad8120d49 - <unknown>
[INFO] [stdout]    8:     0x5e7ad812124c - <unknown>
[INFO] [stdout]    9:     0x5e7ad80df6cb - <unknown>
[INFO] [stdout]   10:     0x5e7ad80e2991 - <unknown>
[INFO] [stdout]   11:     0x5e7ad80cf06d - <unknown>
[INFO] [stdout]   12:     0x5e7ad80d46a6 - <unknown>
[INFO] [stdout]   13:     0x5e7ad8139adb - <unknown>
[INFO] [stdout]   14:     0x5e7ad8135570 - <unknown>
[INFO] [stdout]   15:     0x5e7ad8134c9c - <unknown>
[INFO] [stdout]   16:     0x5e7ad8154f2c - <unknown>
[INFO] [stdout]   17:     0x5e7ad8122a24 - <unknown>
[INFO] [stdout]   18:     0x7b1bdd5c1dfa - <unknown>
[INFO] [stdout]   19:     0x7b1bdd6553d4 - clone
[INFO] [stdout]   20:                0x0 - <unknown>
[INFO] [stdout] 
[INFO] [stdout] ---- derivative_trig_tan stdout ----
[INFO] [stdout] 
[INFO] [stdout] thread 'derivative_trig_tan' (1303) panicked at tests/integration.rs:16:10:
[INFO] [stdout] engine should answer: "engine produced no output (is sympy installed?)"
[INFO] [stdout] stack backtrace:
[INFO] [stdout]    0:     0x5e7ad80fb7e7 - <unknown>
[INFO] [stdout]    1:     0x5e7ad80df83a - <unknown>
[INFO] [stdout]    2:     0x5e7ad80fad9b - <unknown>
[INFO] [stdout]    3:     0x5e7ad80fa87f - <unknown>
[INFO] [stdout]    4:     0x5e7ad80fa4aa - <unknown>
[INFO] [stdout]    5:     0x5e7ad80f9fe5 - <unknown>
[INFO] [stdout]    6:     0x5e7ad8120d91 - <unknown>
[INFO] [stdout]    7:     0x5e7ad8120d49 - <unknown>
[INFO] [stdout]    8:     0x5e7ad812124c - <unknown>
[INFO] [stdout]    9:     0x5e7ad80df6cb - <unknown>
[INFO] [stdout]   10:     0x5e7ad80e2991 - <unknown>
[INFO] [stdout]   11:     0x5e7ad80cf06d - <unknown>
[INFO] [stdout]   12:     0x5e7ad80d36c7 - <unknown>
[INFO] [stdout]   13:     0x5e7ad8139adb - <unknown>
[INFO] [stdout]   14:     0x5e7ad8135570 - <unknown>
[INFO] [stdout]   15:     0x5e7ad8134c9c - <unknown>
[INFO] [stdout]   16:     0x5e7ad8154f2c - <unknown>
[INFO] [stdout]   17:     0x5e7ad8122a24 - <unknown>
[INFO] [stdout]   18:     0x7b1bdd5c1dfa - <unknown>
[INFO] [stdout]   19:     0x7b1bdd6553d4 - clone
[INFO] [stdout]   20:                0x0 - <unknown>
[INFO] [stdout] 
[INFO] [stdout] ---- apart_denominator stdout ----
[INFO] [stdout] 
[INFO] [stdout] thread 'apart_denominator' (1294) panicked at tests/integration.rs:16:10:
[INFO] [stdout] engine should answer: "engine produced no output (is sympy installed?)"
[INFO] [stdout] stack backtrace:
[INFO] [stdout]    0:     0x5e7ad80fb7e7 - <unknown>
[INFO] [stdout]    1:     0x5e7ad80df83a - <unknown>
[INFO] [stdout]    2:     0x5e7ad80fad9b - <unknown>
[INFO] [stdout]    3:     0x5e7ad80fa87f - <unknown>
[INFO] [stdout]    4:     0x5e7ad80fa4aa - <unknown>
[INFO] [stdout]    5:     0x5e7ad80f9fe5 - <unknown>
[INFO] [stdout]    6:     0x5e7ad8120d91 - <unknown>
[INFO] [stdout]    7:     0x5e7ad8120d49 - <unknown>
[INFO] [stdout]    8:     0x5e7ad812124c - <unknown>
[INFO] [stdout]    9:     0x5e7ad80df6cb - <unknown>
[INFO] [stdout]   10:     0x5e7ad80e2991 - <unknown>
[INFO] [stdout]   11:     0x5e7ad80cf06d - <unknown>
[INFO] [stdout]   12:     0x5e7ad80d29c4 - <unknown>
[INFO] [stdout]   13:     0x5e7ad8139adb - <unknown>
[INFO] [stdout]   14:     0x5e7ad8135570 - <unknown>
[INFO] [stdout]   15:     0x5e7ad8134c9c - <unknown>
[INFO] [stdout]   16:     0x5e7ad8154f2c - <unknown>
[INFO] [stdout]   17:     0x5e7ad8122a24 - <unknown>
[INFO] [stdout]   18:     0x7b1bdd5c1dfa - <unknown>
[INFO] [stdout]   19:     0x7b1bdd6553d4 - clone
[INFO] [stdout]   20:                0x0 - <unknown>
[INFO] [stdout] 
[INFO] [stdout] ---- derivative_chain_rule stdout ----
[INFO] [stdout] 
[INFO] [stdout] thread 'derivative_chain_rule' (1297) panicked at tests/integration.rs:16:10:
[INFO] [stdout] engine should answer: "engine produced no output (is sympy installed?)"
[INFO] [stdout] stack backtrace:
[INFO] [stdout]    0:     0x5e7ad80fb7e7 - <unknown>
[INFO] [stdout]    1:     0x5e7ad80df83a - <unknown>
[INFO] [stdout]    2:     0x5e7ad80fad9b - <unknown>
[INFO] [stdout]    3:     0x5e7ad80fa87f - <unknown>
[INFO] [stdout]    4:     0x5e7ad80fa4aa - <unknown>
[INFO] [stdout]    5:     0x5e7ad80f9fe5 - <unknown>
[INFO] [stdout]    6:     0x5e7ad8120d91 - <unknown>
[INFO] [stdout]    7:     0x5e7ad8120d49 - <unknown>
[INFO] [stdout]    8:     0x5e7ad812124c - <unknown>
[INFO] [stdout]    9:     0x5e7ad80df6cb - <unknown>
[INFO] [stdout]   10:     0x5e7ad80e2991 - <unknown>
[INFO] [stdout]   11:     0x5e7ad80cf06d - <unknown>
[INFO] [stdout]   12:     0x5e7ad80d3d07 - <unknown>
[INFO] [stdout]   13:     0x5e7ad8139adb - <unknown>
[INFO] [stdout]   14:     0x5e7ad8135570 - <unknown>
[INFO] [stdout]   15:     0x5e7ad8134c9c - <unknown>
[INFO] [stdout]   16:     0x5e7ad8154f2c - <unknown>
[INFO] [stdout]   17:     0x5e7ad8122a24 - <unknown>
[INFO] [stdout]   18:     0x7b1bdd5c1dfa - <unknown>
[INFO] [stdout]   19:     0x7b1bdd6553d4 - clone
[INFO] [stdout]   20:                0x0 - <unknown>
[INFO] [stdout] 
[INFO] [stdout] ---- integral_power_rule stdout ----
[INFO] [stdout] 
[INFO] [stdout] thread 'integral_power_rule' (1307) panicked at tests/integration.rs:16:10:
[INFO] [stdout] engine should answer: "engine produced no output (is sympy installed?)"
[INFO] [stdout] stack backtrace:
[INFO] [stdout]    0:     0x5e7ad80fb7e7 - <unknown>
[INFO] [stdout]    1:     0x5e7ad80df83a - <unknown>
[INFO] [stdout]    2:     0x5e7ad80fad9b - <unknown>
[INFO] [stdout]    3:     0x5e7ad80fa87f - <unknown>
[INFO] [stdout]    4:     0x5e7ad80fa4aa - <unknown>
[INFO] [stdout]    5:     0x5e7ad80f9fe5 - <unknown>
[INFO] [stdout]    6:     0x5e7ad8120d91 - <unknown>
[INFO] [stdout]    7:     0x5e7ad8120d49 - <unknown>
[INFO] [stdout]    8:     0x5e7ad812124c - <unknown>
[INFO] [stdout]    9:     0x5e7ad80df6cb - <unknown>
[INFO] [stdout]   10:     0x5e7ad80e2991 - <unknown>
[INFO] [stdout]   11:     0x5e7ad80cf06d - <unknown>
[INFO] [stdout]   12:     0x5e7ad80d3907 - <unknown>
[INFO] [stdout]   13:     0x5e7ad8139adb - <unknown>
[INFO] [stdout]   14:     0x5e7ad8135570 - <unknown>
[INFO] [stdout]   15:     0x5e7ad8134c9c - <unknown>
[INFO] [stdout]   16:     0x5e7ad8154f2c - <unknown>
[INFO] [stdout]   17:     0x5e7ad8122a24 - <unknown>
[INFO] [stdout]   18:     0x7b1bdd5c1dfa - <unknown>
[INFO] [stdout]   19:     0x7b1bdd6553d4 - clone
[INFO] [stdout]   20:                0x0 - <unknown>
[INFO] [stdout] 
[INFO] [stdout] ---- matrix_eigen stdout ----
[INFO] [stdout] 
[INFO] [stdout] thread 'matrix_eigen' (1332) panicked at tests/integration.rs:356:10:
[INFO] [stdout] engine should answer: "engine produced no output (is sympy installed?)"
[INFO] [stdout] stack backtrace:
[INFO] [stdout]    0:     0x5e7ad80fb7e7 - <unknown>
[INFO] [stdout]    1:     0x5e7ad80df83a - <unknown>
[INFO] [stdout]    2:     0x5e7ad80fad9b - <unknown>
[INFO] [stdout]    3:     0x5e7ad80fa87f - <unknown>
[INFO] [stdout]    4:     0x5e7ad80fa4aa - <unknown>
[INFO] [stdout]    5:     0x5e7ad80f9fe5 - <unknown>
[INFO] [stdout]    6:     0x5e7ad8120d91 - <unknown>
[INFO] [stdout]    7:     0x5e7ad8120d49 - <unknown>
[INFO] [stdout]    8:     0x5e7ad812124c - <unknown>
[INFO] [stdout]    9:     0x5e7ad80df6cb - <unknown>
[INFO] [stdout]   10:     0x5e7ad80e2991 - <unknown>
[INFO] [stdout]   11:     0x5e7ad80d171e - <unknown>
[INFO] [stdout]   12:     0x5e7ad8139adb - <unknown>
[INFO] [stdout]   13:     0x5e7ad8135570 - <unknown>
[INFO] [stdout]   14:     0x5e7ad8134c9c - <unknown>
[INFO] [stdout]   15:     0x5e7ad8154f2c - <unknown>
[INFO] [stdout]   16:     0x5e7ad8122a24 - <unknown>
[INFO] [stdout]   17:     0x7b1bdd5c1dfa - <unknown>
[INFO] [stdout]   18:     0x7b1bdd6553d4 - clone
[INFO] [stdout]   19:                0x0 - <unknown>
[INFO] [stdout] 
[INFO] [stdout] ---- physics_insufficient stdout ----
[INFO] [stdout] 
[INFO] [stdout] thread 'physics_insufficient' (1344) panicked at tests/integration.rs:407:10:
[INFO] [stdout] engine should answer: "engine produced no output (is sympy installed?)"
[INFO] [stdout] stack backtrace:
[INFO] [stdout]    0:     0x5e7ad80fb7e7 - <unknown>
[INFO] [stdout]    1:     0x5e7ad80df83a - <unknown>
[INFO] [stdout]    2:     0x5e7ad80fad9b - <unknown>
[INFO] [stdout]    3:     0x5e7ad80fa87f - <unknown>
[INFO] [stdout]    4:     0x5e7ad80fa4aa - <unknown>
[INFO] [stdout]    5:     0x5e7ad80f9fe5 - <unknown>
[INFO] [stdout]    6:     0x5e7ad8120d91 - <unknown>
[INFO] [stdout]    7:     0x5e7ad8120d49 - <unknown>
[INFO] [stdout]    8:     0x5e7ad812124c - <unknown>
[INFO] [stdout]    9:     0x5e7ad80df6cb - <unknown>
[INFO] [stdout]   10:     0x5e7ad80e2991 - <unknown>
[INFO] [stdout]   11:     0x5e7ad80d3c55 - <unknown>
[INFO] [stdout]   12:     0x5e7ad8139adb - <unknown>
[INFO] [stdout]   13:     0x5e7ad8135570 - <unknown>
[INFO] [stdout]   14:     0x5e7ad8134c9c - <unknown>
[INFO] [stdout]   15:     0x5e7ad8154f2c - <unknown>
[INFO] [stdout]   16:     0x5e7ad8122a24 - <unknown>
[INFO] [stdout]   17:     0x7b1bdd5c1dfa - <unknown>
[INFO] [stdout]   18:     0x7b1bdd6553d4 - clone
[INFO] [stdout]   19:                0x0 - <unknown>
[INFO] [stdout] 
[INFO] [stdout] ---- matrix_inv stdout ----
[INFO] [stdout] 
[INFO] [stdout] thread 'matrix_inv' (1333) panicked at tests/integration.rs:325:10:
[INFO] [stdout] engine should answer: "engine produced no output (is sympy installed?)"
[INFO] [stdout] stack backtrace:
[INFO] [stdout]    0:     0x5e7ad80fb7e7 - <unknown>
[INFO] [stdout]    1:     0x5e7ad80df83a - <unknown>
[INFO] [stdout]    2:     0x5e7ad80fad9b - <unknown>
[INFO] [stdout]    3:     0x5e7ad80fa87f - <unknown>
[INFO] [stdout]    4:     0x5e7ad80fa4aa - <unknown>
[INFO] [stdout]    5:     0x5e7ad80f9fe5 - <unknown>
[INFO] [stdout]    6:     0x5e7ad8120d91 - <unknown>
[INFO] [stdout]    7:     0x5e7ad8120d49 - <unknown>
[INFO] [stdout]    8:     0x5e7ad812124c - <unknown>
[INFO] [stdout]    9:     0x5e7ad80df6cb - <unknown>
[INFO] [stdout]   10:     0x5e7ad80e2991 - <unknown>
[INFO] [stdout]   11:     0x5e7ad80cff2f - <unknown>
[INFO] [stdout]   12:     0x5e7ad8139adb - <unknown>
[INFO] [stdout]   13:     0x5e7ad8135570 - <unknown>
[INFO] [stdout]   14:     0x5e7ad8134c9c - <unknown>
[INFO] [stdout]   15:     0x5e7ad8154f2c - <unknown>
[INFO] [stdout]   16:     0x5e7ad8122a24 - <unknown>
[INFO] [stdout]   17:     0x7b1bdd5c1dfa - <unknown>
[INFO] [stdout]   18:     0x7b1bdd6553d4 - clone
[INFO] [stdout]   19:                0x0 - <unknown>
[INFO] [stdout] 
[INFO] [stdout] ---- integral_sin stdout ----
[INFO] [stdout] 
[INFO] [stdout] thread 'integral_sin' (1308) panicked at tests/integration.rs:16:10:
[INFO] [stdout] engine should answer: "engine produced no output (is sympy installed?)"
[INFO] [stdout] stack backtrace:
[INFO] [stdout]    0:     0x5e7ad80fb7e7 - <unknown>
[INFO] [stdout]    1:     0x5e7ad80df83a - <unknown>
[INFO] [stdout]    2:     0x5e7ad80fad9b - <unknown>
[INFO] [stdout]    3:     0x5e7ad80fa87f - <unknown>
[INFO] [stdout]    4:     0x5e7ad80fa4aa - <unknown>
[INFO] [stdout]    5:     0x5e7ad80f9fe5 - <unknown>
[INFO] [stdout]    6:     0x5e7ad8120d91 - <unknown>
[INFO] [stdout]    7:     0x5e7ad8120d49 - <unknown>
[INFO] [stdout]    8:     0x5e7ad812124c - <unknown>
[INFO] [stdout]    9:     0x5e7ad80df6cb - <unknown>
[INFO] [stdout]   10:     0x5e7ad80e2991 - <unknown>
[INFO] [stdout]   11:     0x5e7ad80cf06d - <unknown>
[INFO] [stdout]   12:     0x5e7ad80d1307 - <unknown>
[INFO] [stdout]   13:     0x5e7ad8139adb - <unknown>
[INFO] [stdout]   14:     0x5e7ad8135570 - <unknown>
[INFO] [stdout]   15:     0x5e7ad8134c9c - <unknown>
[INFO] [stdout]   16:     0x5e7ad8154f2c - <unknown>
[INFO] [stdout]   17:     0x5e7ad8122a24 - <unknown>
[INFO] [stdout]   18:     0x7b1bdd5c1dfa - <unknown>
[INFO] [stdout]   19:     0x7b1bdd6553d4 - clone
[INFO] [stdout]   20:                0x0 - <unknown>
[INFO] [stdout] 
[INFO] [stdout] ---- plot_sin stdout ----
[INFO] [stdout] 
[INFO] [stdout] thread 'plot_sin' (1349) panicked at tests/integration.rs:421:10:
[INFO] [stdout] engine should answer: "engine produced no output (is sympy installed?)"
[INFO] [stdout] stack backtrace:
[INFO] [stdout]    0:     0x5e7ad80fb7e7 - <unknown>
[INFO] [stdout]    1:     0x5e7ad80df83a - <unknown>
[INFO] [stdout]    2:     0x5e7ad80fad9b - <unknown>
[INFO] [stdout]    3:     0x5e7ad80fa87f - <unknown>
[INFO] [stdout]    4:     0x5e7ad80fa4aa - <unknown>
[INFO] [stdout]    5:     0x5e7ad80f9fe5 - <unknown>
[INFO] [stdout]    6:     0x5e7ad8120d91 - <unknown>
[INFO] [stdout]    7:     0x5e7ad8120d49 - <unknown>
[INFO] [stdout]    8:     0x5e7ad812124c - <unknown>
[INFO] [stdout]    9:     0x5e7ad80df6cb - <unknown>
[INFO] [stdout]   10:     0x5e7ad80e2991 - <unknown>
[INFO] [stdout]   11:     0x5e7ad80d51fe - <unknown>
[INFO] [stdout]   12:     0x5e7ad8139adb - <unknown>
[INFO] [stdout]   13:     0x5e7ad8135570 - <unknown>
[INFO] [stdout]   14:     0x5e7ad8134c9c - <unknown>
[INFO] [stdout]   15:     0x5e7ad8154f2c - <unknown>
[INFO] [stdout]   16:     0x5e7ad8122a24 - <unknown>
[INFO] [stdout]   17:     0x7b1bdd5c1dfa - <unknown>
[INFO] [stdout]   18:     0x7b1bdd6553d4 - clone
[INFO] [stdout]   19:                0x0 - <unknown>
[INFO] [stdout] 
[INFO] [stdout] ---- integral_by_parts stdout ----
[INFO] [stdout] 
[INFO] [stdout] thread 'integral_by_parts' (1304) panicked at tests/integration.rs:16:10:
[INFO] [stdout] engine should answer: "engine produced no output (is sympy installed?)"
[INFO] [stdout] stack backtrace:
[INFO] [stdout]    0:     0x5e7ad80fb7e7 - <unknown>
[INFO] [stdout]    1:     0x5e7ad80df83a - <unknown>
[INFO] [stdout]    2:     0x5e7ad80fad9b - <unknown>
[INFO] [stdout]    3:     0x5e7ad80fa87f - <unknown>
[INFO] [stdout]    4:     0x5e7ad80fa4aa - <unknown>
[INFO] [stdout]    5:     0x5e7ad80f9fe5 - <unknown>
[INFO] [stdout]    6:     0x5e7ad8120d91 - <unknown>
[INFO] [stdout]    7:     0x5e7ad8120d49 - <unknown>
[INFO] [stdout]    8:     0x5e7ad812124c - <unknown>
[INFO] [stdout]    9:     0x5e7ad80df6cb - <unknown>
[INFO] [stdout]   10:     0x5e7ad80e2991 - <unknown>
[INFO] [stdout]   11:     0x5e7ad80cf06d - <unknown>
[INFO] [stdout]   12:     0x5e7ad80d2bd7 - <unknown>
[INFO] [stdout]   13:     0x5e7ad8139adb - <unknown>
[INFO] [stdout]   14:     0x5e7ad8135570 - <unknown>
[INFO] [stdout]   15:     0x5e7ad8134c9c - <unknown>
[INFO] [stdout]   16:     0x5e7ad8154f2c - <unknown>
[INFO] [stdout]   17:     0x5e7ad8122a24 - <unknown>
[INFO] [stdout]   18:     0x7b1bdd5c1dfa - <unknown>
[INFO] [stdout]   19:     0x7b1bdd6553d4 - clone
[INFO] [stdout]   20:                0x0 - <unknown>
[INFO] [stdout] 
[INFO] [stdout] ---- limit_to_infinity stdout ----
[INFO] [stdout] 
[INFO] [stdout] thread 'limit_to_infinity' (1328) panicked at tests/integration.rs:163:10:
[INFO] [stdout] engine should answer: "engine produced no output (is sympy installed?)"
[INFO] [stdout] stack backtrace:
[INFO] [stdout]    0:     0x5e7ad80fb7e7 - <unknown>
[INFO] [stdout]    1:     0x5e7ad80df83a - <unknown>
[INFO] [stdout]    2:     0x5e7ad80fad9b - <unknown>
[INFO] [stdout]    3:     0x5e7ad80fa87f - <unknown>
[INFO] [stdout]    4:     0x5e7ad80fa4aa - <unknown>
[INFO] [stdout]    5:     0x5e7ad80f9fe5 - <unknown>
[INFO] [stdout]    6:     0x5e7ad8120d91 - <unknown>
[INFO] [stdout]    7:     0x5e7ad8120d49 - <unknown>
[INFO] [stdout]    8:     0x5e7ad812124c - <unknown>
[INFO] [stdout]    9:     0x5e7ad80df6cb - <unknown>
[INFO] [stdout]   10:     0x5e7ad80e2991 - <unknown>
[INFO] [stdout]   11:     0x5e7ad80d3204 - <unknown>
[INFO] [stdout]   12:     0x5e7ad8139adb - <unknown>
[INFO] [stdout]   13:     0x5e7ad8135570 - <unknown>
[INFO] [stdout]   14:     0x5e7ad8134c9c - <unknown>
[INFO] [stdout]   15:     0x5e7ad8154f2c - <unknown>
[INFO] [stdout]   16:     0x5e7ad8122a24 - <unknown>
[INFO] [stdout]   17:     0x7b1bdd5c1dfa - <unknown>
[INFO] [stdout]   18:     0x7b1bdd6553d4 - clone
[INFO] [stdout]   19:                0x0 - <unknown>
[INFO] [stdout] 
[INFO] [stdout] ---- series_sin stdout ----
[INFO] [stdout] 
[INFO] [stdout] thread 'series_sin' (1351) panicked at tests/integration.rs:180:10:
[INFO] [stdout] engine should answer: "engine produced no output (is sympy installed?)"
[INFO] [stdout] stack backtrace:
[INFO] [stdout]    0:     0x5e7ad80fb7e7 - <unknown>
[INFO] [stdout]    1:     0x5e7ad80df83a - <unknown>
[INFO] [stdout]    2:     0x5e7ad80fad9b - <unknown>
[INFO] [stdout]    3:     0x5e7ad80fa87f - <unknown>
[INFO] [stdout]    4:     0x5e7ad80fa4aa - <unknown>
[INFO] [stdout]    5:     0x5e7ad80f9fe5 - <unknown>
[INFO] [stdout]    6:     0x5e7ad8120d91 - <unknown>
[INFO] [stdout]    7:     0x5e7ad8120d49 - <unknown>
[INFO] [stdout]    8:     0x5e7ad812124c - <unknown>
[INFO] [stdout]    9:     0x5e7ad80df6cb - <unknown>
[INFO] [stdout]   10:     0x5e7ad80e2991 - <unknown>
[INFO] [stdout]   11:     0x5e7ad80d035c - <unknown>
[INFO] [stdout]   12:     0x5e7ad8139adb - <unknown>
[INFO] [stdout]   13:     0x5e7ad8135570 - <unknown>
[INFO] [stdout]   14:     0x5e7ad8134c9c - <unknown>
[INFO] [stdout]   15:     0x5e7ad8154f2c - <unknown>
[INFO] [stdout]   16:     0x5e7ad8122a24 - <unknown>
[INFO] [stdout]   17:     0x7b1bdd5c1dfa - <unknown>
[INFO] [stdout]   18:     0x7b1bdd6553d4 - clone
[INFO] [stdout]   19:                0x0 - <unknown>
[INFO] [stdout] 
[INFO] [stdout] ---- matrix_det stdout ----
[INFO] [stdout] 
[INFO] [stdout] thread 'matrix_det' (1331) panicked at tests/integration.rs:310:10:
[INFO] [stdout] engine should answer: "engine produced no output (is sympy installed?)"
[INFO] [stdout] stack backtrace:
[INFO] [stdout]    0:     0x5e7ad80fb7e7 - <unknown>
[INFO] [stdout]    1:     0x5e7ad80df83a - <unknown>
[INFO] [stdout]    2:     0x5e7ad80fad9b - <unknown>
[INFO] [stdout]    3:     0x5e7ad80fa87f - <unknown>
[INFO] [stdout]    4:     0x5e7ad80fa4aa - <unknown>
[INFO] [stdout]    5:     0x5e7ad80f9fe5 - <unknown>
[INFO] [stdout]    6:     0x5e7ad8120d91 - <unknown>
[INFO] [stdout]    7:     0x5e7ad8120d49 - <unknown>
[INFO] [stdout]    8:     0x5e7ad812124c - <unknown>
[INFO] [stdout]    9:     0x5e7ad80df6cb - <unknown>
[INFO] [stdout]   10:     0x5e7ad80e2991 - <unknown>
[INFO] [stdout]   11:     0x5e7ad80cfc16 - <unknown>
[INFO] [stdout]   12:     0x5e7ad8139adb - <unknown>
[INFO] [stdout]   13:     0x5e7ad8135570 - <unknown>
[INFO] [stdout]   14:     0x5e7ad8134c9c - <unknown>
[INFO] [stdout]   15:     0x5e7ad8154f2c - <unknown>
[INFO] [stdout]   16:     0x5e7ad8122a24 - <unknown>
[INFO] [stdout]   17:     0x7b1bdd5c1dfa - <unknown>
[INFO] [stdout]   18:     0x7b1bdd6553d4 - clone
[INFO] [stdout]   19:                0x0 - <unknown>
[INFO] [stdout] 
[INFO] [stdout] ---- ode_first_order stdout ----
[INFO] [stdout] 
[INFO] [stdout] thread 'ode_first_order' (1335) panicked at tests/integration.rs:294:10:
[INFO] [stdout] engine should answer: "engine produced no output (is sympy installed?)"
[INFO] [stdout] stack backtrace:
[INFO] [stdout]    0:     0x5e7ad80fb7e7 - <unknown>
[INFO] [stdout]    1:     0x5e7ad80df83a - <unknown>
[INFO] [stdout]    2:     0x5e7ad80fad9b - <unknown>
[INFO] [stdout]    3:     0x5e7ad80fa87f - <unknown>
[INFO] [stdout]    4:     0x5e7ad80fa4aa - <unknown>
[INFO] [stdout]    5:     0x5e7ad80f9fe5 - <unknown>
[INFO] [stdout]    6:     0x5e7ad8120d91 - <unknown>
[INFO] [stdout]    7:     0x5e7ad8120d49 - <unknown>
[INFO] [stdout]    8:     0x5e7ad812124c - <unknown>
[INFO] [stdout]    9:     0x5e7ad80df6cb - <unknown>
[INFO] [stdout]   10:     0x5e7ad80e2991 - <unknown>
[INFO] [stdout]   11:     0x5e7ad80d223f - <unknown>
[INFO] [stdout]   12:     0x5e7ad8139adb - <unknown>
[INFO] [stdout]   13:     0x5e7ad8135570 - <unknown>
[INFO] [stdout]   14:     0x5e7ad8134c9c - <unknown>
[INFO] [stdout]   15:     0x5e7ad8154f2c - <unknown>
[INFO] [stdout]   16:     0x5e7ad8122a24 - <unknown>
[INFO] [stdout]   17:     0x7b1bdd5c1dfa - <unknown>
[INFO] [stdout]   18:     0x7b1bdd6553d4 - clone
[INFO] [stdout]   19:                0x0 - <unknown>
[INFO] [stdout] 
[INFO] [stdout] ---- physics_ohm stdout ----
[INFO] [stdout] 
[INFO] [stdout] thread 'physics_ohm' (1347) panicked at tests/integration.rs:391:10:
[INFO] [stdout] engine should answer: "engine produced no output (is sympy installed?)"
[INFO] [stdout] stack backtrace:
[INFO] [stdout]    0:     0x5e7ad80fb7e7 - <unknown>
[INFO] [stdout]    1:     0x5e7ad80df83a - <unknown>
[INFO] [stdout]    2:     0x5e7ad80fad9b - <unknown>
[INFO] [stdout]    3:     0x5e7ad80fa87f - <unknown>
[INFO] [stdout]    4:     0x5e7ad80fa4aa - <unknown>
[INFO] [stdout]    5:     0x5e7ad80f9fe5 - <unknown>
[INFO] [stdout]    6:     0x5e7ad8120d91 - <unknown>
[INFO] [stdout]    7:     0x5e7ad8120d49 - <unknown>
[INFO] [stdout]    8:     0x5e7ad812124c - <unknown>
[INFO] [stdout]    9:     0x5e7ad80df6cb - <unknown>
[INFO] [stdout]   10:     0x5e7ad80e2991 - <unknown>
[INFO] [stdout]   11:     0x5e7ad80d0e9f - <unknown>
[INFO] [stdout]   12:     0x5e7ad8139adb - <unknown>
[INFO] [stdout]   13:     0x5e7ad8135570 - <unknown>
[INFO] [stdout]   14:     0x5e7ad8134c9c - <unknown>
[INFO] [stdout]   15:     0x5e7ad8154f2c - <unknown>
[INFO] [stdout]   16:     0x5e7ad8122a24 - <unknown>
[INFO] [stdout]   17:     0x7b1bdd5c1dfa - <unknown>
[INFO] [stdout]   18:     0x7b1bdd6553d4 - clone
[INFO] [stdout]   19:                0x0 - <unknown>
[INFO] [stdout] 
[INFO] [stdout] ---- ode_second_order stdout ----
[INFO] [stdout] 
[INFO] [stdout] thread 'ode_second_order' (1342) panicked at tests/integration.rs:276:10:
[INFO] [stdout] engine should answer: "engine produced no output (is sympy installed?)"
[INFO] [stdout] stack backtrace:
[INFO] [stdout]    0:     0x5e7ad80fb7e7 - <unknown>
[INFO] [stdout]    1:     0x5e7ad80df83a - <unknown>
[INFO] [stdout]    2:     0x5e7ad80fad9b - <unknown>
[INFO] [stdout]    3:     0x5e7ad80fa87f - <unknown>
[INFO] [stdout]    4:     0x5e7ad80fa4aa - <unknown>
[INFO] [stdout]    5:     0x5e7ad80f9fe5 - <unknown>
[INFO] [stdout]    6:     0x5e7ad8120d91 - <unknown>
[INFO] [stdout]    7:     0x5e7ad8120d49 - <unknown>
[INFO] [stdout]    8:     0x5e7ad812124c - <unknown>
[INFO] [stdout]    9:     0x5e7ad80df6cb - <unknown>
[INFO] [stdout]   10:     0x5e7ad80e2991 - <unknown>
[INFO] [stdout]   11:     0x5e7ad80d284d - <unknown>
[INFO] [stdout]   12:     0x5e7ad8139adb - <unknown>
[INFO] [stdout]   13:     0x5e7ad8135570 - <unknown>
[INFO] [stdout]   14:     0x5e7ad8134c9c - <unknown>
[INFO] [stdout]   15:     0x5e7ad8154f2c - <unknown>
[INFO] [stdout]   16:     0x5e7ad8122a24 - <unknown>
[INFO] [stdout]   17:     0x7b1bdd5c1dfa - <unknown>
[INFO] [stdout]   18:     0x7b1bdd6553d4 - clone
[INFO] [stdout]   19:                0x0 - <unknown>
[INFO] [stdout] 
[INFO] [stdout] ---- solve_quadratic stdout ----
[INFO] [stdout] 
[INFO] [stdout] thread 'solve_quadratic' (1353) panicked at tests/integration.rs:16:10:
[INFO] [stdout] engine should answer: "engine produced no output (is sympy installed?)"
[INFO] [stdout] stack backtrace:
[INFO] [stdout]    0:     0x5e7ad80fb7e7 - <unknown>
[INFO] [stdout]    1:     0x5e7ad80df83a - <unknown>
[INFO] [stdout]    2:     0x5e7ad80fad9b - <unknown>
[INFO] [stdout]    3:     0x5e7ad80fa87f - <unknown>
[INFO] [stdout]    4:     0x5e7ad80fa4aa - <unknown>
[INFO] [stdout]    5:     0x5e7ad80f9fe5 - <unknown>
[INFO] [stdout]    6:     0x5e7ad8120d91 - <unknown>
[INFO] [stdout]    7:     0x5e7ad8120d49 - <unknown>
[INFO] [stdout]    8:     0x5e7ad812124c - <unknown>
[INFO] [stdout]    9:     0x5e7ad80df6cb - <unknown>
[INFO] [stdout]   10:     0x5e7ad80e2991 - <unknown>
[INFO] [stdout]   11:     0x5e7ad80cf06d - <unknown>
[INFO] [stdout]   12:     0x5e7ad80d2394 - <unknown>
[INFO] [stdout]   13:     0x5e7ad8139adb - <unknown>
[INFO] [stdout]   14:     0x5e7ad8135570 - <unknown>
[INFO] [stdout]   15:     0x5e7ad8134c9c - <unknown>
[INFO] [stdout]   16:     0x5e7ad8154f2c - <unknown>
[INFO] [stdout]   17:     0x5e7ad8122a24 - <unknown>
[INFO] [stdout]   18:     0x7b1bdd5c1dfa - <unknown>
[INFO] [stdout]   19:     0x7b1bdd6553d4 - clone
[INFO] [stdout]   20:                0x0 - <unknown>
[INFO] [stdout] 
[INFO] [stdout] ---- limit_basic stdout ----
[INFO] [stdout] 
[INFO] [stdout] thread 'limit_basic' (1327) panicked at tests/integration.rs:16:10:
[INFO] [stdout] engine should answer: "engine produced no output (is sympy installed?)"
[INFO] [stdout] stack backtrace:
[INFO] [stdout]    0:     0x5e7ad80fb7e7 - <unknown>
[INFO] [stdout]    1:     0x5e7ad80df83a - <unknown>
[INFO] [stdout]    2:     0x5e7ad80fad9b - <unknown>
[INFO] [stdout]    3:     0x5e7ad80fa87f - <unknown>
[INFO] [stdout]    4:     0x5e7ad80fa4aa - <unknown>
[INFO] [stdout]    5:     0x5e7ad80f9fe5 - <unknown>
[INFO] [stdout]    6:     0x5e7ad8120d91 - <unknown>
[INFO] [stdout]    7:     0x5e7ad8120d49 - <unknown>
[INFO] [stdout]    8:     0x5e7ad812124c - <unknown>
[INFO] [stdout]    9:     0x5e7ad80df6cb - <unknown>
[INFO] [stdout]   10:     0x5e7ad80e2991 - <unknown>
[INFO] [stdout]   11:     0x5e7ad80cf06d - <unknown>
[INFO] [stdout]   12:     0x5e7ad80d0824 - <unknown>
[INFO] [stdout]   13:     0x5e7ad8139adb - <unknown>
[INFO] [stdout]   14:     0x5e7ad8135570 - <unknown>
[INFO] [stdout]   15:     0x5e7ad8134c9c - <unknown>
[INFO] [stdout]   16:     0x5e7ad8154f2c - <unknown>
[INFO] [stdout]   17:     0x5e7ad8122a24 - <unknown>
[INFO] [stdout]   18:     0x7b1bdd5c1dfa - <unknown>
[INFO] [stdout]   19:     0x7b1bdd6553d4 - clone
[INFO] [stdout]   20:                0x0 - <unknown>
[INFO] [stdout] 
[INFO] [stdout] ---- matrix_rank stdout ----
[INFO] [stdout] 
[INFO] [stdout] thread 'matrix_rank' (1334) panicked at tests/integration.rs:341:10:
[INFO] [stdout] engine should answer: "engine produced no output (is sympy installed?)"
[INFO] [stdout] stack backtrace:
[INFO] [stdout]    0:     0x5e7ad80fb7e7 - <unknown>
[INFO] [stdout]    1:     0x5e7ad80df83a - <unknown>
[INFO] [stdout]    2:     0x5e7ad80fad9b - <unknown>
[INFO] [stdout]    3:     0x5e7ad80fa87f - <unknown>
[INFO] [stdout]    4:     0x5e7ad80fa4aa - <unknown>
[INFO] [stdout]    5:     0x5e7ad80f9fe5 - <unknown>
[INFO] [stdout]    6:     0x5e7ad8120d91 - <unknown>
[INFO] [stdout]    7:     0x5e7ad8120d49 - <unknown>
[INFO] [stdout]    8:     0x5e7ad812124c - <unknown>
[INFO] [stdout]    9:     0x5e7ad80df6cb - <unknown>
[INFO] [stdout]   10:     0x5e7ad80e2991 - <unknown>
[INFO] [stdout]   11:     0x5e7ad80d0b84 - <unknown>
[INFO] [stdout]   12:     0x5e7ad8139adb - <unknown>
[INFO] [stdout]   13:     0x5e7ad8135570 - <unknown>
[INFO] [stdout]   14:     0x5e7ad8134c9c - <unknown>
[INFO] [stdout]   15:     0x5e7ad8154f2c - <unknown>
[INFO] [stdout]   16:     0x5e7ad8122a24 - <unknown>
[INFO] [stdout]   17:     0x7b1bdd5c1dfa - <unknown>
[INFO] [stdout]   18:     0x7b1bdd6553d4 - clone
[INFO] [stdout]   19:                0x0 - <unknown>
[INFO] [stdout] 
[INFO] [stdout] ---- laplace_sin stdout ----
[INFO] [stdout] 
[INFO] [stdout] thread 'laplace_sin' (1326) panicked at tests/integration.rs:207:10:
[INFO] [stdout] engine should answer: "engine produced no output (is sympy installed?)"
[INFO] [stdout] stack backtrace:
[INFO] [stdout]    0:     0x5e7ad80fb7e7 - <unknown>
[INFO] [stdout]    1:     0x5e7ad80df83a - <unknown>
[INFO] [stdout]    2:     0x5e7ad80fad9b - <unknown>
[INFO] [stdout]    3:     0x5e7ad80fa87f - <unknown>
[INFO] [stdout]    4:     0x5e7ad80fa4aa - <unknown>
[INFO] [stdout]    5:     0x5e7ad80f9fe5 - <unknown>
[INFO] [stdout]    6:     0x5e7ad8120d91 - <unknown>
[INFO] [stdout]    7:     0x5e7ad8120d49 - <unknown>
[INFO] [stdout]    8:     0x5e7ad812124c - <unknown>
[INFO] [stdout]    9:     0x5e7ad80df6cb - <unknown>
[INFO] [stdout]   10:     0x5e7ad80e2991 - <unknown>
[INFO] [stdout]   11:     0x5e7ad80d06be - <unknown>
[INFO] [stdout]   12:     0x5e7ad8139adb - <unknown>
[INFO] [stdout]   13:     0x5e7ad8135570 - <unknown>
[INFO] [stdout]   14:     0x5e7ad8134c9c - <unknown>
[INFO] [stdout]   15:     0x5e7ad8154f2c - <unknown>
[INFO] [stdout]   16:     0x5e7ad8122a24 - <unknown>
[INFO] [stdout]   17:     0x7b1bdd5c1dfa - <unknown>
[INFO] [stdout]   18:     0x7b1bdd6553d4 - clone
[INFO] [stdout]   19:                0x0 - <unknown>
[INFO] [stdout] 
[INFO] [stdout] ---- physics_kinematics stdout ----
[INFO] [stdout] 
[INFO] [stdout] thread 'physics_kinematics' (1345) panicked at tests/integration.rs:373:10:
[INFO] [stdout] engine should answer: "engine produced no output (is sympy installed?)"
[INFO] [stdout] stack backtrace:
[INFO] [stdout]    0:     0x5e7ad80fb7e7 - <unknown>
[INFO] [stdout]    1:     0x5e7ad80df83a - <unknown>
[INFO] [stdout]    2:     0x5e7ad80fad9b - <unknown>
[INFO] [stdout]    3:     0x5e7ad80fa87f - <unknown>
[INFO] [stdout]    4:     0x5e7ad80fa4aa - <unknown>
[INFO] [stdout]    5:     0x5e7ad80f9fe5 - <unknown>
[INFO] [stdout]    6:     0x5e7ad8120d91 - <unknown>
[INFO] [stdout]    7:     0x5e7ad8120d49 - <unknown>
[INFO] [stdout]    8:     0x5e7ad812124c - <unknown>
[INFO] [stdout]    9:     0x5e7ad80df6cb - <unknown>
[INFO] [stdout]   10:     0x5e7ad80e2991 - <unknown>
[INFO] [stdout]   11:     0x5e7ad80d354d - <unknown>
[INFO] [stdout]   12:     0x5e7ad8139adb - <unknown>
[INFO] [stdout]   13:     0x5e7ad8135570 - <unknown>
[INFO] [stdout]   14:     0x5e7ad8134c9c - <unknown>
[INFO] [stdout]   15:     0x5e7ad8154f2c - <unknown>
[INFO] [stdout]   16:     0x5e7ad8122a24 - <unknown>
[INFO] [stdout]   17:     0x7b1bdd5c1dfa - <unknown>
[INFO] [stdout]   18:     0x7b1bdd6553d4 - clone
[INFO] [stdout]   19:                0x0 - <unknown>
[INFO] [stdout] 
[INFO] [stdout] 
[INFO] [stdout] failures:
[INFO] [stdout]     apart_denominator
[INFO] [stdout]     defint_power
[INFO] [stdout]     defint_sin_pi
[INFO] [stdout]     derivative_chain_rule
[INFO] [stdout]     derivative_exp
[INFO] [stdout]     derivative_log
[INFO] [stdout]     derivative_power_rule
[INFO] [stdout]     derivative_product_rule
[INFO] [stdout]     derivative_quotient_rule
[INFO] [stdout]     derivative_trig_tan
[INFO] [stdout]     integral_by_parts
[INFO] [stdout]     integral_by_parts_trig
[INFO] [stdout]     integral_constant
[INFO] [stdout]     integral_power_rule
[INFO] [stdout]     integral_sin
[INFO] [stdout]     invalid_expression_returns_friendly_error
[INFO] [stdout]     laplace_sin
[INFO] [stdout]     limit_basic
[INFO] [stdout]     limit_to_infinity
[INFO] [stdout]     matrix_det
[INFO] [stdout]     matrix_eigen
[INFO] [stdout]     matrix_inv
[INFO] [stdout]     matrix_rank
[INFO] [stdout]     ode_first_order
[INFO] [stdout]     ode_second_order
[INFO] [stdout]     physics_insufficient
[INFO] [stdout]     physics_kinematics
[INFO] [stdout]     physics_ohm
[INFO] [stdout]     plot_sin
[INFO] [stdout]     series_sin
[INFO] [stdout]     solve_quadratic
[INFO] [stdout] 
[INFO] [stdout] test result: FAILED. 0 passed; 31 failed; 0 ignored; 0 measured; 0 filtered out; finished in 1.25s
[INFO] [stdout] 
[INFO] [stderr] error: test failed, to rerun pass `--test integration`
[INFO] running `Command { std: "docker" "inspect" "c541ccc5d72655794834be037007f27e9a1a5f6f2b68a636da06a76fad407514", kill_on_drop: false }`
[INFO] running `Command { std: "docker" "rm" "-f" "c541ccc5d72655794834be037007f27e9a1a5f6f2b68a636da06a76fad407514", kill_on_drop: false }`
[INFO] [stdout] c541ccc5d72655794834be037007f27e9a1a5f6f2b68a636da06a76fad407514
