[INFO] cloning repository https://github.com/haiman1024/Contractus
[INFO] running `Command { std: "git" "-c" "credential.helper=" "-c" "credential.helper=/workspace/cargo-home/bin/git-credential-null" "clone" "--bare" "https://github.com/haiman1024/Contractus" "/workspace/cache/git-repos/https%3A%2F%2Fgithub.com%2Fhaiman1024%2FContractus", kill_on_drop: false }`
[INFO] [stderr] Cloning into bare repository '/workspace/cache/git-repos/https%3A%2F%2Fgithub.com%2Fhaiman1024%2FContractus'...
[INFO] running `Command { std: "git" "rev-parse" "HEAD", kill_on_drop: false }`
[INFO] [stdout] e9bff82252bdba32f23d3f1efa5c7a0a0205a54d
[INFO] testing haiman1024/Contractus against 1.100.0-beta.1+cargoflags=--release for beta-release-1.100-2
[INFO] running `Command { std: "git" "clone" "/workspace/cache/git-repos/https%3A%2F%2Fgithub.com%2Fhaiman1024%2FContractus" "/workspace/builds/worker-6-tc2/source", kill_on_drop: false }`
[INFO] [stderr] Cloning into '/workspace/builds/worker-6-tc2/source'...
[INFO] [stderr] done.
[INFO] removed /workspace/builds/worker-6-tc2/source/.cargo/config.toml
[INFO] started tweaking git repo https://github.com/haiman1024/Contractus
[INFO] finished tweaking git repo https://github.com/haiman1024/Contractus
[INFO] tweaked toml for git repo https://github.com/haiman1024/Contractus written to /workspace/builds/worker-6-tc2/source/Cargo.toml
[INFO] validating manifest of git repo https://github.com/haiman1024/Contractus on toolchain 1.100.0-beta.1
[INFO] running `Command { std: CARGO_HOME="/workspace/cargo-home" RUSTUP_HOME="/workspace/rustup-home" "/workspace/cargo-home/bin/cargo" "+1.100.0-beta.1" "metadata" "--manifest-path" "Cargo.toml" "--no-deps", kill_on_drop: false }`
[INFO] running `Command { std: CARGO_HOME="/workspace/cargo-home" RUSTUP_HOME="/workspace/rustup-home" "/workspace/cargo-home/bin/cargo" "+1.100.0-beta.1" "generate-lockfile" "--manifest-path" "Cargo.toml", kill_on_drop: false }`
[INFO] running `Command { std: CARGO_HOME="/workspace/cargo-home" RUSTUP_HOME="/workspace/rustup-home" "/workspace/cargo-home/bin/cargo" "+1.100.0-beta.1" "fetch" "--manifest-path" "Cargo.toml", kill_on_drop: false }`
[INFO] running `Command { std: "docker" "create" "-v" "/var/lib/crater-agent-workspace/builds/worker-6-tc2/source:/opt/rustwide/workdir:ro,Z" "-v" "/var/lib/crater-agent-workspace/builds/worker-6-tc2/target:/opt/rustwide/target:rw,Z" "-v" "/var/lib/crater-agent-workspace/cargo-home:/opt/rustwide/cargo-home:ro,Z" "-v" "/var/lib/crater-agent-workspace/rustup-home:/opt/rustwide/rustup-home:ro,Z" "-m" "1610612736" "--network" "none" "ghcr.io/rust-lang/crates-build-env/linux@sha256:77db811e55d90add9212f6832c23229e3de5f1c1f9905e8cb07319ea15df73ac" "sleep" "infinity", kill_on_drop: false }`
[INFO] [stdout] 846842fd05c4ab4b1be6395ff9075b671c40a14e5abde6fd5e407de1b943cc8e
[INFO] running `Command { std: "docker" "start" "846842fd05c4ab4b1be6395ff9075b671c40a14e5abde6fd5e407de1b943cc8e", kill_on_drop: false }`
[INFO] running `Command { std: "docker" "inspect" "846842fd05c4ab4b1be6395ff9075b671c40a14e5abde6fd5e407de1b943cc8e", kill_on_drop: false }`
[INFO] running `Command { std: "docker" "exec" "-e" "SOURCE_DIR=/opt/rustwide/workdir" "-e" "CARGO_HOME=/opt/rustwide/cargo-home" "-e" "RUSTUP_HOME=/opt/rustwide/rustup-home" "-e" "CARGO_TARGET_DIR=/opt/rustwide/target" "-w" "/opt/rustwide/workdir" "--user" "0:0" "846842fd05c4ab4b1be6395ff9075b671c40a14e5abde6fd5e407de1b943cc8e" "/opt/rustwide/cargo-home/bin/cargo" "+1.100.0-beta.1" "metadata" "--no-deps" "--format-version=1", kill_on_drop: false }`
[INFO] running `Command { std: "docker" "inspect" "846842fd05c4ab4b1be6395ff9075b671c40a14e5abde6fd5e407de1b943cc8e", kill_on_drop: false }`
[INFO] running `Command { std: "docker" "exec" "-e" "SOURCE_DIR=/opt/rustwide/workdir" "-e" "CARGO_HOME=/opt/rustwide/cargo-home" "-e" "RUSTUP_HOME=/opt/rustwide/rustup-home" "-e" "CARGO_TARGET_DIR=/opt/rustwide/target" "-e" "CARGO_INCREMENTAL=0" "-e" "RUST_BACKTRACE=full" "-e" "RUSTFLAGS=--cap-lints=warn" "-e" "RUSTDOCFLAGS=--cap-lints=warn" "-w" "/opt/rustwide/workdir" "--user" "0:0" "846842fd05c4ab4b1be6395ff9075b671c40a14e5abde6fd5e407de1b943cc8e" "/opt/rustwide/cargo-home/bin/cargo" "+1.100.0-beta.1" "build" "--frozen" "--message-format=json" "--release", kill_on_drop: false }`
[INFO] [stderr]    Compiling contractus v0.1.0 (/opt/rustwide/workdir)
[INFO] [stderr]     Finished `release` profile [optimized] target(s) in 3.69s
[INFO] running `Command { std: "docker" "inspect" "846842fd05c4ab4b1be6395ff9075b671c40a14e5abde6fd5e407de1b943cc8e", kill_on_drop: false }`
[INFO] running `Command { std: "docker" "exec" "-e" "SOURCE_DIR=/opt/rustwide/workdir" "-e" "CARGO_HOME=/opt/rustwide/cargo-home" "-e" "RUSTUP_HOME=/opt/rustwide/rustup-home" "-e" "CARGO_TARGET_DIR=/opt/rustwide/target" "-e" "CARGO_INCREMENTAL=0" "-e" "RUST_BACKTRACE=full" "-e" "RUSTFLAGS=--cap-lints=warn" "-e" "RUSTDOCFLAGS=--cap-lints=warn" "-w" "/opt/rustwide/workdir" "--user" "0:0" "846842fd05c4ab4b1be6395ff9075b671c40a14e5abde6fd5e407de1b943cc8e" "/opt/rustwide/cargo-home/bin/cargo" "+1.100.0-beta.1" "test" "--frozen" "--no-run" "--message-format=json" "--release", kill_on_drop: false }`
[INFO] [stderr]    Compiling contractus v0.1.0 (/opt/rustwide/workdir)
[INFO] [stderr]     Finished `release` profile [optimized] target(s) in 5.67s
[INFO] running `Command { std: "docker" "inspect" "846842fd05c4ab4b1be6395ff9075b671c40a14e5abde6fd5e407de1b943cc8e", kill_on_drop: false }`
[INFO] running `Command { std: "docker" "exec" "-e" "SOURCE_DIR=/opt/rustwide/workdir" "-e" "CARGO_HOME=/opt/rustwide/cargo-home" "-e" "RUSTUP_HOME=/opt/rustwide/rustup-home" "-e" "CARGO_TARGET_DIR=/opt/rustwide/target" "-e" "CARGO_INCREMENTAL=0" "-e" "RUST_BACKTRACE=full" "-e" "RUSTFLAGS=--cap-lints=warn" "-e" "RUSTDOCFLAGS=--cap-lints=warn" "-w" "/opt/rustwide/workdir" "--user" "0:0" "846842fd05c4ab4b1be6395ff9075b671c40a14e5abde6fd5e407de1b943cc8e" "/opt/rustwide/cargo-home/bin/cargo" "+1.100.0-beta.1" "test" "--frozen" "--release", kill_on_drop: false }`
[INFO] [stderr]     Finished `release` profile [optimized] target(s) in 0.03s
[INFO] [stderr]      Running unittests src/lib.rs (/opt/rustwide/target/release/build/contractus/195d8bfee93b6338/out/contractus-195d8bfee93b6338)
[INFO] [stdout] 
[INFO] [stdout] running 26 tests
[INFO] [stdout] test parser::tests::test_error_recovery ... ok
[INFO] [stdout] test parser::tests::test_parse_array_and_index ... ok
[INFO] [stdout] test parser::tests::test_parse_enum ... ok
[INFO] [stdout] test lexer::tests::test_token_display ... ok
[INFO] [stdout] test lexer::tests::test_span_creation ... ok
[INFO] [stdout] test parser::tests::test_break_continue_validation ... ok
[INFO] [stdout] test parser::tests::test_parse_for_loop ... FAILED
[INFO] [stdout] test parser::tests::test_parse_method_call ... ok
[INFO] [stdout] test lexer::tests::test_lexer_creation ... ok
[INFO] [stdout] test parser::tests::test_parse_match ... FAILED
[INFO] [stdout] test parser::tests::test_parse_literals ... ok
[INFO] [stdout] test parser::tests::test_parse_type_cast ... ok
[INFO] [stdout] test parser::tests::test_parse_while_loop ... ok
[INFO] [stdout] test lexer::tests::test_keyword_recognition ... ok
[INFO] [stdout] test parser::tests::test_parse_references ... ok
[INFO] [stdout] test parser::tests::test_parse_struct ... ok
[INFO] [stdout] test parser::tests::test_parse_struct_literal ... ok
[INFO] [stdout] test parser::tests::test_parse_if_else ... ok
[INFO] [stdout] test parser::tests::test_parse_function ... ok
[INFO] [stdout] test parser::tests::test_parse_generics ... ok
[INFO] [stdout] test parser::tests::test_parse_binary_ops ... ok
[INFO] [stdout] test parser::tests::test_parse_closure ... FAILED
[INFO] [stdout] test parser::tests::test_parse_complex_types ... FAILED
[INFO] [stdout] test lexer::tests::test_token_creation ... ok
[INFO] [stdout] test lexer::tests::test_number_parsing ... ok
[INFO] [stdout] test lexer::tests::test_operator_parsing ... ok
[INFO] [stdout] 
[INFO] [stdout] failures:
[INFO] [stdout] 
[INFO] [stdout] ---- parser::tests::test_parse_for_loop stdout ----
[INFO] [stdout] 
[INFO] [stdout] thread 'parser::tests::test_parse_for_loop' (512) panicked at src/parser.rs:2014:9:
[INFO] [stdout] assertion failed: parse_program(input).is_ok()
[INFO] [stdout] stack backtrace:
[INFO] [stdout]    0:     0x635dd06fb761 - <<std[617be2ca0a6fd877]::sys::backtrace::BacktraceLock>::print::DisplayBacktrace as core[a373ad73a504971]::fmt::Display>::fmt
[INFO] [stdout]    1:     0x635dd070f65a - core[a373ad73a504971]::fmt::write
[INFO] [stdout]    2:     0x635dd06ff97c - <alloc[2e1b2a31b91974c5]::vec::Vec<u8> as core[a373ad73a504971]::io::write::Write>::write_fmt
[INFO] [stdout]    3:     0x635dd06d7bc6 - std[617be2ca0a6fd877]::panicking::default_hook::{closure#0}
[INFO] [stdout]    4:     0x635dd06f3df9 - std[617be2ca0a6fd877]::panicking::default_hook
[INFO] [stdout]    5:     0x635dd06904a0 - test[aada8e7e76ba119b]::test_main_inner::{closure#0}
[INFO] [stdout]    6:     0x635dd06f3fb2 - std[617be2ca0a6fd877]::panicking::panic_with_hook
[INFO] [stdout]    7:     0x635dd06d7ca4 - std[617be2ca0a6fd877]::panicking::panic_handler::{closure#0}
[INFO] [stdout]    8:     0x635dd06d0989 - std[617be2ca0a6fd877]::sys::backtrace::__rust_end_short_backtrace::<std[617be2ca0a6fd877]::panicking::panic_handler::{closure#0}, !>
[INFO] [stdout]    9:     0x635dd06d887d - __rustc[ea4f61d10b84890b]::rust_begin_unwind
[INFO] [stdout]   10:     0x635dd070fd8c - core[a373ad73a504971]::panicking::panic_fmt
[INFO] [stdout]   11:     0x635dd070fd52 - core[a373ad73a504971]::panicking::panic
[INFO] [stdout]   12:     0x635dd0682ae2 - <contractus[f68b50b22ff151c3]::parser::tests::test_parse_for_loop::{closure#0} as core[a373ad73a504971]::ops::function::FnOnce<()>>::call_once
[INFO] [stdout]   13:     0x635dd06838eb - test[aada8e7e76ba119b]::__rust_begin_short_backtrace::<core[a373ad73a504971]::result::Result<(), alloc[2e1b2a31b91974c5]::string::String>, fn() -> core[a373ad73a504971]::result::Result<(), alloc[2e1b2a31b91974c5]::string::String>>
[INFO] [stdout]   14:     0x635dd0690ac5 - test[aada8e7e76ba119b]::run_test::{closure#0}
[INFO] [stdout]   15:     0x635dd068a3b4 - std[617be2ca0a6fd877]::sys::backtrace::__rust_begin_short_backtrace::<test[aada8e7e76ba119b]::run_test::{closure#1}, ()>
[INFO] [stdout]   16:     0x635dd0693b52 - <std[617be2ca0a6fd877]::thread::lifecycle::spawn_unchecked<test[aada8e7e76ba119b]::run_test::{closure#1}, ()>::{closure#1} as core[a373ad73a504971]::ops::function::FnOnce<()>>::call_once::{shim:vtable#0}
[INFO] [stdout]   17:     0x635dd06fafbf - <std[617be2ca0a6fd877]::sys::thread::unix::Thread>::new::thread_start
[INFO] [stdout]   18:     0x7d54fe9b9dfa - <unknown>
[INFO] [stdout]   19:     0x7d54fea4d3d4 - clone
[INFO] [stdout]   20:                0x0 - <unknown>
[INFO] [stdout] 
[INFO] [stdout] ---- parser::tests::test_parse_match stdout ----
[INFO] [stdout] 
[INFO] [stdout] thread 'parser::tests::test_parse_match' (517) panicked at src/parser.rs:2029:9:
[INFO] [stdout] assertion failed: parse_program(input).is_ok()
[INFO] [stdout] stack backtrace:
[INFO] [stdout]    0:     0x635dd06fb761 - <<std[617be2ca0a6fd877]::sys::backtrace::BacktraceLock>::print::DisplayBacktrace as core[a373ad73a504971]::fmt::Display>::fmt
[INFO] [stdout]    1:     0x635dd070f65a - core[a373ad73a504971]::fmt::write
[INFO] [stdout]    2:     0x635dd06ff97c - <alloc[2e1b2a31b91974c5]::vec::Vec<u8> as core[a373ad73a504971]::io::write::Write>::write_fmt
[INFO] [stdout]    3:     0x635dd06d7bc6 - std[617be2ca0a6fd877]::panicking::default_hook::{closure#0}
[INFO] [stdout]    4:     0x635dd06f3df9 - std[617be2ca0a6fd877]::panicking::default_hook
[INFO] [stdout]    5:     0x635dd06904a0 - test[aada8e7e76ba119b]::test_main_inner::{closure#0}
[INFO] [stdout]    6:     0x635dd06f3fb2 - std[617be2ca0a6fd877]::panicking::panic_with_hook
[INFO] [stdout]    7:     0x635dd06d7ca4 - std[617be2ca0a6fd877]::panicking::panic_handler::{closure#0}
[INFO] [stdout]    8:     0x635dd06d0989 - std[617be2ca0a6fd877]::sys::backtrace::__rust_end_short_backtrace::<std[617be2ca0a6fd877]::panicking::panic_handler::{closure#0}, !>
[INFO] [stdout]    9:     0x635dd06d887d - __rustc[ea4f61d10b84890b]::rust_begin_unwind
[INFO] [stdout]   10:     0x635dd070fd8c - core[a373ad73a504971]::panicking::panic_fmt
[INFO] [stdout]   11:     0x635dd070fd52 - core[a373ad73a504971]::panicking::panic
[INFO] [stdout]   12:     0x635dd06827e2 - <contractus[f68b50b22ff151c3]::parser::tests::test_parse_match::{closure#0} as core[a373ad73a504971]::ops::function::FnOnce<()>>::call_once
[INFO] [stdout]   13:     0x635dd06838eb - test[aada8e7e76ba119b]::__rust_begin_short_backtrace::<core[a373ad73a504971]::result::Result<(), alloc[2e1b2a31b91974c5]::string::String>, fn() -> core[a373ad73a504971]::result::Result<(), alloc[2e1b2a31b91974c5]::string::String>>
[INFO] [stdout]   14:     0x635dd0690ac5 - test[aada8e7e76ba119b]::run_test::{closure#0}
[INFO] [stdout]   15:     0x635dd068a3b4 - std[617be2ca0a6fd877]::sys::backtrace::__rust_begin_short_backtrace::<test[aada8e7e76ba119b]::run_test::{closure#1}, ()>
[INFO] [stdout]   16:     0x635dd0693b52 - <std[617be2ca0a6fd877]::thread::lifecycle::spawn_unchecked<test[aada8e7e76ba119b]::run_test::{closure#1}, ()>::{closure#1} as core[a373ad73a504971]::ops::function::FnOnce<()>>::call_once::{shim:vtable#0}
[INFO] [stdout]   17:     0x635dd06fafbf - <std[617be2ca0a6fd877]::sys::thread::unix::Thread>::new::thread_start
[INFO] [stdout]   18:     0x7d54fe9b9dfa - <unknown>
[INFO] [stdout]   19:     0x7d54fea4d3d4 - clone
[INFO] [stdout]   20:                0x0 - <unknown>
[INFO] [stdout] 
[INFO] [stdout] ---- parser::tests::test_parse_closure stdout ----
[INFO] [stdout] 
[INFO] [stdout] thread 'parser::tests::test_parse_closure' (509) panicked at src/parser.rs:2041:9:
[INFO] [stdout] assertion failed: parse_program(input).is_ok()
[INFO] [stdout] stack backtrace:
[INFO] [stdout]    0:     0x635dd06fb761 - <<std[617be2ca0a6fd877]::sys::backtrace::BacktraceLock>::print::DisplayBacktrace as core[a373ad73a504971]::fmt::Display>::fmt
[INFO] [stdout]    1:     0x635dd070f65a - core[a373ad73a504971]::fmt::write
[INFO] [stdout]    2:     0x635dd06ff97c - <alloc[2e1b2a31b91974c5]::vec::Vec<u8> as core[a373ad73a504971]::io::write::Write>::write_fmt
[INFO] [stdout]    3:     0x635dd06d7bc6 - std[617be2ca0a6fd877]::panicking::default_hook::{closure#0}
[INFO] [stdout]    4:     0x635dd06f3df9 - std[617be2ca0a6fd877]::panicking::default_hook
[INFO] [stdout]    5:     0x635dd06904a0 - test[aada8e7e76ba119b]::test_main_inner::{closure#0}
[INFO] [stdout]    6:     0x635dd06f3fb2 - std[617be2ca0a6fd877]::panicking::panic_with_hook
[INFO] [stdout]    7:     0x635dd06d7ca4 - std[617be2ca0a6fd877]::panicking::panic_handler::{closure#0}
[INFO] [stdout]    8:     0x635dd06d0989 - std[617be2ca0a6fd877]::sys::backtrace::__rust_end_short_backtrace::<std[617be2ca0a6fd877]::panicking::panic_handler::{closure#0}, !>
[INFO] [stdout]    9:     0x635dd06d887d - __rustc[ea4f61d10b84890b]::rust_begin_unwind
[INFO] [stdout]   10:     0x635dd070fd8c - core[a373ad73a504971]::panicking::panic_fmt
[INFO] [stdout]   11:     0x635dd070fd52 - core[a373ad73a504971]::panicking::panic
[INFO] [stdout]   12:     0x635dd06828c2 - <contractus[f68b50b22ff151c3]::parser::tests::test_parse_closure::{closure#0} as core[a373ad73a504971]::ops::function::FnOnce<()>>::call_once
[INFO] [stdout]   13:     0x635dd06838eb - test[aada8e7e76ba119b]::__rust_begin_short_backtrace::<core[a373ad73a504971]::result::Result<(), alloc[2e1b2a31b91974c5]::string::String>, fn() -> core[a373ad73a504971]::result::Result<(), alloc[2e1b2a31b91974c5]::string::String>>
[INFO] [stdout]   14:     0x635dd0690ac5 - test[aada8e7e76ba119b]::run_test::{closure#0}
[INFO] [stdout]   15:     0x635dd068a3b4 - std[617be2ca0a6fd877]::sys::backtrace::__rust_begin_short_backtrace::<test[aada8e7e76ba119b]::run_test::{closure#1}, ()>
[INFO] [stdout]   16:     0x635dd0693b52 - <std[617be2ca0a6fd877]::thread::lifecycle::spawn_unchecked<test[aada8e7e76ba119b]::run_test::{closure#1}, ()>::{closure#1} as core[a373ad73a504971]::ops::function::FnOnce<()>>::call_once::{shim:vtable#0}
[INFO] [stdout]   17:     0x635dd06fafbf - <std[617be2ca0a6fd877]::sys::thread::unix::Thread>::new::thread_start
[INFO] [stdout]   18:     0x7d54fe9b9dfa - <unknown>
[INFO] [stdout]   19:     0x7d54fea4d3d4 - clone
[INFO] [stdout]   20:                0x0 - <unknown>
[INFO] [stdout] 
[INFO] [stdout] ---- parser::tests::test_parse_complex_types stdout ----
[INFO] [stdout] 
[INFO] [stdout] thread 'parser::tests::test_parse_complex_types' (510) panicked at src/parser.rs:2121:9:
[INFO] [stdout] assertion failed: parse_program(input).is_ok()
[INFO] [stdout] stack backtrace:
[INFO] [stdout]    0:     0x635dd06fb761 - <<std[617be2ca0a6fd877]::sys::backtrace::BacktraceLock>::print::DisplayBacktrace as core[a373ad73a504971]::fmt::Display>::fmt
[INFO] [stdout]    1:     0x635dd070f65a - core[a373ad73a504971]::fmt::write
[INFO] [stdout]    2:     0x635dd06ff97c - <alloc[2e1b2a31b91974c5]::vec::Vec<u8> as core[a373ad73a504971]::io::write::Write>::write_fmt
[INFO] [stdout]    3:     0x635dd06d7bc6 - std[617be2ca0a6fd877]::panicking::default_hook::{closure#0}
[INFO] [stdout]    4:     0x635dd06f3df9 - std[617be2ca0a6fd877]::panicking::default_hook
[INFO] [stdout]    5:     0x635dd06904a0 - test[aada8e7e76ba119b]::test_main_inner::{closure#0}
[INFO] [stdout]    6:     0x635dd06f3fb2 - std[617be2ca0a6fd877]::panicking::panic_with_hook
[INFO] [stdout]    7:     0x635dd06d7ca4 - std[617be2ca0a6fd877]::panicking::panic_handler::{closure#0}
[INFO] [stdout]    8:     0x635dd06d0989 - std[617be2ca0a6fd877]::sys::backtrace::__rust_end_short_backtrace::<std[617be2ca0a6fd877]::panicking::panic_handler::{closure#0}, !>
[INFO] [stdout]    9:     0x635dd06d887d - __rustc[ea4f61d10b84890b]::rust_begin_unwind
[INFO] [stdout]   10:     0x635dd070fd8c - core[a373ad73a504971]::panicking::panic_fmt
[INFO] [stdout]   11:     0x635dd070fd52 - core[a373ad73a504971]::panicking::panic
[INFO] [stdout]   12:     0x635dd0683152 - <contractus[f68b50b22ff151c3]::parser::tests::test_parse_complex_types::{closure#0} as core[a373ad73a504971]::ops::function::FnOnce<()>>::call_once
[INFO] [stdout]   13:     0x635dd06838eb - test[aada8e7e76ba119b]::__rust_begin_short_backtrace::<core[a373ad73a504971]::result::Result<(), alloc[2e1b2a31b91974c5]::string::String>, fn() -> core[a373ad73a504971]::result::Result<(), alloc[2e1b2a31b91974c5]::string::String>>
[INFO] [stdout]   14:     0x635dd0690ac5 - test[aada8e7e76ba119b]::run_test::{closure#0}
[INFO] [stdout]   15:     0x635dd068a3b4 - std[617be2ca0a6fd877]::sys::backtrace::__rust_begin_short_backtrace::<test[aada8e7e76ba119b]::run_test::{closure#1}, ()>
[INFO] [stdout]   16:     0x635dd0693b52 - <std[617be2ca0a6fd877]::thread::lifecycle::spawn_unchecked<test[aada8e7e76ba119b]::run_test::{closure#1}, ()>::{closure#1} as core[a373ad73a504971]::ops::function::FnOnce<()>>::call_once::{shim:vtable#0}
[INFO] [stdout]   17:     0x635dd06fafbf - <std[617be2ca0a6fd877]::sys::thread::unix::Thread>::new::thread_start
[INFO] [stdout]   18:     0x7d54fe9b9dfa - <unknown>
[INFO] [stdout]   19:     0x7d54fea4d3d4 - clone
[INFO] [stdout]   20:                0x0 - <unknown>
[INFO] [stdout] 
[INFO] [stdout] 
[INFO] [stdout] failures:
[INFO] [stdout]     parser::tests::test_parse_closure
[INFO] [stdout]     parser::tests::test_parse_complex_types
[INFO] [stdout]     parser::tests::test_parse_for_loop
[INFO] [stdout]     parser::tests::test_parse_match
[INFO] [stdout] 
[INFO] [stdout] test result: FAILED. 22 passed; 4 failed; 0 ignored; 0 measured; 0 filtered out; finished in 0.02s
[INFO] [stdout] 
[INFO] [stderr] error: test failed, to rerun pass `--lib`
[INFO] running `Command { std: "docker" "inspect" "846842fd05c4ab4b1be6395ff9075b671c40a14e5abde6fd5e407de1b943cc8e", kill_on_drop: false }`
[INFO] running `Command { std: "docker" "rm" "-f" "846842fd05c4ab4b1be6395ff9075b671c40a14e5abde6fd5e407de1b943cc8e", kill_on_drop: false }`
[INFO] [stdout] 846842fd05c4ab4b1be6395ff9075b671c40a14e5abde6fd5e407de1b943cc8e
