[INFO] cloning repository https://github.com/hackmad/actix-rest-api
[INFO] running `Command { std: "git" "-c" "credential.helper=" "-c" "credential.helper=/workspace/cargo-home/bin/git-credential-null" "clone" "--bare" "https://github.com/hackmad/actix-rest-api" "/workspace/cache/git-repos/https%3A%2F%2Fgithub.com%2Fhackmad%2Factix-rest-api", kill_on_drop: false }`
[INFO] [stderr] Cloning into bare repository '/workspace/cache/git-repos/https%3A%2F%2Fgithub.com%2Fhackmad%2Factix-rest-api'...
[INFO] running `Command { std: "git" "rev-parse" "HEAD", kill_on_drop: false }`
[INFO] [stdout] 253d76ba8cc9f1909511ddedf2d7a67fae1fc88f
[INFO] testing hackmad/actix-rest-api against 1.99.0-beta.8+cargoflags=--release for beta-release-1.100-2
[INFO] running `Command { std: "git" "clone" "/workspace/cache/git-repos/https%3A%2F%2Fgithub.com%2Fhackmad%2Factix-rest-api" "/workspace/builds/worker-5-tc1/source", kill_on_drop: false }`
[INFO] [stderr] Cloning into '/workspace/builds/worker-5-tc1/source'...
[INFO] [stderr] done.
[INFO] removed /workspace/builds/worker-5-tc1/source/.cargo/config
[INFO] started tweaking git repo https://github.com/hackmad/actix-rest-api
[INFO] finished tweaking git repo https://github.com/hackmad/actix-rest-api
[INFO] tweaked toml for git repo https://github.com/hackmad/actix-rest-api written to /workspace/builds/worker-5-tc1/source/Cargo.toml
[INFO] validating manifest of git repo https://github.com/hackmad/actix-rest-api on toolchain 1.99.0-beta.8
[INFO] running `Command { std: CARGO_HOME="/workspace/cargo-home" RUSTUP_HOME="/workspace/rustup-home" "/workspace/cargo-home/bin/cargo" "+1.99.0-beta.8" "metadata" "--manifest-path" "Cargo.toml" "--no-deps", kill_on_drop: false }`
[INFO] crate git repo https://github.com/hackmad/actix-rest-api already has a lockfile, it will not be regenerated
[INFO] running `Command { std: CARGO_HOME="/workspace/cargo-home" RUSTUP_HOME="/workspace/rustup-home" "/workspace/cargo-home/bin/cargo" "+1.99.0-beta.8" "fetch" "--manifest-path" "Cargo.toml", kill_on_drop: false }`
[INFO] [stderr]     Updating crates.io index
[INFO] [stderr]  Downloading crates ...
[INFO] [stderr]   Downloaded serde v1.0.147
[INFO] [stderr]   Downloaded walkdir v2.3.2
[INFO] [stderr]   Downloaded jobserver v0.1.24
[INFO] [stderr]   Downloaded pq-sys v0.4.6
[INFO] [stderr]   Downloaded actix-router v0.5.0
[INFO] [stderr]   Downloaded redox_syscall v0.2.13
[INFO] [stderr]   Downloaded serde_derive v1.0.147
[INFO] [stderr]   Downloaded local-waker v0.1.3
[INFO] [stderr]   Downloaded actix-web-codegen v4.1.0
[INFO] [stderr]   Downloaded convert_case v0.4.0
[INFO] [stderr]   Downloaded bytestring v1.1.0
[INFO] [stderr]   Downloaded firestorm v0.5.1
[INFO] [stderr]   Downloaded actix-macros v0.2.3
[INFO] [stderr]   Downloaded crypto-common v0.1.4
[INFO] [stderr]   Downloaded local-channel v0.1.3
[INFO] [stderr]   Downloaded alloc-stdlib v0.2.1
[INFO] [stderr]   Downloaded sha1 v0.10.1
[INFO] [stderr]   Downloaded alloc-no-stdlib v2.0.3
[INFO] [stderr]   Downloaded signature v1.5.0
[INFO] [stderr]   Downloaded scheduled-thread-pool v0.2.6
[INFO] [stderr]   Downloaded actix-codec v0.5.0
[INFO] [stderr]   Downloaded actix-utils v3.0.0
[INFO] [stderr]   Downloaded semver v1.0.12
[INFO] [stderr]   Downloaded ed25519 v1.5.2
[INFO] [stderr]   Downloaded quote v1.0.20
[INFO] [stderr]   Downloaded time v0.3.11
[INFO] [stderr]   Downloaded actix-service v2.0.2
[INFO] [stderr]   Downloaded paste v1.0.7
[INFO] [stderr]   Downloaded actix-rt v2.7.0
[INFO] [stderr]   Downloaded diesel_derives v2.0.1
[INFO] [stderr]   Downloaded proc-macro2 v1.0.40
[INFO] [stderr]   Downloaded env_logger v0.9.1
[INFO] [stderr]   Downloaded actix-server v2.1.1
[INFO] [stderr]   Downloaded derive_more v0.99.17
[INFO] [stderr]   Downloaded tracing-core v0.1.28
[INFO] [stderr]   Downloaded slab v0.4.6
[INFO] [stderr]   Downloaded miniz_oxide v0.5.3
[INFO] [stderr]   Downloaded tracing v0.1.35
[INFO] [stderr]   Downloaded hashbrown v0.12.1
[INFO] [stderr]   Downloaded actix-http v3.2.2
[INFO] [stderr]   Downloaded serde_json v1.0.87
[INFO] [stderr]   Downloaded brotli-decompressor v2.3.2
[INFO] [stderr]   Downloaded actix-web v4.2.1
[INFO] [stderr]   Downloaded diesel v2.0.2
[INFO] [stderr]   Downloaded tokio v1.19.2
[INFO] [stderr]   Downloaded zstd-sys v2.0.1+zstd.1.5.2
[INFO] [stderr]   Downloaded brotli v3.3.4
[INFO] [stderr]   Downloaded sodiumoxide v0.2.7
[INFO] [stderr]   Downloaded libsodium-sys v0.2.7
[INFO] running `Command { std: "docker" "create" "-v" "/var/lib/crater-agent-workspace/builds/worker-5-tc1/source:/opt/rustwide/workdir:ro,Z" "-v" "/var/lib/crater-agent-workspace/builds/worker-5-tc1/target:/opt/rustwide/target:rw,Z" "-v" "/var/lib/crater-agent-workspace/cargo-home:/opt/rustwide/cargo-home:ro,Z" "-v" "/var/lib/crater-agent-workspace/rustup-home:/opt/rustwide/rustup-home:ro,Z" "-m" "1610612736" "--network" "none" "ghcr.io/rust-lang/crates-build-env/linux@sha256:77db811e55d90add9212f6832c23229e3de5f1c1f9905e8cb07319ea15df73ac" "sleep" "infinity", kill_on_drop: false }`
[INFO] [stdout] 126dfbadccf72130e6018b2004955997b079ac11fb4bd7debf59f09aeeb0453f
[INFO] running `Command { std: "docker" "start" "126dfbadccf72130e6018b2004955997b079ac11fb4bd7debf59f09aeeb0453f", kill_on_drop: false }`
[INFO] running `Command { std: "docker" "inspect" "126dfbadccf72130e6018b2004955997b079ac11fb4bd7debf59f09aeeb0453f", kill_on_drop: false }`
[INFO] running `Command { std: "docker" "exec" "-e" "SOURCE_DIR=/opt/rustwide/workdir" "-e" "CARGO_HOME=/opt/rustwide/cargo-home" "-e" "RUSTUP_HOME=/opt/rustwide/rustup-home" "-e" "CARGO_TARGET_DIR=/opt/rustwide/target" "-w" "/opt/rustwide/workdir" "--user" "0:0" "126dfbadccf72130e6018b2004955997b079ac11fb4bd7debf59f09aeeb0453f" "/opt/rustwide/cargo-home/bin/cargo" "+1.99.0-beta.8" "metadata" "--no-deps" "--format-version=1", kill_on_drop: false }`
[INFO] running `Command { std: "docker" "inspect" "126dfbadccf72130e6018b2004955997b079ac11fb4bd7debf59f09aeeb0453f", kill_on_drop: false }`
[INFO] running `Command { std: "docker" "exec" "-e" "SOURCE_DIR=/opt/rustwide/workdir" "-e" "CARGO_HOME=/opt/rustwide/cargo-home" "-e" "RUSTUP_HOME=/opt/rustwide/rustup-home" "-e" "CARGO_TARGET_DIR=/opt/rustwide/target" "-e" "CARGO_INCREMENTAL=0" "-e" "RUST_BACKTRACE=full" "-e" "RUSTFLAGS=--cap-lints=warn" "-e" "RUSTDOCFLAGS=--cap-lints=warn" "-w" "/opt/rustwide/workdir" "--user" "0:0" "126dfbadccf72130e6018b2004955997b079ac11fb4bd7debf59f09aeeb0453f" "/opt/rustwide/cargo-home/bin/cargo" "+1.99.0-beta.8" "build" "--frozen" "--message-format=json" "--release", kill_on_drop: false }`
[INFO] [stderr]    Compiling libc v0.2.126
[INFO] [stderr]    Compiling version_check v0.9.4
[INFO] [stderr]    Compiling memchr v2.5.0
[INFO] [stderr]    Compiling autocfg v1.1.0
[INFO] [stderr]    Compiling log v0.4.17
[INFO] [stderr]    Compiling proc-macro2 v1.0.40
[INFO] [stderr]    Compiling parking_lot_core v0.9.3
[INFO] [stderr]    Compiling scopeguard v1.1.0
[INFO] [stderr]    Compiling quote v1.0.20
[INFO] [stderr]    Compiling smallvec v1.9.0
[INFO] [stderr]    Compiling unicode-ident v1.0.1
[INFO] [stderr]    Compiling lock_api v0.4.7
[INFO] [stderr]    Compiling pin-project-lite v0.2.9
[INFO] [stderr]    Compiling futures-core v0.3.21
[INFO] [stderr]    Compiling bytes v1.1.0
[INFO] [stderr]    Compiling serde v1.0.147
[INFO] [stderr]    Compiling once_cell v1.13.0
[INFO] [stderr]    Compiling syn v1.0.98
[INFO] [stderr]    Compiling itoa v1.0.2
[INFO] [stderr]    Compiling typenum v1.15.0
[INFO] [stderr]    Compiling jobserver v0.1.24
[INFO] [stderr]    Compiling generic-array v0.14.5
[INFO] [stderr]    Compiling signal-hook-registry v1.4.0
[INFO] [stderr]    Compiling cc v1.0.73
[INFO] [stderr]    Compiling socket2 v0.4.4
[INFO] [stderr]    Compiling mio v0.8.4
[INFO] [stderr]    Compiling parking_lot v0.12.1
[INFO] [stderr]    Compiling futures-task v0.3.21
[INFO] [stderr]    Compiling tokio v1.19.2
[INFO] [stderr]    Compiling tracing-core v0.1.28
[INFO] [stderr]    Compiling zstd-sys v2.0.1+zstd.1.5.2
[INFO] [stderr]    Compiling futures-util v0.3.21
[INFO] [stderr]    Compiling getrandom v0.2.7
[INFO] [stderr]    Compiling percent-encoding v2.1.0
[INFO] [stderr]    Compiling futures-sink v0.3.21
[INFO] [stderr]    Compiling tracing v0.1.35
[INFO] [stderr]    Compiling proc-macro-error-attr v1.0.4
[INFO] [stderr]    Compiling indexmap v1.9.1
[INFO] [stderr]    Compiling same-file v1.0.6
[INFO] [stderr]    Compiling matches v0.1.9
[INFO] [stderr]    Compiling alloc-no-stdlib v2.0.3
[INFO] [stderr]    Compiling tinyvec_macros v0.1.0
[INFO] [stderr]    Compiling local-waker v0.1.3
[INFO] [stderr]    Compiling crc32fast v1.3.2
[INFO] [stderr]    Compiling zstd-safe v5.0.2+zstd.1.5.2
[INFO] [stderr]    Compiling http v0.2.8
[INFO] [stderr]    Compiling alloc-stdlib v0.2.1
[INFO] [stderr]    Compiling tinyvec v1.6.0
[INFO] [stderr]    Compiling walkdir v2.3.2
[INFO] [stderr]    Compiling block-buffer v0.10.2
[INFO] [stderr]    Compiling crypto-common v0.1.4
[INFO] [stderr]    Compiling aho-corasick v0.7.18
[INFO] [stderr]    Compiling rand_core v0.6.3
[INFO] [stderr]    Compiling proc-macro-error v1.0.4
[INFO] [stderr]    Compiling ahash v0.7.6
[INFO] [stderr]    Compiling ppv-lite86 v0.2.16
[INFO] [stderr]    Compiling adler v1.0.2
[INFO] [stderr]    Compiling regex-syntax v0.6.27
[INFO] [stderr]    Compiling encoding_rs v0.8.31
[INFO] [stderr]    Compiling pkg-config v0.3.25
[INFO] [stderr]    Compiling fnv v1.0.7
[INFO] [stderr]    Compiling hashbrown v0.12.1
[INFO] [stderr]    Compiling httparse v1.7.1
[INFO] [stderr]    Compiling paste v1.0.7
[INFO] [stderr]    Compiling actix-service v2.0.2
[INFO] [stderr]    Compiling tokio-util v0.7.3
[INFO] [stderr]    Compiling actix-rt v2.7.0
[INFO] [stderr]    Compiling regex v1.6.0
[INFO] [stderr]    Compiling libsodium-sys v0.2.7
[INFO] [stderr]    Compiling rand_chacha v0.3.1
[INFO] [stderr]    Compiling miniz_oxide v0.5.3
[INFO] [stderr]    Compiling unicode-normalization v0.1.21
[INFO] [stderr]    Compiling digest v0.10.3
[INFO] [stderr]    Compiling bytestring v1.1.0
[INFO] [stderr]    Compiling brotli-decompressor v2.3.2
[INFO] [stderr]    Compiling actix-utils v3.0.0
[INFO] [stderr]    Compiling form_urlencoded v1.0.1
[INFO] [stderr]    Compiling cookie v0.16.0
[INFO] [stderr]    Compiling cpufeatures v0.2.2
[INFO] [stderr]    Compiling convert_case v0.4.0
[INFO] [stderr]    Compiling time-macros v0.2.4
[INFO] [stderr]    Compiling slab v0.4.6
[INFO] [stderr]    Compiling ryu v1.0.10
[INFO] [stderr]    Compiling unicode-bidi v0.3.8
[INFO] [stderr]    Compiling serde_json v1.0.87
[INFO] [stderr]    Compiling pq-sys v0.4.6
[INFO] [stderr]    Compiling num_threads v0.1.6
[INFO] [stderr]    Compiling firestorm v0.5.1
[INFO] [stderr]    Compiling actix-router v0.5.0
[INFO] [stderr]    Compiling brotli v3.3.4
[INFO] [stderr]    Compiling time v0.3.11
[INFO] [stderr]    Compiling idna v0.2.3
[INFO] [stderr]    Compiling derive_more v0.99.17
[INFO] [stderr]    Compiling h2 v0.3.13
[INFO] [stderr]    Compiling sha1 v0.10.1
[INFO] [stderr]    Compiling flate2 v1.0.24
[INFO] [stderr]    Compiling rand v0.8.5
[INFO] [stderr]    Compiling actix-codec v0.5.0
[INFO] [stderr]    Compiling local-channel v0.1.3
[INFO] [stderr]    Compiling scheduled-thread-pool v0.2.6
[INFO] [stderr]    Compiling num_cpus v1.13.1
[INFO] [stderr]    Compiling httpdate v1.0.2
[INFO] [stderr]    Compiling mime v0.3.16
[INFO] [stderr]    Compiling base64 v0.13.0
[INFO] [stderr]    Compiling language-tags v0.3.2
[INFO] [stderr]    Compiling serde_derive v1.0.147
[INFO] [stderr]    Compiling signature v1.5.0
[INFO] [stderr]    Compiling ed25519 v1.5.2
[INFO] [stderr]    Compiling actix-server v2.1.1
[INFO] [stderr]    Compiling r2d2 v0.8.10
[INFO] [stderr]    Compiling diesel_derives v2.0.1
[INFO] [stderr]    Compiling url v2.2.2
[INFO] [stderr]    Compiling actix-web-codegen v4.1.0
[INFO] [stderr]    Compiling serde_urlencoded v0.7.1
[INFO] [stderr]    Compiling actix-macros v0.2.3
[INFO] [stderr]    Compiling atty v0.2.14
[INFO] [stderr]    Compiling humantime v2.1.0
[INFO] [stderr]    Compiling termcolor v1.1.3
[INFO] [stderr]    Compiling byteorder v1.4.3
[INFO] [stderr]    Compiling env_logger v0.9.1
[INFO] [stderr]    Compiling diesel v2.0.2
[INFO] [stderr]    Compiling lazy_static v1.4.0
[INFO] [stderr]    Compiling zstd v0.11.2+zstd.1.5.2
[INFO] [stderr]    Compiling actix-http v3.2.2
[INFO] [stderr]    Compiling actix-web v4.2.1
[INFO] [stderr]    Compiling sodiumoxide v0.2.7
[INFO] [stderr]    Compiling actix-rest-api v0.1.0 (/opt/rustwide/workdir)
[INFO] [stderr]     Finished `release` profile [optimized] target(s) in 6m 25s
[INFO] [stderr] warning: the following packages contain code that will be rejected by a future version of Rust: diesel_derives v2.0.1
[INFO] [stderr] note: to see what the problems were, use the option `--future-incompat-report`, or run `cargo report future-incompatibilities --id 2`
[INFO] running `Command { std: "docker" "inspect" "126dfbadccf72130e6018b2004955997b079ac11fb4bd7debf59f09aeeb0453f", kill_on_drop: false }`
[INFO] running `Command { std: "docker" "exec" "-e" "SOURCE_DIR=/opt/rustwide/workdir" "-e" "CARGO_HOME=/opt/rustwide/cargo-home" "-e" "RUSTUP_HOME=/opt/rustwide/rustup-home" "-e" "CARGO_TARGET_DIR=/opt/rustwide/target" "-e" "CARGO_INCREMENTAL=0" "-e" "RUST_BACKTRACE=full" "-e" "RUSTFLAGS=--cap-lints=warn" "-e" "RUSTDOCFLAGS=--cap-lints=warn" "-w" "/opt/rustwide/workdir" "--user" "0:0" "126dfbadccf72130e6018b2004955997b079ac11fb4bd7debf59f09aeeb0453f" "/opt/rustwide/cargo-home/bin/cargo" "+1.99.0-beta.8" "test" "--frozen" "--no-run" "--message-format=json" "--release", kill_on_drop: false }`
[INFO] [stderr]    Compiling actix-rest-api v0.1.0 (/opt/rustwide/workdir)
[INFO] [stderr]     Finished `release` profile [optimized] target(s) in 5.75s
[INFO] [stderr] warning: the following packages contain code that will be rejected by a future version of Rust: diesel_derives v2.0.1
[INFO] [stderr] note: to see what the problems were, use the option `--future-incompat-report`, or run `cargo report future-incompatibilities --id 2`
[INFO] running `Command { std: "docker" "inspect" "126dfbadccf72130e6018b2004955997b079ac11fb4bd7debf59f09aeeb0453f", kill_on_drop: false }`
[INFO] running `Command { std: "docker" "exec" "-e" "SOURCE_DIR=/opt/rustwide/workdir" "-e" "CARGO_HOME=/opt/rustwide/cargo-home" "-e" "RUSTUP_HOME=/opt/rustwide/rustup-home" "-e" "CARGO_TARGET_DIR=/opt/rustwide/target" "-e" "CARGO_INCREMENTAL=0" "-e" "RUST_BACKTRACE=full" "-e" "RUSTFLAGS=--cap-lints=warn" "-e" "RUSTDOCFLAGS=--cap-lints=warn" "-w" "/opt/rustwide/workdir" "--user" "0:0" "126dfbadccf72130e6018b2004955997b079ac11fb4bd7debf59f09aeeb0453f" "/opt/rustwide/cargo-home/bin/cargo" "+1.99.0-beta.8" "test" "--frozen" "--release", kill_on_drop: false }`
[INFO] [stderr]     Finished `release` profile [optimized] target(s) in 0.13s
[INFO] [stderr] warning: the following packages contain code that will be rejected by a future version of Rust: diesel_derives v2.0.1
[INFO] [stderr] note: to see what the problems were, use the option `--future-incompat-report`, or run `cargo report future-incompatibilities --id 2`
[INFO] [stderr]      Running unittests src/main.rs (/opt/rustwide/target/release/deps/actix_rest_api-57af827bcaca1228)
[INFO] [stdout] 
[INFO] [stdout] running 1 test
[INFO] [stdout] test users::routes::tests::get_all_users_returns_empty_when_no_users_exist ... FAILED
[INFO] [stdout] 
[INFO] [stdout] failures:
[INFO] [stdout] 
[INFO] [stdout] ---- users::routes::tests::get_all_users_returns_empty_when_no_users_exist stdout ----
[INFO] [stdout] 
[INFO] [stdout] thread 'users::routes::tests::get_all_users_returns_empty_when_no_users_exist' (53241) panicked at src/users/routes.rs:108:57:
[INFO] [stdout] DATABASE_URL must be set: NotPresent
[INFO] [stdout] stack backtrace:
[INFO] [stdout]    0:     0x57bd66554d21 - <<std[70759c8f55707aa4]::sys::backtrace::BacktraceLock>::print::DisplayBacktrace as core[df12db4294e9bfd3]::fmt::Display>::fmt
[INFO] [stdout]    1:     0x57bd6656b79a - core[df12db4294e9bfd3]::fmt::write
[INFO] [stdout]    2:     0x57bd6655944c - <alloc[2182bb758b4b3781]::vec::Vec<u8> as core[df12db4294e9bfd3]::io::write::Write>::write_fmt
[INFO] [stdout]    3:     0x57bd66530e26 - std[70759c8f55707aa4]::panicking::default_hook::{closure#0}
[INFO] [stdout]    4:     0x57bd6654d0d9 - std[70759c8f55707aa4]::panicking::default_hook
[INFO] [stdout]    5:     0x57bd66406630 - test[9d35eded1c95d3be]::test_main_inner::<test[9d35eded1c95d3be]::test_main_static::{closure#0}>::{closure#0}
[INFO] [stdout]    6:     0x57bd6654d402 - std[70759c8f55707aa4]::panicking::panic_with_hook
[INFO] [stdout]    7:     0x57bd66530ed2 - std[70759c8f55707aa4]::panicking::panic_handler::{closure#0}
[INFO] [stdout]    8:     0x57bd66529c29 - std[70759c8f55707aa4]::sys::backtrace::__rust_end_short_backtrace::<std[70759c8f55707aa4]::panicking::panic_handler::{closure#0}, !>
[INFO] [stdout]    9:     0x57bd66531acd - __rustc[8fa7c3cbc660c2b3]::rust_begin_unwind
[INFO] [stdout]   10:     0x57bd6656befc - core[df12db4294e9bfd3]::panicking::panic_fmt
[INFO] [stdout]   11:     0x57bd6656bcd2 - core[df12db4294e9bfd3]::result::unwrap_failed
[INFO] [stdout]   12:     0x57bd663e1ab6 - <std[70759c8f55707aa4]::sync::once::Once>::call_once::<<lazy_static[22452361557a40db]::lazy::Lazy<r2d2[66ded50f94e89ce5]::Pool<diesel[47215ec3176a73f2]::r2d2::ConnectionManager<diesel[47215ec3176a73f2]::pg::connection::PgConnection>>>>::get<<actix_rest_api[c39c882332c1bac4]::users::routes::tests::DB_POOL as core[df12db4294e9bfd3]::ops::deref::Deref>::deref::__static_ref_initialize>::{closure#0}>::{closure#0}
[INFO] [stdout]   13:     0x57bd66536a19 - <std[70759c8f55707aa4]::sys::sync::once::futex::Once>::call
[INFO] [stdout]   14:     0x57bd663f7a9b - <std[70759c8f55707aa4]::thread::local::LocalKey<core[df12db4294e9bfd3]::cell::Cell<tokio[80402dbc22a9c21a]::coop::Budget>>>::with::<tokio[80402dbc22a9c21a]::coop::with_budget<core[df12db4294e9bfd3]::task::poll::Poll<()>, <tokio[80402dbc22a9c21a]::task::local::RunUntil<actix_rest_api[c39c882332c1bac4]::users::routes::tests::get_all_users_returns_empty_when_no_users_exist::{closure#0}> as core[df12db4294e9bfd3]::future::future::Future>::poll::{closure#0}::{closure#0}>::{closure#0}, core[df12db4294e9bfd3]::task::poll::Poll<()>>
[INFO] [stdout]   15:     0x57bd663df29f - <tokio[80402dbc22a9c21a]::macros::scoped_tls::ScopedKey<tokio[80402dbc22a9c21a]::task::local::Context>>::set::<<tokio[80402dbc22a9c21a]::task::local::RunUntil<actix_rest_api[c39c882332c1bac4]::users::routes::tests::get_all_users_returns_empty_when_no_users_exist::{closure#0}> as core[df12db4294e9bfd3]::future::future::Future>::poll::{closure#0}, core[df12db4294e9bfd3]::task::poll::Poll<()>>
[INFO] [stdout]   16:     0x57bd663e2a3c - <core[df12db4294e9bfd3]::pin::Pin<&mut <tokio[80402dbc22a9c21a]::task::local::LocalSet>::run_until<actix_rest_api[c39c882332c1bac4]::users::routes::tests::get_all_users_returns_empty_when_no_users_exist::{closure#0}>::{closure#0}> as core[df12db4294e9bfd3]::future::future::Future>::poll
[INFO] [stdout]   17:     0x57bd663e1f78 - actix_rest_api[c39c882332c1bac4]::users::routes::tests::get_all_users_returns_empty_when_no_users_exist
[INFO] [stdout]   18:     0x57bd663ebb59 - <actix_rest_api[c39c882332c1bac4]::users::routes::tests::get_all_users_returns_empty_when_no_users_exist::{closure#0} as core[df12db4294e9bfd3]::ops::function::FnOnce<()>>::call_once
[INFO] [stdout]   19:     0x57bd663f991b - test[9d35eded1c95d3be]::__rust_begin_short_backtrace::<core[df12db4294e9bfd3]::result::Result<(), alloc[2182bb758b4b3781]::string::String>, fn() -> core[df12db4294e9bfd3]::result::Result<(), alloc[2182bb758b4b3781]::string::String>>
[INFO] [stdout]   20:     0x57bd66406f85 - test[9d35eded1c95d3be]::run_test::{closure#0}
[INFO] [stdout]   21:     0x57bd66400844 - std[70759c8f55707aa4]::sys::backtrace::__rust_begin_short_backtrace::<test[9d35eded1c95d3be]::run_test::{closure#1}, ()>
[INFO] [stdout]   22:     0x57bd6640a0e2 - <std[70759c8f55707aa4]::thread::lifecycle::spawn_unchecked<test[9d35eded1c95d3be]::run_test::{closure#1}, ()>::{closure#1} as core[df12db4294e9bfd3]::ops::function::FnOnce<()>>::call_once::{shim:vtable#0}
[INFO] [stdout]   23:     0x57bd665545b9 - <std[70759c8f55707aa4]::sys::thread::unix::Thread>::new::thread_start
[INFO] [stdout]   24:     0x7ff1b0565dfa - <unknown>
[INFO] [stdout]   25:     0x7ff1b05f93d4 - clone
[INFO] [stdout]   26:                0x0 - <unknown>
[INFO] [stdout] 
[INFO] [stdout] 
[INFO] [stdout] failures:
[INFO] [stdout]     users::routes::tests::get_all_users_returns_empty_when_no_users_exist
[INFO] [stdout] 
[INFO] [stdout] test result: FAILED. 0 passed; 1 failed; 0 ignored; 0 measured; 0 filtered out; finished in 0.01s
[INFO] [stdout] 
[INFO] [stderr] error: test failed, to rerun pass `--bin actix-rest-api`
[INFO] running `Command { std: "docker" "inspect" "126dfbadccf72130e6018b2004955997b079ac11fb4bd7debf59f09aeeb0453f", kill_on_drop: false }`
[INFO] running `Command { std: "docker" "rm" "-f" "126dfbadccf72130e6018b2004955997b079ac11fb4bd7debf59f09aeeb0453f", kill_on_drop: false }`
[INFO] [stdout] 126dfbadccf72130e6018b2004955997b079ac11fb4bd7debf59f09aeeb0453f
