[INFO] cloning repository https://github.com/gwierzchowski/SV_Challenge
[INFO] running `Command { std: "git" "-c" "credential.helper=" "-c" "credential.helper=/workspace/cargo-home/bin/git-credential-null" "clone" "--bare" "https://github.com/gwierzchowski/SV_Challenge" "/workspace/cache/git-repos/https%3A%2F%2Fgithub.com%2Fgwierzchowski%2FSV_Challenge", kill_on_drop: false }`
[INFO] [stderr] Cloning into bare repository '/workspace/cache/git-repos/https%3A%2F%2Fgithub.com%2Fgwierzchowski%2FSV_Challenge'...
[INFO] running `Command { std: "git" "rev-parse" "HEAD", kill_on_drop: false }`
[INFO] [stdout] 1cb4d53e96ed138e057b782c66aef35ebc0e4246
[INFO] testing gwierzchowski/SV_Challenge against 1.99.0-beta.8+cargoflags=--release for beta-release-1.100-2
[INFO] running `Command { std: "git" "clone" "/workspace/cache/git-repos/https%3A%2F%2Fgithub.com%2Fgwierzchowski%2FSV_Challenge" "/workspace/builds/worker-0-tc1/source", kill_on_drop: false }`
[INFO] [stderr] Cloning into '/workspace/builds/worker-0-tc1/source'...
[INFO] [stderr] done.
[INFO] started tweaking git repo https://github.com/gwierzchowski/SV_Challenge
[INFO] finished tweaking git repo https://github.com/gwierzchowski/SV_Challenge
[INFO] tweaked toml for git repo https://github.com/gwierzchowski/SV_Challenge written to /workspace/builds/worker-0-tc1/source/Cargo.toml
[INFO] validating manifest of git repo https://github.com/gwierzchowski/SV_Challenge on toolchain 1.99.0-beta.8
[INFO] running `Command { std: CARGO_HOME="/workspace/cargo-home" RUSTUP_HOME="/workspace/rustup-home" "/workspace/cargo-home/bin/cargo" "+1.99.0-beta.8" "metadata" "--manifest-path" "Cargo.toml" "--no-deps", kill_on_drop: false }`
[INFO] crate git repo https://github.com/gwierzchowski/SV_Challenge already has a lockfile, it will not be regenerated
[INFO] running `Command { std: CARGO_HOME="/workspace/cargo-home" RUSTUP_HOME="/workspace/rustup-home" "/workspace/cargo-home/bin/cargo" "+1.99.0-beta.8" "fetch" "--manifest-path" "Cargo.toml", kill_on_drop: false }`
[INFO] [stderr]  Downloading crates ...
[INFO] [stderr]   Downloaded getrandom v0.1.14
[INFO] [stderr]   Downloaded num-traits v0.2.12
[INFO] [stderr]   Downloaded ppv-lite86 v0.2.9
[INFO] [stderr]   Downloaded bigdecimal v0.1.2
[INFO] [stderr]   Downloaded anyhow v1.0.32
[INFO] [stderr]   Downloaded num-integer v0.1.43
[INFO] [stderr]   Downloaded libc v0.2.76
[INFO] running `Command { std: "docker" "create" "-v" "/var/lib/crater-agent-workspace/builds/worker-0-tc1/source:/opt/rustwide/workdir:ro,Z" "-v" "/var/lib/crater-agent-workspace/builds/worker-0-tc1/target:/opt/rustwide/target:rw,Z" "-v" "/var/lib/crater-agent-workspace/cargo-home:/opt/rustwide/cargo-home:ro,Z" "-v" "/var/lib/crater-agent-workspace/rustup-home:/opt/rustwide/rustup-home:ro,Z" "-m" "1610612736" "--network" "none" "ghcr.io/rust-lang/crates-build-env/linux@sha256:77db811e55d90add9212f6832c23229e3de5f1c1f9905e8cb07319ea15df73ac" "sleep" "infinity", kill_on_drop: false }`
[INFO] [stdout] 05d82d31c7c7c3656e106e18b89af8d511580e5a792ad9d7d315958e82a4fb91
[INFO] running `Command { std: "docker" "start" "05d82d31c7c7c3656e106e18b89af8d511580e5a792ad9d7d315958e82a4fb91", kill_on_drop: false }`
[INFO] running `Command { std: "docker" "inspect" "05d82d31c7c7c3656e106e18b89af8d511580e5a792ad9d7d315958e82a4fb91", kill_on_drop: false }`
[INFO] running `Command { std: "docker" "exec" "-e" "SOURCE_DIR=/opt/rustwide/workdir" "-e" "CARGO_HOME=/opt/rustwide/cargo-home" "-e" "RUSTUP_HOME=/opt/rustwide/rustup-home" "-e" "CARGO_TARGET_DIR=/opt/rustwide/target" "-w" "/opt/rustwide/workdir" "--user" "0:0" "05d82d31c7c7c3656e106e18b89af8d511580e5a792ad9d7d315958e82a4fb91" "/opt/rustwide/cargo-home/bin/cargo" "+1.99.0-beta.8" "metadata" "--no-deps" "--format-version=1", kill_on_drop: false }`
[INFO] running `Command { std: "docker" "inspect" "05d82d31c7c7c3656e106e18b89af8d511580e5a792ad9d7d315958e82a4fb91", kill_on_drop: false }`
[INFO] running `Command { std: "docker" "exec" "-e" "SOURCE_DIR=/opt/rustwide/workdir" "-e" "CARGO_HOME=/opt/rustwide/cargo-home" "-e" "RUSTUP_HOME=/opt/rustwide/rustup-home" "-e" "CARGO_TARGET_DIR=/opt/rustwide/target" "-e" "CARGO_INCREMENTAL=0" "-e" "RUST_BACKTRACE=full" "-e" "RUSTFLAGS=--cap-lints=warn" "-e" "RUSTDOCFLAGS=--cap-lints=warn" "-w" "/opt/rustwide/workdir" "--user" "0:0" "05d82d31c7c7c3656e106e18b89af8d511580e5a792ad9d7d315958e82a4fb91" "/opt/rustwide/cargo-home/bin/cargo" "+1.99.0-beta.8" "build" "--frozen" "--message-format=json" "--release", kill_on_drop: false }`
[INFO] [stderr]    Compiling autocfg v1.0.1
[INFO] [stderr]    Compiling anyhow v1.0.32
[INFO] [stderr]    Compiling num-traits v0.2.12
[INFO] [stderr]    Compiling num-integer v0.1.43
[INFO] [stderr]    Compiling num-bigint v0.2.6
[INFO] [stderr]    Compiling bigdecimal v0.1.2
[INFO] [stderr]    Compiling sv_challenge v0.2.0 (/opt/rustwide/workdir)
[INFO] [stdout] warning: trailing semicolon in macro used in expression position
[INFO] [stdout]   --> src/main.rs:71:31
[INFO] [stdout]    |
[INFO] [stdout] 71 |                     Err(e) => bail!("Error at input line number {}: {}", points.len() + 1, e),
[INFO] [stdout]    |                               ^^^^^^^^^^^^^^^^^^^^^^^^^^^^^^^^^^^^^^^^^^^^^^^^^^^^^^^^^^^^^^^
[INFO] [stdout]    |
[INFO] [stdout]    = warning: this was previously accepted by the compiler but is being phased out; it will become a hard error in a future release!
[INFO] [stdout]    = note: for more information, see issue #79813 <https://github.com/rust-lang/rust/issues/79813>
[INFO] [stdout]    = note: `#[warn(semicolon_in_expressions_from_non_local_macros)]` (part of `#[warn(future_incompatible)]`) on by default
[INFO] [stdout]    = note: this warning originates in the macro `bail` (in Nightly builds, run with -Z macro-backtrace for more info)
[INFO] [stdout] 
[INFO] [stdout] 
[INFO] [stdout] warning: trailing semicolon in macro used in expression position
[INFO] [stdout]   --> src/main.rs:75:23
[INFO] [stdout]    |
[INFO] [stdout] 75 |             Err(e) => bail!("Error at input line number {}: {}", points.len() + 1, e),
[INFO] [stdout]    |                       ^^^^^^^^^^^^^^^^^^^^^^^^^^^^^^^^^^^^^^^^^^^^^^^^^^^^^^^^^^^^^^^
[INFO] [stdout]    |
[INFO] [stdout]    = warning: this was previously accepted by the compiler but is being phased out; it will become a hard error in a future release!
[INFO] [stdout]    = note: for more information, see issue #79813 <https://github.com/rust-lang/rust/issues/79813>
[INFO] [stdout]    = note: this warning originates in the macro `bail` (in Nightly builds, run with -Z macro-backtrace for more info)
[INFO] [stdout] 
[INFO] [stdout] 
[INFO] [stderr]     Finished `release` profile [optimized] target(s) in 8.27s
[INFO] running `Command { std: "docker" "inspect" "05d82d31c7c7c3656e106e18b89af8d511580e5a792ad9d7d315958e82a4fb91", kill_on_drop: false }`
[INFO] running `Command { std: "docker" "exec" "-e" "SOURCE_DIR=/opt/rustwide/workdir" "-e" "CARGO_HOME=/opt/rustwide/cargo-home" "-e" "RUSTUP_HOME=/opt/rustwide/rustup-home" "-e" "CARGO_TARGET_DIR=/opt/rustwide/target" "-e" "CARGO_INCREMENTAL=0" "-e" "RUST_BACKTRACE=full" "-e" "RUSTFLAGS=--cap-lints=warn" "-e" "RUSTDOCFLAGS=--cap-lints=warn" "-w" "/opt/rustwide/workdir" "--user" "0:0" "05d82d31c7c7c3656e106e18b89af8d511580e5a792ad9d7d315958e82a4fb91" "/opt/rustwide/cargo-home/bin/cargo" "+1.99.0-beta.8" "test" "--frozen" "--no-run" "--message-format=json" "--release", kill_on_drop: false }`
[INFO] [stderr]    Compiling libc v0.2.76
[INFO] [stderr]    Compiling getrandom v0.1.14
[INFO] [stderr]    Compiling cfg-if v0.1.10
[INFO] [stderr]    Compiling ppv-lite86 v0.2.9
[INFO] [stderr]    Compiling rand_core v0.5.1
[INFO] [stderr]    Compiling rand_chacha v0.2.2
[INFO] [stderr]    Compiling rand v0.7.3
[INFO] [stderr]    Compiling sv_challenge v0.2.0 (/opt/rustwide/workdir)
[INFO] [stdout] warning: trailing semicolon in macro used in expression position
[INFO] [stdout]   --> src/main.rs:71:31
[INFO] [stdout]    |
[INFO] [stdout] 71 |                     Err(e) => bail!("Error at input line number {}: {}", points.len() + 1, e),
[INFO] [stdout]    |                               ^^^^^^^^^^^^^^^^^^^^^^^^^^^^^^^^^^^^^^^^^^^^^^^^^^^^^^^^^^^^^^^
[INFO] [stdout]    |
[INFO] [stdout]    = warning: this was previously accepted by the compiler but is being phased out; it will become a hard error in a future release!
[INFO] [stdout]    = note: for more information, see issue #79813 <https://github.com/rust-lang/rust/issues/79813>
[INFO] [stdout]    = note: `#[warn(semicolon_in_expressions_from_non_local_macros)]` (part of `#[warn(future_incompatible)]`) on by default
[INFO] [stdout]    = note: this warning originates in the macro `bail` (in Nightly builds, run with -Z macro-backtrace for more info)
[INFO] [stdout] 
[INFO] [stdout] 
[INFO] [stdout] warning: trailing semicolon in macro used in expression position
[INFO] [stdout]   --> src/main.rs:75:23
[INFO] [stdout]    |
[INFO] [stdout] 75 |             Err(e) => bail!("Error at input line number {}: {}", points.len() + 1, e),
[INFO] [stdout]    |                       ^^^^^^^^^^^^^^^^^^^^^^^^^^^^^^^^^^^^^^^^^^^^^^^^^^^^^^^^^^^^^^^
[INFO] [stdout]    |
[INFO] [stdout]    = warning: this was previously accepted by the compiler but is being phased out; it will become a hard error in a future release!
[INFO] [stdout]    = note: for more information, see issue #79813 <https://github.com/rust-lang/rust/issues/79813>
[INFO] [stdout]    = note: this warning originates in the macro `bail` (in Nightly builds, run with -Z macro-backtrace for more info)
[INFO] [stdout] 
[INFO] [stdout] 
[INFO] [stderr]     Finished `release` profile [optimized] target(s) in 7.34s
[INFO] running `Command { std: "docker" "inspect" "05d82d31c7c7c3656e106e18b89af8d511580e5a792ad9d7d315958e82a4fb91", kill_on_drop: false }`
[INFO] running `Command { std: "docker" "exec" "-e" "SOURCE_DIR=/opt/rustwide/workdir" "-e" "CARGO_HOME=/opt/rustwide/cargo-home" "-e" "RUSTUP_HOME=/opt/rustwide/rustup-home" "-e" "CARGO_TARGET_DIR=/opt/rustwide/target" "-e" "CARGO_INCREMENTAL=0" "-e" "RUST_BACKTRACE=full" "-e" "RUSTFLAGS=--cap-lints=warn" "-e" "RUSTDOCFLAGS=--cap-lints=warn" "-w" "/opt/rustwide/workdir" "--user" "0:0" "05d82d31c7c7c3656e106e18b89af8d511580e5a792ad9d7d315958e82a4fb91" "/opt/rustwide/cargo-home/bin/cargo" "+1.99.0-beta.8" "test" "--frozen" "--release", kill_on_drop: false }`
[INFO] [stderr] warning: trailing semicolon in macro used in expression position
[INFO] [stderr]   --> src/main.rs:71:31
[INFO] [stderr]    |
[INFO] [stderr] 71 |                     Err(e) => bail!("Error at input line number {}: {}", points.len() + 1, e),
[INFO] [stderr]    |                               ^^^^^^^^^^^^^^^^^^^^^^^^^^^^^^^^^^^^^^^^^^^^^^^^^^^^^^^^^^^^^^^
[INFO] [stderr]    |
[INFO] [stderr]    = warning: this was previously accepted by the compiler but is being phased out; it will become a hard error in a future release!
[INFO] [stderr]    = note: for more information, see issue #79813 <https://github.com/rust-lang/rust/issues/79813>
[INFO] [stderr]    = note: `#[warn(semicolon_in_expressions_from_non_local_macros)]` (part of `#[warn(future_incompatible)]`) on by default
[INFO] [stderr]    = note: this warning originates in the macro `bail` (in Nightly builds, run with -Z macro-backtrace for more info)
[INFO] [stderr] 
[INFO] [stderr] warning: trailing semicolon in macro used in expression position
[INFO] [stderr]   --> src/main.rs:75:23
[INFO] [stderr]    |
[INFO] [stderr] 75 |             Err(e) => bail!("Error at input line number {}: {}", points.len() + 1, e),
[INFO] [stderr]    |                       ^^^^^^^^^^^^^^^^^^^^^^^^^^^^^^^^^^^^^^^^^^^^^^^^^^^^^^^^^^^^^^^
[INFO] [stderr]    |
[INFO] [stderr]    = warning: this was previously accepted by the compiler but is being phased out; it will become a hard error in a future release!
[INFO] [stderr]    = note: for more information, see issue #79813 <https://github.com/rust-lang/rust/issues/79813>
[INFO] [stderr]    = note: this warning originates in the macro `bail` (in Nightly builds, run with -Z macro-backtrace for more info)
[INFO] [stderr] 
[INFO] [stderr] warning: `sv_challenge` (bin "sv_challenge" test) generated 2 warnings
[INFO] [stderr]     Finished `release` profile [optimized] target(s) in 0.04s
[INFO] [stderr]      Running unittests src/main.rs (/opt/rustwide/target/release/deps/sv_challenge-dfc5c6f2d525d369)
[INFO] [stdout] 
[INFO] [stdout] running 25 tests
[INFO] [stdout] test simul_manual_1th_bd_v2::tests::sv_case_mail3 ... ok
[INFO] [stdout] test simul_manual_1th_bd_v2::tests::sv_case_mail4 ... ok
[INFO] [stdout] test simul_manual_1th_bd_v2::tests::sv_case_mail2 ... ok
[INFO] [stdout] test simul_manual_1th_v1::tests::sv_case_mail2 ... ok
[INFO] [stdout] test simul_manual_1th_v1::tests::sv_case_mail2_prec0 ... FAILED
[INFO] [stdout] test simul_manual_1th_v1::tests::sv_case_mail3 ... ok
[INFO] [stdout] test simul_manual_1th_bd_v2::tests::sv_case_sample ... ok
[INFO] [stdout] test simul_manual_1th_bd_v2::tests::sv_case_mail5 ... ok
[INFO] [stdout] test simul_manual_1th_v1::tests::sv_case_mail5_prec0 ... ok
[INFO] [stdout] test simul_manual_1th_v1::tests::sv_case_mail4 ... ok
[INFO] [stdout] test simul_manual_1th_v1::tests::sv_case_mail3_prec0 ... ok
[INFO] [stdout] test simul_manual_1th_v1::tests::sv_case_sample_prec0 ... ok
[INFO] [stdout] test simul_manual_1th_v2::tests::sv_case_mail3 ... ok
[INFO] [stdout] test simul_manual_1th_v1::tests::sv_case_mail4_prec0 ... ok
[INFO] [stdout] test simul_manual_1th_v2::tests::sv_case_mail2 ... ok
[INFO] [stdout] test simul_manual_1th_v2::tests::sv_case_mail4_prec0 ... ok
[INFO] [stdout] test simul_manual_1th_v1::tests::sv_case_mail5 ... ok
[INFO] [stdout] test simul_manual_1th_v2::tests::sv_case_mail2_prec0 ... FAILED
[INFO] [stdout] test simul_manual_1th_v2::tests::sv_case_mail3_prec0 ... ok
[INFO] [stdout] test simul_manual_1th_v2::tests::sv_case_mail4 ... ok
[INFO] [stdout] test simul_manual_1th_v2::tests::sv_case_mail5_prec0 ... ok
[INFO] [stdout] test simul_manual_1th_v2::tests::sv_case_sample ... ok
[INFO] [stdout] test simul_manual_1th_v2::tests::sv_case_sample_prec0 ... ok
[INFO] [stdout] test simul_manual_1th_v1::tests::sv_case_sample ... ok
[INFO] [stdout] test simul_manual_1th_v2::tests::sv_case_mail5 ... ok
[INFO] [stdout] 
[INFO] [stdout] failures:
[INFO] [stdout] 
[INFO] [stdout] ---- simul_manual_1th_v1::tests::sv_case_mail2_prec0 stdout ----
[INFO] [stdout] 
[INFO] [stdout] thread 'simul_manual_1th_v1::tests::sv_case_mail2_prec0' (488) panicked at src/test_common_f64.inc.rs:4:13:
[INFO] [stdout] assertion `left == right` failed
[INFO] [stdout]   left: [8.0, 8.0, 3.999999999999999]
[INFO] [stdout]  right: [8.0, 8.0, 4.0]
[INFO] [stdout] stack backtrace:
[INFO] [stdout]    0:     0x5b0b5f026881 - <<std[70759c8f55707aa4]::sys::backtrace::BacktraceLock>::print::DisplayBacktrace as core[df12db4294e9bfd3]::fmt::Display>::fmt
[INFO] [stdout]    1:     0x5b0b5f03b2fa - core[df12db4294e9bfd3]::fmt::write
[INFO] [stdout]    2:     0x5b0b5f02adcc - <alloc[2182bb758b4b3781]::vec::Vec<u8> as core[df12db4294e9bfd3]::io::write::Write>::write_fmt
[INFO] [stdout]    3:     0x5b0b5f002e76 - std[70759c8f55707aa4]::panicking::default_hook::{closure#0}
[INFO] [stdout]    4:     0x5b0b5f01efe9 - std[70759c8f55707aa4]::panicking::default_hook
[INFO] [stdout]    5:     0x5b0b5efb0d50 - test[9d35eded1c95d3be]::test_main_inner::<test[9d35eded1c95d3be]::test_main_static::{closure#0}>::{closure#0}
[INFO] [stdout]    6:     0x5b0b5f01f1a2 - std[70759c8f55707aa4]::panicking::panic_with_hook
[INFO] [stdout]    7:     0x5b0b5f002f22 - std[70759c8f55707aa4]::panicking::panic_handler::{closure#0}
[INFO] [stdout]    8:     0x5b0b5effbc79 - std[70759c8f55707aa4]::sys::backtrace::__rust_end_short_backtrace::<std[70759c8f55707aa4]::panicking::panic_handler::{closure#0}, !>
[INFO] [stdout]    9:     0x5b0b5f003b1d - __rustc[8fa7c3cbc660c2b3]::rust_begin_unwind
[INFO] [stdout]   10:     0x5b0b5f03ba2c - core[df12db4294e9bfd3]::panicking::panic_fmt
[INFO] [stdout]   11:     0x5b0b5f03b943 - core[df12db4294e9bfd3]::panicking::assert_failed_inner
[INFO] [stdout]   12:     0x5b0b5ef94b2d - core[df12db4294e9bfd3]::panicking::assert_failed::<&[f64], &[f64]>
[INFO] [stdout]   13:     0x5b0b5efa22ca - <sv_challenge[759956f624faf935]::simul_manual_1th_v1::tests::sv_case_mail2_prec0::{closure#0} as core[df12db4294e9bfd3]::ops::function::FnOnce<()>>::call_once
[INFO] [stdout]   14:     0x5b0b5efa403b - test[9d35eded1c95d3be]::__rust_begin_short_backtrace::<core[df12db4294e9bfd3]::result::Result<(), alloc[2182bb758b4b3781]::string::String>, fn() -> core[df12db4294e9bfd3]::result::Result<(), alloc[2182bb758b4b3781]::string::String>>
[INFO] [stdout]   15:     0x5b0b5efb16a5 - test[9d35eded1c95d3be]::run_test::{closure#0}
[INFO] [stdout]   16:     0x5b0b5efaaf64 - std[70759c8f55707aa4]::sys::backtrace::__rust_begin_short_backtrace::<test[9d35eded1c95d3be]::run_test::{closure#1}, ()>
[INFO] [stdout]   17:     0x5b0b5efb4802 - <std[70759c8f55707aa4]::thread::lifecycle::spawn_unchecked<test[9d35eded1c95d3be]::run_test::{closure#1}, ()>::{closure#1} as core[df12db4294e9bfd3]::ops::function::FnOnce<()>>::call_once::{shim:vtable#0}
[INFO] [stdout]   18:     0x5b0b5f026159 - <std[70759c8f55707aa4]::sys::thread::unix::Thread>::new::thread_start
[INFO] [stdout]   19:     0x7a638604adfa - <unknown>
[INFO] [stdout]   20:     0x7a63860de3d4 - clone
[INFO] [stdout]   21:                0x0 - <unknown>
[INFO] [stdout] 
[INFO] [stdout] ---- simul_manual_1th_v2::tests::sv_case_mail2_prec0 stdout ----
[INFO] [stdout] 
[INFO] [stdout] thread 'simul_manual_1th_v2::tests::sv_case_mail2_prec0' (498) panicked at src/test_common_f64.inc.rs:4:13:
[INFO] [stdout] assertion `left == right` failed
[INFO] [stdout]   left: [8.0, 8.0, 3.999999999999999]
[INFO] [stdout]  right: [8.0, 8.0, 4.0]
[INFO] [stdout] stack backtrace:
[INFO] [stdout]    0:     0x5b0b5f026881 - <<std[70759c8f55707aa4]::sys::backtrace::BacktraceLock>::print::DisplayBacktrace as core[df12db4294e9bfd3]::fmt::Display>::fmt
[INFO] [stdout]    1:     0x5b0b5f03b2fa - core[df12db4294e9bfd3]::fmt::write
[INFO] [stdout]    2:     0x5b0b5f02adcc - <alloc[2182bb758b4b3781]::vec::Vec<u8> as core[df12db4294e9bfd3]::io::write::Write>::write_fmt
[INFO] [stdout]    3:     0x5b0b5f002e76 - std[70759c8f55707aa4]::panicking::default_hook::{closure#0}
[INFO] [stdout]    4:     0x5b0b5f01efe9 - std[70759c8f55707aa4]::panicking::default_hook
[INFO] [stdout]    5:     0x5b0b5efb0d50 - test[9d35eded1c95d3be]::test_main_inner::<test[9d35eded1c95d3be]::test_main_static::{closure#0}>::{closure#0}
[INFO] [stdout]    6:     0x5b0b5f01f1a2 - std[70759c8f55707aa4]::panicking::panic_with_hook
[INFO] [stdout]    7:     0x5b0b5f002f22 - std[70759c8f55707aa4]::panicking::panic_handler::{closure#0}
[INFO] [stdout]    8:     0x5b0b5effbc79 - std[70759c8f55707aa4]::sys::backtrace::__rust_end_short_backtrace::<std[70759c8f55707aa4]::panicking::panic_handler::{closure#0}, !>
[INFO] [stdout]    9:     0x5b0b5f003b1d - __rustc[8fa7c3cbc660c2b3]::rust_begin_unwind
[INFO] [stdout]   10:     0x5b0b5f03ba2c - core[df12db4294e9bfd3]::panicking::panic_fmt
[INFO] [stdout]   11:     0x5b0b5f03b943 - core[df12db4294e9bfd3]::panicking::assert_failed_inner
[INFO] [stdout]   12:     0x5b0b5ef94b2d - core[df12db4294e9bfd3]::panicking::assert_failed::<&[f64], &[f64]>
[INFO] [stdout]   13:     0x5b0b5ef9eb15 - sv_challenge[759956f624faf935]::simul_manual_1th_v2::tests::sv_case_mail2_prec0
[INFO] [stdout]   14:     0x5b0b5efa2c59 - <sv_challenge[759956f624faf935]::simul_manual_1th_v2::tests::sv_case_mail2_prec0::{closure#0} as core[df12db4294e9bfd3]::ops::function::FnOnce<()>>::call_once
[INFO] [stdout]   15:     0x5b0b5efa403b - test[9d35eded1c95d3be]::__rust_begin_short_backtrace::<core[df12db4294e9bfd3]::result::Result<(), alloc[2182bb758b4b3781]::string::String>, fn() -> core[df12db4294e9bfd3]::result::Result<(), alloc[2182bb758b4b3781]::string::String>>
[INFO] [stdout]   16:     0x5b0b5efb16a5 - test[9d35eded1c95d3be]::run_test::{closure#0}
[INFO] [stdout]   17:     0x5b0b5efaaf64 - std[70759c8f55707aa4]::sys::backtrace::__rust_begin_short_backtrace::<test[9d35eded1c95d3be]::run_test::{closure#1}, ()>
[INFO] [stdout]   18:     0x5b0b5efb4802 - <std[70759c8f55707aa4]::thread::lifecycle::spawn_unchecked<test[9d35eded1c95d3be]::run_test::{closure#1}, ()>::{closure#1} as core[df12db4294e9bfd3]::ops::function::FnOnce<()>>::call_once::{shim:vtable#0}
[INFO] [stdout]   19:     0x5b0b5f026159 - <std[70759c8f55707aa4]::sys::thread::unix::Thread>::new::thread_start
[INFO] [stdout]   20:     0x7a638604adfa - <unknown>
[INFO] [stdout]   21:     0x7a63860de3d4 - clone
[INFO] [stdout]   22:                0x0 - <unknown>
[INFO] [stdout] 
[INFO] [stdout] 
[INFO] [stdout] failures:
[INFO] [stdout]     simul_manual_1th_v1::tests::sv_case_mail2_prec0
[INFO] [stdout]     simul_manual_1th_v2::tests::sv_case_mail2_prec0
[INFO] [stdout] 
[INFO] [stdout] test result: FAILED. 23 passed; 2 failed; 0 ignored; 0 measured; 0 filtered out; finished in 0.02s
[INFO] [stdout] 
[INFO] [stderr] error: test failed, to rerun pass `--bin sv_challenge`
[INFO] running `Command { std: "docker" "inspect" "05d82d31c7c7c3656e106e18b89af8d511580e5a792ad9d7d315958e82a4fb91", kill_on_drop: false }`
[INFO] running `Command { std: "docker" "rm" "-f" "05d82d31c7c7c3656e106e18b89af8d511580e5a792ad9d7d315958e82a4fb91", kill_on_drop: false }`
[INFO] [stdout] 05d82d31c7c7c3656e106e18b89af8d511580e5a792ad9d7d315958e82a4fb91
