[INFO] cloning repository https://github.com/guyou/fabmanager-upgrade-planner
[INFO] running `Command { std: "git" "-c" "credential.helper=" "-c" "credential.helper=/workspace/cargo-home/bin/git-credential-null" "clone" "--bare" "https://github.com/guyou/fabmanager-upgrade-planner" "/workspace/cache/git-repos/https%3A%2F%2Fgithub.com%2Fguyou%2Ffabmanager-upgrade-planner", kill_on_drop: false }`
[INFO] [stderr] Cloning into bare repository '/workspace/cache/git-repos/https%3A%2F%2Fgithub.com%2Fguyou%2Ffabmanager-upgrade-planner'...
[INFO] running `Command { std: "git" "rev-parse" "HEAD", kill_on_drop: false }`
[INFO] [stdout] 6d3f07cf7781922ec6de80adf13aa5c39ad5fc99
[INFO] testing guyou/fabmanager-upgrade-planner against 1.100.0-beta.1+cargoflags=--release for beta-release-1.100-2
[INFO] running `Command { std: "git" "clone" "/workspace/cache/git-repos/https%3A%2F%2Fgithub.com%2Fguyou%2Ffabmanager-upgrade-planner" "/workspace/builds/worker-4-tc2/source", kill_on_drop: false }`
[INFO] [stderr] Cloning into '/workspace/builds/worker-4-tc2/source'...
[INFO] [stderr] done.
[INFO] started tweaking git repo https://github.com/guyou/fabmanager-upgrade-planner
[INFO] finished tweaking git repo https://github.com/guyou/fabmanager-upgrade-planner
[INFO] tweaked toml for git repo https://github.com/guyou/fabmanager-upgrade-planner written to /workspace/builds/worker-4-tc2/source/Cargo.toml
[INFO] validating manifest of git repo https://github.com/guyou/fabmanager-upgrade-planner on toolchain 1.100.0-beta.1
[INFO] running `Command { std: CARGO_HOME="/workspace/cargo-home" RUSTUP_HOME="/workspace/rustup-home" "/workspace/cargo-home/bin/cargo" "+1.100.0-beta.1" "metadata" "--manifest-path" "Cargo.toml" "--no-deps", kill_on_drop: false }`
[INFO] crate git repo https://github.com/guyou/fabmanager-upgrade-planner already has a lockfile, it will not be regenerated
[INFO] running `Command { std: CARGO_HOME="/workspace/cargo-home" RUSTUP_HOME="/workspace/rustup-home" "/workspace/cargo-home/bin/cargo" "+1.100.0-beta.1" "fetch" "--manifest-path" "Cargo.toml", kill_on_drop: false }`
[INFO] running `Command { std: "docker" "create" "-v" "/var/lib/crater-agent-workspace/builds/worker-4-tc2/source:/opt/rustwide/workdir:ro,Z" "-v" "/var/lib/crater-agent-workspace/builds/worker-4-tc2/target:/opt/rustwide/target:rw,Z" "-v" "/var/lib/crater-agent-workspace/cargo-home:/opt/rustwide/cargo-home:ro,Z" "-v" "/var/lib/crater-agent-workspace/rustup-home:/opt/rustwide/rustup-home:ro,Z" "-m" "1610612736" "--network" "none" "ghcr.io/rust-lang/crates-build-env/linux@sha256:77db811e55d90add9212f6832c23229e3de5f1c1f9905e8cb07319ea15df73ac" "sleep" "infinity", kill_on_drop: false }`
[INFO] [stdout] bb0c0518155b19e721c77b52c27ca53c25ca017e840d564be2f5d8bc31722f0d
[INFO] running `Command { std: "docker" "start" "bb0c0518155b19e721c77b52c27ca53c25ca017e840d564be2f5d8bc31722f0d", kill_on_drop: false }`
[INFO] running `Command { std: "docker" "inspect" "bb0c0518155b19e721c77b52c27ca53c25ca017e840d564be2f5d8bc31722f0d", kill_on_drop: false }`
[INFO] running `Command { std: "docker" "exec" "-e" "SOURCE_DIR=/opt/rustwide/workdir" "-e" "CARGO_HOME=/opt/rustwide/cargo-home" "-e" "RUSTUP_HOME=/opt/rustwide/rustup-home" "-e" "CARGO_TARGET_DIR=/opt/rustwide/target" "-w" "/opt/rustwide/workdir" "--user" "0:0" "bb0c0518155b19e721c77b52c27ca53c25ca017e840d564be2f5d8bc31722f0d" "/opt/rustwide/cargo-home/bin/cargo" "+1.100.0-beta.1" "metadata" "--no-deps" "--format-version=1", kill_on_drop: false }`
[INFO] running `Command { std: "docker" "inspect" "bb0c0518155b19e721c77b52c27ca53c25ca017e840d564be2f5d8bc31722f0d", kill_on_drop: false }`
[INFO] running `Command { std: "docker" "exec" "-e" "SOURCE_DIR=/opt/rustwide/workdir" "-e" "CARGO_HOME=/opt/rustwide/cargo-home" "-e" "RUSTUP_HOME=/opt/rustwide/rustup-home" "-e" "CARGO_TARGET_DIR=/opt/rustwide/target" "-e" "CARGO_INCREMENTAL=0" "-e" "RUST_BACKTRACE=full" "-e" "RUSTFLAGS=--cap-lints=warn" "-e" "RUSTDOCFLAGS=--cap-lints=warn" "-w" "/opt/rustwide/workdir" "--user" "0:0" "bb0c0518155b19e721c77b52c27ca53c25ca017e840d564be2f5d8bc31722f0d" "/opt/rustwide/cargo-home/bin/cargo" "+1.100.0-beta.1" "build" "--frozen" "--message-format=json" "--release", kill_on_drop: false }`
[INFO] [stderr]    Compiling proc-macro2 v1.0.101
[INFO] [stderr]    Compiling quote v1.0.41
[INFO] [stderr]    Compiling unicode-ident v1.0.19
[INFO] [stderr]    Compiling libc v0.2.176
[INFO] [stderr]    Compiling cfg-if v1.0.3
[INFO] [stderr]    Compiling bytes v1.10.1
[INFO] [stderr]    Compiling memchr v2.7.6
[INFO] [stderr]    Compiling itoa v1.0.15
[INFO] [stderr]    Compiling find-msvc-tools v0.1.3
[INFO] [stderr]    Compiling litemap v0.8.0
[INFO] [stderr]    Compiling writeable v0.6.1
[INFO] [stderr]    Compiling slab v0.4.11
[INFO] [stderr]    Compiling icu_normalizer_data v2.0.0
[INFO] [stderr]    Compiling icu_properties_data v2.0.1
[INFO] [stderr]    Compiling tracing-core v0.1.34
[INFO] [stderr]    Compiling futures-io v0.3.31
[INFO] [stderr]    Compiling bitflags v2.9.4
[INFO] [stderr]    Compiling openssl v0.10.73
[INFO] [stderr]    Compiling hashbrown v0.16.0
[INFO] [stderr]    Compiling log v0.4.28
[INFO] [stderr]    Compiling native-tls v0.2.14
[INFO] [stderr]    Compiling futures-channel v0.3.31
[INFO] [stderr]    Compiling is_terminal_polyfill v1.70.1
[INFO] [stderr]    Compiling regex-syntax v0.8.6
[INFO] [stderr]    Compiling anstyle-query v1.1.4
[INFO] [stderr]    Compiling cc v1.2.40
[INFO] [stderr]    Compiling openssl-probe v0.1.6
[INFO] [stderr]    Compiling anstream v0.6.21
[INFO] [stderr]    Compiling sync_wrapper v1.0.2
[INFO] [stderr]    Compiling ryu v1.0.20
[INFO] [stderr]    Compiling ipnet v2.11.0
[INFO] [stderr]    Compiling serde_json v1.0.145
[INFO] [stderr]    Compiling clap_lex v0.7.5
[INFO] [stderr]    Compiling iri-string v0.7.8
[INFO] [stderr]    Compiling rustls-pki-types v1.12.0
[INFO] [stderr]    Compiling encoding_rs v0.8.35
[INFO] [stderr]    Compiling tracing v0.1.41
[INFO] [stderr]    Compiling clap_builder v4.5.48
[INFO] [stderr]    Compiling syn v2.0.106
[INFO] [stderr]    Compiling futures-util v0.3.31
[INFO] [stderr]    Compiling aho-corasick v1.1.3
[INFO] [stderr]    Compiling http v1.3.1
[INFO] [stderr]    Compiling indexmap v2.11.4
[INFO] [stderr]    Compiling parking_lot_core v0.9.12
[INFO] [stderr]    Compiling socket2 v0.6.0
[INFO] [stderr]    Compiling signal-hook-registry v1.4.6
[INFO] [stderr]    Compiling parking_lot v0.12.5
[INFO] [stderr]    Compiling mio v1.0.4
[INFO] [stderr]    Compiling jiff v0.2.15
[INFO] [stderr]    Compiling openssl-sys v0.9.109
[INFO] [stderr]    Compiling http-body v1.0.1
[INFO] [stderr]    Compiling http-body-util v0.1.3
[INFO] [stderr]    Compiling semver v1.0.27
[INFO] [stderr]    Compiling regex-automata v0.4.11
[INFO] [stderr]    Compiling synstructure v0.13.2
[INFO] [stderr]    Compiling regex v1.11.3
[INFO] [stderr]    Compiling zerofrom-derive v0.1.6
[INFO] [stderr]    Compiling yoke-derive v0.8.0
[INFO] [stderr]    Compiling zerovec-derive v0.11.1
[INFO] [stderr]    Compiling displaydoc v0.2.5
[INFO] [stderr]    Compiling tokio-macros v2.5.0
[INFO] [stderr]    Compiling openssl-macros v0.1.1
[INFO] [stderr]    Compiling serde_derive v1.0.228
[INFO] [stderr]    Compiling clap_derive v4.5.47
[INFO] [stderr]    Compiling env_filter v0.1.3
[INFO] [stderr]    Compiling tokio v1.47.1
[INFO] [stderr]    Compiling env_logger v0.11.8
[INFO] [stderr]    Compiling zerofrom v0.1.6
[INFO] [stderr]    Compiling yoke v0.8.0
[INFO] [stderr]    Compiling zerovec v0.11.4
[INFO] [stderr]    Compiling zerotrie v0.2.2
[INFO] [stderr]    Compiling clap v4.5.48
[INFO] [stderr]    Compiling tinystr v0.8.1
[INFO] [stderr]    Compiling potential_utf v0.1.3
[INFO] [stderr]    Compiling icu_locale_core v2.0.0
[INFO] [stderr]    Compiling icu_collections v2.0.0
[INFO] [stderr]    Compiling serde v1.0.228
[INFO] [stderr]    Compiling icu_provider v2.0.0
[INFO] [stderr]    Compiling serde_urlencoded v0.7.1
[INFO] [stderr]    Compiling icu_normalizer v2.0.0
[INFO] [stderr]    Compiling icu_properties v2.0.1
[INFO] [stderr]    Compiling idna_adapter v1.2.1
[INFO] [stderr]    Compiling idna v1.1.0
[INFO] [stderr]    Compiling url v2.5.7
[INFO] [stderr]    Compiling tokio-util v0.7.16
[INFO] [stderr]    Compiling tokio-native-tls v0.3.1
[INFO] [stderr]    Compiling tower v0.5.2
[INFO] [stderr]    Compiling tower-http v0.6.6
[INFO] [stderr]    Compiling h2 v0.4.12
[INFO] [stderr]    Compiling hyper v1.7.0
[INFO] [stderr]    Compiling hyper-util v0.1.17
[INFO] [stderr]    Compiling hyper-tls v0.6.0
[INFO] [stderr]    Compiling reqwest v0.12.23
[INFO] [stderr]    Compiling fabmanager-upgrade-planner v0.1.0 (/opt/rustwide/workdir)
[INFO] [stdout] warning: field `url` is never read
[INFO] [stdout]   --> src/fabmanager.rs:11:9
[INFO] [stdout]    |
[INFO] [stdout]  9 | pub struct NextRelease {
[INFO] [stdout]    |            ----------- field in this struct
[INFO] [stdout] 10 |     pub semver: String,
[INFO] [stdout] 11 |     pub url: String,
[INFO] [stdout]    |         ^^^
[INFO] [stdout]    |
[INFO] [stdout]    = note: `NextRelease` has a derived impl for the trait `Debug`, but this is intentionally ignored during dead code analysis
[INFO] [stdout]    = note: `#[warn(dead_code)]` (part of `#[warn(unused)]`) on by default
[INFO] [stdout] 
[INFO] [stdout] 
[INFO] [stderr]     Finished `release` profile [optimized] target(s) in 1m 49s
[INFO] running `Command { std: "docker" "inspect" "bb0c0518155b19e721c77b52c27ca53c25ca017e840d564be2f5d8bc31722f0d", kill_on_drop: false }`
[INFO] running `Command { std: "docker" "exec" "-e" "SOURCE_DIR=/opt/rustwide/workdir" "-e" "CARGO_HOME=/opt/rustwide/cargo-home" "-e" "RUSTUP_HOME=/opt/rustwide/rustup-home" "-e" "CARGO_TARGET_DIR=/opt/rustwide/target" "-e" "CARGO_INCREMENTAL=0" "-e" "RUST_BACKTRACE=full" "-e" "RUSTFLAGS=--cap-lints=warn" "-e" "RUSTDOCFLAGS=--cap-lints=warn" "-w" "/opt/rustwide/workdir" "--user" "0:0" "bb0c0518155b19e721c77b52c27ca53c25ca017e840d564be2f5d8bc31722f0d" "/opt/rustwide/cargo-home/bin/cargo" "+1.100.0-beta.1" "test" "--frozen" "--no-run" "--message-format=json" "--release", kill_on_drop: false }`
[INFO] [stderr]    Compiling fabmanager-upgrade-planner v0.1.0 (/opt/rustwide/workdir)
[INFO] [stdout] warning: field `url` is never read
[INFO] [stdout]   --> src/fabmanager.rs:11:9
[INFO] [stdout]    |
[INFO] [stdout]  9 | pub struct NextRelease {
[INFO] [stdout]    |            ----------- field in this struct
[INFO] [stdout] 10 |     pub semver: String,
[INFO] [stdout] 11 |     pub url: String,
[INFO] [stdout]    |         ^^^
[INFO] [stdout]    |
[INFO] [stdout]    = note: `NextRelease` has a derived impl for the trait `Debug`, but this is intentionally ignored during dead code analysis
[INFO] [stdout]    = note: `#[warn(dead_code)]` (part of `#[warn(unused)]`) on by default
[INFO] [stdout] 
[INFO] [stdout] 
[INFO] [stderr]     Finished `release` profile [optimized] target(s) in 2.29s
[INFO] running `Command { std: "docker" "inspect" "bb0c0518155b19e721c77b52c27ca53c25ca017e840d564be2f5d8bc31722f0d", kill_on_drop: false }`
[INFO] running `Command { std: "docker" "exec" "-e" "SOURCE_DIR=/opt/rustwide/workdir" "-e" "CARGO_HOME=/opt/rustwide/cargo-home" "-e" "RUSTUP_HOME=/opt/rustwide/rustup-home" "-e" "CARGO_TARGET_DIR=/opt/rustwide/target" "-e" "CARGO_INCREMENTAL=0" "-e" "RUST_BACKTRACE=full" "-e" "RUSTFLAGS=--cap-lints=warn" "-e" "RUSTDOCFLAGS=--cap-lints=warn" "-w" "/opt/rustwide/workdir" "--user" "0:0" "bb0c0518155b19e721c77b52c27ca53c25ca017e840d564be2f5d8bc31722f0d" "/opt/rustwide/cargo-home/bin/cargo" "+1.100.0-beta.1" "test" "--frozen" "--release", kill_on_drop: false }`
[INFO] [stderr] warning: field `url` is never read
[INFO] [stderr]   --> src/fabmanager.rs:11:9
[INFO] [stderr]    |
[INFO] [stderr]  9 | pub struct NextRelease {
[INFO] [stderr]    |            ----------- field in this struct
[INFO] [stderr] 10 |     pub semver: String,
[INFO] [stderr] 11 |     pub url: String,
[INFO] [stderr]    |         ^^^
[INFO] [stderr]    |
[INFO] [stderr]    = note: `NextRelease` has a derived impl for the trait `Debug`, but this is intentionally ignored during dead code analysis
[INFO] [stderr]    = note: `#[warn(dead_code)]` (part of `#[warn(unused)]`) on by default
[INFO] [stderr] 
[INFO] [stderr] warning: `fabmanager-upgrade-planner` (bin "fabmanager-upgrade-planner" test) generated 1 warning
[INFO] [stderr]     Finished `release` profile [optimized] target(s) in 0.28s
[INFO] [stderr]      Running unittests src/main.rs (/opt/rustwide/target/release/build/fabmanager-upgrade-planner/4105591f3803aba8/out/fabmanager_upgrade_planner-4105591f3803aba8)
[INFO] [stdout] 
[INFO] [stdout] running 7 tests
[INFO] [stderr] error: test failed, to rerun pass `--bin fabmanager-upgrade-planner`
[INFO] [stdout] test fabmanager::tests::it_works_3 ... ok
[INFO] [stdout] test fabmanager::tests::verify_single_todo ... ok
[INFO] [stdout] test fabmanager::tests::it_works ... ok
[INFO] [stdout] test fabmanager::tests::verify_options ... ok
[INFO] [stdout] test fabmanager::tests::it_works_2 ... ok
[INFO] [stdout] test fabmanager::tests::it_works_2a ... ok
[INFO] [stdout] test fabmanager::tests::verify_double_todos ... FAILED
[INFO] [stdout] 
[INFO] [stdout] failures:
[INFO] [stdout] 
[INFO] [stdout] ---- fabmanager::tests::verify_double_todos stdout ----
[INFO] [stdout] 
[INFO] [stdout] thread 'fabmanager::tests::verify_double_todos' (1985) panicked at src/fabmanager.rs:180:9:
[INFO] [stdout] assertion `left == right` failed
[INFO] [stdout]   left: 2
[INFO] [stdout]  right: 1
[INFO] [stdout] stack backtrace:
[INFO] [stdout]    0:     0x60f0ff44ec11 - <<std[617be2ca0a6fd877]::sys::backtrace::BacktraceLock>::print::DisplayBacktrace as core[a373ad73a504971]::fmt::Display>::fmt
[INFO] [stdout]    1:     0x60f0ff46427a - core[a373ad73a504971]::fmt::write
[INFO] [stdout]    2:     0x60f0ff452e2c - <alloc[2e1b2a31b91974c5]::vec::Vec<u8> as core[a373ad73a504971]::io::write::Write>::write_fmt
[INFO] [stdout]    3:     0x60f0ff42b076 - std[617be2ca0a6fd877]::panicking::default_hook::{closure#0}
[INFO] [stdout]    4:     0x60f0ff4472a9 - std[617be2ca0a6fd877]::panicking::default_hook
[INFO] [stdout]    5:     0x60f0ff3194a0 - test[aada8e7e76ba119b]::test_main_inner::{closure#0}
[INFO] [stdout]    6:     0x60f0ff447462 - std[617be2ca0a6fd877]::panicking::panic_with_hook
[INFO] [stdout]    7:     0x60f0ff42b122 - std[617be2ca0a6fd877]::panicking::panic_handler::{closure#0}
[INFO] [stdout]    8:     0x60f0ff423e39 - std[617be2ca0a6fd877]::sys::backtrace::__rust_end_short_backtrace::<std[617be2ca0a6fd877]::panicking::panic_handler::{closure#0}, !>
[INFO] [stdout]    9:     0x60f0ff42bd2d - __rustc[ea4f61d10b84890b]::rust_begin_unwind
[INFO] [stdout]   10:     0x60f0ff464a5c - core[a373ad73a504971]::panicking::panic_fmt
[INFO] [stdout]   11:     0x60f0ff464973 - core[a373ad73a504971]::panicking::assert_failed_inner
[INFO] [stdout]   12:     0x60f0ff4601bd - core[a373ad73a504971]::panicking::assert_failed::<usize, usize>
[INFO] [stdout]   13:     0x60f0ff308d26 - <fabmanager_upgrade_planner[9da69e08a5a69eaa]::fabmanager::tests::verify_double_todos::{closure#0} as core[a373ad73a504971]::ops::function::FnOnce<()>>::call_once
[INFO] [stdout]   14:     0x60f0ff30c8eb - test[aada8e7e76ba119b]::__rust_begin_short_backtrace::<core[a373ad73a504971]::result::Result<(), alloc[2e1b2a31b91974c5]::string::String>, fn() -> core[a373ad73a504971]::result::Result<(), alloc[2e1b2a31b91974c5]::string::String>>
[INFO] [stdout]   15:     0x60f0ff319ac5 - test[aada8e7e76ba119b]::run_test::{closure#0}
[INFO] [stdout]   16:     0x60f0ff3133b4 - std[617be2ca0a6fd877]::sys::backtrace::__rust_begin_short_backtrace::<test[aada8e7e76ba119b]::run_test::{closure#1}, ()>
[INFO] [stdout]   17:     0x60f0ff31cb52 - <std[617be2ca0a6fd877]::thread::lifecycle::spawn_unchecked<test[aada8e7e76ba119b]::run_test::{closure#1}, ()>::{closure#1} as core[a373ad73a504971]::ops::function::FnOnce<()>>::call_once::{shim:vtable#0}
[INFO] [stdout]   18:     0x60f0ff44e46f - <std[617be2ca0a6fd877]::sys::thread::unix::Thread>::new::thread_start
[INFO] [stdout]   19:     0x75591b7d1dfa - <unknown>
[INFO] [stdout]   20:     0x75591b8653d4 - clone
[INFO] [stdout]   21:                0x0 - <unknown>
[INFO] [stdout] 
[INFO] [stdout] 
[INFO] [stdout] failures:
[INFO] [stdout]     fabmanager::tests::verify_double_todos
[INFO] [stdout] 
[INFO] [stdout] test result: FAILED. 6 passed; 1 failed; 0 ignored; 0 measured; 0 filtered out; finished in 0.12s
[INFO] [stdout] 
[INFO] running `Command { std: "docker" "inspect" "bb0c0518155b19e721c77b52c27ca53c25ca017e840d564be2f5d8bc31722f0d", kill_on_drop: false }`
[INFO] running `Command { std: "docker" "rm" "-f" "bb0c0518155b19e721c77b52c27ca53c25ca017e840d564be2f5d8bc31722f0d", kill_on_drop: false }`
[INFO] [stdout] bb0c0518155b19e721c77b52c27ca53c25ca017e840d564be2f5d8bc31722f0d
