[INFO] cloning repository https://github.com/guilleruizval/ibkr-bot
[INFO] running `Command { std: "git" "-c" "credential.helper=" "-c" "credential.helper=/workspace/cargo-home/bin/git-credential-null" "clone" "--bare" "https://github.com/guilleruizval/ibkr-bot" "/workspace/cache/git-repos/https%3A%2F%2Fgithub.com%2Fguilleruizval%2Fibkr-bot", kill_on_drop: false }`
[INFO] [stderr] Cloning into bare repository '/workspace/cache/git-repos/https%3A%2F%2Fgithub.com%2Fguilleruizval%2Fibkr-bot'...
[INFO] running `Command { std: "git" "rev-parse" "HEAD", kill_on_drop: false }`
[INFO] [stdout] 23106ec23730b0effe7b9005c7f2ee5730a6060f
[INFO] testing guilleruizval/ibkr-bot against 1.100.0-beta.1+cargoflags=--release for beta-release-1.100-2
[INFO] running `Command { std: "git" "clone" "/workspace/cache/git-repos/https%3A%2F%2Fgithub.com%2Fguilleruizval%2Fibkr-bot" "/workspace/builds/worker-3-tc2/source", kill_on_drop: false }`
[INFO] [stderr] Cloning into '/workspace/builds/worker-3-tc2/source'...
[INFO] [stderr] done.
[INFO] removed /workspace/builds/worker-3-tc2/source/.cargo/config.toml
[INFO] started tweaking git repo https://github.com/guilleruizval/ibkr-bot
[INFO] finished tweaking git repo https://github.com/guilleruizval/ibkr-bot
[INFO] tweaked toml for git repo https://github.com/guilleruizval/ibkr-bot written to /workspace/builds/worker-3-tc2/source/Cargo.toml
[INFO] validating manifest of git repo https://github.com/guilleruizval/ibkr-bot on toolchain 1.100.0-beta.1
[INFO] running `Command { std: CARGO_HOME="/workspace/cargo-home" RUSTUP_HOME="/workspace/rustup-home" "/workspace/cargo-home/bin/cargo" "+1.100.0-beta.1" "metadata" "--manifest-path" "Cargo.toml" "--no-deps", kill_on_drop: false }`
[INFO] crate git repo https://github.com/guilleruizval/ibkr-bot already has a lockfile, it will not be regenerated
[INFO] running `Command { std: CARGO_HOME="/workspace/cargo-home" RUSTUP_HOME="/workspace/rustup-home" "/workspace/cargo-home/bin/cargo" "+1.100.0-beta.1" "fetch" "--manifest-path" "Cargo.toml", kill_on_drop: false }`
[INFO] running `Command { std: "docker" "create" "-v" "/var/lib/crater-agent-workspace/builds/worker-3-tc2/source:/opt/rustwide/workdir:ro,Z" "-v" "/var/lib/crater-agent-workspace/builds/worker-3-tc2/target:/opt/rustwide/target:rw,Z" "-v" "/var/lib/crater-agent-workspace/cargo-home:/opt/rustwide/cargo-home:ro,Z" "-v" "/var/lib/crater-agent-workspace/rustup-home:/opt/rustwide/rustup-home:ro,Z" "-m" "1610612736" "--network" "none" "ghcr.io/rust-lang/crates-build-env/linux@sha256:77db811e55d90add9212f6832c23229e3de5f1c1f9905e8cb07319ea15df73ac" "sleep" "infinity", kill_on_drop: false }`
[INFO] [stdout] 7f774e3d84e6d7669ba1256efb09c875fe61698f2b55ea725373eb9efd8e6e24
[INFO] running `Command { std: "docker" "start" "7f774e3d84e6d7669ba1256efb09c875fe61698f2b55ea725373eb9efd8e6e24", kill_on_drop: false }`
[INFO] running `Command { std: "docker" "inspect" "7f774e3d84e6d7669ba1256efb09c875fe61698f2b55ea725373eb9efd8e6e24", kill_on_drop: false }`
[INFO] running `Command { std: "docker" "exec" "-e" "SOURCE_DIR=/opt/rustwide/workdir" "-e" "CARGO_HOME=/opt/rustwide/cargo-home" "-e" "RUSTUP_HOME=/opt/rustwide/rustup-home" "-e" "CARGO_TARGET_DIR=/opt/rustwide/target" "-w" "/opt/rustwide/workdir" "--user" "0:0" "7f774e3d84e6d7669ba1256efb09c875fe61698f2b55ea725373eb9efd8e6e24" "/opt/rustwide/cargo-home/bin/cargo" "+1.100.0-beta.1" "metadata" "--no-deps" "--format-version=1", kill_on_drop: false }`
[INFO] running `Command { std: "docker" "inspect" "7f774e3d84e6d7669ba1256efb09c875fe61698f2b55ea725373eb9efd8e6e24", kill_on_drop: false }`
[INFO] running `Command { std: "docker" "exec" "-e" "SOURCE_DIR=/opt/rustwide/workdir" "-e" "CARGO_HOME=/opt/rustwide/cargo-home" "-e" "RUSTUP_HOME=/opt/rustwide/rustup-home" "-e" "CARGO_TARGET_DIR=/opt/rustwide/target" "-e" "CARGO_INCREMENTAL=0" "-e" "RUST_BACKTRACE=full" "-e" "RUSTFLAGS=--cap-lints=warn" "-e" "RUSTDOCFLAGS=--cap-lints=warn" "-w" "/opt/rustwide/workdir" "--user" "0:0" "7f774e3d84e6d7669ba1256efb09c875fe61698f2b55ea725373eb9efd8e6e24" "/opt/rustwide/cargo-home/bin/cargo" "+1.100.0-beta.1" "build" "--frozen" "--message-format=json" "--release", kill_on_drop: false }`
[INFO] [stderr]    Compiling libc v0.2.177
[INFO] [stderr]    Compiling serde_core v1.0.228
[INFO] [stderr]    Compiling regex-syntax v0.8.8
[INFO] [stderr]    Compiling rand_core v0.6.4
[INFO] [stderr]    Compiling thiserror v1.0.69
[INFO] [stderr]    Compiling syn v2.0.110
[INFO] [stderr]    Compiling siphasher v1.0.1
[INFO] [stderr]    Compiling rand v0.8.5
[INFO] [stderr]    Compiling serde v1.0.228
[INFO] [stderr]    Compiling phf_shared v0.11.3
[INFO] [stderr]    Compiling xml-rs v0.8.28
[INFO] [stderr]    Compiling log v0.4.28
[INFO] [stderr]    Compiling num-traits v0.2.19
[INFO] [stderr]    Compiling phf_generator v0.11.3
[INFO] [stderr]    Compiling time-core v0.1.6
[INFO] [stderr]    Compiling phf_codegen v0.11.3
[INFO] [stderr]    Compiling num-conv v0.1.0
[INFO] [stderr]    Compiling rustix v1.1.2
[INFO] [stderr]    Compiling powerfmt v0.2.0
[INFO] [stderr]    Compiling time-macros v0.2.24
[INFO] [stderr]    Compiling parking_lot_core v0.9.12
[INFO] [stderr]    Compiling tracing-core v0.1.34
[INFO] [stderr]    Compiling regex-automata v0.4.13
[INFO] [stderr]    Compiling linux-raw-sys v0.11.0
[INFO] [stderr]    Compiling thiserror v2.0.17
[INFO] [stderr]    Compiling bitflags v2.10.0
[INFO] [stderr]    Compiling serde_json v1.0.145
[INFO] [stderr]    Compiling num_threads v0.1.7
[INFO] [stderr]    Compiling parking_lot v0.12.5
[INFO] [stderr]    Compiling phf v0.11.3
[INFO] [stderr]    Compiling getrandom v0.3.4
[INFO] [stderr]    Compiling socket2 v0.6.1
[INFO] [stderr]    Compiling deranged v0.5.5
[INFO] [stderr]    Compiling signal-hook-registry v1.4.6
[INFO] [stderr]    Compiling regex v1.12.2
[INFO] [stderr]    Compiling mio v1.1.0
[INFO] [stderr]    Compiling parse-zoneinfo v0.3.1
[INFO] [stderr]    Compiling phf_shared v0.12.1
[INFO] [stderr]    Compiling chrono-tz v0.10.4
[INFO] [stderr]    Compiling unicode-width v0.2.2
[INFO] [stderr]    Compiling fastrand v2.3.0
[INFO] [stderr]    Compiling eyre v0.6.12
[INFO] [stderr]    Compiling chrono v0.4.42
[INFO] [stderr]    Compiling console v0.16.1
[INFO] [stderr]    Compiling phf v0.12.1
[INFO] [stderr]    Compiling tracing-log v0.2.0
[INFO] [stderr]    Compiling indenter v0.3.4
[INFO] [stderr]    Compiling shell-words v1.1.0
[INFO] [stderr]    Compiling tempfile v3.23.0
[INFO] [stderr]    Compiling dialoguer v0.12.0
[INFO] [stderr]    Compiling serde_derive v1.0.228
[INFO] [stderr]    Compiling thiserror-impl v1.0.69
[INFO] [stderr]    Compiling futures-macro v0.3.31
[INFO] [stderr]    Compiling tracing-attributes v0.1.30
[INFO] [stderr]    Compiling thiserror-impl v2.0.17
[INFO] [stderr]    Compiling futures-util v0.3.31
[INFO] [stderr]    Compiling tokio-macros v2.6.0
[INFO] [stderr]    Compiling tracing v0.1.41
[INFO] [stderr]    Compiling tokio v1.48.0
[INFO] [stderr]    Compiling async-trait v0.1.89
[INFO] [stderr]    Compiling tracing-subscriber v0.3.20
[INFO] [stderr]    Compiling serde-xml-rs v0.5.1
[INFO] [stderr]    Compiling time v0.3.44
[INFO] [stderr]    Compiling time-tz v2.0.0
[INFO] [stderr]    Compiling futures-executor v0.3.31
[INFO] [stderr]    Compiling futures v0.3.31
[INFO] [stderr]    Compiling ibapi v2.1.0
[INFO] [stderr]    Compiling ibkr-bot v0.1.0 (/opt/rustwide/workdir)
[INFO] [stderr]     Finished `release` profile [optimized] target(s) in 2m 16s
[INFO] running `Command { std: "docker" "inspect" "7f774e3d84e6d7669ba1256efb09c875fe61698f2b55ea725373eb9efd8e6e24", kill_on_drop: false }`
[INFO] running `Command { std: "docker" "exec" "-e" "SOURCE_DIR=/opt/rustwide/workdir" "-e" "CARGO_HOME=/opt/rustwide/cargo-home" "-e" "RUSTUP_HOME=/opt/rustwide/rustup-home" "-e" "CARGO_TARGET_DIR=/opt/rustwide/target" "-e" "CARGO_INCREMENTAL=0" "-e" "RUST_BACKTRACE=full" "-e" "RUSTFLAGS=--cap-lints=warn" "-e" "RUSTDOCFLAGS=--cap-lints=warn" "-w" "/opt/rustwide/workdir" "--user" "0:0" "7f774e3d84e6d7669ba1256efb09c875fe61698f2b55ea725373eb9efd8e6e24" "/opt/rustwide/cargo-home/bin/cargo" "+1.100.0-beta.1" "test" "--frozen" "--no-run" "--message-format=json" "--release", kill_on_drop: false }`
[INFO] [stderr]    Compiling ibkr-bot v0.1.0 (/opt/rustwide/workdir)
[INFO] [stderr]     Finished `release` profile [optimized] target(s) in 3.52s
[INFO] running `Command { std: "docker" "inspect" "7f774e3d84e6d7669ba1256efb09c875fe61698f2b55ea725373eb9efd8e6e24", kill_on_drop: false }`
[INFO] running `Command { std: "docker" "exec" "-e" "SOURCE_DIR=/opt/rustwide/workdir" "-e" "CARGO_HOME=/opt/rustwide/cargo-home" "-e" "RUSTUP_HOME=/opt/rustwide/rustup-home" "-e" "CARGO_TARGET_DIR=/opt/rustwide/target" "-e" "CARGO_INCREMENTAL=0" "-e" "RUST_BACKTRACE=full" "-e" "RUSTFLAGS=--cap-lints=warn" "-e" "RUSTDOCFLAGS=--cap-lints=warn" "-w" "/opt/rustwide/workdir" "--user" "0:0" "7f774e3d84e6d7669ba1256efb09c875fe61698f2b55ea725373eb9efd8e6e24" "/opt/rustwide/cargo-home/bin/cargo" "+1.100.0-beta.1" "test" "--frozen" "--release", kill_on_drop: false }`
[INFO] [stderr]     Finished `release` profile [optimized] target(s) in 0.19s
[INFO] [stderr]      Running unittests src/main.rs (/opt/rustwide/target/release/build/ibkr-bot/e109d3ab42bad2f6/out/ibkr_bot-e109d3ab42bad2f6)
[INFO] [stdout] 
[INFO] [stdout] running 1 test
[INFO] [stdout] test tests::tests::verify_spy_bar_ordering ... FAILED
[INFO] [stderr] error: test failed, to rerun pass `--bin ibkr-bot`
[INFO] [stdout] 
[INFO] [stdout] failures:
[INFO] [stdout] 
[INFO] [stdout] ---- tests::tests::verify_spy_bar_ordering stdout ----
[INFO] [stdout] 
[INFO] [stdout] thread 'tests::tests::verify_spy_bar_ordering' (1496) panicked at src/tests.rs:15:45:
[INFO] [stdout] failed to connect to IB Gateway: Connection to IB Gateway failed: Connection refused (os error 111)
[INFO] [stdout] 
[INFO] [stdout] Location:
[INFO] [stdout]     src/helpers.rs:18:23
[INFO] [stdout] stack backtrace:
[INFO] [stdout]    0:     0x5d2122e3e541 - <<std[617be2ca0a6fd877]::sys::backtrace::BacktraceLock>::print::DisplayBacktrace as core[a373ad73a504971]::fmt::Display>::fmt
[INFO] [stdout]    1:     0x5d2122e5400a - core[a373ad73a504971]::fmt::write
[INFO] [stdout]    2:     0x5d2122e42cac - <alloc[2e1b2a31b91974c5]::vec::Vec<u8> as core[a373ad73a504971]::io::write::Write>::write_fmt
[INFO] [stdout]    3:     0x5d2122e19406 - std[617be2ca0a6fd877]::panicking::default_hook::{closure#0}
[INFO] [stdout]    4:     0x5d2122e36379 - std[617be2ca0a6fd877]::panicking::default_hook
[INFO] [stdout]    5:     0x5d2122d5fe50 - test[aada8e7e76ba119b]::test_main_inner::{closure#0}
[INFO] [stdout]    6:     0x5d2122e366a2 - std[617be2ca0a6fd877]::panicking::panic_with_hook
[INFO] [stdout]    7:     0x5d2122e194b2 - std[617be2ca0a6fd877]::panicking::panic_handler::{closure#0}
[INFO] [stdout]    8:     0x5d2122e11ff9 - std[617be2ca0a6fd877]::sys::backtrace::__rust_end_short_backtrace::<std[617be2ca0a6fd877]::panicking::panic_handler::{closure#0}, !>
[INFO] [stdout]    9:     0x5d2122e1a2ad - __rustc[ea4f61d10b84890b]::rust_begin_unwind
[INFO] [stdout]   10:     0x5d2122e5476c - core[a373ad73a504971]::panicking::panic_fmt
[INFO] [stdout]   11:     0x5d2122e54542 - core[a373ad73a504971]::result::unwrap_failed
[INFO] [stdout]   12:     0x5d2122d4cf6d - ibkr_bot[ec9bfbeb3a7bb3e0]::tests::tests::verify_spy_bar_ordering::{closure#0}
[INFO] [stdout]   13:     0x5d2122d50883 - <tokio[41c4edfe07bdf489]::runtime::scheduler::current_thread::Context>::enter::<core[a373ad73a504971]::task::poll::Poll<()>, <tokio[41c4edfe07bdf489]::runtime::scheduler::current_thread::CoreGuard>::block_on<core[a373ad73a504971]::pin::Pin<&mut core[a373ad73a504971]::pin::Pin<&mut dyn core[a373ad73a504971]::future::future::Future<Output = ()>>>>::{closure#0}::{closure#0}>
[INFO] [stdout]   14:     0x5d2122d5183c - <tokio[41c4edfe07bdf489]::runtime::context::scoped::Scoped<tokio[41c4edfe07bdf489]::runtime::scheduler::Context>>::set::<<tokio[41c4edfe07bdf489]::runtime::scheduler::current_thread::CoreGuard>::enter<<tokio[41c4edfe07bdf489]::runtime::scheduler::current_thread::CoreGuard>::block_on<core[a373ad73a504971]::pin::Pin<&mut core[a373ad73a504971]::pin::Pin<&mut dyn core[a373ad73a504971]::future::future::Future<Output = ()>>>>::{closure#0}, core[a373ad73a504971]::option::Option<()>>::{closure#0}, (alloc[2e1b2a31b91974c5]::boxed::Box<tokio[41c4edfe07bdf489]::runtime::scheduler::current_thread::Core>, core[a373ad73a504971]::option::Option<()>)>
[INFO] [stdout]   15:     0x5d2122d50bd7 - <tokio[41c4edfe07bdf489]::runtime::scheduler::current_thread::CoreGuard>::block_on::<core[a373ad73a504971]::pin::Pin<&mut core[a373ad73a504971]::pin::Pin<&mut dyn core[a373ad73a504971]::future::future::Future<Output = ()>>>>
[INFO] [stdout]   16:     0x5d2122d5006d - tokio[41c4edfe07bdf489]::runtime::context::runtime::enter_runtime::<<tokio[41c4edfe07bdf489]::runtime::scheduler::current_thread::CurrentThread>::block_on<core[a373ad73a504971]::pin::Pin<&mut dyn core[a373ad73a504971]::future::future::Future<Output = ()>>>::{closure#0}, ()>
[INFO] [stdout]   17:     0x5d2122d51715 - <tokio[41c4edfe07bdf489]::runtime::runtime::Runtime>::block_on::<core[a373ad73a504971]::pin::Pin<&mut dyn core[a373ad73a504971]::future::future::Future<Output = ()>>>
[INFO] [stdout]   18:     0x5d2122d4e23e - <ibkr_bot[ec9bfbeb3a7bb3e0]::tests::tests::verify_spy_bar_ordering::{closure#0} as core[a373ad73a504971]::ops::function::FnOnce<()>>::call_once
[INFO] [stdout]   19:     0x5d2122d5329b - test[aada8e7e76ba119b]::__rust_begin_short_backtrace::<core[a373ad73a504971]::result::Result<(), alloc[2e1b2a31b91974c5]::string::String>, fn() -> core[a373ad73a504971]::result::Result<(), alloc[2e1b2a31b91974c5]::string::String>>
[INFO] [stdout]   20:     0x5d2122d60475 - test[aada8e7e76ba119b]::run_test::{closure#0}
[INFO] [stdout]   21:     0x5d2122d59d64 - std[617be2ca0a6fd877]::sys::backtrace::__rust_begin_short_backtrace::<test[aada8e7e76ba119b]::run_test::{closure#1}, ()>
[INFO] [stdout]   22:     0x5d2122d63502 - <std[617be2ca0a6fd877]::thread::lifecycle::spawn_unchecked<test[aada8e7e76ba119b]::run_test::{closure#1}, ()>::{closure#1} as core[a373ad73a504971]::ops::function::FnOnce<()>>::call_once::{shim:vtable#0}
[INFO] [stdout]   23:     0x5d2122e3d80f - <std[617be2ca0a6fd877]::sys::thread::unix::Thread>::new::thread_start
[INFO] [stdout]   24:     0x7acad8490dfa - <unknown>
[INFO] [stdout]   25:     0x7acad85243d4 - clone
[INFO] [stdout]   26:                0x0 - <unknown>
[INFO] [stdout] 
[INFO] [stdout] 
[INFO] [stdout] failures:
[INFO] [stdout]     tests::tests::verify_spy_bar_ordering
[INFO] [stdout] 
[INFO] [stdout] test result: FAILED. 0 passed; 1 failed; 0 ignored; 0 measured; 0 filtered out; finished in 0.01s
[INFO] [stdout] 
[INFO] running `Command { std: "docker" "inspect" "7f774e3d84e6d7669ba1256efb09c875fe61698f2b55ea725373eb9efd8e6e24", kill_on_drop: false }`
[INFO] running `Command { std: "docker" "rm" "-f" "7f774e3d84e6d7669ba1256efb09c875fe61698f2b55ea725373eb9efd8e6e24", kill_on_drop: false }`
[INFO] [stdout] 7f774e3d84e6d7669ba1256efb09c875fe61698f2b55ea725373eb9efd8e6e24
