[INFO] cloning repository https://github.com/guillaume-flambard/uni-protocol
[INFO] running `Command { std: "git" "-c" "credential.helper=" "-c" "credential.helper=/workspace/cargo-home/bin/git-credential-null" "clone" "--bare" "https://github.com/guillaume-flambard/uni-protocol" "/workspace/cache/git-repos/https%3A%2F%2Fgithub.com%2Fguillaume-flambard%2Funi-protocol", kill_on_drop: false }`
[INFO] [stderr] Cloning into bare repository '/workspace/cache/git-repos/https%3A%2F%2Fgithub.com%2Fguillaume-flambard%2Funi-protocol'...
[INFO] running `Command { std: "git" "rev-parse" "HEAD", kill_on_drop: false }`
[INFO] [stdout] e4bf1fd270731503a2f66427d9e94610c299f5d2
[INFO] testing guillaume-flambard/uni-protocol against 1.99.0-beta.8+cargoflags=--release for beta-release-1.100-2
[INFO] running `Command { std: "git" "clone" "/workspace/cache/git-repos/https%3A%2F%2Fgithub.com%2Fguillaume-flambard%2Funi-protocol" "/workspace/builds/worker-6-tc1/source", kill_on_drop: false }`
[INFO] [stderr] Cloning into '/workspace/builds/worker-6-tc1/source'...
[INFO] [stderr] done.
[INFO] started tweaking git repo https://github.com/guillaume-flambard/uni-protocol
[INFO] finished tweaking git repo https://github.com/guillaume-flambard/uni-protocol
[INFO] tweaked toml for git repo https://github.com/guillaume-flambard/uni-protocol written to /workspace/builds/worker-6-tc1/source/Cargo.toml
[INFO] validating manifest of git repo https://github.com/guillaume-flambard/uni-protocol on toolchain 1.99.0-beta.8
[INFO] running `Command { std: CARGO_HOME="/workspace/cargo-home" RUSTUP_HOME="/workspace/rustup-home" "/workspace/cargo-home/bin/cargo" "+1.99.0-beta.8" "metadata" "--manifest-path" "Cargo.toml" "--no-deps", kill_on_drop: false }`
[INFO] crate git repo https://github.com/guillaume-flambard/uni-protocol already has a lockfile, it will not be regenerated
[INFO] running `Command { std: CARGO_HOME="/workspace/cargo-home" RUSTUP_HOME="/workspace/rustup-home" "/workspace/cargo-home/bin/cargo" "+1.99.0-beta.8" "fetch" "--manifest-path" "Cargo.toml", kill_on_drop: false }`
[INFO] running `Command { std: "docker" "create" "-v" "/var/lib/crater-agent-workspace/builds/worker-6-tc1/source:/opt/rustwide/workdir:ro,Z" "-v" "/var/lib/crater-agent-workspace/builds/worker-6-tc1/target:/opt/rustwide/target:rw,Z" "-v" "/var/lib/crater-agent-workspace/cargo-home:/opt/rustwide/cargo-home:ro,Z" "-v" "/var/lib/crater-agent-workspace/rustup-home:/opt/rustwide/rustup-home:ro,Z" "-m" "1610612736" "--network" "none" "ghcr.io/rust-lang/crates-build-env/linux@sha256:77db811e55d90add9212f6832c23229e3de5f1c1f9905e8cb07319ea15df73ac" "sleep" "infinity", kill_on_drop: false }`
[INFO] [stdout] 81c980a89296b267eef1b0743f9de659954dcaae5530362d9cd4d5e1a1adb2a0
[INFO] running `Command { std: "docker" "start" "81c980a89296b267eef1b0743f9de659954dcaae5530362d9cd4d5e1a1adb2a0", kill_on_drop: false }`
[INFO] running `Command { std: "docker" "inspect" "81c980a89296b267eef1b0743f9de659954dcaae5530362d9cd4d5e1a1adb2a0", kill_on_drop: false }`
[INFO] running `Command { std: "docker" "exec" "-e" "SOURCE_DIR=/opt/rustwide/workdir" "-e" "CARGO_HOME=/opt/rustwide/cargo-home" "-e" "RUSTUP_HOME=/opt/rustwide/rustup-home" "-e" "CARGO_TARGET_DIR=/opt/rustwide/target" "-w" "/opt/rustwide/workdir" "--user" "0:0" "81c980a89296b267eef1b0743f9de659954dcaae5530362d9cd4d5e1a1adb2a0" "/opt/rustwide/cargo-home/bin/cargo" "+1.99.0-beta.8" "metadata" "--no-deps" "--format-version=1", kill_on_drop: false }`
[INFO] running `Command { std: "docker" "inspect" "81c980a89296b267eef1b0743f9de659954dcaae5530362d9cd4d5e1a1adb2a0", kill_on_drop: false }`
[INFO] running `Command { std: "docker" "exec" "-e" "SOURCE_DIR=/opt/rustwide/workdir" "-e" "CARGO_HOME=/opt/rustwide/cargo-home" "-e" "RUSTUP_HOME=/opt/rustwide/rustup-home" "-e" "CARGO_TARGET_DIR=/opt/rustwide/target" "-e" "CARGO_INCREMENTAL=0" "-e" "RUST_BACKTRACE=full" "-e" "RUSTFLAGS=--cap-lints=warn" "-e" "RUSTDOCFLAGS=--cap-lints=warn" "-w" "/opt/rustwide/workdir" "--user" "0:0" "81c980a89296b267eef1b0743f9de659954dcaae5530362d9cd4d5e1a1adb2a0" "/opt/rustwide/cargo-home/bin/cargo" "+1.99.0-beta.8" "build" "--frozen" "--message-format=json" "--release", kill_on_drop: false }`
[INFO] [stderr]    Compiling syn v2.0.119
[INFO] [stderr]    Compiling generic-array v0.14.7
[INFO] [stderr]    Compiling typenum v1.20.1
[INFO] [stderr]    Compiling const-oid v0.9.6
[INFO] [stderr]    Compiling subtle v2.6.1
[INFO] [stderr]    Compiling libc v0.2.189
[INFO] [stderr]    Compiling syn v3.0.5
[INFO] [stderr]    Compiling base64ct v1.8.3
[INFO] [stderr]    Compiling libm v0.2.16
[INFO] [stderr]    Compiling zerocopy v0.8.57
[INFO] [stderr]    Compiling num-traits v0.2.19
[INFO] [stderr]    Compiling base16ct v0.2.0
[INFO] [stderr]    Compiling anyhow v1.0.104
[INFO] [stderr]    Compiling semver v1.0.28
[INFO] [stderr]    Compiling thiserror v2.0.20
[INFO] [stderr]    Compiling indexmap v2.14.2
[INFO] [stderr]    Compiling num-bigint-dig v0.8.6
[INFO] [stderr]    Compiling num-conv v0.2.2
[INFO] [stderr]    Compiling time-core v0.1.9
[INFO] [stderr]    Compiling spin v0.9.9
[INFO] [stderr]    Compiling iana-time-zone v0.1.65
[INFO] [stderr]    Compiling deranged v0.5.8
[INFO] [stderr]    Compiling smallvec v1.16.1
[INFO] [stderr]    Compiling rustc_version v0.4.1
[INFO] [stderr]    Compiling lazy_static v1.5.0
[INFO] [stderr]    Compiling pem-rfc7468 v0.7.0
[INFO] [stderr]    Compiling time-macros v0.2.32
[INFO] [stderr]    Compiling pem v3.0.6
[INFO] [stderr]    Compiling clap_builder v4.6.6
[INFO] [stderr]    Compiling curve25519-dalek v4.1.3
[INFO] [stderr]    Compiling getrandom v0.2.17
[INFO] [stderr]    Compiling wait-timeout v0.2.1
[INFO] [stderr]    Compiling rand_core v0.6.4
[INFO] [stderr]    Compiling time v0.3.55
[INFO] [stderr]    Compiling ff v0.13.1
[INFO] [stderr]    Compiling group v0.13.0
[INFO] [stderr]    Compiling serde_derive v1.0.229
[INFO] [stderr]    Compiling thiserror-impl v2.0.20
[INFO] [stderr]    Compiling clap_derive v4.6.4
[INFO] [stderr]    Compiling num-integer v0.1.47
[INFO] [stderr]    Compiling num-iter v0.1.46
[INFO] [stderr]    Compiling num-bigint v0.4.8
[INFO] [stderr]    Compiling clap v4.6.6
[INFO] [stderr]    Compiling ppv-lite86 v0.2.21
[INFO] [stderr]    Compiling rand_chacha v0.3.1
[INFO] [stderr]    Compiling zeroize_derive v1.5.0
[INFO] [stderr]    Compiling curve25519-dalek-derive v0.1.1
[INFO] [stderr]    Compiling rand v0.8.8
[INFO] [stderr]    Compiling zeroize v1.9.0
[INFO] [stderr]    Compiling der v0.7.10
[INFO] [stderr]    Compiling serde v1.0.229
[INFO] [stderr]    Compiling block-buffer v0.10.4
[INFO] [stderr]    Compiling crypto-common v0.1.7
[INFO] [stderr]    Compiling crypto-bigint v0.5.5
[INFO] [stderr]    Compiling digest v0.10.7
[INFO] [stderr]    Compiling simple_asn1 v0.6.4
[INFO] [stderr]    Compiling hmac v0.12.1
[INFO] [stderr]    Compiling signature v2.2.0
[INFO] [stderr]    Compiling sha2 v0.10.9
[INFO] [stderr]    Compiling spki v0.7.3
[INFO] [stderr]    Compiling hkdf v0.12.4
[INFO] [stderr]    Compiling rfc6979 v0.4.0
[INFO] [stderr]    Compiling pkcs8 v0.10.2
[INFO] [stderr]    Compiling sec1 v0.7.3
[INFO] [stderr]    Compiling pkcs1 v0.7.5
[INFO] [stderr]    Compiling ed25519 v2.2.3
[INFO] [stderr]    Compiling toml_datetime v0.6.11
[INFO] [stderr]    Compiling serde_spanned v0.6.9
[INFO] [stderr]    Compiling uni-parser v0.9.4 (/opt/rustwide/workdir/crates/uni-parser)
[INFO] [stderr]    Compiling chrono v0.4.45
[INFO] [stderr]    Compiling toml_edit v0.22.27
[INFO] [stderr]    Compiling uni-ir v0.9.4 (/opt/rustwide/workdir/crates/uni-ir)
[INFO] [stderr]    Compiling ed25519-dalek v2.2.0
[INFO] [stderr]    Compiling elliptic-curve v0.13.8
[INFO] [stderr]    Compiling primeorder v0.13.6
[INFO] [stderr]    Compiling ecdsa v0.16.9
[INFO] [stderr]    Compiling rsa v0.9.10
[INFO] [stderr]    Compiling p384 v0.13.1
[INFO] [stderr]    Compiling p256 v0.13.2
[INFO] [stderr]    Compiling toml v0.8.23
[INFO] [stderr]    Compiling jsonwebtoken v11.0.0
[INFO] [stderr]    Compiling uni-evidence v0.9.4 (/opt/rustwide/workdir/crates/uni-evidence)
[INFO] [stderr]    Compiling uni-decision v0.9.4 (/opt/rustwide/workdir/crates/uni-decision)
[INFO] [stderr]    Compiling uni-verify v0.9.4 (/opt/rustwide/workdir/crates/uni-verify)
[INFO] [stderr]    Compiling uni-cli v0.9.4 (/opt/rustwide/workdir/crates/uni-cli)
[INFO] [stderr]     Finished `release` profile [optimized] target(s) in 1m 23s
[INFO] running `Command { std: "docker" "inspect" "81c980a89296b267eef1b0743f9de659954dcaae5530362d9cd4d5e1a1adb2a0", kill_on_drop: false }`
[INFO] running `Command { std: "docker" "exec" "-e" "SOURCE_DIR=/opt/rustwide/workdir" "-e" "CARGO_HOME=/opt/rustwide/cargo-home" "-e" "RUSTUP_HOME=/opt/rustwide/rustup-home" "-e" "CARGO_TARGET_DIR=/opt/rustwide/target" "-e" "CARGO_INCREMENTAL=0" "-e" "RUST_BACKTRACE=full" "-e" "RUSTFLAGS=--cap-lints=warn" "-e" "RUSTDOCFLAGS=--cap-lints=warn" "-w" "/opt/rustwide/workdir" "--user" "0:0" "81c980a89296b267eef1b0743f9de659954dcaae5530362d9cd4d5e1a1adb2a0" "/opt/rustwide/cargo-home/bin/cargo" "+1.99.0-beta.8" "test" "--frozen" "--no-run" "--message-format=json" "--release", kill_on_drop: false }`
[INFO] [stderr]    Compiling num-traits v0.2.19
[INFO] [stderr]    Compiling getrandom v0.4.3
[INFO] [stderr]    Compiling bitflags v2.13.2
[INFO] [stderr]    Compiling once_cell v1.21.4
[INFO] [stderr]    Compiling fastrand v2.5.0
[INFO] [stderr]    Compiling bit-vec v0.8.0
[INFO] [stderr]    Compiling rustix v1.1.4
[INFO] [stderr]    Compiling quick-error v1.2.3
[INFO] [stderr]    Compiling unarray v0.1.4
[INFO] [stderr]    Compiling getrandom v0.3.4
[INFO] [stderr]    Compiling regex-syntax v0.8.11
[INFO] [stderr]    Compiling uni-ir v0.9.4 (/opt/rustwide/workdir/crates/uni-ir)
[INFO] [stderr]    Compiling uni-parser v0.9.4 (/opt/rustwide/workdir/crates/uni-parser)
[INFO] [stderr]    Compiling rand_core v0.9.5
[INFO] [stderr]    Compiling bit-set v0.8.0
[INFO] [stderr]    Compiling rand v0.9.5
[INFO] [stderr]    Compiling rand_chacha v0.9.0
[INFO] [stderr]    Compiling rand_xorshift v0.4.0
[INFO] [stderr]    Compiling chrono v0.4.45
[INFO] [stderr]    Compiling num-integer v0.1.47
[INFO] [stderr]    Compiling num-iter v0.1.46
[INFO] [stderr]    Compiling num-bigint v0.4.8
[INFO] [stderr]    Compiling num-bigint-dig v0.8.6
[INFO] [stderr]    Compiling tempfile v3.27.0
[INFO] [stderr]    Compiling rusty-fork v0.3.1
[INFO] [stderr]    Compiling proptest v1.11.0
[INFO] [stderr]    Compiling uni-evidence v0.9.4 (/opt/rustwide/workdir/crates/uni-evidence)
[INFO] [stderr]    Compiling rsa v0.9.10
[INFO] [stderr]    Compiling simple_asn1 v0.6.4
[INFO] [stderr]    Compiling uni-decision v0.9.4 (/opt/rustwide/workdir/crates/uni-decision)
[INFO] [stderr]    Compiling jsonwebtoken v11.0.0
[INFO] [stderr]    Compiling uni-verify v0.9.4 (/opt/rustwide/workdir/crates/uni-verify)
[INFO] [stderr]    Compiling uni-cli v0.9.4 (/opt/rustwide/workdir/crates/uni-cli)
[INFO] [stderr]     Finished `release` profile [optimized] target(s) in 1m 13s
[INFO] running `Command { std: "docker" "inspect" "81c980a89296b267eef1b0743f9de659954dcaae5530362d9cd4d5e1a1adb2a0", kill_on_drop: false }`
[INFO] running `Command { std: "docker" "exec" "-e" "SOURCE_DIR=/opt/rustwide/workdir" "-e" "CARGO_HOME=/opt/rustwide/cargo-home" "-e" "RUSTUP_HOME=/opt/rustwide/rustup-home" "-e" "CARGO_TARGET_DIR=/opt/rustwide/target" "-e" "CARGO_INCREMENTAL=0" "-e" "RUST_BACKTRACE=full" "-e" "RUSTFLAGS=--cap-lints=warn" "-e" "RUSTDOCFLAGS=--cap-lints=warn" "-w" "/opt/rustwide/workdir" "--user" "0:0" "81c980a89296b267eef1b0743f9de659954dcaae5530362d9cd4d5e1a1adb2a0" "/opt/rustwide/cargo-home/bin/cargo" "+1.99.0-beta.8" "test" "--frozen" "--release", kill_on_drop: false }`
[INFO] [stderr]     Finished `release` profile [optimized] target(s) in 0.19s
[INFO] [stderr]      Running unittests src/main.rs (/opt/rustwide/target/release/deps/uni-4d5ddaf6a7e52042)
[INFO] [stdout] 
[INFO] [stdout] running 4 tests
[INFO] [stdout] test brief::tests::selector_extraction_is_conservative ... ok
[INFO] [stdout] test events::tests::otlp_projection_carries_the_attributes ... ok
[INFO] [stdout] test events::tests::under_the_cap_nothing_happens ... ok
[INFO] [stdout] test events::tests::rotates_past_the_cap_and_keeps_the_newest_archives ... ok
[INFO] [stdout] 
[INFO] [stdout] test result: ok. 4 passed; 0 failed; 0 ignored; 0 measured; 0 filtered out; finished in 6.61s
[INFO] [stdout] 
[INFO] [stderr]      Running tests/cli_binding.rs (/opt/rustwide/target/release/deps/cli_binding-ffce1a30581c8c28)
[INFO] [stdout] 
[INFO] [stdout] running 4 tests
[INFO] [stdout] test plain_verifier_needs_no_binding ... ok
[INFO] [stdout] test template_requires_authorized_selector ... ok
[INFO] [stdout] test selector_binding_authorizes_and_invalidates ... ok
[INFO] [stdout] test bulk_authorization_from_a_reviewed_file ... ok
[INFO] [stdout] 
[INFO] [stdout] test result: ok. 4 passed; 0 failed; 0 ignored; 0 measured; 0 filtered out; finished in 1.27s
[INFO] [stdout] 
[INFO] [stderr]      Running tests/cli_bundle.rs (/opt/rustwide/target/release/deps/cli_bundle-9df6a77c679500a1)
[INFO] [stdout] 
[INFO] [stdout] running 4 tests
[INFO] [stdout] test bundle_verify_is_read_only ... ok
[INFO] [stdout] test bundle_export_verify_round_trip ... ok
[INFO] [stdout] test bundle_verify_detects_transport_tampering ... ok
[INFO] [stdout] test bundle_verify_flags_missing_binding ... ok
[INFO] [stdout] 
[INFO] [stdout] test result: ok. 4 passed; 0 failed; 0 ignored; 0 measured; 0 filtered out; finished in 0.09s
[INFO] [stdout] 
[INFO] [stderr]      Running tests/cli_coverage.rs (/opt/rustwide/target/release/deps/cli_coverage-c344755e95e92ff8)
[INFO] [stdout] 
[INFO] [stdout] running 14 tests
[INFO] [stdout] test duplicate_criterion_id_is_rejected ... ok
[INFO] [stdout] test tampered_owner_wording_is_rejected ... ok
[INFO] [stdout] test incomplete_acceptance_blocks_an_executor_before_side_effects ... ok
[INFO] [stdout] test mismatched_pin_blocks_executor_before_side_effects ... ok
[INFO] [stdout] test shortened_manifest_cannot_silently_weaken_an_owner_revision ... ok
[INFO] [stdout] test empty_manifest_and_unsupported_version_fail_closed ... ok
[INFO] [stdout] test duplicate_claim_mapping_is_rejected ... ok
[INFO] [stdout] test verifier_mapping_must_be_trusted_and_present ... ok
[INFO] [stdout] test unknown_manifest_keys_and_wrong_intent_are_rejected ... ok
[INFO] [stdout] test externally_pinned_manifest_matches_and_fails_after_mutation ... ok
[INFO] [stdout] test invalid_revision_pin_never_disables_hash_enforcement ... ok
[INFO] [stdout] test omitted_owner_invariant_blocks_verification_before_evidence_runs ... ok
[INFO] [stdout] test human_reports_disclose_declared_only_scope_and_manifest_digest ... ok
[INFO] [stdout] test declared_coverage_complete_and_verify_with_opt_in_gate ... ok
[INFO] [stdout] 
[INFO] [stdout] test result: ok. 14 passed; 0 failed; 0 ignored; 0 measured; 0 filtered out; finished in 0.07s
[INFO] [stdout] 
[INFO] [stderr]      Running tests/cli_events.rs (/opt/rustwide/target/release/deps/cli_events-4df6dccc267fe07b)
[INFO] [stdout] 
[INFO] [stdout] running 1 test
[INFO] [stdout] test journal_rotates_and_archives_are_readable ... ok
[INFO] [stdout] 
[INFO] [stdout] test result: ok. 1 passed; 0 failed; 0 ignored; 0 measured; 0 filtered out; finished in 0.22s
[INFO] [stdout] 
[INFO] [stderr]      Running tests/cli_golden.rs (/opt/rustwide/target/release/deps/cli_golden-bc5a6aa4fa4dd3fd)
[INFO] [stdout] 
[INFO] [stdout] running 18 tests
[INFO] [stdout] test golden_brief_reports_unresolvable_verifier ... ok
[INFO] [stdout] test golden_brief_explains_selector_templates ... ok
[INFO] [stdout] wrote uni/intents/tests-pass.uni
[INFO] [stdout] edit claims + verifier refs, then: uni lint uni/intents/tests-pass.uni
[INFO] [stdout] test golden_import_speckit_markdown_shapes ... ok
[INFO] [stdout] test lint_warns_when_verifier_glob_matches_no_sources ... ok
[INFO] [stdout] test golden_lint_missing_verify ... ok
[INFO] [stdout] test golden_software_pack ... ok
[INFO] [stdout] test golden_import_speckit ... ok
[INFO] [stdout] test golden_lint_pinned_test_selector ... ok
[INFO] [stdout] test golden_speckit_import_emits_brief ... ok
[INFO] [stdout] test golden_brief_names_required_test ... ok
[INFO] [stdout] test golden_compile ... ok
[INFO] [stdout] test golden_doctor_healthy_and_fail ... FAILED
[INFO] [stdout] test golden_compile_json_shape ... ok
[INFO] [stdout] test golden_policy_provider_opa_fallback ... ok
[INFO] [stdout] 
[INFO] [stdout] UNI Verification — hello
[INFO] [stdout] binary-builds            PASS  evidence binary-builds-b5bea41b
[INFO] [stdout] 
[INFO] [stdout] Decision: Accepted
[INFO] [stdout] Reason: all required claims verified
[INFO] [stdout] 
[INFO] [stdout] UNI Verification — hello
[INFO] [stdout] binary-builds            PASS  evidence binary-builds-b5bea41b
[INFO] [stdout] 
[INFO] [stdout] Decision: Accepted
[INFO] [stdout] Reason: all required claims verified
[INFO] [stdout] 
[INFO] [stdout] UNI Verification — hello
[INFO] [stdout] binary-builds            PASS  evidence binary-builds-b5bea41b
[INFO] [stdout] 
[INFO] [stdout] Decision: Accepted
[INFO] [stdout] Reason: all required claims verified
[INFO] [stdout] test golden_events_journal ... ok
[INFO] [stdout] 
[INFO] [stdout] UNI Verification — booking.cancel
[INFO] [stdout] booking-state            PASS  evidence booking-state-b5bea41b
[INFO] [stdout] inventory                PASS  evidence inventory-b5bea41b
[INFO] [stdout] ledger-consistency       PASS  evidence ledger-consistency-b5bea41b
[INFO] [stdout] 
[INFO] [stdout] Decision: Accepted
[INFO] [stdout] Reason: all required claims verified
[INFO] [stdout] test golden_report_stability ... ok
[INFO] [stdout] 
[INFO] [stdout] UNI Verification — multi-demo
[INFO] [stdout] a                        PASS  evidence a-b5bea41b
[INFO] [stdout] b                        PASS  evidence b-b5bea41b
[INFO] [stdout] no-evil                  PASS  evidence no-evil-b5bea41b
[INFO] [stdout] 
[INFO] [stdout] Decision: Accepted
[INFO] [stdout] Reason: all required claims verified
[INFO] [stdout] 
[INFO] [stdout] UNI Verification — booking.cancel
[INFO] [stdout] booking-state            PASS  evidence booking-state-b5bea41b
[INFO] [stdout] inventory                PASS  evidence inventory-b5bea41b
[INFO] [stdout] ledger-consistency       PASS  evidence ledger-consistency-b5bea41b
[INFO] [stdout] 
[INFO] [stdout] Decision: Accepted
[INFO] [stdout] Reason: all required claims verified
[INFO] [stdout] test golden_verify_exit_codes ... ok
[INFO] [stdout] test golden_stack_independence ... ok
[INFO] [stdout] 
[INFO] [stdout] failures:
[INFO] [stdout] 
[INFO] [stdout] ---- golden_doctor_healthy_and_fail stdout ----
[INFO] [stdout] 
[INFO] [stdout] thread 'golden_doctor_healthy_and_fail' (3493) panicked at crates/uni-cli/tests/cli_golden.rs:519:5:
[INFO] [stdout] uni repo doctor must be healthy
[INFO] [stdout] stack backtrace:
[INFO] [stdout]    0:     0x59c866536e51 - <<std[70759c8f55707aa4]::sys::backtrace::BacktraceLock>::print::DisplayBacktrace as core[df12db4294e9bfd3]::fmt::Display>::fmt
[INFO] [stdout]    1:     0x59c86654c60a - core[df12db4294e9bfd3]::fmt::write
[INFO] [stdout]    2:     0x59c86653b81c - <alloc[2182bb758b4b3781]::vec::Vec<u8> as core[df12db4294e9bfd3]::io::write::Write>::write_fmt
[INFO] [stdout]    3:     0x59c866510ae6 - std[70759c8f55707aa4]::panicking::default_hook::{closure#0}
[INFO] [stdout]    4:     0x59c86652e019 - std[70759c8f55707aa4]::panicking::default_hook
[INFO] [stdout]    5:     0x59c8664c8920 - test[9d35eded1c95d3be]::test_main_inner::<test[9d35eded1c95d3be]::test_main_static::{closure#0}>::{closure#0}
[INFO] [stdout]    6:     0x59c86652e1d2 - std[70759c8f55707aa4]::panicking::panic_with_hook
[INFO] [stdout]    7:     0x59c866510bc4 - std[70759c8f55707aa4]::panicking::panic_handler::{closure#0}
[INFO] [stdout]    8:     0x59c8665095c9 - std[70759c8f55707aa4]::sys::backtrace::__rust_end_short_backtrace::<std[70759c8f55707aa4]::panicking::panic_handler::{closure#0}, !>
[INFO] [stdout]    9:     0x59c86651184d - __rustc[8fa7c3cbc660c2b3]::rust_begin_unwind
[INFO] [stdout]   10:     0x59c86654cd3c - core[df12db4294e9bfd3]::panicking::panic_fmt
[INFO] [stdout]   11:     0x59c8664a7442 - <cli_golden[642631e88c2bb239]::golden_doctor_healthy_and_fail::{closure#0} as core[df12db4294e9bfd3]::ops::function::FnOnce<()>>::call_once
[INFO] [stdout]   12:     0x59c8664bbc0b - test[9d35eded1c95d3be]::__rust_begin_short_backtrace::<core[df12db4294e9bfd3]::result::Result<(), alloc[2182bb758b4b3781]::string::String>, fn() -> core[df12db4294e9bfd3]::result::Result<(), alloc[2182bb758b4b3781]::string::String>>
[INFO] [stdout]   13:     0x59c8664c9275 - test[9d35eded1c95d3be]::run_test::{closure#0}
[INFO] [stdout]   14:     0x59c8664c2b34 - std[70759c8f55707aa4]::sys::backtrace::__rust_begin_short_backtrace::<test[9d35eded1c95d3be]::run_test::{closure#1}, ()>
[INFO] [stdout]   15:     0x59c8664cc3d2 - <std[70759c8f55707aa4]::thread::lifecycle::spawn_unchecked<test[9d35eded1c95d3be]::run_test::{closure#1}, ()>::{closure#1} as core[df12db4294e9bfd3]::ops::function::FnOnce<()>>::call_once::{shim:vtable#0}
[INFO] [stdout]   16:     0x59c866536109 - <std[70759c8f55707aa4]::sys::thread::unix::Thread>::new::thread_start
[INFO] [stdout]   17:     0x7323b4b97dfa - <unknown>
[INFO] [stdout]   18:     0x7323b4c2b3d4 - clone
[INFO] [stdout]   19:                0x0 - <unknown>
[INFO] [stdout] 
[INFO] [stdout] 
[INFO] [stdout] failures:
[INFO] [stdout]     golden_doctor_healthy_and_fail
[INFO] [stdout] 
[INFO] [stdout] test result: FAILED. 17 passed; 1 failed; 0 ignored; 0 measured; 0 filtered out; finished in 3.18s
[INFO] [stdout] 
[INFO] [stderr] error: test failed, to rerun pass `-p uni-cli --test cli_golden`
[INFO] running `Command { std: "docker" "inspect" "81c980a89296b267eef1b0743f9de659954dcaae5530362d9cd4d5e1a1adb2a0", kill_on_drop: false }`
[INFO] running `Command { std: "docker" "rm" "-f" "81c980a89296b267eef1b0743f9de659954dcaae5530362d9cd4d5e1a1adb2a0", kill_on_drop: false }`
[INFO] [stdout] 81c980a89296b267eef1b0743f9de659954dcaae5530362d9cd4d5e1a1adb2a0
