[INFO] cloning repository https://github.com/gsd-now/gsd
[INFO] running `Command { std: "git" "-c" "credential.helper=" "-c" "credential.helper=/workspace/cargo-home/bin/git-credential-null" "clone" "--bare" "https://github.com/gsd-now/gsd" "/workspace/cache/git-repos/https%3A%2F%2Fgithub.com%2Fgsd-now%2Fgsd", kill_on_drop: false }`
[INFO] [stderr] Cloning into bare repository '/workspace/cache/git-repos/https%3A%2F%2Fgithub.com%2Fgsd-now%2Fgsd'...
[INFO] running `Command { std: "git" "rev-parse" "HEAD", kill_on_drop: false }`
[INFO] [stdout] 25a1e284a5be33cd191ebac8e6947a4eda14a50d
[INFO] testing gsd-now/gsd against 1.99.0-beta.8+cargoflags=--release for beta-release-1.100-2
[INFO] running `Command { std: "git" "clone" "/workspace/cache/git-repos/https%3A%2F%2Fgithub.com%2Fgsd-now%2Fgsd" "/workspace/builds/worker-3-tc1/source", kill_on_drop: false }`
[INFO] [stderr] Cloning into '/workspace/builds/worker-3-tc1/source'...
[INFO] [stderr] done.
[INFO] started tweaking git repo https://github.com/gsd-now/gsd
[INFO] finished tweaking git repo https://github.com/gsd-now/gsd
[INFO] tweaked toml for git repo https://github.com/gsd-now/gsd written to /workspace/builds/worker-3-tc1/source/Cargo.toml
[INFO] validating manifest of git repo https://github.com/gsd-now/gsd on toolchain 1.99.0-beta.8
[INFO] running `Command { std: CARGO_HOME="/workspace/cargo-home" RUSTUP_HOME="/workspace/rustup-home" "/workspace/cargo-home/bin/cargo" "+1.99.0-beta.8" "metadata" "--manifest-path" "Cargo.toml" "--no-deps", kill_on_drop: false }`
[INFO] crate git repo https://github.com/gsd-now/gsd already has a lockfile, it will not be regenerated
[INFO] running `Command { std: CARGO_HOME="/workspace/cargo-home" RUSTUP_HOME="/workspace/rustup-home" "/workspace/cargo-home/bin/cargo" "+1.99.0-beta.8" "fetch" "--manifest-path" "Cargo.toml", kill_on_drop: false }`
[INFO] [stderr]     Updating crates.io index
[INFO] [stderr]  Downloading crates ...
[INFO] [stderr]   Downloaded rstest v0.24.0
[INFO] [stderr]   Downloaded borrow-or-share v0.2.4
[INFO] [stderr]   Downloaded num-cmp v0.1.0
[INFO] [stderr]   Downloaded futures-timer v3.0.3
[INFO] [stderr]   Downloaded jsonschema v0.29.1
[INFO] [stderr]   Downloaded wasm-bindgen-shared v0.2.110
[INFO] [stderr]   Downloaded uuid-simd v0.8.0
[INFO] [stderr]   Downloaded wasm-bindgen-macro v0.2.110
[INFO] [stderr]   Downloaded outref v0.5.2
[INFO] [stderr]   Downloaded bytecount v0.6.9
[INFO] [stderr]   Downloaded doctest-file v1.0.0
[INFO] [stderr]   Downloaded relative-path v1.9.3
[INFO] [stderr]   Downloaded vsimd v0.8.0
[INFO] [stderr]   Downloaded fluent-uri v0.3.2
[INFO] [stderr]   Downloaded email_address v0.2.9
[INFO] [stderr]   Downloaded notify-types v1.0.1
[INFO] [stderr]   Downloaded rstest_macros v0.24.0
[INFO] [stderr]   Downloaded toml_parser v1.0.9+spec-1.1.0
[INFO] [stderr]   Downloaded wasm-bindgen v0.2.110
[INFO] [stderr]   Downloaded recvmsg v1.0.0
[INFO] [stderr]   Downloaded wasm-bindgen-macro-support v0.2.110
[INFO] [stderr]   Downloaded notify v7.0.0
[INFO] [stderr]   Downloaded filetime v0.2.27
[INFO] [stderr]   Downloaded libredox v0.1.12
[INFO] [stderr]   Downloaded wasm-bindgen-futures v0.4.60
[INFO] [stderr]   Downloaded fancy-regex v0.14.0
[INFO] [stderr]   Downloaded kqueue v1.1.1
[INFO] [stderr]   Downloaded redox_syscall v0.7.1
[INFO] [stderr]   Downloaded referencing v0.29.1
[INFO] [stderr]   Downloaded fraction v0.15.3
[INFO] [stderr]   Downloaded js-sys v0.3.87
[INFO] [stderr]   Downloaded interprocess v2.3.1
[INFO] [stderr]   Downloaded web-sys v0.3.87
[INFO] running `Command { std: "docker" "create" "-v" "/var/lib/crater-agent-workspace/builds/worker-3-tc1/source:/opt/rustwide/workdir:ro,Z" "-v" "/var/lib/crater-agent-workspace/builds/worker-3-tc1/target:/opt/rustwide/target:rw,Z" "-v" "/var/lib/crater-agent-workspace/cargo-home:/opt/rustwide/cargo-home:ro,Z" "-v" "/var/lib/crater-agent-workspace/rustup-home:/opt/rustwide/rustup-home:ro,Z" "-m" "1610612736" "--network" "none" "ghcr.io/rust-lang/crates-build-env/linux@sha256:77db811e55d90add9212f6832c23229e3de5f1c1f9905e8cb07319ea15df73ac" "sleep" "infinity", kill_on_drop: false }`
[INFO] [stdout] 978113a1080b42bbd5e9135e7c8c7d3924e170128eb534e51c07ca928e55bfd8
[INFO] running `Command { std: "docker" "start" "978113a1080b42bbd5e9135e7c8c7d3924e170128eb534e51c07ca928e55bfd8", kill_on_drop: false }`
[INFO] running `Command { std: "docker" "inspect" "978113a1080b42bbd5e9135e7c8c7d3924e170128eb534e51c07ca928e55bfd8", kill_on_drop: false }`
[INFO] running `Command { std: "docker" "exec" "-e" "SOURCE_DIR=/opt/rustwide/workdir" "-e" "CARGO_HOME=/opt/rustwide/cargo-home" "-e" "RUSTUP_HOME=/opt/rustwide/rustup-home" "-e" "CARGO_TARGET_DIR=/opt/rustwide/target" "-w" "/opt/rustwide/workdir" "--user" "0:0" "978113a1080b42bbd5e9135e7c8c7d3924e170128eb534e51c07ca928e55bfd8" "/opt/rustwide/cargo-home/bin/cargo" "+1.99.0-beta.8" "metadata" "--no-deps" "--format-version=1", kill_on_drop: false }`
[INFO] running `Command { std: "docker" "inspect" "978113a1080b42bbd5e9135e7c8c7d3924e170128eb534e51c07ca928e55bfd8", kill_on_drop: false }`
[INFO] running `Command { std: "docker" "exec" "-e" "SOURCE_DIR=/opt/rustwide/workdir" "-e" "CARGO_HOME=/opt/rustwide/cargo-home" "-e" "RUSTUP_HOME=/opt/rustwide/rustup-home" "-e" "CARGO_TARGET_DIR=/opt/rustwide/target" "-e" "CARGO_INCREMENTAL=0" "-e" "RUST_BACKTRACE=full" "-e" "RUSTFLAGS=--cap-lints=warn" "-e" "RUSTDOCFLAGS=--cap-lints=warn" "-w" "/opt/rustwide/workdir" "--user" "0:0" "978113a1080b42bbd5e9135e7c8c7d3924e170128eb534e51c07ca928e55bfd8" "/opt/rustwide/cargo-home/bin/cargo" "+1.99.0-beta.8" "build" "--frozen" "--message-format=json" "--release", kill_on_drop: false }`
[INFO] [stderr]    Compiling quote v1.0.44
[INFO] [stderr]    Compiling libc v0.2.182
[INFO] [stderr]    Compiling serde_core v1.0.228
[INFO] [stderr]    Compiling itoa v1.0.17
[INFO] [stderr]    Compiling serde v1.0.228
[INFO] [stderr]    Compiling serde_json v1.0.149
[INFO] [stderr]    Compiling zmij v1.0.21
[INFO] [stderr]    Compiling tracing-core v0.1.36
[INFO] [stderr]    Compiling futures-sink v0.3.32
[INFO] [stderr]    Compiling num-traits v0.2.19
[INFO] [stderr]    Compiling getrandom v0.4.1
[INFO] [stderr]    Compiling icu_properties_data v2.1.2
[INFO] [stderr]    Compiling regex-syntax v0.8.9
[INFO] [stderr]    Compiling slab v0.4.12
[INFO] [stderr]    Compiling futures-io v0.3.32
[INFO] [stderr]    Compiling lazy_static v1.5.0
[INFO] [stderr]    Compiling instant v0.1.13
[INFO] [stderr]    Compiling schemars v0.8.22
[INFO] [stderr]    Compiling http v1.4.0
[INFO] [stderr]    Compiling ref-cast v1.0.25
[INFO] [stderr]    Compiling ahash v0.8.12
[INFO] [stderr]    Compiling notify-types v1.0.1
[INFO] [stderr]    Compiling futures-channel v0.3.32
[INFO] [stderr]    Compiling futures-util v0.3.32
[INFO] [stderr]    Compiling sync_wrapper v1.0.2
[INFO] [stderr]    Compiling doctest-file v1.0.0
[INFO] [stderr]    Compiling clap_lex v1.0.0
[INFO] [stderr]    Compiling crossbeam-channel v0.5.15
[INFO] [stderr]    Compiling sharded-slab v0.1.7
[INFO] [stderr]    Compiling thread_local v1.1.9
[INFO] [stderr]    Compiling ucd-trie v0.1.7
[INFO] [stderr]    Compiling thiserror v2.0.18
[INFO] [stderr]    Compiling bit-vec v0.8.0
[INFO] [stderr]    Compiling tracing-log v0.2.0
[INFO] [stderr]    Compiling clap_builder v4.5.60
[INFO] [stderr]    Compiling syn v2.0.117
[INFO] [stderr]    Compiling agent_pool_cli v0.2.0 (/opt/rustwide/workdir/crates/agent_pool_cli)
[INFO] [stderr]    Compiling iri-string v0.7.10
[INFO] [stderr]    Compiling borrow-or-share v0.2.4
[INFO] [stderr]    Compiling bitflags v2.11.0
[INFO] [stderr]    Compiling nu-ansi-term v0.50.3
[INFO] [stderr]    Compiling pest v2.8.6
[INFO] [stderr]    Compiling bit-set v0.8.0
[INFO] [stderr]    Compiling vsimd v0.8.0
[INFO] [stderr]    Compiling outref v0.5.2
[INFO] [stderr]    Compiling num-cmp v0.1.0
[INFO] [stderr]    Compiling bytecount v0.6.9
[INFO] [stderr]    Compiling num-integer v0.1.46
[INFO] [stderr]    Compiling http-body v1.0.1
[INFO] [stderr]    Compiling num-complex v0.4.6
[INFO] [stderr]    Compiling http-body-util v0.1.3
[INFO] [stderr]    Compiling num-bigint v0.4.6
[INFO] [stderr]    Compiling num-iter v0.1.45
[INFO] [stderr]    Compiling gsd_cli v0.2.0 (/opt/rustwide/workdir/crates/gsd_cli)
[INFO] [stderr]    Compiling regex-automata v0.4.14
[INFO] [stderr]    Compiling pest_meta v2.8.6
[INFO] [stderr]    Compiling mio v1.1.1
[INFO] [stderr]    Compiling parking_lot_core v0.9.12
[INFO] [stderr]    Compiling errno v0.3.14
[INFO] [stderr]    Compiling socket2 v0.6.2
[INFO] [stderr]    Compiling inotify-sys v0.1.5
[INFO] [stderr]    Compiling signal-hook-registry v1.4.8
[INFO] [stderr]    Compiling uuid v1.21.0
[INFO] [stderr]    Compiling inotify v0.10.2
[INFO] [stderr]    Compiling parking_lot v0.12.5
[INFO] [stderr]    Compiling filetime v0.2.27
[INFO] [stderr]    Compiling interprocess v2.3.1
[INFO] [stderr]    Compiling notify v7.0.0
[INFO] [stderr]    Compiling getrandom v0.3.4
[INFO] [stderr]    Compiling uuid-simd v0.8.0
[INFO] [stderr]    Compiling synstructure v0.13.2
[INFO] [stderr]    Compiling serde_derive_internals v0.29.1
[INFO] [stderr]    Compiling num-rational v0.4.2
[INFO] [stderr]    Compiling pest_generator v2.8.6
[INFO] [stderr]    Compiling cli_invoker v0.2.0 (/opt/rustwide/workdir/crates/cli_invoker)
[INFO] [stderr]    Compiling num v0.4.3
[INFO] [stderr]    Compiling fraction v0.15.3
[INFO] [stderr]    Compiling serde_derive v1.0.228
[INFO] [stderr]    Compiling zerofrom-derive v0.1.6
[INFO] [stderr]    Compiling yoke-derive v0.8.1
[INFO] [stderr]    Compiling zerovec-derive v0.11.2
[INFO] [stderr]    Compiling displaydoc v0.2.5
[INFO] [stderr]    Compiling tracing-attributes v0.1.31
[INFO] [stderr]    Compiling tokio-macros v2.6.0
[INFO] [stderr]    Compiling ref-cast-impl v1.0.25
[INFO] [stderr]    Compiling schemars_derive v0.8.22
[INFO] [stderr]    Compiling clap_derive v4.5.55
[INFO] [stderr]    Compiling thiserror-impl v2.0.18
[INFO] [stderr]    Compiling pest_derive v2.8.6
[INFO] [stderr]    Compiling task_queue_macro v0.2.0 (/opt/rustwide/workdir/crates/task_queue_macro)
[INFO] [stderr]    Compiling tokio v1.49.0
[INFO] [stderr]    Compiling zerofrom v0.1.6
[INFO] [stderr]    Compiling yoke v0.8.1
[INFO] [stderr]    Compiling zerovec v0.11.5
[INFO] [stderr]    Compiling zerotrie v0.2.3
[INFO] [stderr]    Compiling matchers v0.2.0
[INFO] [stderr]    Compiling tracing v0.1.44
[INFO] [stderr]    Compiling fancy-regex v0.14.0
[INFO] [stderr]    Compiling tracing-subscriber v0.3.22
[INFO] [stderr]    Compiling tinystr v0.8.2
[INFO] [stderr]    Compiling potential_utf v0.1.4
[INFO] [stderr]    Compiling clap v4.5.60
[INFO] [stderr]    Compiling icu_collections v2.1.1
[INFO] [stderr]    Compiling icu_locale_core v2.1.1
[INFO] [stderr]    Compiling icu_provider v2.1.1
[INFO] [stderr]    Compiling icu_properties v2.1.2
[INFO] [stderr]    Compiling icu_normalizer v2.1.1
[INFO] [stderr]    Compiling serde_urlencoded v0.7.1
[INFO] [stderr]    Compiling fluent-uri v0.3.2
[INFO] [stderr]    Compiling agent_pool v0.2.0 (/opt/rustwide/workdir/crates/agent_pool)
[INFO] [stderr]    Compiling email_address v0.2.9
[INFO] [stderr]    Compiling json5 v0.4.1
[INFO] [stderr]    Compiling idna_adapter v1.2.1
[INFO] [stderr]    Compiling idna v1.1.0
[INFO] [stderr]    Compiling referencing v0.29.1
[INFO] [stderr]    Compiling url v2.5.8
[INFO] [stderr]    Compiling string_id v0.2.0 (/opt/rustwide/workdir/crates/string_id)
[INFO] [stderr]    Compiling gsd_types v0.2.0 (/opt/rustwide/workdir/crates/gsd_types)
[INFO] [stderr]    Compiling gsd_state v0.2.0 (/opt/rustwide/workdir/crates/gsd_state)
[INFO] [stderr]    Compiling tower v0.5.3
[INFO] [stderr]    Compiling hyper v1.8.1
[INFO] [stderr]    Compiling task_queue v0.2.0 (/opt/rustwide/workdir/crates/task_queue)
[INFO] [stderr]    Compiling tower-http v0.6.8
[INFO] [stderr]    Compiling hyper-util v0.1.20
[INFO] [stderr]    Compiling reqwest v0.12.28
[INFO] [stderr]    Compiling jsonschema v0.29.1
[INFO] [stderr]    Compiling gsd_config v0.2.0 (/opt/rustwide/workdir/crates/gsd_config)
[INFO] [stderr]     Finished `release` profile [optimized] target(s) in 1m 34s
[INFO] running `Command { std: "docker" "inspect" "978113a1080b42bbd5e9135e7c8c7d3924e170128eb534e51c07ca928e55bfd8", kill_on_drop: false }`
[INFO] running `Command { std: "docker" "exec" "-e" "SOURCE_DIR=/opt/rustwide/workdir" "-e" "CARGO_HOME=/opt/rustwide/cargo-home" "-e" "RUSTUP_HOME=/opt/rustwide/rustup-home" "-e" "CARGO_TARGET_DIR=/opt/rustwide/target" "-e" "CARGO_INCREMENTAL=0" "-e" "RUST_BACKTRACE=full" "-e" "RUSTFLAGS=--cap-lints=warn" "-e" "RUSTDOCFLAGS=--cap-lints=warn" "-w" "/opt/rustwide/workdir" "--user" "0:0" "978113a1080b42bbd5e9135e7c8c7d3924e170128eb534e51c07ca928e55bfd8" "/opt/rustwide/cargo-home/bin/cargo" "+1.99.0-beta.8" "test" "--frozen" "--no-run" "--message-format=json" "--release", kill_on_drop: false }`
[INFO] [stderr]    Compiling futures-macro v0.3.32
[INFO] [stderr]    Compiling semver v1.0.27
[INFO] [stderr]    Compiling winnow v0.7.14
[INFO] [stderr]    Compiling indexmap v2.13.0
[INFO] [stderr]    Compiling aho-corasick v1.1.4
[INFO] [stderr]    Compiling regex-syntax v0.8.9
[INFO] [stderr]    Compiling toml_datetime v0.7.5+spec-1.1.0
[INFO] [stderr]    Compiling glob v0.3.3
[INFO] [stderr]    Compiling relative-path v1.9.3
[INFO] [stderr]    Compiling bitflags v2.11.0
[INFO] [stderr]    Compiling futures-timer v3.0.3
[INFO] [stderr]    Compiling rustix v1.1.4
[INFO] [stderr]    Compiling agent_pool_cli v0.2.0 (/opt/rustwide/workdir/crates/agent_pool_cli)
[INFO] [stderr]    Compiling gsd_state v0.2.0 (/opt/rustwide/workdir/crates/gsd_state)
[INFO] [stderr]    Compiling gsd_types v0.2.0 (/opt/rustwide/workdir/crates/gsd_types)
[INFO] [stderr]    Compiling string_id v0.2.0 (/opt/rustwide/workdir/crates/string_id)
[INFO] [stderr]    Compiling cli_invoker v0.2.0 (/opt/rustwide/workdir/crates/cli_invoker)
[INFO] [stderr]    Compiling task_queue_macro v0.2.0 (/opt/rustwide/workdir/crates/task_queue_macro)
[INFO] [stderr]    Compiling rustc_version v0.4.1
[INFO] [stderr]    Compiling rstest_macros v0.24.0
[INFO] [stderr]    Compiling futures-util v0.3.32
[INFO] [stderr]    Compiling toml_parser v1.0.9+spec-1.1.0
[INFO] [stderr]    Compiling toml_edit v0.23.10+spec-1.0.0
[INFO] [stderr]    Compiling regex-automata v0.4.14
[INFO] [stderr]    Compiling tower v0.5.3
[INFO] [stderr]    Compiling hyper-util v0.1.20
[INFO] [stderr]    Compiling tempfile v3.25.0
[INFO] [stderr]    Compiling proc-macro-crate v3.4.0
[INFO] [stderr]    Compiling tower-http v0.6.8
[INFO] [stderr]    Compiling reqwest v0.12.28
[INFO] [stderr]    Compiling regex v1.12.3
[INFO] [stderr]    Compiling jsonschema v0.29.1
[INFO] [stderr]    Compiling rstest v0.24.0
[INFO] [stderr]    Compiling task_queue v0.2.0 (/opt/rustwide/workdir/crates/task_queue)
[INFO] [stderr]    Compiling agent_pool v0.2.0 (/opt/rustwide/workdir/crates/agent_pool)
[INFO] [stderr]    Compiling gsd_config v0.2.0 (/opt/rustwide/workdir/crates/gsd_config)
[INFO] [stderr]    Compiling gsd_cli v0.2.0 (/opt/rustwide/workdir/crates/gsd_cli)
[INFO] [stderr]     Finished `release` profile [optimized] target(s) in 1m 09s
[INFO] running `Command { std: "docker" "inspect" "978113a1080b42bbd5e9135e7c8c7d3924e170128eb534e51c07ca928e55bfd8", kill_on_drop: false }`
[INFO] running `Command { std: "docker" "exec" "-e" "SOURCE_DIR=/opt/rustwide/workdir" "-e" "CARGO_HOME=/opt/rustwide/cargo-home" "-e" "RUSTUP_HOME=/opt/rustwide/rustup-home" "-e" "CARGO_TARGET_DIR=/opt/rustwide/target" "-e" "CARGO_INCREMENTAL=0" "-e" "RUST_BACKTRACE=full" "-e" "RUSTFLAGS=--cap-lints=warn" "-e" "RUSTDOCFLAGS=--cap-lints=warn" "-w" "/opt/rustwide/workdir" "--user" "0:0" "978113a1080b42bbd5e9135e7c8c7d3924e170128eb534e51c07ca928e55bfd8" "/opt/rustwide/cargo-home/bin/cargo" "+1.99.0-beta.8" "test" "--frozen" "--release", kill_on_drop: false }`
[INFO] [stderr]     Finished `release` profile [optimized] target(s) in 0.22s
[INFO] [stderr]      Running unittests src/lib.rs (/opt/rustwide/target/release/deps/agent_pool-fe8af765034e568a)
[INFO] [stdout] 
[INFO] [stdout] running 45 tests
[INFO] [stdout] test daemon::core::tests::heartbeat_assigns_to_idle_worker ... ok
[INFO] [stdout] test daemon::core::tests::heartbeat_noop_if_worker_gone ... ok
[INFO] [stdout] test daemon::core::tests::task_dispatches_to_first_idle_worker ... ok
[INFO] [stdout] test daemon::core::tests::heartbeat_noop_if_worker_busy ... ok
[INFO] [stdout] test daemon::core::tests::task_submitted_queues_when_no_workers ... ok
[INFO] [stdout] test daemon::core::tests::worker_ready_dispatches_pending_task ... ok
[INFO] [stdout] test daemon::path_category::tests::different_root_does_not_match ... ok
[INFO] [stdout] test daemon::core::tests::task_submitted_queues_when_all_workers_busy ... ok
[INFO] [stdout] test daemon::core::tests::worker_timeout_removes_and_fails_task ... ok
[INFO] [stdout] test daemon::core::tests::worker_ready_with_no_tasks_waits ... ok
[INFO] [stdout] test daemon::path_category::tests::submission_request_on_file_written ... ok
[INFO] [stdout] test daemon::path_category::tests::sibling_of_agents_not_categorized ... ok
[INFO] [stdout] test daemon::core::tests::worker_responded_noop_for_unknown ... ok
[INFO] [stdout] test daemon::core::tests::worker_responded_completes_and_removes ... ok
[INFO] [stdout] test daemon::path_category::tests::submission_request_uuid_format ... ok
[INFO] [stdout] test daemon::core::tests::worker_timeout_noop_if_already_responded ... ok
[INFO] [stdout] test daemon::core::tests::task_submitted_dispatches_to_idle_worker ... ok
[INFO] [stdout] test daemon::path_category::tests::submission_response_not_categorized ... ok
[INFO] [stdout] test daemon::path_category::tests::worker_ready_on_file_written ... ok
[INFO] [stdout] test daemon::path_category::tests::worker_response_ignored_on_folder_events ... ok
[INFO] [stdout] test daemon::path_category::tests::relative_path_does_not_match_absolute ... ok
[INFO] [stdout] test daemon::path_category::tests::agents_dir_itself_not_categorized ... ok
[INFO] [stdout] test daemon::wiring::tests::daemon_config_converts_to_io_config ... ok
[INFO] [stdout] test daemon::path_category::tests::worker_ready_ignored_on_folder_events ... ok
[INFO] [stdout] test daemon::path_category::tests::submissions_dir_itself_not_categorized ... ok
[INFO] [stdout] test daemon::path_category::tests::unrelated_path ... ok
[INFO] [stdout] test daemon::path_category::tests::unknown_file_in_agents_not_categorized ... ok
[INFO] [stdout] test daemon::path_category::tests::submission_request_ignored_on_folder_events ... ok
[INFO] [stdout] test daemon::path_category::tests::submission_nested_file_not_categorized ... ok
[INFO] [stdout] test daemon::path_category::tests::submission_other_file_not_categorized ... ok
[INFO] [stdout] test daemon::path_category::tests::worker_response_on_file_written ... ok
[INFO] [stdout] test daemon::wiring::tests::register_submission_registers_new_task ... ok
[INFO] [stdout] test daemon::path_category::tests::nested_files_under_agents_not_categorized ... ok
[INFO] [stdout] test daemon::wiring::tests::event_loop_uses_initial_state ... ok
[INFO] [stdout] test daemon::wiring::tests::event_loop_handles_channel_close_gracefully ... ok
[INFO] [stdout] test response::tests::not_processed_serializes_correctly ... ok
[INFO] [stdout] test response::tests::processed_serializes_correctly ... ok
[INFO] [stdout] test daemon::wiring::tests::event_loop_processes_events_and_emits_effects ... ok
[INFO] [stdout] test response::tests::roundtrip_not_processed ... ok
[INFO] [stdout] test submit::file::tests::submissions_dir_constant ... ok
[INFO] [stderr] error: test failed, to rerun pass `-p agent_pool --lib`
[INFO] [stdout] test worker::tests::write_response_creates_file ... FAILED
[INFO] [stdout] test response::tests::roundtrip_processed ... ok
[INFO] [stdout] test verified_watcher::tests::atomic_write_creates_file ... ok
[INFO] [stdout] test verified_watcher::tests::temp_file_cleaned_up ... ok
[INFO] [stdout] test verified_watcher::tests::atomic_write_overwrites_existing ... ok
[INFO] [stdout] 
[INFO] [stdout] failures:
[INFO] [stdout] 
[INFO] [stdout] ---- worker::tests::write_response_creates_file stdout ----
[INFO] [stdout] 
[INFO] [stdout] thread 'worker::tests::write_response_creates_file' (5009) panicked at crates/agent_pool/src/worker.rs:119:34:
[INFO] [stdout] create test dir: Os { code: 30, kind: ReadOnlyFilesystem, message: "Read-only file system" }
[INFO] [stdout] stack backtrace:
[INFO] [stdout]    0:     0x5b0fd63213a1 - <<std[70759c8f55707aa4]::sys::backtrace::BacktraceLock>::print::DisplayBacktrace as core[df12db4294e9bfd3]::fmt::Display>::fmt
[INFO] [stdout]    1:     0x5b0fd63360fa - core[df12db4294e9bfd3]::fmt::write
[INFO] [stdout]    2:     0x5b0fd6325b2c - <alloc[2182bb758b4b3781]::vec::Vec<u8> as core[df12db4294e9bfd3]::io::write::Write>::write_fmt
[INFO] [stdout]    3:     0x5b0fd62fb8a6 - std[70759c8f55707aa4]::panicking::default_hook::{closure#0}
[INFO] [stdout]    4:     0x5b0fd63187c9 - std[70759c8f55707aa4]::panicking::default_hook
[INFO] [stdout]    5:     0x5b0fd62af920 - test[9d35eded1c95d3be]::test_main_inner::<test[9d35eded1c95d3be]::test_main_static::{closure#0}>::{closure#0}
[INFO] [stdout]    6:     0x5b0fd6318982 - std[70759c8f55707aa4]::panicking::panic_with_hook
[INFO] [stdout]    7:     0x5b0fd62fb952 - std[70759c8f55707aa4]::panicking::panic_handler::{closure#0}
[INFO] [stdout]    8:     0x5b0fd62f4329 - std[70759c8f55707aa4]::sys::backtrace::__rust_end_short_backtrace::<std[70759c8f55707aa4]::panicking::panic_handler::{closure#0}, !>
[INFO] [stdout]    9:     0x5b0fd62fc63d - __rustc[8fa7c3cbc660c2b3]::rust_begin_unwind
[INFO] [stdout]   10:     0x5b0fd633685c - core[df12db4294e9bfd3]::panicking::panic_fmt
[INFO] [stdout]   11:     0x5b0fd6336632 - core[df12db4294e9bfd3]::result::unwrap_failed
[INFO] [stdout]   12:     0x5b0fd628eefa - <agent_pool[ae6398021bba0502]::worker::tests::write_response_creates_file::{closure#0} as core[df12db4294e9bfd3]::ops::function::FnOnce<()>>::call_once
[INFO] [stdout]   13:     0x5b0fd62a2c0b - test[9d35eded1c95d3be]::__rust_begin_short_backtrace::<core[df12db4294e9bfd3]::result::Result<(), alloc[2182bb758b4b3781]::string::String>, fn() -> core[df12db4294e9bfd3]::result::Result<(), alloc[2182bb758b4b3781]::string::String>>
[INFO] [stdout]   14:     0x5b0fd62b0275 - test[9d35eded1c95d3be]::run_test::{closure#0}
[INFO] [stdout]   15:     0x5b0fd62a9b34 - std[70759c8f55707aa4]::sys::backtrace::__rust_begin_short_backtrace::<test[9d35eded1c95d3be]::run_test::{closure#1}, ()>
[INFO] [stdout]   16:     0x5b0fd62b33d2 - <std[70759c8f55707aa4]::thread::lifecycle::spawn_unchecked<test[9d35eded1c95d3be]::run_test::{closure#1}, ()>::{closure#1} as core[df12db4294e9bfd3]::ops::function::FnOnce<()>>::call_once::{shim:vtable#0}
[INFO] [stdout]   17:     0x5b0fd63206e9 - <std[70759c8f55707aa4]::sys::thread::unix::Thread>::new::thread_start
[INFO] [stdout]   18:     0x7e403b412dfa - <unknown>
[INFO] [stdout]   19:     0x7e403b4a63d4 - clone
[INFO] [stdout]   20:                0x0 - <unknown>
[INFO] [stdout] 
[INFO] [stdout] 
[INFO] [stdout] failures:
[INFO] [stdout]     worker::tests::write_response_creates_file
[INFO] [stdout] 
[INFO] [stdout] test result: FAILED. 44 passed; 1 failed; 0 ignored; 0 measured; 0 filtered out; finished in 0.01s
[INFO] [stdout] 
[INFO] running `Command { std: "docker" "inspect" "978113a1080b42bbd5e9135e7c8c7d3924e170128eb534e51c07ca928e55bfd8", kill_on_drop: false }`
[INFO] running `Command { std: "docker" "rm" "-f" "978113a1080b42bbd5e9135e7c8c7d3924e170128eb534e51c07ca928e55bfd8", kill_on_drop: false }`
[INFO] [stdout] 978113a1080b42bbd5e9135e7c8c7d3924e170128eb534e51c07ca928e55bfd8
