[INFO] cloning repository https://github.com/grumlimited/kinesis-tailr
[INFO] running `Command { std: "git" "-c" "credential.helper=" "-c" "credential.helper=/workspace/cargo-home/bin/git-credential-null" "clone" "--bare" "https://github.com/grumlimited/kinesis-tailr" "/workspace/cache/git-repos/https%3A%2F%2Fgithub.com%2Fgrumlimited%2Fkinesis-tailr", kill_on_drop: false }`
[INFO] [stderr] Cloning into bare repository '/workspace/cache/git-repos/https%3A%2F%2Fgithub.com%2Fgrumlimited%2Fkinesis-tailr'...
[INFO] running `Command { std: "git" "rev-parse" "HEAD", kill_on_drop: false }`
[INFO] [stdout] 0b7a139ccd03e67b035454fe782fe4b6ffef035a
[INFO] testing grumlimited/kinesis-tailr against 1.100.0-beta.1+cargoflags=--release for beta-release-1.100-2
[INFO] running `Command { std: "git" "clone" "/workspace/cache/git-repos/https%3A%2F%2Fgithub.com%2Fgrumlimited%2Fkinesis-tailr" "/workspace/builds/worker-0-tc2/source", kill_on_drop: false }`
[INFO] [stderr] Cloning into '/workspace/builds/worker-0-tc2/source'...
[INFO] [stderr] done.
[INFO] started tweaking git repo https://github.com/grumlimited/kinesis-tailr
[INFO] finished tweaking git repo https://github.com/grumlimited/kinesis-tailr
[INFO] tweaked toml for git repo https://github.com/grumlimited/kinesis-tailr written to /workspace/builds/worker-0-tc2/source/Cargo.toml
[INFO] validating manifest of git repo https://github.com/grumlimited/kinesis-tailr on toolchain 1.100.0-beta.1
[INFO] running `Command { std: CARGO_HOME="/workspace/cargo-home" RUSTUP_HOME="/workspace/rustup-home" "/workspace/cargo-home/bin/cargo" "+1.100.0-beta.1" "metadata" "--manifest-path" "Cargo.toml" "--no-deps", kill_on_drop: false }`
[INFO] crate git repo https://github.com/grumlimited/kinesis-tailr already has a lockfile, it will not be regenerated
[INFO] running `Command { std: CARGO_HOME="/workspace/cargo-home" RUSTUP_HOME="/workspace/rustup-home" "/workspace/cargo-home/bin/cargo" "+1.100.0-beta.1" "fetch" "--manifest-path" "Cargo.toml", kill_on_drop: false }`
[INFO] [stderr] warning: `package.homepage` is redundant with `package.repository`
[INFO] [stderr]   --> Cargo.toml:41:12
[INFO] [stderr]    |
[INFO] [stderr] 41 | homepage = ""
[INFO] [stderr]    |            ^^
[INFO] [stderr] ...
[INFO] [stderr] 45 | repository = ""
[INFO] [stderr]    |              --
[INFO] [stderr]    |
[INFO] [stderr]    = note: `cargo::redundant_homepage` is set to `warn` by default
[INFO] [stderr] help: consider removing `package.homepage`
[INFO] [stderr] warning: `kinesis-tailr` (manifest) generated 1 warning
[INFO] running `Command { std: "docker" "create" "-v" "/var/lib/crater-agent-workspace/builds/worker-0-tc2/source:/opt/rustwide/workdir:ro,Z" "-v" "/var/lib/crater-agent-workspace/builds/worker-0-tc2/target:/opt/rustwide/target:rw,Z" "-v" "/var/lib/crater-agent-workspace/cargo-home:/opt/rustwide/cargo-home:ro,Z" "-v" "/var/lib/crater-agent-workspace/rustup-home:/opt/rustwide/rustup-home:ro,Z" "-m" "1610612736" "--network" "none" "ghcr.io/rust-lang/crates-build-env/linux@sha256:77db811e55d90add9212f6832c23229e3de5f1c1f9905e8cb07319ea15df73ac" "sleep" "infinity", kill_on_drop: false }`
[INFO] [stdout] bdaa5501cfb7caf55749ea6478b6c8617dcd7565016a6d2f77f4f8384a479017
[INFO] running `Command { std: "docker" "start" "bdaa5501cfb7caf55749ea6478b6c8617dcd7565016a6d2f77f4f8384a479017", kill_on_drop: false }`
[INFO] running `Command { std: "docker" "inspect" "bdaa5501cfb7caf55749ea6478b6c8617dcd7565016a6d2f77f4f8384a479017", kill_on_drop: false }`
[INFO] running `Command { std: "docker" "exec" "-e" "SOURCE_DIR=/opt/rustwide/workdir" "-e" "CARGO_HOME=/opt/rustwide/cargo-home" "-e" "RUSTUP_HOME=/opt/rustwide/rustup-home" "-e" "CARGO_TARGET_DIR=/opt/rustwide/target" "-w" "/opt/rustwide/workdir" "--user" "0:0" "bdaa5501cfb7caf55749ea6478b6c8617dcd7565016a6d2f77f4f8384a479017" "/opt/rustwide/cargo-home/bin/cargo" "+1.100.0-beta.1" "metadata" "--no-deps" "--format-version=1", kill_on_drop: false }`
[INFO] running `Command { std: "docker" "inspect" "bdaa5501cfb7caf55749ea6478b6c8617dcd7565016a6d2f77f4f8384a479017", kill_on_drop: false }`
[INFO] running `Command { std: "docker" "exec" "-e" "SOURCE_DIR=/opt/rustwide/workdir" "-e" "CARGO_HOME=/opt/rustwide/cargo-home" "-e" "RUSTUP_HOME=/opt/rustwide/rustup-home" "-e" "CARGO_TARGET_DIR=/opt/rustwide/target" "-e" "CARGO_INCREMENTAL=0" "-e" "RUST_BACKTRACE=full" "-e" "RUSTFLAGS=--cap-lints=warn" "-e" "RUSTDOCFLAGS=--cap-lints=warn" "-w" "/opt/rustwide/workdir" "--user" "0:0" "bdaa5501cfb7caf55749ea6478b6c8617dcd7565016a6d2f77f4f8384a479017" "/opt/rustwide/cargo-home/bin/cargo" "+1.100.0-beta.1" "build" "--frozen" "--message-format=json" "--release", kill_on_drop: false }`
[INFO] [stderr] warning: `package.homepage` is redundant with `package.repository`
[INFO] [stderr]   --> Cargo.toml:41:12
[INFO] [stderr]    |
[INFO] [stderr] 41 | homepage = ""
[INFO] [stderr]    |            ^^
[INFO] [stderr] ...
[INFO] [stderr] 45 | repository = ""
[INFO] [stderr]    |              --
[INFO] [stderr]    |
[INFO] [stderr]    = note: `cargo::redundant_homepage` is set to `warn` by default
[INFO] [stderr] help: consider removing `package.homepage`
[INFO] [stderr] warning: `kinesis-tailr` (manifest) generated 1 warning
[INFO] [stderr]    Compiling unicode-ident v1.0.19
[INFO] [stderr]    Compiling libc v0.2.175
[INFO] [stderr]    Compiling find-msvc-tools v0.1.2
[INFO] [stderr]    Compiling cfg-if v1.0.3
[INFO] [stderr]    Compiling num-traits v0.2.19
[INFO] [stderr]    Compiling futures-task v0.3.31
[INFO] [stderr]    Compiling outref v0.5.2
[INFO] [stderr]    Compiling vsimd v0.8.0
[INFO] [stderr]    Compiling time-core v0.1.6
[INFO] [stderr]    Compiling deranged v0.5.3
[INFO] [stderr]    Compiling fs_extra v1.3.0
[INFO] [stderr]    Compiling bytes-utils v0.1.4
[INFO] [stderr]    Compiling dunce v1.0.5
[INFO] [stderr]    Compiling proc-macro2 v1.0.101
[INFO] [stderr]    Compiling indexmap v2.11.4
[INFO] [stderr]    Compiling aws-lc-rs v1.14.0
[INFO] [stderr]    Compiling futures-util v0.3.31
[INFO] [stderr]    Compiling rustls v0.23.32
[INFO] [stderr]    Compiling rustls v0.21.12
[INFO] [stderr]    Compiling crc32fast v1.5.0
[INFO] [stderr]    Compiling semver v1.0.27
[INFO] [stderr]    Compiling digest v0.10.7
[INFO] [stderr]    Compiling rustls-native-certs v0.6.3
[INFO] [stderr]    Compiling rustls-native-certs v0.8.1
[INFO] [stderr]    Compiling tower v0.5.2
[INFO] [stderr]    Compiling uuid v1.18.1
[INFO] [stderr]    Compiling memchr v2.7.5
[INFO] [stderr]    Compiling rustc_version v0.4.1
[INFO] [stderr]    Compiling serde_core v1.0.225
[INFO] [stderr]    Compiling base64-simd v0.8.0
[INFO] [stderr]    Compiling quote v1.0.40
[INFO] [stderr]    Compiling hmac v0.12.1
[INFO] [stderr]    Compiling sha2 v0.10.9
[INFO] [stderr]    Compiling syn v2.0.106
[INFO] [stderr]    Compiling aws-types v1.3.8
[INFO] [stderr]    Compiling getrandom v0.3.3
[INFO] [stderr]    Compiling regex-lite v0.1.7
[INFO] [stderr]    Compiling is_terminal_polyfill v1.70.1
[INFO] [stderr]    Compiling serde v1.0.225
[INFO] [stderr]    Compiling regex-syntax v0.8.6
[INFO] [stderr]    Compiling anstyle v1.0.11
[INFO] [stderr]    Compiling jobserver v0.1.34
[INFO] [stderr]    Compiling anstyle-query v1.1.4
[INFO] [stderr]    Compiling aho-corasick v1.1.3
[INFO] [stderr]    Compiling anstream v0.6.20
[INFO] [stderr]    Compiling xmlparser v0.13.6
[INFO] [stderr]    Compiling cc v1.2.38
[INFO] [stderr]    Compiling num-integer v0.1.46
[INFO] [stderr]    Compiling nix v0.30.1
[INFO] [stderr]    Compiling thiserror v2.0.16
[INFO] [stderr]    Compiling mio v1.0.4
[INFO] [stderr]    Compiling signal-hook-registry v1.4.6
[INFO] [stderr]    Compiling socket2 v0.6.0
[INFO] [stderr]    Compiling time v0.3.44
[INFO] [stderr]    Compiling getrandom v0.2.16
[INFO] [stderr]    Compiling socket2 v0.5.10
[INFO] [stderr]    Compiling aws-smithy-xml v0.60.10
[INFO] [stderr]    Compiling rand_core v0.9.3
[INFO] [stderr]    Compiling clap_lex v0.7.5
[INFO] [stderr]    Compiling rand_chacha v0.9.0
[INFO] [stderr]    Compiling clap_builder v4.5.48
[INFO] [stderr]    Compiling bitflags v2.9.4
[INFO] [stderr]    Compiling jiff v0.2.15
[INFO] [stderr]    Compiling iana-time-zone v0.1.64
[INFO] [stderr]    Compiling cmake v0.1.54
[INFO] [stderr]    Compiling regex-automata v0.4.10
[INFO] [stderr]    Compiling chrono v0.4.42
[INFO] [stderr]    Compiling rand v0.9.2
[INFO] [stderr]    Compiling humantime v2.3.0
[INFO] [stderr]    Compiling colored v3.0.0
[INFO] [stderr]    Compiling aws-lc-sys v0.31.0
[INFO] [stderr]    Compiling ring v0.17.14
[INFO] [stderr]    Compiling synstructure v0.13.2
[INFO] [stderr]    Compiling regex v1.11.2
[INFO] [stderr]    Compiling tokio-macros v2.5.0
[INFO] [stderr]    Compiling tracing-attributes v0.1.30
[INFO] [stderr]    Compiling zerofrom-derive v0.1.6
[INFO] [stderr]    Compiling yoke-derive v0.8.0
[INFO] [stderr]    Compiling zerovec-derive v0.11.1
[INFO] [stderr]    Compiling displaydoc v0.2.5
[INFO] [stderr]    Compiling serde_derive v1.0.225
[INFO] [stderr]    Compiling tokio v1.47.1
[INFO] [stderr]    Compiling env_filter v0.1.3
[INFO] [stderr]    Compiling clap_derive v4.5.47
[INFO] [stderr]    Compiling thiserror-impl v2.0.16
[INFO] [stderr]    Compiling env_logger v0.11.8
[INFO] [stderr]    Compiling tracing v0.1.41
[INFO] [stderr]    Compiling async-trait v0.1.89
[INFO] [stderr]    Compiling zerofrom v0.1.6
[INFO] [stderr]    Compiling yoke v0.8.0
[INFO] [stderr]    Compiling zerovec v0.11.4
[INFO] [stderr]    Compiling zerotrie v0.2.2
[INFO] [stderr]    Compiling clap v4.5.48
[INFO] [stderr]    Compiling tinystr v0.8.1
[INFO] [stderr]    Compiling potential_utf v0.1.3
[INFO] [stderr]    Compiling icu_collections v2.0.0
[INFO] [stderr]    Compiling icu_locale_core v2.0.0
[INFO] [stderr]    Compiling icu_provider v2.0.0
[INFO] [stderr]    Compiling icu_properties v2.0.1
[INFO] [stderr]    Compiling icu_normalizer v2.0.0
[INFO] [stderr]    Compiling sct v0.7.1
[INFO] [stderr]    Compiling rustls-webpki v0.101.7
[INFO] [stderr]    Compiling idna_adapter v1.2.1
[INFO] [stderr]    Compiling idna v1.1.0
[INFO] [stderr]    Compiling tokio-util v0.7.16
[INFO] [stderr]    Compiling aws-smithy-async v1.2.5
[INFO] [stderr]    Compiling url v2.5.7
[INFO] [stderr]    Compiling aws-smithy-types v1.3.2
[INFO] [stderr]    Compiling h2 v0.4.12
[INFO] [stderr]    Compiling h2 v0.3.27
[INFO] [stderr]    Compiling aws-smithy-runtime-api v1.9.0
[INFO] [stderr]    Compiling aws-smithy-eventstream v0.60.11
[INFO] [stderr]    Compiling aws-smithy-json v0.61.5
[INFO] [stderr]    Compiling aws-smithy-query v0.60.7
[INFO] [stderr]    Compiling tokio-rustls v0.24.1
[INFO] [stderr]    Compiling aws-smithy-http v0.62.3
[INFO] [stderr]    Compiling aws-credential-types v1.2.6
[INFO] [stderr]    Compiling aws-smithy-observability v0.1.3
[INFO] [stderr]    Compiling aws-sigv4 v1.3.4
[INFO] [stderr]    Compiling hyper v0.14.32
[INFO] [stderr]    Compiling hyper v1.7.0
[INFO] [stderr]    Compiling hyper-util v0.1.17
[INFO] [stderr]    Compiling hyper-rustls v0.24.2
[INFO] [stderr]    Compiling rustls-webpki v0.103.6
[INFO] [stderr]    Compiling tokio-rustls v0.26.3
[INFO] [stderr]    Compiling hyper-rustls v0.27.7
[INFO] [stderr]    Compiling aws-smithy-http-client v1.1.1
[INFO] [stderr]    Compiling aws-smithy-runtime v1.9.2
[INFO] [stderr]    Compiling aws-runtime v1.5.10
[INFO] [stderr]    Compiling aws-sdk-sts v1.86.0
[INFO] [stderr]    Compiling aws-sdk-ssooidc v1.85.0
[INFO] [stderr]    Compiling aws-sdk-sso v1.84.0
[INFO] [stderr]    Compiling aws-sdk-kinesis v1.89.0
[INFO] [stderr]    Compiling aws-config v1.8.6
[INFO] [stderr]    Compiling kinesis-tailr v0.0.1 (/opt/rustwide/workdir)
[INFO] [stderr]     Finished `release` profile [optimized] target(s) in 4m 39s
[INFO] [stderr] warning: the following packages contain code that will be rejected by a future version of Rust: nix v0.30.1
[INFO] [stderr] note: to see what the problems were, use the option `--future-incompat-report`, or run `cargo report future-incompatibilities --id 3`
[INFO] running `Command { std: "docker" "inspect" "bdaa5501cfb7caf55749ea6478b6c8617dcd7565016a6d2f77f4f8384a479017", kill_on_drop: false }`
[INFO] running `Command { std: "docker" "exec" "-e" "SOURCE_DIR=/opt/rustwide/workdir" "-e" "CARGO_HOME=/opt/rustwide/cargo-home" "-e" "RUSTUP_HOME=/opt/rustwide/rustup-home" "-e" "CARGO_TARGET_DIR=/opt/rustwide/target" "-e" "CARGO_INCREMENTAL=0" "-e" "RUST_BACKTRACE=full" "-e" "RUSTFLAGS=--cap-lints=warn" "-e" "RUSTDOCFLAGS=--cap-lints=warn" "-w" "/opt/rustwide/workdir" "--user" "0:0" "bdaa5501cfb7caf55749ea6478b6c8617dcd7565016a6d2f77f4f8384a479017" "/opt/rustwide/cargo-home/bin/cargo" "+1.100.0-beta.1" "test" "--frozen" "--no-run" "--message-format=json" "--release", kill_on_drop: false }`
[INFO] [stderr] warning: `package.homepage` is redundant with `package.repository`
[INFO] [stderr]   --> Cargo.toml:41:12
[INFO] [stderr]    |
[INFO] [stderr] 41 | homepage = ""
[INFO] [stderr]    |            ^^
[INFO] [stderr] ...
[INFO] [stderr] 45 | repository = ""
[INFO] [stderr]    |              --
[INFO] [stderr]    |
[INFO] [stderr]    = note: `cargo::redundant_homepage` is set to `warn` by default
[INFO] [stderr] help: consider removing `package.homepage`
[INFO] [stderr] warning: `kinesis-tailr` (manifest) generated 1 warning
[INFO] [stderr]    Compiling kinesis-tailr v0.0.1 (/opt/rustwide/workdir)
[INFO] [stderr]     Finished `release` profile [optimized] target(s) in 4.13s
[INFO] [stderr] warning: the following packages contain code that will be rejected by a future version of Rust: nix v0.30.1
[INFO] [stderr] note: to see what the problems were, use the option `--future-incompat-report`, or run `cargo report future-incompatibilities --id 3`
[INFO] running `Command { std: "docker" "inspect" "bdaa5501cfb7caf55749ea6478b6c8617dcd7565016a6d2f77f4f8384a479017", kill_on_drop: false }`
[INFO] running `Command { std: "docker" "exec" "-e" "SOURCE_DIR=/opt/rustwide/workdir" "-e" "CARGO_HOME=/opt/rustwide/cargo-home" "-e" "RUSTUP_HOME=/opt/rustwide/rustup-home" "-e" "CARGO_TARGET_DIR=/opt/rustwide/target" "-e" "CARGO_INCREMENTAL=0" "-e" "RUST_BACKTRACE=full" "-e" "RUSTFLAGS=--cap-lints=warn" "-e" "RUSTDOCFLAGS=--cap-lints=warn" "-w" "/opt/rustwide/workdir" "--user" "0:0" "bdaa5501cfb7caf55749ea6478b6c8617dcd7565016a6d2f77f4f8384a479017" "/opt/rustwide/cargo-home/bin/cargo" "+1.100.0-beta.1" "test" "--frozen" "--release", kill_on_drop: false }`
[INFO] [stderr] warning: `package.homepage` is redundant with `package.repository`
[INFO] [stderr]   --> Cargo.toml:41:12
[INFO] [stderr]    |
[INFO] [stderr] 41 | homepage = ""
[INFO] [stderr]    |            ^^
[INFO] [stderr] ...
[INFO] [stderr] 45 | repository = ""
[INFO] [stderr]    |              --
[INFO] [stderr]    |
[INFO] [stderr]    = note: `cargo::redundant_homepage` is set to `warn` by default
[INFO] [stderr] help: consider removing `package.homepage`
[INFO] [stderr] warning: `kinesis-tailr` (manifest) generated 1 warning
[INFO] [stderr]     Finished `release` profile [optimized] target(s) in 0.14s
[INFO] [stderr] warning: the following packages contain code that will be rejected by a future version of Rust: nix v0.30.1
[INFO] [stderr] note: to see what the problems were, use the option `--future-incompat-report`, or run `cargo report future-incompatibilities --id 3`
[INFO] [stderr]      Running unittests src/main.rs (/opt/rustwide/target/release/build/kinesis-tailr/102e41e88bc894d0/out/kinesis_tailr-102e41e88bc894d0)
[INFO] [stdout] 
[INFO] [stdout] running 26 tests
[INFO] [stdout] test cli_helpers::tests::parse_date_test_ok ... ok
[INFO] [stdout] test cli_helpers::tests::selected_shards_ok ... ok
[INFO] [stdout] test cli_helpers::tests::validate_time_boundaries_ok ... ok
[INFO] [stdout] test cli_helpers::tests::validate_time_boundaries_nones ... ok
[INFO] [stdout] test kinesis::tests::has_records_beyond_end_ts_when_has_end_ts ... ok
[INFO] [stdout] test kinesis::tests::handle_iterator_refresh_ok ... ok
[INFO] [stdout] test kinesis::tests::beyond_to_timestamp_is_received ... ok
[INFO] [stderr] 0 message processed
[INFO] [stdout] test kinesis::tests::has_records_beyond_end_ts_when_no_end_ts ... ok
[INFO] [stdout] test kinesis::tests::seed_shards_test ... ok
[INFO] [stderr] 1 message processed
[INFO] [stdout] test kinesis::tests::wait_secs_ok ... ok
[INFO] [stdout] test kinesis::ticker::tests::sort_counts_ok ... ok
[INFO] [stdout] test sink::console_tests::expect_zero_messages_processed ... ok
[INFO] [stdout] test sink::console_tests::format_nb_messages_ok ... ok
[INFO] [stdout] test sink::console_tests::format_outputs ... ok
[INFO] [stdout] test sink::console_tests::expect_split ... ok
[INFO] [stdout] test sink::console_tests::format_outputs_utf8 ... ok
[INFO] [stderr] 0 message processed
[INFO] [stdout] test cli_helpers::tests::parse_date_test_fail - should panic ... ok
[INFO] [stdout] test sink::console_tests::format_outputs_raw ... ok
[INFO] [stdout] test sink::console_tests::format_outputs_base64 ... ok
[INFO] [stdout] test cli_helpers::tests::validate_time_boundaries_from_is_after_to ... ok
[INFO] [stdout] test cli_helpers::tests::selected_shards_panic - should panic ... ok
[INFO] [stdout] test sink::console_tests::sending_beyondtotimestamp_should_terminate_sink ... ok
[INFO] [stdout] test kinesis::tests::produced_record_is_processed ... ok
[INFO] [stdout] test kinesis::tests::seed_shards_test_timestamp_in_future - should panic ... ok
[INFO] [stdout] test sink::file_tests::file_sink_ok ... FAILED
[INFO] [stdout] test kinesis::ticker::tests::check_time_out_1_second ... ok
[INFO] [stdout] 
[INFO] [stdout] failures:
[INFO] [stdout] 
[INFO] [stdout] ---- sink::file_tests::file_sink_ok stdout ----
[INFO] [stdout] 
[INFO] [stdout] thread 'sink::file_tests::file_sink_ok' (4189) panicked at src/sink/file_tests.rs:43:44:
[INFO] [stdout] called `Result::unwrap()` on an `Err` value: Could not write to file test.txt
[INFO] [stdout] 
[INFO] [stdout] Stack backtrace:
[INFO] [stdout]    0: <anyhow::Error as core::convert::From<core::io::error::Error>>::from
[INFO] [stdout]    1: <kinesis_tailr::sink::file::FileSink as kinesis_tailr::sink::Sink<kinesis_tailr::sink::file::FileSink, std::fs::File>>::run::{closure#0}
[INFO] [stdout]    2: kinesis_tailr::sink::file_tests::file_sink_ok::{closure#0}
[INFO] [stdout]    3: <tokio::runtime::scheduler::current_thread::Context>::enter::<core::task::poll::Poll<()>, <tokio::runtime::scheduler::current_thread::CoreGuard>::block_on<core::pin::Pin<&mut core::pin::Pin<&mut dyn core::future::future::Future<Output = ()>>>>::{closure#0}::{closure#0}>
[INFO] [stdout]    4: <tokio::runtime::context::scoped::Scoped<tokio::runtime::scheduler::Context>>::set::<<tokio::runtime::scheduler::current_thread::CoreGuard>::enter<<tokio::runtime::scheduler::current_thread::CoreGuard>::block_on<core::pin::Pin<&mut core::pin::Pin<&mut dyn core::future::future::Future<Output = ()>>>>::{closure#0}, core::option::Option<()>>::{closure#0}, (alloc::boxed::Box<tokio::runtime::scheduler::current_thread::Core>, core::option::Option<()>)>
[INFO] [stdout]    5: <tokio::runtime::runtime::Runtime>::block_on::<core::pin::Pin<&mut dyn core::future::future::Future<Output = ()>>>
[INFO] [stdout]    6: <kinesis_tailr::sink::file_tests::file_sink_ok::{closure#0} as core::ops::function::FnOnce<()>>::call_once
[INFO] [stdout]    7: test::__rust_begin_short_backtrace::<core::result::Result<(), alloc::string::String>, fn() -> core::result::Result<(), alloc::string::String>>
[INFO] [stdout]    8: test::run_test::{closure#0}
[INFO] [stdout]    9: std::sys::backtrace::__rust_begin_short_backtrace::<test::run_test::{closure#1}, ()>
[INFO] [stdout]   10: <std::thread::lifecycle::spawn_unchecked<test::run_test::{closure#1}, ()>::{closure#1} as core::ops::function::FnOnce<()>>::call_once::{shim:vtable#0}
[INFO] [stdout]   11: <std::sys::thread::unix::Thread>::new::thread_start
[INFO] [stdout]   12: <unknown>
[INFO] [stdout]   13: clone
[INFO] [stdout] stack backtrace:
[INFO] [stdout]    0:     0x5d3f57064821 - <<std[617be2ca0a6fd877]::sys::backtrace::BacktraceLock>::print::DisplayBacktrace as core[a373ad73a504971]::fmt::Display>::fmt
[INFO] [stdout]    1:     0x5d3f57079e0a - core[a373ad73a504971]::fmt::write
[INFO] [stdout]    2:     0x5d3f570690fc - <alloc[2e1b2a31b91974c5]::vec::Vec<u8> as core[a373ad73a504971]::io::write::Write>::write_fmt
[INFO] [stdout]    3:     0x5d3f5703fbe6 - std[617be2ca0a6fd877]::panicking::default_hook::{closure#0}
[INFO] [stdout]    4:     0x5d3f5705c909 - std[617be2ca0a6fd877]::panicking::default_hook
[INFO] [stdout]    5:     0x5d3f56fc7c00 - test[aada8e7e76ba119b]::test_main_inner::{closure#0}
[INFO] [stdout]    6:     0x5d3f5705cc32 - std[617be2ca0a6fd877]::panicking::panic_with_hook
[INFO] [stdout]    7:     0x5d3f5703fc92 - std[617be2ca0a6fd877]::panicking::panic_handler::{closure#0}
[INFO] [stdout]    8:     0x5d3f57038289 - std[617be2ca0a6fd877]::sys::backtrace::__rust_end_short_backtrace::<std[617be2ca0a6fd877]::panicking::panic_handler::{closure#0}, !>
[INFO] [stdout]    9:     0x5d3f570409ad - __rustc[ea4f61d10b84890b]::rust_begin_unwind
[INFO] [stdout]   10:     0x5d3f5707a56c - core[a373ad73a504971]::panicking::panic_fmt
[INFO] [stdout]   11:     0x5d3f5707a342 - core[a373ad73a504971]::result::unwrap_failed
[INFO] [stdout]   12:     0x5d3f56fa1176 - kinesis_tailr[f5f16506e4199053]::sink::file_tests::file_sink_ok::{closure#0}
[INFO] [stdout]   13:     0x5d3f56f84703 - <tokio[cfb2bcc278dea593]::runtime::scheduler::current_thread::Context>::enter::<core[a373ad73a504971]::task::poll::Poll<()>, <tokio[cfb2bcc278dea593]::runtime::scheduler::current_thread::CoreGuard>::block_on<core[a373ad73a504971]::pin::Pin<&mut core[a373ad73a504971]::pin::Pin<&mut dyn core[a373ad73a504971]::future::future::Future<Output = ()>>>>::{closure#0}::{closure#0}>
[INFO] [stdout]   14:     0x5d3f56f894ac - <tokio[cfb2bcc278dea593]::runtime::context::scoped::Scoped<tokio[cfb2bcc278dea593]::runtime::scheduler::Context>>::set::<<tokio[cfb2bcc278dea593]::runtime::scheduler::current_thread::CoreGuard>::enter<<tokio[cfb2bcc278dea593]::runtime::scheduler::current_thread::CoreGuard>::block_on<core[a373ad73a504971]::pin::Pin<&mut core[a373ad73a504971]::pin::Pin<&mut dyn core[a373ad73a504971]::future::future::Future<Output = ()>>>>::{closure#0}, core[a373ad73a504971]::option::Option<()>>::{closure#0}, (alloc[2e1b2a31b91974c5]::boxed::Box<tokio[cfb2bcc278dea593]::runtime::scheduler::current_thread::Core>, core[a373ad73a504971]::option::Option<()>)>
[INFO] [stdout]   15:     0x5d3f56f84334 - <tokio[cfb2bcc278dea593]::runtime::runtime::Runtime>::block_on::<core[a373ad73a504971]::pin::Pin<&mut dyn core[a373ad73a504971]::future::future::Future<Output = ()>>>
[INFO] [stdout]   16:     0x5d3f56fa1eae - <kinesis_tailr[f5f16506e4199053]::sink::file_tests::file_sink_ok::{closure#0} as core[a373ad73a504971]::ops::function::FnOnce<()>>::call_once
[INFO] [stdout]   17:     0x5d3f56fbb04b - test[aada8e7e76ba119b]::__rust_begin_short_backtrace::<core[a373ad73a504971]::result::Result<(), alloc[2e1b2a31b91974c5]::string::String>, fn() -> core[a373ad73a504971]::result::Result<(), alloc[2e1b2a31b91974c5]::string::String>>
[INFO] [stdout]   18:     0x5d3f56fc8225 - test[aada8e7e76ba119b]::run_test::{closure#0}
[INFO] [stdout]   19:     0x5d3f56fc1b14 - std[617be2ca0a6fd877]::sys::backtrace::__rust_begin_short_backtrace::<test[aada8e7e76ba119b]::run_test::{closure#1}, ()>
[INFO] [stdout]   20:     0x5d3f56fcb2b2 - <std[617be2ca0a6fd877]::thread::lifecycle::spawn_unchecked<test[aada8e7e76ba119b]::run_test::{closure#1}, ()>::{closure#1} as core[a373ad73a504971]::ops::function::FnOnce<()>>::call_once::{shim:vtable#0}
[INFO] [stdout]   21:     0x5d3f57063d0f - <std[617be2ca0a6fd877]::sys::thread::unix::Thread>::new::thread_start
[INFO] [stdout]   22:     0x78bdd0da8dfa - <unknown>
[INFO] [stdout]   23:     0x78bdd0e3c3d4 - clone
[INFO] [stdout]   24:                0x0 - <unknown>
[INFO] [stdout] 
[INFO] [stdout] 
[INFO] [stdout] failures:
[INFO] [stdout]     sink::file_tests::file_sink_ok
[INFO] [stdout] 
[INFO] [stdout] test result: FAILED. 25 passed; 1 failed; 0 ignored; 0 measured; 0 filtered out; finished in 1.01s
[INFO] [stdout] 
[INFO] [stderr] error: test failed, to rerun pass `--bin kinesis-tailr`
[INFO] running `Command { std: "docker" "inspect" "bdaa5501cfb7caf55749ea6478b6c8617dcd7565016a6d2f77f4f8384a479017", kill_on_drop: false }`
[INFO] running `Command { std: "docker" "rm" "-f" "bdaa5501cfb7caf55749ea6478b6c8617dcd7565016a6d2f77f4f8384a479017", kill_on_drop: false }`
[INFO] [stdout] bdaa5501cfb7caf55749ea6478b6c8617dcd7565016a6d2f77f4f8384a479017
