[INFO] cloning repository https://github.com/greenhat616/boa-module-fetch
[INFO] running `Command { std: "git" "-c" "credential.helper=" "-c" "credential.helper=/workspace/cargo-home/bin/git-credential-null" "clone" "--bare" "https://github.com/greenhat616/boa-module-fetch" "/workspace/cache/git-repos/https%3A%2F%2Fgithub.com%2Fgreenhat616%2Fboa-module-fetch", kill_on_drop: false }`
[INFO] [stderr] Cloning into bare repository '/workspace/cache/git-repos/https%3A%2F%2Fgithub.com%2Fgreenhat616%2Fboa-module-fetch'...
[INFO] running `Command { std: "git" "rev-parse" "HEAD", kill_on_drop: false }`
[INFO] [stdout] 141c5c8eee1be708c78bf97c085995b90424c346
[INFO] testing greenhat616/boa-module-fetch against 1.99.0-beta.8+cargoflags=--release for beta-release-1.100-2
[INFO] running `Command { std: "git" "clone" "/workspace/cache/git-repos/https%3A%2F%2Fgithub.com%2Fgreenhat616%2Fboa-module-fetch" "/workspace/builds/worker-4-tc1/source", kill_on_drop: false }`
[INFO] [stderr] Cloning into '/workspace/builds/worker-4-tc1/source'...
[INFO] [stderr] done.
[INFO] started tweaking git repo https://github.com/greenhat616/boa-module-fetch
[INFO] finished tweaking git repo https://github.com/greenhat616/boa-module-fetch
[INFO] tweaked toml for git repo https://github.com/greenhat616/boa-module-fetch written to /workspace/builds/worker-4-tc1/source/Cargo.toml
[INFO] validating manifest of git repo https://github.com/greenhat616/boa-module-fetch on toolchain 1.99.0-beta.8
[INFO] running `Command { std: CARGO_HOME="/workspace/cargo-home" RUSTUP_HOME="/workspace/rustup-home" "/workspace/cargo-home/bin/cargo" "+1.99.0-beta.8" "metadata" "--manifest-path" "Cargo.toml" "--no-deps", kill_on_drop: false }`
[INFO] crate git repo https://github.com/greenhat616/boa-module-fetch already has a lockfile, it will not be regenerated
[INFO] running `Command { std: CARGO_HOME="/workspace/cargo-home" RUSTUP_HOME="/workspace/rustup-home" "/workspace/cargo-home/bin/cargo" "+1.99.0-beta.8" "fetch" "--manifest-path" "Cargo.toml", kill_on_drop: false }`
[INFO] [stderr]     Updating crates.io index
[INFO] [stderr]  Downloading crates ...
[INFO] [stderr]   Downloaded sluice v0.5.5
[INFO] [stderr]   Downloaded async-fs v2.1.2
[INFO] [stderr]   Downloaded pin-project v1.1.9
[INFO] [stderr]   Downloaded boa_macros v0.20.0
[INFO] [stderr]   Downloaded pin-project-internal v1.1.9
[INFO] [stderr]   Downloaded castaway v0.1.2
[INFO] [stderr]   Downloaded boa_profiler v0.20.0
[INFO] [stderr]   Downloaded boa_interner v0.20.0
[INFO] [stderr]   Downloaded boa_gc v0.20.0
[INFO] [stderr]   Downloaded thin-vec v0.2.13
[INFO] [stderr]   Downloaded boa_string v0.20.0
[INFO] [stderr]   Downloaded either v1.14.0
[INFO] [stderr]   Downloaded bytemuck_derive v1.8.1
[INFO] [stderr]   Downloaded intrusive-collections v0.9.7
[INFO] [stderr]   Downloaded boa_ast v0.20.0
[INFO] [stderr]   Downloaded bytemuck v1.21.0
[INFO] [stderr]   Downloaded curl v0.4.47
[INFO] [stderr]   Downloaded isahc v1.7.2
[INFO] [stderr]   Downloaded boa_parser v0.20.0
[INFO] [stderr]   Downloaded serde_json v1.0.139
[INFO] [stderr]   Downloaded winnow v0.7.3
[INFO] [stderr]   Downloaded regress v0.10.3
[INFO] [stderr]   Downloaded boa_engine v0.20.0
[INFO] [stderr]   Downloaded libz-sys v1.1.21
[INFO] [stderr]   Downloaded curl-sys v0.4.80+curl-8.12.1
[INFO] running `Command { std: "docker" "create" "-v" "/var/lib/crater-agent-workspace/builds/worker-4-tc1/source:/opt/rustwide/workdir:ro,Z" "-v" "/var/lib/crater-agent-workspace/builds/worker-4-tc1/target:/opt/rustwide/target:rw,Z" "-v" "/var/lib/crater-agent-workspace/cargo-home:/opt/rustwide/cargo-home:ro,Z" "-v" "/var/lib/crater-agent-workspace/rustup-home:/opt/rustwide/rustup-home:ro,Z" "-m" "1610612736" "--network" "none" "ghcr.io/rust-lang/crates-build-env/linux@sha256:77db811e55d90add9212f6832c23229e3de5f1c1f9905e8cb07319ea15df73ac" "sleep" "infinity", kill_on_drop: false }`
[INFO] [stdout] 5b460b72ad4f2b5fe52aefb6e1f5e2d48438e4bda61768024b57058417541763
[INFO] running `Command { std: "docker" "start" "5b460b72ad4f2b5fe52aefb6e1f5e2d48438e4bda61768024b57058417541763", kill_on_drop: false }`
[INFO] running `Command { std: "docker" "inspect" "5b460b72ad4f2b5fe52aefb6e1f5e2d48438e4bda61768024b57058417541763", kill_on_drop: false }`
[INFO] running `Command { std: "docker" "exec" "-e" "SOURCE_DIR=/opt/rustwide/workdir" "-e" "CARGO_HOME=/opt/rustwide/cargo-home" "-e" "RUSTUP_HOME=/opt/rustwide/rustup-home" "-e" "CARGO_TARGET_DIR=/opt/rustwide/target" "-w" "/opt/rustwide/workdir" "--user" "0:0" "5b460b72ad4f2b5fe52aefb6e1f5e2d48438e4bda61768024b57058417541763" "/opt/rustwide/cargo-home/bin/cargo" "+1.99.0-beta.8" "metadata" "--no-deps" "--format-version=1", kill_on_drop: false }`
[INFO] running `Command { std: "docker" "inspect" "5b460b72ad4f2b5fe52aefb6e1f5e2d48438e4bda61768024b57058417541763", kill_on_drop: false }`
[INFO] running `Command { std: "docker" "exec" "-e" "SOURCE_DIR=/opt/rustwide/workdir" "-e" "CARGO_HOME=/opt/rustwide/cargo-home" "-e" "RUSTUP_HOME=/opt/rustwide/rustup-home" "-e" "CARGO_TARGET_DIR=/opt/rustwide/target" "-e" "CARGO_INCREMENTAL=0" "-e" "RUST_BACKTRACE=full" "-e" "RUSTFLAGS=--cap-lints=warn" "-e" "RUSTDOCFLAGS=--cap-lints=warn" "-w" "/opt/rustwide/workdir" "--user" "0:0" "5b460b72ad4f2b5fe52aefb6e1f5e2d48438e4bda61768024b57058417541763" "/opt/rustwide/cargo-home/bin/cargo" "+1.99.0-beta.8" "build" "--frozen" "--message-format=json" "--release", kill_on_drop: false }`
[INFO] [stderr]    Compiling proc-macro2 v1.0.93
[INFO] [stderr]    Compiling unicode-ident v1.0.17
[INFO] [stderr]    Compiling libc v0.2.170
[INFO] [stderr]    Compiling crossbeam-utils v0.8.21
[INFO] [stderr]    Compiling once_cell v1.20.3
[INFO] [stderr]    Compiling parking v2.2.1
[INFO] [stderr]    Compiling cc v1.2.16
[INFO] [stderr]    Compiling fastrand v2.3.0
[INFO] [stderr]    Compiling bitflags v2.9.0
[INFO] [stderr]    Compiling rustix v0.38.44
[INFO] [stderr]    Compiling foldhash v0.1.4
[INFO] [stderr]    Compiling smallvec v1.14.0
[INFO] [stderr]    Compiling siphasher v1.0.1
[INFO] [stderr]    Compiling num-traits v0.2.19
[INFO] [stderr]    Compiling linux-raw-sys v0.4.15
[INFO] [stderr]    Compiling serde v1.0.218
[INFO] [stderr]    Compiling async-task v4.7.1
[INFO] [stderr]    Compiling hashbrown v0.15.2
[INFO] [stderr]    Compiling phf_shared v0.11.3
[INFO] [stderr]    Compiling static_assertions v1.1.0
[INFO] [stderr]    Compiling sptr v0.3.2
[INFO] [stderr]    Compiling phf_generator v0.11.3
[INFO] [stderr]    Compiling rustc-hash v2.1.1
[INFO] [stderr]    Compiling fast-float2 v0.2.3
[INFO] [stderr]    Compiling indexmap v2.7.1
[INFO] [stderr]    Compiling thin-vec v0.2.13
[INFO] [stderr]    Compiling byteorder v1.5.0
[INFO] [stderr]    Compiling tracing-core v0.1.33
[INFO] [stderr]    Compiling futures-lite v2.6.0
[INFO] [stderr]    Compiling boa_string v0.20.0
[INFO] [stderr]    Compiling itoa v1.0.14
[INFO] [stderr]    Compiling toml_datetime v0.6.8
[INFO] [stderr]    Compiling boa_profiler v0.20.0
[INFO] [stderr]    Compiling winnow v0.7.3
[INFO] [stderr]    Compiling piper v0.2.4
[INFO] [stderr]    Compiling memoffset v0.9.1
[INFO] [stderr]    Compiling polling v2.8.0
[INFO] [stderr]    Compiling curl v0.4.47
[INFO] [stderr]    Compiling concurrent-queue v2.5.0
[INFO] [stderr]    Compiling quote v1.0.38
[INFO] [stderr]    Compiling serde_json v1.0.139
[INFO] [stderr]    Compiling thiserror v2.0.11
[INFO] [stderr]    Compiling percent-encoding v2.3.1
[INFO] [stderr]    Compiling portable-atomic v1.11.0
[INFO] [stderr]    Compiling time-macros v0.2.19
[INFO] [stderr]    Compiling syn v2.0.98
[INFO] [stderr]    Compiling event-listener v5.4.0
[INFO] [stderr]    Compiling getrandom v0.2.15
[INFO] [stderr]    Compiling signal-hook-registry v1.4.2
[INFO] [stderr]    Compiling regress v0.10.3
[INFO] [stderr]    Compiling event-listener-strategy v0.5.3
[INFO] [stderr]    Compiling rand_core v0.6.4
[INFO] [stderr]    Compiling async-lock v3.4.0
[INFO] [stderr]    Compiling async-channel v2.3.1
[INFO] [stderr]    Compiling form_urlencoded v1.2.1
[INFO] [stderr]    Compiling async-channel v1.9.0
[INFO] [stderr]    Compiling num-integer v0.1.46
[INFO] [stderr]    Compiling socket2 v0.5.8
[INFO] [stderr]    Compiling parking_lot_core v0.9.10
[INFO] [stderr]    Compiling ryu v1.0.19
[INFO] [stderr]    Compiling fastrand v1.9.0
[INFO] [stderr]    Compiling isahc v1.7.2
[INFO] [stderr]    Compiling num_threads v0.1.7
[INFO] [stderr]    Compiling blocking v1.6.1
[INFO] [stderr]    Compiling bytes v1.10.0
[INFO] [stderr]    Compiling hashbrown v0.14.5
[INFO] [stderr]    Compiling either v1.14.0
[INFO] [stderr]    Compiling waker-fn v1.2.0
[INFO] [stderr]    Compiling async-executor v1.13.1
[INFO] [stderr]    Compiling libz-sys v1.1.21
[INFO] [stderr]    Compiling libnghttp2-sys v0.1.11+1.64.0
[INFO] [stderr]    Compiling openssl-sys v0.9.106
[INFO] [stderr]    Compiling curl-sys v0.4.80+curl-8.12.1
[INFO] [stderr]    Compiling itertools v0.13.0
[INFO] [stderr]    Compiling async-fs v2.1.2
[INFO] [stderr]    Compiling futures-lite v1.13.0
[INFO] [stderr]    Compiling intrusive-collections v0.9.7
[INFO] [stderr]    Compiling time v0.3.37
[INFO] [stderr]    Compiling sluice v0.5.5
[INFO] [stderr]    Compiling ryu-js v1.0.2
[INFO] [stderr]    Compiling dashmap v6.1.0
[INFO] [stderr]    Compiling http v0.2.12
[INFO] [stderr]    Compiling pollster v0.4.0
[INFO] [stderr]    Compiling toml_edit v0.22.24
[INFO] [stderr]    Compiling castaway v0.1.2
[INFO] [stderr]    Compiling tap v1.0.1
[INFO] [stderr]    Compiling arrayvec v0.7.6
[INFO] [stderr]    Compiling proc-macro-crate v3.2.0
[INFO] [stderr]    Compiling synstructure v0.13.1
[INFO] [stderr]    Compiling zerofrom-derive v0.1.6
[INFO] [stderr]    Compiling yoke-derive v0.7.5
[INFO] [stderr]    Compiling zerovec-derive v0.10.3
[INFO] [stderr]    Compiling displaydoc v0.2.5
[INFO] [stderr]    Compiling icu_provider_macros v1.5.0
[INFO] [stderr]    Compiling tracing-attributes v0.1.28
[INFO] [stderr]    Compiling serde_derive v1.0.218
[INFO] [stderr]    Compiling phf_macros v0.11.3
[INFO] [stderr]    Compiling boa_macros v0.20.0
[INFO] [stderr]    Compiling zerocopy-derive v0.7.35
[INFO] [stderr]    Compiling pin-project-internal v1.1.9
[INFO] [stderr]    Compiling bytemuck_derive v1.8.1
[INFO] [stderr]    Compiling thiserror-impl v2.0.11
[INFO] [stderr]    Compiling num_enum_derive v0.7.3
[INFO] [stderr]    Compiling futures-macro v0.3.31
[INFO] [stderr]    Compiling phf v0.11.3
[INFO] [stderr]    Compiling zerocopy v0.7.35
[INFO] [stderr]    Compiling boa_gc v0.20.0
[INFO] [stderr]    Compiling num_enum v0.7.3
[INFO] [stderr]    Compiling futures-util v0.3.31
[INFO] [stderr]    Compiling pin-project v1.1.9
[INFO] [stderr]    Compiling boa_interner v0.20.0
[INFO] [stderr]    Compiling bytemuck v1.21.0
[INFO] [stderr]    Compiling zerofrom v0.1.6
[INFO] [stderr]    Compiling tracing v0.1.41
[INFO] [stderr]    Compiling yoke v0.7.5
[INFO] [stderr]    Compiling polling v3.7.4
[INFO] [stderr]    Compiling tracing-futures v0.2.5
[INFO] [stderr]    Compiling zerovec v0.10.4
[INFO] [stderr]    Compiling async-io v2.4.0
[INFO] [stderr]    Compiling ppv-lite86 v0.2.20
[INFO] [stderr]    Compiling rand_chacha v0.3.1
[INFO] [stderr]    Compiling rand v0.8.5
[INFO] [stderr]    Compiling async-signal v0.2.10
[INFO] [stderr]    Compiling async-net v2.0.0
[INFO] [stderr]    Compiling tinystr v0.7.6
[INFO] [stderr]    Compiling icu_collections v1.5.0
[INFO] [stderr]    Compiling async-process v2.3.0
[INFO] [stderr]    Compiling icu_locid v1.5.0
[INFO] [stderr]    Compiling smol v2.0.2
[INFO] [stderr]    Compiling icu_provider v1.5.0
[INFO] [stderr]    Compiling icu_locid_transform v1.5.0
[INFO] [stderr]    Compiling icu_properties v1.5.1
[INFO] [stderr]    Compiling num-bigint v0.4.6
[INFO] [stderr]    Compiling icu_normalizer v1.5.0
[INFO] [stderr]    Compiling idna_adapter v1.2.0
[INFO] [stderr]    Compiling idna v1.0.3
[INFO] [stderr]    Compiling url v2.5.4
[INFO] [stderr]    Compiling boa_ast v0.20.0
[INFO] [stderr]    Compiling boa_parser v0.20.0
[INFO] [stderr]    Compiling boa_engine v0.20.0
[INFO] [stderr]    Compiling boa-joker v0.1.0 (/opt/rustwide/workdir)
[INFO] [stdout] warning: unused import: `rc::Rc`
[INFO] [stdout]  --> src/main.rs:4:5
[INFO] [stdout]   |
[INFO] [stdout] 4 |     rc::Rc,
[INFO] [stdout]   |     ^^^^^^
[INFO] [stdout]   |
[INFO] [stdout]   = note: `#[warn(unused_imports)]` (part of `#[warn(unused)]`) on by default
[INFO] [stdout] 
[INFO] [stdout] 
[INFO] [stdout] warning: unused imports: `builtins::promise::PromiseState` and `js_string`
[INFO] [stdout]   --> src/main.rs:8:5
[INFO] [stdout]    |
[INFO] [stdout]  8 |     builtins::promise::PromiseState,
[INFO] [stdout]    |     ^^^^^^^^^^^^^^^^^^^^^^^^^^^^^^^
[INFO] [stdout]  9 |     job::{FutureJob, JobQueue, NativeJob},
[INFO] [stdout] 10 |     js_string,
[INFO] [stdout]    |     ^^^^^^^^^
[INFO] [stdout] 
[INFO] [stdout] 
[INFO] [stdout] warning: struct `HttpModuleLoader` is never constructed
[INFO] [stdout]   --> src/main.rs:26:8
[INFO] [stdout]    |
[INFO] [stdout] 26 | struct HttpModuleLoader;
[INFO] [stdout]    |        ^^^^^^^^^^^^^^^^
[INFO] [stdout]    |
[INFO] [stdout]    = note: `#[warn(dead_code)]` (part of `#[warn(unused)]`) on by default
[INFO] [stdout] 
[INFO] [stdout] 
[INFO] [stdout] warning: struct `Queue` is never constructed
[INFO] [stdout]    --> src/main.rs:185:8
[INFO] [stdout]     |
[INFO] [stdout] 185 | struct Queue<'a> {
[INFO] [stdout]     |        ^^^^^
[INFO] [stdout] 
[INFO] [stdout] 
[INFO] [stdout] warning: associated function `new` is never used
[INFO] [stdout]    --> src/main.rs:192:8
[INFO] [stdout]     |
[INFO] [stdout] 191 | impl<'a> Queue<'a> {
[INFO] [stdout]     | ------------------ associated function in this implementation
[INFO] [stdout] 192 |     fn new(executor: LocalExecutor<'a>) -> Self {
[INFO] [stdout]     |        ^^^
[INFO] [stdout] 
[INFO] [stdout] 
[INFO] [stderr]     Finished `release` profile [optimized] target(s) in 2m 55s
[INFO] running `Command { std: "docker" "inspect" "5b460b72ad4f2b5fe52aefb6e1f5e2d48438e4bda61768024b57058417541763", kill_on_drop: false }`
[INFO] running `Command { std: "docker" "exec" "-e" "SOURCE_DIR=/opt/rustwide/workdir" "-e" "CARGO_HOME=/opt/rustwide/cargo-home" "-e" "RUSTUP_HOME=/opt/rustwide/rustup-home" "-e" "CARGO_TARGET_DIR=/opt/rustwide/target" "-e" "CARGO_INCREMENTAL=0" "-e" "RUST_BACKTRACE=full" "-e" "RUSTFLAGS=--cap-lints=warn" "-e" "RUSTDOCFLAGS=--cap-lints=warn" "-w" "/opt/rustwide/workdir" "--user" "0:0" "5b460b72ad4f2b5fe52aefb6e1f5e2d48438e4bda61768024b57058417541763" "/opt/rustwide/cargo-home/bin/cargo" "+1.99.0-beta.8" "test" "--frozen" "--no-run" "--message-format=json" "--release", kill_on_drop: false }`
[INFO] [stderr]    Compiling boa-joker v0.1.0 (/opt/rustwide/workdir)
[INFO] [stderr]     Finished `release` profile [optimized] target(s) in 14.99s
[INFO] running `Command { std: "docker" "inspect" "5b460b72ad4f2b5fe52aefb6e1f5e2d48438e4bda61768024b57058417541763", kill_on_drop: false }`
[INFO] running `Command { std: "docker" "exec" "-e" "SOURCE_DIR=/opt/rustwide/workdir" "-e" "CARGO_HOME=/opt/rustwide/cargo-home" "-e" "RUSTUP_HOME=/opt/rustwide/rustup-home" "-e" "CARGO_TARGET_DIR=/opt/rustwide/target" "-e" "CARGO_INCREMENTAL=0" "-e" "RUST_BACKTRACE=full" "-e" "RUSTFLAGS=--cap-lints=warn" "-e" "RUSTDOCFLAGS=--cap-lints=warn" "-w" "/opt/rustwide/workdir" "--user" "0:0" "5b460b72ad4f2b5fe52aefb6e1f5e2d48438e4bda61768024b57058417541763" "/opt/rustwide/cargo-home/bin/cargo" "+1.99.0-beta.8" "test" "--frozen" "--release", kill_on_drop: false }`
[INFO] [stderr]     Finished `release` profile [optimized] target(s) in 0.24s
[INFO] [stderr]      Running unittests src/main.rs (/opt/rustwide/target/release/deps/boa_joker-8cd06c67d0d4f7ab)
[INFO] [stdout] 
[INFO] [stdout] running 1 test
[INFO] [stdout] test test ... FAILED
[INFO] [stdout] 
[INFO] [stdout] failures:
[INFO] [stdout] 
[INFO] [stdout] ---- test stdout ----
[INFO] [stdout] Fetching `https://esm.run/yaml@2.3.4`...
[INFO] [stdout] Fetching `https://esm.run/array-from-async@3.0.0`...
[INFO] [stdout] Fetching `https://esm.run/js-base64@3.7.6`...
[INFO] [stdout] Finished fetching `https://esm.run/yaml@2.3.4`
[INFO] [stdout] Finished fetching `https://esm.run/js-base64@3.7.6`
[INFO] [stdout] Finished fetching `https://esm.run/array-from-async@3.0.0`
[INFO] [stdout] 
[INFO] [stdout] thread 'test' (3221) panicked at src/main.rs:153:13:
[INFO] [stdout] TypeError: failed to resolve host name
[INFO] [stdout] stack backtrace:
[INFO] [stdout]    0:     0x62af0b3aac11 - <<std[70759c8f55707aa4]::sys::backtrace::BacktraceLock>::print::DisplayBacktrace as core[df12db4294e9bfd3]::fmt::Display>::fmt
[INFO] [stdout]    1:     0x62af0b3c2d3a - core[df12db4294e9bfd3]::fmt::write
[INFO] [stdout]    2:     0x62af0b3af17c - <alloc[2182bb758b4b3781]::vec::Vec<u8> as core[df12db4294e9bfd3]::io::write::Write>::write_fmt
[INFO] [stdout]    3:     0x62af0b386936 - std[70759c8f55707aa4]::panicking::default_hook::{closure#0}
[INFO] [stdout]    4:     0x62af0b3a3009 - std[70759c8f55707aa4]::panicking::default_hook
[INFO] [stdout]    5:     0x62af0ad85ac0 - test[9d35eded1c95d3be]::test_main_inner::<test[9d35eded1c95d3be]::test_main_static::{closure#0}>::{closure#0}
[INFO] [stdout]    6:     0x62af0b3a31c2 - std[70759c8f55707aa4]::panicking::panic_with_hook
[INFO] [stdout]    7:     0x62af0b3869e2 - std[70759c8f55707aa4]::panicking::panic_handler::{closure#0}
[INFO] [stdout]    8:     0x62af0b37f739 - std[70759c8f55707aa4]::sys::backtrace::__rust_end_short_backtrace::<std[70759c8f55707aa4]::panicking::panic_handler::{closure#0}, !>
[INFO] [stdout]    9:     0x62af0b3875dd - __rustc[8fa7c3cbc660c2b3]::rust_begin_unwind
[INFO] [stdout]   10:     0x62af0b3c355c - core[df12db4294e9bfd3]::panicking::panic_fmt
[INFO] [stdout]   11:     0x62af0ad68e7f - <boa_joker[21f11fda0a88316f]::test::{closure#0} as core[df12db4294e9bfd3]::ops::function::FnOnce<()>>::call_once
[INFO] [stdout]   12:     0x62af0ad78dab - test[9d35eded1c95d3be]::__rust_begin_short_backtrace::<core[df12db4294e9bfd3]::result::Result<(), alloc[2182bb758b4b3781]::string::String>, fn() -> core[df12db4294e9bfd3]::result::Result<(), alloc[2182bb758b4b3781]::string::String>>
[INFO] [stdout]   13:     0x62af0ad86415 - test[9d35eded1c95d3be]::run_test::{closure#0}
[INFO] [stdout]   14:     0x62af0ad7fcd4 - std[70759c8f55707aa4]::sys::backtrace::__rust_begin_short_backtrace::<test[9d35eded1c95d3be]::run_test::{closure#1}, ()>
[INFO] [stdout]   15:     0x62af0ad89572 - <std[70759c8f55707aa4]::thread::lifecycle::spawn_unchecked<test[9d35eded1c95d3be]::run_test::{closure#1}, ()>::{closure#1} as core[df12db4294e9bfd3]::ops::function::FnOnce<()>>::call_once::{shim:vtable#0}
[INFO] [stdout]   16:     0x62af0b3aa4b9 - <std[70759c8f55707aa4]::sys::thread::unix::Thread>::new::thread_start
[INFO] [stdout]   17:     0x7b3d47e4ddfa - <unknown>
[INFO] [stdout]   18:     0x7b3d47ee13d4 - clone
[INFO] [stdout]   19:                0x0 - <unknown>
[INFO] [stdout] 
[INFO] [stdout] 
[INFO] [stdout] failures:
[INFO] [stdout]     test
[INFO] [stdout] 
[INFO] [stdout] test result: FAILED. 0 passed; 1 failed; 0 ignored; 0 measured; 0 filtered out; finished in 0.02s
[INFO] [stdout] 
[INFO] [stderr] error: test failed, to rerun pass `--bin boa-joker`
[INFO] running `Command { std: "docker" "inspect" "5b460b72ad4f2b5fe52aefb6e1f5e2d48438e4bda61768024b57058417541763", kill_on_drop: false }`
[INFO] running `Command { std: "docker" "rm" "-f" "5b460b72ad4f2b5fe52aefb6e1f5e2d48438e4bda61768024b57058417541763", kill_on_drop: false }`
[INFO] [stdout] 5b460b72ad4f2b5fe52aefb6e1f5e2d48438e4bda61768024b57058417541763
