[INFO] cloning repository https://github.com/graves/awful_mcp
[INFO] running `Command { std: "git" "-c" "credential.helper=" "-c" "credential.helper=/workspace/cargo-home/bin/git-credential-null" "clone" "--bare" "https://github.com/graves/awful_mcp" "/workspace/cache/git-repos/https%3A%2F%2Fgithub.com%2Fgraves%2Fawful_mcp", kill_on_drop: false }`
[INFO] [stderr] Cloning into bare repository '/workspace/cache/git-repos/https%3A%2F%2Fgithub.com%2Fgraves%2Fawful_mcp'...
[INFO] running `Command { std: "git" "rev-parse" "HEAD", kill_on_drop: false }`
[INFO] [stdout] c4ff6168bef248fdae9a9a7919387ca7d5d3cc0c
[INFO] testing graves/awful_mcp against 1.100.0-beta.1+cargoflags=--release for beta-release-1.100-2
[INFO] running `Command { std: "git" "clone" "/workspace/cache/git-repos/https%3A%2F%2Fgithub.com%2Fgraves%2Fawful_mcp" "/workspace/builds/worker-1-tc2/source", kill_on_drop: false }`
[INFO] [stderr] Cloning into '/workspace/builds/worker-1-tc2/source'...
[INFO] [stderr] done.
[INFO] started tweaking git repo https://github.com/graves/awful_mcp
[INFO] finished tweaking git repo https://github.com/graves/awful_mcp
[INFO] tweaked toml for git repo https://github.com/graves/awful_mcp written to /workspace/builds/worker-1-tc2/source/Cargo.toml
[INFO] validating manifest of git repo https://github.com/graves/awful_mcp on toolchain 1.100.0-beta.1
[INFO] running `Command { std: CARGO_HOME="/workspace/cargo-home" RUSTUP_HOME="/workspace/rustup-home" "/workspace/cargo-home/bin/cargo" "+1.100.0-beta.1" "metadata" "--manifest-path" "Cargo.toml" "--no-deps", kill_on_drop: false }`
[INFO] crate git repo https://github.com/graves/awful_mcp already has a lockfile, it will not be regenerated
[INFO] running `Command { std: CARGO_HOME="/workspace/cargo-home" RUSTUP_HOME="/workspace/rustup-home" "/workspace/cargo-home/bin/cargo" "+1.100.0-beta.1" "fetch" "--manifest-path" "Cargo.toml", kill_on_drop: false }`
[INFO] running `Command { std: "docker" "create" "-v" "/var/lib/crater-agent-workspace/builds/worker-1-tc2/source:/opt/rustwide/workdir:ro,Z" "-v" "/var/lib/crater-agent-workspace/builds/worker-1-tc2/target:/opt/rustwide/target:rw,Z" "-v" "/var/lib/crater-agent-workspace/cargo-home:/opt/rustwide/cargo-home:ro,Z" "-v" "/var/lib/crater-agent-workspace/rustup-home:/opt/rustwide/rustup-home:ro,Z" "-m" "1610612736" "--network" "none" "ghcr.io/rust-lang/crates-build-env/linux@sha256:77db811e55d90add9212f6832c23229e3de5f1c1f9905e8cb07319ea15df73ac" "sleep" "infinity", kill_on_drop: false }`
[INFO] [stdout] 5f0a1f5b24a2de92e8484470b342bc20aede2f1882b45a82edd442b6f3722937
[INFO] running `Command { std: "docker" "start" "5f0a1f5b24a2de92e8484470b342bc20aede2f1882b45a82edd442b6f3722937", kill_on_drop: false }`
[INFO] running `Command { std: "docker" "inspect" "5f0a1f5b24a2de92e8484470b342bc20aede2f1882b45a82edd442b6f3722937", kill_on_drop: false }`
[INFO] running `Command { std: "docker" "exec" "-e" "SOURCE_DIR=/opt/rustwide/workdir" "-e" "CARGO_HOME=/opt/rustwide/cargo-home" "-e" "RUSTUP_HOME=/opt/rustwide/rustup-home" "-e" "CARGO_TARGET_DIR=/opt/rustwide/target" "-w" "/opt/rustwide/workdir" "--user" "0:0" "5f0a1f5b24a2de92e8484470b342bc20aede2f1882b45a82edd442b6f3722937" "/opt/rustwide/cargo-home/bin/cargo" "+1.100.0-beta.1" "metadata" "--no-deps" "--format-version=1", kill_on_drop: false }`
[INFO] running `Command { std: "docker" "inspect" "5f0a1f5b24a2de92e8484470b342bc20aede2f1882b45a82edd442b6f3722937", kill_on_drop: false }`
[INFO] running `Command { std: "docker" "exec" "-e" "SOURCE_DIR=/opt/rustwide/workdir" "-e" "CARGO_HOME=/opt/rustwide/cargo-home" "-e" "RUSTUP_HOME=/opt/rustwide/rustup-home" "-e" "CARGO_TARGET_DIR=/opt/rustwide/target" "-e" "CARGO_INCREMENTAL=0" "-e" "RUST_BACKTRACE=full" "-e" "RUSTFLAGS=--cap-lints=warn" "-e" "RUSTDOCFLAGS=--cap-lints=warn" "-w" "/opt/rustwide/workdir" "--user" "0:0" "5f0a1f5b24a2de92e8484470b342bc20aede2f1882b45a82edd442b6f3722937" "/opt/rustwide/cargo-home/bin/cargo" "+1.100.0-beta.1" "build" "--frozen" "--message-format=json" "--release", kill_on_drop: false }`
[INFO] [stderr]    Compiling proc-macro2 v1.0.103
[INFO] [stderr]    Compiling unicode-ident v1.0.22
[INFO] [stderr]    Compiling quote v1.0.42
[INFO] [stderr]    Compiling libc v0.2.177
[INFO] [stderr]    Compiling cfg-if v1.0.4
[INFO] [stderr]    Compiling pin-project-lite v0.2.16
[INFO] [stderr]    Compiling serde_core v1.0.228
[INFO] [stderr]    Compiling futures-sink v0.3.31
[INFO] [stderr]    Compiling memchr v2.7.6
[INFO] [stderr]    Compiling smallvec v1.15.1
[INFO] [stderr]    Compiling zerocopy v0.8.27
[INFO] [stderr]    Compiling autocfg v1.5.0
[INFO] [stderr]    Compiling futures-core v0.3.31
[INFO] [stderr]    Compiling parking_lot_core v0.9.12
[INFO] [stderr]    Compiling once_cell v1.21.3
[INFO] [stderr]    Compiling ident_case v1.0.1
[INFO] [stderr]    Compiling fnv v1.0.7
[INFO] [stderr]    Compiling scopeguard v1.2.0
[INFO] [stderr]    Compiling serde v1.0.228
[INFO] [stderr]    Compiling num-traits v0.2.19
[INFO] [stderr]    Compiling strsim v0.11.1
[INFO] [stderr]    Compiling tracing-core v0.1.34
[INFO] [stderr]    Compiling lock_api v0.4.14
[INFO] [stderr]    Compiling futures-channel v0.3.31
[INFO] [stderr]    Compiling itoa v1.0.15
[INFO] [stderr]    Compiling serde_json v1.0.145
[INFO] [stderr]    Compiling futures-io v0.3.31
[INFO] [stderr]    Compiling pin-utils v0.1.0
[INFO] [stderr]    Compiling ref-cast v1.0.25
[INFO] [stderr]    Compiling syn v2.0.110
[INFO] [stderr]    Compiling futures-task v0.3.31
[INFO] [stderr]    Compiling slab v0.4.11
[INFO] [stderr]    Compiling getrandom v0.2.16
[INFO] [stderr]    Compiling parking_lot v0.12.5
[INFO] [stderr]    Compiling mio v1.1.0
[INFO] [stderr]    Compiling rand_core v0.6.4
[INFO] [stderr]    Compiling socket2 v0.6.1
[INFO] [stderr]    Compiling signal-hook-registry v1.4.6
[INFO] [stderr]    Compiling paste v1.0.15
[INFO] [stderr]    Compiling ryu v1.0.20
[INFO] [stderr]    Compiling thiserror v2.0.17
[INFO] [stderr]    Compiling rustix v1.1.2
[INFO] [stderr]    Compiling ppv-lite86 v0.2.21
[INFO] [stderr]    Compiling regex-syntax v0.8.8
[INFO] [stderr]    Compiling bytes v1.11.0
[INFO] [stderr]    Compiling iana-time-zone v0.1.64
[INFO] [stderr]    Compiling rand_chacha v0.3.1
[INFO] [stderr]    Compiling lazy_static v1.5.0
[INFO] [stderr]    Compiling log v0.4.28
[INFO] [stderr]    Compiling linux-raw-sys v0.11.0
[INFO] [stderr]    Compiling dyn-clone v1.0.20
[INFO] [stderr]    Compiling bitflags v2.10.0
[INFO] [stderr]    Compiling powerfmt v0.2.0
[INFO] [stderr]    Compiling anyhow v1.0.100
[INFO] [stderr]    Compiling deranged v0.5.5
[INFO] [stderr]    Compiling tracing-log v0.2.0
[INFO] [stderr]    Compiling rand v0.8.5
[INFO] [stderr]    Compiling sharded-slab v0.1.7
[INFO] [stderr]    Compiling darling_core v0.21.3
[INFO] [stderr]    Compiling serde_derive_internals v0.29.1
[INFO] [stderr]    Compiling regex-automata v0.4.13
[INFO] [stderr]    Compiling thread_local v1.1.9
[INFO] [stderr]    Compiling env_home v0.1.0
[INFO] [stderr]    Compiling time-core v0.1.6
[INFO] [stderr]    Compiling base64 v0.22.1
[INFO] [stderr]    Compiling num-conv v0.1.0
[INFO] [stderr]    Compiling nu-ansi-term v0.50.3
[INFO] [stderr]    Compiling time v0.3.44
[INFO] [stderr]    Compiling futures-macro v0.3.31
[INFO] [stderr]    Compiling serde_derive v1.0.228
[INFO] [stderr]    Compiling tracing-attributes v0.1.30
[INFO] [stderr]    Compiling futures-util v0.3.31
[INFO] [stderr]    Compiling tokio-macros v2.6.0
[INFO] [stderr]    Compiling ref-cast-impl v1.0.25
[INFO] [stderr]    Compiling tokio v1.48.0
[INFO] [stderr]    Compiling tracing v0.1.41
[INFO] [stderr]    Compiling darling_macro v0.21.3
[INFO] [stderr]    Compiling darling v0.21.3
[INFO] [stderr]    Compiling thiserror-impl v2.0.17
[INFO] [stderr]    Compiling schemars_derive v1.1.0
[INFO] [stderr]    Compiling rmcp-macros v0.8.5
[INFO] [stderr]    Compiling matchers v0.2.0
[INFO] [stderr]    Compiling tracing-subscriber v0.3.20
[INFO] [stderr]    Compiling which v8.0.0
[INFO] [stderr]    Compiling nanoid v0.4.0
[INFO] [stderr]    Compiling glob v0.3.3
[INFO] [stderr]    Compiling chrono v0.4.42
[INFO] [stderr]    Compiling futures-executor v0.3.31
[INFO] [stderr]    Compiling futures v0.3.31
[INFO] [stderr]    Compiling schemars v1.1.0
[INFO] [stderr]    Compiling tokio-util v0.7.17
[INFO] [stderr]    Compiling rmcp v0.8.5
[INFO] [stderr]    Compiling awful_mcp v0.1.0 (/opt/rustwide/workdir)
[INFO] [stdout] warning: fields `default_cwd` and `nu_path` are never read
[INFO] [stdout]   --> src/main.rs:26:5
[INFO] [stdout]    |
[INFO] [stdout] 24 | pub struct NuServer {
[INFO] [stdout]    |            -------- fields in this struct
[INFO] [stdout] 25 |     tool_router: ToolRouter<Self>,
[INFO] [stdout] 26 |     default_cwd: PathBuf,
[INFO] [stdout]    |     ^^^^^^^^^^^
[INFO] [stdout] 27 |     nu_path: String,
[INFO] [stdout]    |     ^^^^^^^
[INFO] [stdout]    |
[INFO] [stdout]    = note: `NuServer` has a derived impl for the trait `Clone`, but this is intentionally ignored during dead code analysis
[INFO] [stdout]    = note: `#[warn(dead_code)]` (part of `#[warn(unused)]`) on by default
[INFO] [stdout] 
[INFO] [stdout] 
[INFO] [stdout] warning: multiple methods are never used
[INFO] [stdout]    --> src/main.rs:49:8
[INFO] [stdout]     |
[INFO] [stdout]  37 | impl NuServer {
[INFO] [stdout]     | ------------- methods in this implementation
[INFO] [stdout] ...
[INFO] [stdout]  49 |     fn nushell(&self) -> NushellTools {
[INFO] [stdout]     |        ^^^^^^^
[INFO] [stdout] ...
[INFO] [stdout]  53 |     fn process(&self) -> ProcessTools {
[INFO] [stdout]     |        ^^^^^^^
[INFO] [stdout] ...
[INFO] [stdout]  57 |     fn filesystem(&self) -> FilesystemTools {
[INFO] [stdout]     |        ^^^^^^^^^^
[INFO] [stdout] ...
[INFO] [stdout]  61 |     fn search(&self) -> SearchTools {
[INFO] [stdout]     |        ^^^^^^
[INFO] [stdout] ...
[INFO] [stdout]  65 |     fn replace(&self) -> ReplaceTools {
[INFO] [stdout]     |        ^^^^^^^
[INFO] [stdout] ...
[INFO] [stdout]  69 |     fn git(&self) -> GitTools {
[INFO] [stdout]     |        ^^^
[INFO] [stdout] ...
[INFO] [stdout]  73 |     fn cargo(&self) -> CargoTools {
[INFO] [stdout]     |        ^^^^^
[INFO] [stdout] ...
[INFO] [stdout]  77 |     fn ast_grep(&self) -> AstGrepTools {
[INFO] [stdout]     |        ^^^^^^^^
[INFO] [stdout] ...
[INFO] [stdout]  82 |     async fn nu_run(
[INFO] [stdout]     |              ^^^^^^
[INFO] [stdout] ...
[INFO] [stdout]  89 |     async fn nu_json(
[INFO] [stdout]     |              ^^^^^^^
[INFO] [stdout] ...
[INFO] [stdout]  96 |     async fn nu_ls(
[INFO] [stdout]     |              ^^^^^
[INFO] [stdout] ...
[INFO] [stdout] 103 |     async fn nu_open(
[INFO] [stdout]     |              ^^^^^^^
[INFO] [stdout] ...
[INFO] [stdout] 110 |     async fn nu_save(
[INFO] [stdout]     |              ^^^^^^^
[INFO] [stdout] ...
[INFO] [stdout] 117 |     async fn nu_str_contains(
[INFO] [stdout]     |              ^^^^^^^^^^^^^^^
[INFO] [stdout] ...
[INFO] [stdout] 124 |     async fn nu_str_replace(
[INFO] [stdout]     |              ^^^^^^^^^^^^^^
[INFO] [stdout] ...
[INFO] [stdout] 131 |     async fn nu_ps(
[INFO] [stdout]     |              ^^^^^
[INFO] [stdout] ...
[INFO] [stdout] 138 |     async fn nu_sys(
[INFO] [stdout]     |              ^^^^^^
[INFO] [stdout] ...
[INFO] [stdout] 145 |     async fn nu_find_by_extension(
[INFO] [stdout]     |              ^^^^^^^^^^^^^^^^^^^^
[INFO] [stdout] ...
[INFO] [stdout] 152 |     async fn nu_recent_files(
[INFO] [stdout]     |              ^^^^^^^^^^^^^^^
[INFO] [stdout] ...
[INFO] [stdout] 159 |     async fn nu_large_files(
[INFO] [stdout]     |              ^^^^^^^^^^^^^^
[INFO] [stdout] ...
[INFO] [stdout] 166 |     async fn nu_code_stats(
[INFO] [stdout]     |              ^^^^^^^^^^^^^
[INFO] [stdout] ...
[INFO] [stdout] 173 |     async fn nu_grep_stats(
[INFO] [stdout]     |              ^^^^^^^^^^^^^
[INFO] [stdout] ...
[INFO] [stdout] 180 |     async fn nu_dir_tree(
[INFO] [stdout]     |              ^^^^^^^^^^^
[INFO] [stdout] ...
[INFO] [stdout] 188 |     async fn process_run(
[INFO] [stdout]     |              ^^^^^^^^^^^
[INFO] [stdout] ...
[INFO] [stdout] 196 |     async fn fs_read_text(
[INFO] [stdout]     |              ^^^^^^^^^^^^
[INFO] [stdout] ...
[INFO] [stdout] 203 |     async fn fs_write_text(
[INFO] [stdout]     |              ^^^^^^^^^^^^^
[INFO] [stdout] ...
[INFO] [stdout] 210 |     async fn fs_append_text(
[INFO] [stdout]     |              ^^^^^^^^^^^^^^
[INFO] [stdout] ...
[INFO] [stdout] 217 |     async fn fs_list(
[INFO] [stdout]     |              ^^^^^^^
[INFO] [stdout] ...
[INFO] [stdout] 224 |     async fn fs_glob(
[INFO] [stdout]     |              ^^^^^^^
[INFO] [stdout] ...
[INFO] [stdout] 232 |     async fn search_rg(
[INFO] [stdout]     |              ^^^^^^^^^
[INFO] [stdout] ...
[INFO] [stdout] 239 |     async fn search_fd(
[INFO] [stdout]     |              ^^^^^^^^^
[INFO] [stdout] ...
[INFO] [stdout] 247 |     async fn replace_ruplacer(
[INFO] [stdout]     |              ^^^^^^^^^^^^^^^^
[INFO] [stdout] ...
[INFO] [stdout] 255 |     async fn git_status(
[INFO] [stdout]     |              ^^^^^^^^^^
[INFO] [stdout] ...
[INFO] [stdout] 262 |     async fn git_diff(
[INFO] [stdout]     |              ^^^^^^^^
[INFO] [stdout] ...
[INFO] [stdout] 269 |     async fn git_add(
[INFO] [stdout]     |              ^^^^^^^
[INFO] [stdout] ...
[INFO] [stdout] 276 |     async fn git_commit(
[INFO] [stdout]     |              ^^^^^^^^^^
[INFO] [stdout] ...
[INFO] [stdout] 283 |     async fn git_push(
[INFO] [stdout]     |              ^^^^^^^^
[INFO] [stdout] ...
[INFO] [stdout] 291 |     async fn cargo_build(
[INFO] [stdout]     |              ^^^^^^^^^^^
[INFO] [stdout] ...
[INFO] [stdout] 298 |     async fn cargo_test(
[INFO] [stdout]     |              ^^^^^^^^^^
[INFO] [stdout] ...
[INFO] [stdout] 305 |     async fn cargo_fmt(
[INFO] [stdout]     |              ^^^^^^^^^
[INFO] [stdout] ...
[INFO] [stdout] 312 |     async fn cargo_clippy(
[INFO] [stdout]     |              ^^^^^^^^^^^^
[INFO] [stdout] ...
[INFO] [stdout] 320 |     async fn ast_ast_grep(
[INFO] [stdout]     |              ^^^^^^^^^^^^
[INFO] [stdout] 
[INFO] [stdout] 
[INFO] [stdout] warning: struct `AstGrepArgs` is never constructed
[INFO] [stdout]   --> src/tools/ast_grep.rs:16:12
[INFO] [stdout]    |
[INFO] [stdout] 16 | pub struct AstGrepArgs {
[INFO] [stdout]    |            ^^^^^^^^^^^
[INFO] [stdout] 
[INFO] [stdout] 
[INFO] [stdout] warning: struct `AstGrepResult` is never constructed
[INFO] [stdout]   --> src/tools/ast_grep.rs:46:12
[INFO] [stdout]    |
[INFO] [stdout] 46 | pub struct AstGrepResult {
[INFO] [stdout]    |            ^^^^^^^^^^^^^
[INFO] [stdout] 
[INFO] [stdout] 
[INFO] [stdout] warning: struct `AstGrepTools` is never constructed
[INFO] [stdout]   --> src/tools/ast_grep.rs:57:12
[INFO] [stdout]    |
[INFO] [stdout] 57 | pub struct AstGrepTools {
[INFO] [stdout]    |            ^^^^^^^^^^^^
[INFO] [stdout] 
[INFO] [stdout] 
[INFO] [stdout] warning: struct `CargoArgs` is never constructed
[INFO] [stdout]   --> src/tools/cargo.rs:16:12
[INFO] [stdout]    |
[INFO] [stdout] 16 | pub struct CargoArgs {
[INFO] [stdout]    |            ^^^^^^^^^
[INFO] [stdout] 
[INFO] [stdout] 
[INFO] [stdout] warning: struct `WithCwdAndTimeout` is never constructed
[INFO] [stdout]   --> src/tools/cargo.rs:23:12
[INFO] [stdout]    |
[INFO] [stdout] 23 | pub struct WithCwdAndTimeout {
[INFO] [stdout]    |            ^^^^^^^^^^^^^^^^^
[INFO] [stdout] 
[INFO] [stdout] 
[INFO] [stdout] warning: struct `CargoResult` is never constructed
[INFO] [stdout]   --> src/tools/cargo.rs:30:12
[INFO] [stdout]    |
[INFO] [stdout] 30 | pub struct CargoResult {
[INFO] [stdout]    |            ^^^^^^^^^^^
[INFO] [stdout] 
[INFO] [stdout] 
[INFO] [stdout] warning: struct `CargoTools` is never constructed
[INFO] [stdout]   --> src/tools/cargo.rs:38:12
[INFO] [stdout]    |
[INFO] [stdout] 38 | pub struct CargoTools {
[INFO] [stdout]    |            ^^^^^^^^^^
[INFO] [stdout] 
[INFO] [stdout] 
[INFO] [stdout] warning: struct `FsReadArgs` is never constructed
[INFO] [stdout]   --> src/tools/filesystem.rs:16:12
[INFO] [stdout]    |
[INFO] [stdout] 16 | pub struct FsReadArgs {
[INFO] [stdout]    |            ^^^^^^^^^^
[INFO] [stdout] 
[INFO] [stdout] 
[INFO] [stdout] warning: struct `FsWriteArgs` is never constructed
[INFO] [stdout]   --> src/tools/filesystem.rs:21:12
[INFO] [stdout]    |
[INFO] [stdout] 21 | pub struct FsWriteArgs {
[INFO] [stdout]    |            ^^^^^^^^^^^
[INFO] [stdout] 
[INFO] [stdout] 
[INFO] [stdout] warning: struct `FsListArgs` is never constructed
[INFO] [stdout]   --> src/tools/filesystem.rs:27:12
[INFO] [stdout]    |
[INFO] [stdout] 27 | pub struct FsListArgs {
[INFO] [stdout]    |            ^^^^^^^^^^
[INFO] [stdout] 
[INFO] [stdout] 
[INFO] [stdout] warning: struct `FsGlobArgs` is never constructed
[INFO] [stdout]   --> src/tools/filesystem.rs:33:12
[INFO] [stdout]    |
[INFO] [stdout] 33 | pub struct FsGlobArgs {
[INFO] [stdout]    |            ^^^^^^^^^^
[INFO] [stdout] 
[INFO] [stdout] 
[INFO] [stdout] warning: struct `FsReadResult` is never constructed
[INFO] [stdout]   --> src/tools/filesystem.rs:40:12
[INFO] [stdout]    |
[INFO] [stdout] 40 | pub struct FsReadResult {
[INFO] [stdout]    |            ^^^^^^^^^^^^
[INFO] [stdout] 
[INFO] [stdout] 
[INFO] [stdout] warning: struct `FsWriteResult` is never constructed
[INFO] [stdout]   --> src/tools/filesystem.rs:47:12
[INFO] [stdout]    |
[INFO] [stdout] 47 | pub struct FsWriteResult {
[INFO] [stdout]    |            ^^^^^^^^^^^^^
[INFO] [stdout] 
[INFO] [stdout] 
[INFO] [stdout] warning: struct `FsListEntry` is never constructed
[INFO] [stdout]   --> src/tools/filesystem.rs:53:12
[INFO] [stdout]    |
[INFO] [stdout] 53 | pub struct FsListEntry {
[INFO] [stdout]    |            ^^^^^^^^^^^
[INFO] [stdout] 
[INFO] [stdout] 
[INFO] [stdout] warning: struct `FsListResult` is never constructed
[INFO] [stdout]   --> src/tools/filesystem.rs:62:12
[INFO] [stdout]    |
[INFO] [stdout] 62 | pub struct FsListResult {
[INFO] [stdout]    |            ^^^^^^^^^^^^
[INFO] [stdout] 
[INFO] [stdout] 
[INFO] [stdout] warning: struct `FsGlobResult` is never constructed
[INFO] [stdout]   --> src/tools/filesystem.rs:68:12
[INFO] [stdout]    |
[INFO] [stdout] 68 | pub struct FsGlobResult {
[INFO] [stdout]    |            ^^^^^^^^^^^^
[INFO] [stdout] 
[INFO] [stdout] 
[INFO] [stdout] warning: struct `FilesystemTools` is never constructed
[INFO] [stdout]   --> src/tools/filesystem.rs:74:12
[INFO] [stdout]    |
[INFO] [stdout] 74 | pub struct FilesystemTools {
[INFO] [stdout]    |            ^^^^^^^^^^^^^^^
[INFO] [stdout] 
[INFO] [stdout] 
[INFO] [stdout] warning: struct `WithCwdAndTimeout` is never constructed
[INFO] [stdout]   --> src/tools/git.rs:16:12
[INFO] [stdout]    |
[INFO] [stdout] 16 | pub struct WithCwdAndTimeout {
[INFO] [stdout]    |            ^^^^^^^^^^^^^^^^^
[INFO] [stdout] 
[INFO] [stdout] 
[INFO] [stdout] warning: struct `GitDiffArgs` is never constructed
[INFO] [stdout]   --> src/tools/git.rs:22:12
[INFO] [stdout]    |
[INFO] [stdout] 22 | pub struct GitDiffArgs {
[INFO] [stdout]    |            ^^^^^^^^^^^
[INFO] [stdout] 
[INFO] [stdout] 
[INFO] [stdout] warning: struct `GitPathsArgs` is never constructed
[INFO] [stdout]   --> src/tools/git.rs:30:12
[INFO] [stdout]    |
[INFO] [stdout] 30 | pub struct GitPathsArgs {
[INFO] [stdout]    |            ^^^^^^^^^^^^
[INFO] [stdout] 
[INFO] [stdout] 
[INFO] [stdout] warning: struct `GitCommitArgs` is never constructed
[INFO] [stdout]   --> src/tools/git.rs:37:12
[INFO] [stdout]    |
[INFO] [stdout] 37 | pub struct GitCommitArgs {
[INFO] [stdout]    |            ^^^^^^^^^^^^^
[INFO] [stdout] 
[INFO] [stdout] 
[INFO] [stdout] warning: struct `GitPushArgs` is never constructed
[INFO] [stdout]   --> src/tools/git.rs:46:12
[INFO] [stdout]    |
[INFO] [stdout] 46 | pub struct GitPushArgs {
[INFO] [stdout]    |            ^^^^^^^^^^^
[INFO] [stdout] 
[INFO] [stdout] 
[INFO] [stdout] warning: struct `GitStatusResult` is never constructed
[INFO] [stdout]   --> src/tools/git.rs:56:12
[INFO] [stdout]    |
[INFO] [stdout] 56 | pub struct GitStatusResult {
[INFO] [stdout]    |            ^^^^^^^^^^^^^^^
[INFO] [stdout] 
[INFO] [stdout] 
[INFO] [stdout] warning: struct `GitDiffResult` is never constructed
[INFO] [stdout]   --> src/tools/git.rs:63:12
[INFO] [stdout]    |
[INFO] [stdout] 63 | pub struct GitDiffResult {
[INFO] [stdout]    |            ^^^^^^^^^^^^^
[INFO] [stdout] 
[INFO] [stdout] 
[INFO] [stdout] warning: struct `GitAddResult` is never constructed
[INFO] [stdout]   --> src/tools/git.rs:70:12
[INFO] [stdout]    |
[INFO] [stdout] 70 | pub struct GitAddResult {
[INFO] [stdout]    |            ^^^^^^^^^^^^
[INFO] [stdout] 
[INFO] [stdout] 
[INFO] [stdout] warning: struct `GitCommitResult` is never constructed
[INFO] [stdout]   --> src/tools/git.rs:78:12
[INFO] [stdout]    |
[INFO] [stdout] 78 | pub struct GitCommitResult {
[INFO] [stdout]    |            ^^^^^^^^^^^^^^^
[INFO] [stdout] 
[INFO] [stdout] 
[INFO] [stdout] warning: struct `GitPushResult` is never constructed
[INFO] [stdout]   --> src/tools/git.rs:87:12
[INFO] [stdout]    |
[INFO] [stdout] 87 | pub struct GitPushResult {
[INFO] [stdout]    |            ^^^^^^^^^^^^^
[INFO] [stdout] 
[INFO] [stdout] 
[INFO] [stdout] warning: struct `GitTools` is never constructed
[INFO] [stdout]   --> src/tools/git.rs:96:12
[INFO] [stdout]    |
[INFO] [stdout] 96 | pub struct GitTools {
[INFO] [stdout]    |            ^^^^^^^^
[INFO] [stdout] 
[INFO] [stdout] 
[INFO] [stdout] warning: struct `NuRunArgs` is never constructed
[INFO] [stdout]   --> src/tools/nushell.rs:14:12
[INFO] [stdout]    |
[INFO] [stdout] 14 | pub struct NuRunArgs {
[INFO] [stdout]    |            ^^^^^^^^^
[INFO] [stdout] 
[INFO] [stdout] 
[INFO] [stdout] warning: struct `NuJsonArgs` is never constructed
[INFO] [stdout]   --> src/tools/nushell.rs:26:12
[INFO] [stdout]    |
[INFO] [stdout] 26 | pub struct NuJsonArgs {
[INFO] [stdout]    |            ^^^^^^^^^^
[INFO] [stdout] 
[INFO] [stdout] 
[INFO] [stdout] warning: struct `NuRunResult` is never constructed
[INFO] [stdout]   --> src/tools/nushell.rs:36:12
[INFO] [stdout]    |
[INFO] [stdout] 36 | pub struct NuRunResult {
[INFO] [stdout]    |            ^^^^^^^^^^^
[INFO] [stdout] 
[INFO] [stdout] 
[INFO] [stdout] warning: struct `NuLsArgs` is never constructed
[INFO] [stdout]   --> src/tools/nushell.rs:48:12
[INFO] [stdout]    |
[INFO] [stdout] 48 | pub struct NuLsArgs {
[INFO] [stdout]    |            ^^^^^^^^
[INFO] [stdout] 
[INFO] [stdout] 
[INFO] [stdout] warning: struct `NuOpenArgs` is never constructed
[INFO] [stdout]   --> src/tools/nushell.rs:61:12
[INFO] [stdout]    |
[INFO] [stdout] 61 | pub struct NuOpenArgs {
[INFO] [stdout]    |            ^^^^^^^^^^
[INFO] [stdout] 
[INFO] [stdout] 
[INFO] [stdout] warning: struct `NuSaveArgs` is never constructed
[INFO] [stdout]   --> src/tools/nushell.rs:72:12
[INFO] [stdout]    |
[INFO] [stdout] 72 | pub struct NuSaveArgs {
[INFO] [stdout]    |            ^^^^^^^^^^
[INFO] [stdout] 
[INFO] [stdout] 
[INFO] [stdout] warning: struct `NuStrContainsArgs` is never constructed
[INFO] [stdout]   --> src/tools/nushell.rs:87:12
[INFO] [stdout]    |
[INFO] [stdout] 87 | pub struct NuStrContainsArgs {
[INFO] [stdout]    |            ^^^^^^^^^^^^^^^^^
[INFO] [stdout] 
[INFO] [stdout] 
[INFO] [stdout] warning: struct `NuStrReplaceArgs` is never constructed
[INFO] [stdout]   --> src/tools/nushell.rs:97:12
[INFO] [stdout]    |
[INFO] [stdout] 97 | pub struct NuStrReplaceArgs {
[INFO] [stdout]    |            ^^^^^^^^^^^^^^^^
[INFO] [stdout] 
[INFO] [stdout] 
[INFO] [stdout] warning: struct `NuPsArgs` is never constructed
[INFO] [stdout]    --> src/tools/nushell.rs:109:12
[INFO] [stdout]     |
[INFO] [stdout] 109 | pub struct NuPsArgs {
[INFO] [stdout]     |            ^^^^^^^^
[INFO] [stdout] 
[INFO] [stdout] 
[INFO] [stdout] warning: struct `NuSysArgs` is never constructed
[INFO] [stdout]    --> src/tools/nushell.rs:117:12
[INFO] [stdout]     |
[INFO] [stdout] 117 | pub struct NuSysArgs {
[INFO] [stdout]     |            ^^^^^^^^^
[INFO] [stdout] 
[INFO] [stdout] 
[INFO] [stdout] warning: struct `NuFindByExtensionArgs` is never constructed
[INFO] [stdout]    --> src/tools/nushell.rs:127:12
[INFO] [stdout]     |
[INFO] [stdout] 127 | pub struct NuFindByExtensionArgs {
[INFO] [stdout]     |            ^^^^^^^^^^^^^^^^^^^^^
[INFO] [stdout] 
[INFO] [stdout] 
[INFO] [stdout] warning: struct `NuRecentFilesArgs` is never constructed
[INFO] [stdout]    --> src/tools/nushell.rs:141:12
[INFO] [stdout]     |
[INFO] [stdout] 141 | pub struct NuRecentFilesArgs {
[INFO] [stdout]     |            ^^^^^^^^^^^^^^^^^
[INFO] [stdout] 
[INFO] [stdout] 
[INFO] [stdout] warning: struct `NuLargeFilesArgs` is never constructed
[INFO] [stdout]    --> src/tools/nushell.rs:153:12
[INFO] [stdout]     |
[INFO] [stdout] 153 | pub struct NuLargeFilesArgs {
[INFO] [stdout]     |            ^^^^^^^^^^^^^^^^
[INFO] [stdout] 
[INFO] [stdout] 
[INFO] [stdout] warning: struct `NuCodeStatsArgs` is never constructed
[INFO] [stdout]    --> src/tools/nushell.rs:165:12
[INFO] [stdout]     |
[INFO] [stdout] 165 | pub struct NuCodeStatsArgs {
[INFO] [stdout]     |            ^^^^^^^^^^^^^^^
[INFO] [stdout] 
[INFO] [stdout] 
[INFO] [stdout] warning: struct `NuGrepStatsArgs` is never constructed
[INFO] [stdout]    --> src/tools/nushell.rs:175:12
[INFO] [stdout]     |
[INFO] [stdout] 175 | pub struct NuGrepStatsArgs {
[INFO] [stdout]     |            ^^^^^^^^^^^^^^^
[INFO] [stdout] 
[INFO] [stdout] 
[INFO] [stdout] warning: struct `NuDirTreeArgs` is never constructed
[INFO] [stdout]    --> src/tools/nushell.rs:189:12
[INFO] [stdout]     |
[INFO] [stdout] 189 | pub struct NuDirTreeArgs {
[INFO] [stdout]     |            ^^^^^^^^^^^^^
[INFO] [stdout] 
[INFO] [stdout] 
[INFO] [stdout] warning: struct `NushellTools` is never constructed
[INFO] [stdout]    --> src/tools/nushell.rs:200:12
[INFO] [stdout]     |
[INFO] [stdout] 200 | pub struct NushellTools {
[INFO] [stdout]     |            ^^^^^^^^^^^^
[INFO] [stdout] 
[INFO] [stdout] 
[INFO] [stdout] warning: function `shell_escape` is never used
[INFO] [stdout]    --> src/tools/nushell.rs:722:4
[INFO] [stdout]     |
[INFO] [stdout] 722 | fn shell_escape(s: &str) -> String {
[INFO] [stdout]     |    ^^^^^^^^^^^^
[INFO] [stdout] 
[INFO] [stdout] 
[INFO] [stdout] warning: struct `ProcessRunArgs` is never constructed
[INFO] [stdout]   --> src/tools/process.rs:16:12
[INFO] [stdout]    |
[INFO] [stdout] 16 | pub struct ProcessRunArgs {
[INFO] [stdout]    |            ^^^^^^^^^^^^^^
[INFO] [stdout] 
[INFO] [stdout] 
[INFO] [stdout] warning: struct `ProcessRunResult` is never constructed
[INFO] [stdout]   --> src/tools/process.rs:25:12
[INFO] [stdout]    |
[INFO] [stdout] 25 | pub struct ProcessRunResult {
[INFO] [stdout]    |            ^^^^^^^^^^^^^^^^
[INFO] [stdout] 
[INFO] [stdout] 
[INFO] [stdout] warning: struct `ProcessTools` is never constructed
[INFO] [stdout]   --> src/tools/process.rs:36:12
[INFO] [stdout]    |
[INFO] [stdout] 36 | pub struct ProcessTools {
[INFO] [stdout]    |            ^^^^^^^^^^^^
[INFO] [stdout] 
[INFO] [stdout] 
[INFO] [stdout] warning: struct `RuplacerArgs` is never constructed
[INFO] [stdout]   --> src/tools/replace.rs:16:12
[INFO] [stdout]    |
[INFO] [stdout] 16 | pub struct RuplacerArgs {
[INFO] [stdout]    |            ^^^^^^^^^^^^
[INFO] [stdout] 
[INFO] [stdout] 
[INFO] [stdout] warning: struct `RuplacerResult` is never constructed
[INFO] [stdout]   --> src/tools/replace.rs:44:12
[INFO] [stdout]    |
[INFO] [stdout] 44 | pub struct RuplacerResult {
[INFO] [stdout]    |            ^^^^^^^^^^^^^^
[INFO] [stdout] 
[INFO] [stdout] 
[INFO] [stdout] warning: struct `ReplaceTools` is never constructed
[INFO] [stdout]   --> src/tools/replace.rs:55:12
[INFO] [stdout]    |
[INFO] [stdout] 55 | pub struct ReplaceTools {
[INFO] [stdout]    |            ^^^^^^^^^^^^
[INFO] [stdout] 
[INFO] [stdout] 
[INFO] [stdout] warning: struct `RgArgs` is never constructed
[INFO] [stdout]   --> src/tools/search.rs:16:12
[INFO] [stdout]    |
[INFO] [stdout] 16 | pub struct RgArgs {
[INFO] [stdout]    |            ^^^^^^
[INFO] [stdout] 
[INFO] [stdout] 
[INFO] [stdout] warning: struct `RgResult` is never constructed
[INFO] [stdout]   --> src/tools/search.rs:25:12
[INFO] [stdout]    |
[INFO] [stdout] 25 | pub struct RgResult {
[INFO] [stdout]    |            ^^^^^^^^
[INFO] [stdout] 
[INFO] [stdout] 
[INFO] [stdout] warning: struct `FdArgs` is never constructed
[INFO] [stdout]   --> src/tools/search.rs:38:12
[INFO] [stdout]    |
[INFO] [stdout] 38 | pub struct FdArgs {
[INFO] [stdout]    |            ^^^^^^
[INFO] [stdout] 
[INFO] [stdout] 
[INFO] [stdout] warning: struct `FdResult` is never constructed
[INFO] [stdout]   --> src/tools/search.rs:64:12
[INFO] [stdout]    |
[INFO] [stdout] 64 | pub struct FdResult {
[INFO] [stdout]    |            ^^^^^^^^
[INFO] [stdout] 
[INFO] [stdout] 
[INFO] [stdout] warning: struct `SearchTools` is never constructed
[INFO] [stdout]   --> src/tools/search.rs:75:12
[INFO] [stdout]    |
[INFO] [stdout] 75 | pub struct SearchTools {
[INFO] [stdout]    |            ^^^^^^^^^^^
[INFO] [stdout] 
[INFO] [stdout] 
[INFO] [stdout] warning: function `run_nu` is never used
[INFO] [stdout]  --> src/util.rs:9:14
[INFO] [stdout]   |
[INFO] [stdout] 9 | pub async fn run_nu(
[INFO] [stdout]   |              ^^^^^^
[INFO] [stdout] 
[INFO] [stdout] 
[INFO] [stdout] warning: function `run_binary` is never used
[INFO] [stdout]   --> src/util.rs:55:14
[INFO] [stdout]    |
[INFO] [stdout] 55 | pub async fn run_binary(
[INFO] [stdout]    |              ^^^^^^^^^^
[INFO] [stdout] 
[INFO] [stdout] 
[INFO] [stdout] warning: function `atomic_write` is never used
[INFO] [stdout]   --> src/util.rs:78:14
[INFO] [stdout]    |
[INFO] [stdout] 78 | pub async fn atomic_write(path: &Path, bytes: &[u8]) -> anyhow::Result<()> {
[INFO] [stdout]    |              ^^^^^^^^^^^^
[INFO] [stdout] 
[INFO] [stdout] 
[INFO] [stdout] warning: function `resolve` is never used
[INFO] [stdout]   --> src/util.rs:98:8
[INFO] [stdout]    |
[INFO] [stdout] 98 | pub fn resolve(p: &str, cwd: &Path) -> PathBuf {
[INFO] [stdout]    |        ^^^^^^^
[INFO] [stdout] 
[INFO] [stdout] 
[INFO] [stdout] warning: function `truncate` is never used
[INFO] [stdout]    --> src/util.rs:107:8
[INFO] [stdout]     |
[INFO] [stdout] 107 | pub fn truncate(s: &str, max: usize) -> String {
[INFO] [stdout]     |        ^^^^^^^^
[INFO] [stdout] 
[INFO] [stdout] 
[INFO] [stderr] warning: unused dependency `time`
[INFO] [stderr]   --> Cargo.toml:19:15
[INFO] [stderr]    |
[INFO] [stderr] 19 | [dependencies.time]
[INFO] [stderr]    |               ^^^^^
[INFO] [stderr]    |
[INFO] [stderr]    = note: `cargo::unused_dependencies` is set to `warn` by default
[INFO] [stderr] help: consider removing the dependency on `time`
[INFO] [stderr] warning: `awful_mcp` (manifest) generated 1 warning
[INFO] [stderr]     Finished `release` profile [optimized] target(s) in 2m 42s
[INFO] running `Command { std: "docker" "inspect" "5f0a1f5b24a2de92e8484470b342bc20aede2f1882b45a82edd442b6f3722937", kill_on_drop: false }`
[INFO] running `Command { std: "docker" "exec" "-e" "SOURCE_DIR=/opt/rustwide/workdir" "-e" "CARGO_HOME=/opt/rustwide/cargo-home" "-e" "RUSTUP_HOME=/opt/rustwide/rustup-home" "-e" "CARGO_TARGET_DIR=/opt/rustwide/target" "-e" "CARGO_INCREMENTAL=0" "-e" "RUST_BACKTRACE=full" "-e" "RUSTFLAGS=--cap-lints=warn" "-e" "RUSTDOCFLAGS=--cap-lints=warn" "-w" "/opt/rustwide/workdir" "--user" "0:0" "5f0a1f5b24a2de92e8484470b342bc20aede2f1882b45a82edd442b6f3722937" "/opt/rustwide/cargo-home/bin/cargo" "+1.100.0-beta.1" "test" "--frozen" "--no-run" "--message-format=json" "--release", kill_on_drop: false }`
[INFO] [stderr]    Compiling awful_mcp v0.1.0 (/opt/rustwide/workdir)
[INFO] [stdout] warning: fields `default_cwd` and `nu_path` are never read
[INFO] [stdout]   --> src/main.rs:26:5
[INFO] [stdout]    |
[INFO] [stdout] 24 | pub struct NuServer {
[INFO] [stdout]    |            -------- fields in this struct
[INFO] [stdout] 25 |     tool_router: ToolRouter<Self>,
[INFO] [stdout] 26 |     default_cwd: PathBuf,
[INFO] [stdout]    |     ^^^^^^^^^^^
[INFO] [stdout] 27 |     nu_path: String,
[INFO] [stdout]    |     ^^^^^^^
[INFO] [stdout]    |
[INFO] [stdout]    = note: `NuServer` has a derived impl for the trait `Clone`, but this is intentionally ignored during dead code analysis
[INFO] [stdout]    = note: `#[warn(dead_code)]` (part of `#[warn(unused)]`) on by default
[INFO] [stdout] 
[INFO] [stdout] 
[INFO] [stdout] warning: multiple methods are never used
[INFO] [stdout]    --> src/main.rs:49:8
[INFO] [stdout]     |
[INFO] [stdout]  37 | impl NuServer {
[INFO] [stdout]     | ------------- methods in this implementation
[INFO] [stdout] ...
[INFO] [stdout]  49 |     fn nushell(&self) -> NushellTools {
[INFO] [stdout]     |        ^^^^^^^
[INFO] [stdout] ...
[INFO] [stdout]  53 |     fn process(&self) -> ProcessTools {
[INFO] [stdout]     |        ^^^^^^^
[INFO] [stdout] ...
[INFO] [stdout]  57 |     fn filesystem(&self) -> FilesystemTools {
[INFO] [stdout]     |        ^^^^^^^^^^
[INFO] [stdout] ...
[INFO] [stdout]  61 |     fn search(&self) -> SearchTools {
[INFO] [stdout]     |        ^^^^^^
[INFO] [stdout] ...
[INFO] [stdout]  65 |     fn replace(&self) -> ReplaceTools {
[INFO] [stdout]     |        ^^^^^^^
[INFO] [stdout] ...
[INFO] [stdout]  69 |     fn git(&self) -> GitTools {
[INFO] [stdout]     |        ^^^
[INFO] [stdout] ...
[INFO] [stdout]  73 |     fn cargo(&self) -> CargoTools {
[INFO] [stdout]     |        ^^^^^
[INFO] [stdout] ...
[INFO] [stdout]  77 |     fn ast_grep(&self) -> AstGrepTools {
[INFO] [stdout]     |        ^^^^^^^^
[INFO] [stdout] ...
[INFO] [stdout]  82 |     async fn nu_run(
[INFO] [stdout]     |              ^^^^^^
[INFO] [stdout] ...
[INFO] [stdout]  89 |     async fn nu_json(
[INFO] [stdout]     |              ^^^^^^^
[INFO] [stdout] ...
[INFO] [stdout]  96 |     async fn nu_ls(
[INFO] [stdout]     |              ^^^^^
[INFO] [stdout] ...
[INFO] [stdout] 103 |     async fn nu_open(
[INFO] [stdout]     |              ^^^^^^^
[INFO] [stdout] ...
[INFO] [stdout] 110 |     async fn nu_save(
[INFO] [stdout]     |              ^^^^^^^
[INFO] [stdout] ...
[INFO] [stdout] 117 |     async fn nu_str_contains(
[INFO] [stdout]     |              ^^^^^^^^^^^^^^^
[INFO] [stdout] ...
[INFO] [stdout] 124 |     async fn nu_str_replace(
[INFO] [stdout]     |              ^^^^^^^^^^^^^^
[INFO] [stdout] ...
[INFO] [stdout] 131 |     async fn nu_ps(
[INFO] [stdout]     |              ^^^^^
[INFO] [stdout] ...
[INFO] [stdout] 138 |     async fn nu_sys(
[INFO] [stdout]     |              ^^^^^^
[INFO] [stdout] ...
[INFO] [stdout] 145 |     async fn nu_find_by_extension(
[INFO] [stdout]     |              ^^^^^^^^^^^^^^^^^^^^
[INFO] [stdout] ...
[INFO] [stdout] 152 |     async fn nu_recent_files(
[INFO] [stdout]     |              ^^^^^^^^^^^^^^^
[INFO] [stdout] ...
[INFO] [stdout] 159 |     async fn nu_large_files(
[INFO] [stdout]     |              ^^^^^^^^^^^^^^
[INFO] [stdout] ...
[INFO] [stdout] 166 |     async fn nu_code_stats(
[INFO] [stdout]     |              ^^^^^^^^^^^^^
[INFO] [stdout] ...
[INFO] [stdout] 173 |     async fn nu_grep_stats(
[INFO] [stdout]     |              ^^^^^^^^^^^^^
[INFO] [stdout] ...
[INFO] [stdout] 180 |     async fn nu_dir_tree(
[INFO] [stdout]     |              ^^^^^^^^^^^
[INFO] [stdout] ...
[INFO] [stdout] 188 |     async fn process_run(
[INFO] [stdout]     |              ^^^^^^^^^^^
[INFO] [stdout] ...
[INFO] [stdout] 196 |     async fn fs_read_text(
[INFO] [stdout]     |              ^^^^^^^^^^^^
[INFO] [stdout] ...
[INFO] [stdout] 203 |     async fn fs_write_text(
[INFO] [stdout]     |              ^^^^^^^^^^^^^
[INFO] [stdout] ...
[INFO] [stdout] 210 |     async fn fs_append_text(
[INFO] [stdout]     |              ^^^^^^^^^^^^^^
[INFO] [stdout] ...
[INFO] [stdout] 217 |     async fn fs_list(
[INFO] [stdout]     |              ^^^^^^^
[INFO] [stdout] ...
[INFO] [stdout] 224 |     async fn fs_glob(
[INFO] [stdout]     |              ^^^^^^^
[INFO] [stdout] ...
[INFO] [stdout] 232 |     async fn search_rg(
[INFO] [stdout]     |              ^^^^^^^^^
[INFO] [stdout] ...
[INFO] [stdout] 239 |     async fn search_fd(
[INFO] [stdout]     |              ^^^^^^^^^
[INFO] [stdout] ...
[INFO] [stdout] 247 |     async fn replace_ruplacer(
[INFO] [stdout]     |              ^^^^^^^^^^^^^^^^
[INFO] [stdout] ...
[INFO] [stdout] 255 |     async fn git_status(
[INFO] [stdout]     |              ^^^^^^^^^^
[INFO] [stdout] ...
[INFO] [stdout] 262 |     async fn git_diff(
[INFO] [stdout]     |              ^^^^^^^^
[INFO] [stdout] ...
[INFO] [stdout] 269 |     async fn git_add(
[INFO] [stdout]     |              ^^^^^^^
[INFO] [stdout] ...
[INFO] [stdout] 276 |     async fn git_commit(
[INFO] [stdout]     |              ^^^^^^^^^^
[INFO] [stdout] ...
[INFO] [stdout] 283 |     async fn git_push(
[INFO] [stdout]     |              ^^^^^^^^
[INFO] [stdout] ...
[INFO] [stdout] 291 |     async fn cargo_build(
[INFO] [stdout]     |              ^^^^^^^^^^^
[INFO] [stdout] ...
[INFO] [stdout] 298 |     async fn cargo_test(
[INFO] [stdout]     |              ^^^^^^^^^^
[INFO] [stdout] ...
[INFO] [stdout] 305 |     async fn cargo_fmt(
[INFO] [stdout]     |              ^^^^^^^^^
[INFO] [stdout] ...
[INFO] [stdout] 312 |     async fn cargo_clippy(
[INFO] [stdout]     |              ^^^^^^^^^^^^
[INFO] [stdout] ...
[INFO] [stdout] 320 |     async fn ast_ast_grep(
[INFO] [stdout]     |              ^^^^^^^^^^^^
[INFO] [stdout] 
[INFO] [stdout] 
[INFO] [stdout] warning: struct `AstGrepArgs` is never constructed
[INFO] [stdout]   --> src/tools/ast_grep.rs:16:12
[INFO] [stdout]    |
[INFO] [stdout] 16 | pub struct AstGrepArgs {
[INFO] [stdout]    |            ^^^^^^^^^^^
[INFO] [stdout] 
[INFO] [stdout] 
[INFO] [stdout] warning: struct `CargoArgs` is never constructed
[INFO] [stdout]   --> src/tools/cargo.rs:16:12
[INFO] [stdout]    |
[INFO] [stdout] 16 | pub struct CargoArgs {
[INFO] [stdout]    |            ^^^^^^^^^
[INFO] [stdout] 
[INFO] [stdout] 
[INFO] [stdout] warning: struct `WithCwdAndTimeout` is never constructed
[INFO] [stdout]   --> src/tools/cargo.rs:23:12
[INFO] [stdout]    |
[INFO] [stdout] 23 | pub struct WithCwdAndTimeout {
[INFO] [stdout]    |            ^^^^^^^^^^^^^^^^^
[INFO] [stdout] 
[INFO] [stdout] 
[INFO] [stdout] warning: struct `FsReadArgs` is never constructed
[INFO] [stdout]   --> src/tools/filesystem.rs:16:12
[INFO] [stdout]    |
[INFO] [stdout] 16 | pub struct FsReadArgs {
[INFO] [stdout]    |            ^^^^^^^^^^
[INFO] [stdout] 
[INFO] [stdout] 
[INFO] [stdout] warning: struct `FsWriteArgs` is never constructed
[INFO] [stdout]   --> src/tools/filesystem.rs:21:12
[INFO] [stdout]    |
[INFO] [stdout] 21 | pub struct FsWriteArgs {
[INFO] [stdout]    |            ^^^^^^^^^^^
[INFO] [stdout] 
[INFO] [stdout] 
[INFO] [stdout] warning: struct `FsListArgs` is never constructed
[INFO] [stdout]   --> src/tools/filesystem.rs:27:12
[INFO] [stdout]    |
[INFO] [stdout] 27 | pub struct FsListArgs {
[INFO] [stdout]    |            ^^^^^^^^^^
[INFO] [stdout] 
[INFO] [stdout] 
[INFO] [stdout] warning: struct `FsGlobArgs` is never constructed
[INFO] [stdout]   --> src/tools/filesystem.rs:33:12
[INFO] [stdout]    |
[INFO] [stdout] 33 | pub struct FsGlobArgs {
[INFO] [stdout]    |            ^^^^^^^^^^
[INFO] [stdout] 
[INFO] [stdout] 
[INFO] [stdout] warning: struct `WithCwdAndTimeout` is never constructed
[INFO] [stdout]   --> src/tools/git.rs:16:12
[INFO] [stdout]    |
[INFO] [stdout] 16 | pub struct WithCwdAndTimeout {
[INFO] [stdout]    |            ^^^^^^^^^^^^^^^^^
[INFO] [stdout] 
[INFO] [stdout] 
[INFO] [stdout] warning: struct `GitDiffArgs` is never constructed
[INFO] [stdout]   --> src/tools/git.rs:22:12
[INFO] [stdout]    |
[INFO] [stdout] 22 | pub struct GitDiffArgs {
[INFO] [stdout]    |            ^^^^^^^^^^^
[INFO] [stdout] 
[INFO] [stdout] 
[INFO] [stdout] warning: struct `GitPathsArgs` is never constructed
[INFO] [stdout]   --> src/tools/git.rs:30:12
[INFO] [stdout]    |
[INFO] [stdout] 30 | pub struct GitPathsArgs {
[INFO] [stdout]    |            ^^^^^^^^^^^^
[INFO] [stdout] 
[INFO] [stdout] 
[INFO] [stdout] warning: struct `GitCommitArgs` is never constructed
[INFO] [stdout]   --> src/tools/git.rs:37:12
[INFO] [stdout]    |
[INFO] [stdout] 37 | pub struct GitCommitArgs {
[INFO] [stdout]    |            ^^^^^^^^^^^^^
[INFO] [stdout] 
[INFO] [stdout] 
[INFO] [stdout] warning: struct `GitPushArgs` is never constructed
[INFO] [stdout]   --> src/tools/git.rs:46:12
[INFO] [stdout]    |
[INFO] [stdout] 46 | pub struct GitPushArgs {
[INFO] [stdout]    |            ^^^^^^^^^^^
[INFO] [stdout] 
[INFO] [stdout] 
[INFO] [stdout] warning: struct `GitDiffResult` is never constructed
[INFO] [stdout]   --> src/tools/git.rs:63:12
[INFO] [stdout]    |
[INFO] [stdout] 63 | pub struct GitDiffResult {
[INFO] [stdout]    |            ^^^^^^^^^^^^^
[INFO] [stdout] 
[INFO] [stdout] 
[INFO] [stdout] warning: struct `GitCommitResult` is never constructed
[INFO] [stdout]   --> src/tools/git.rs:78:12
[INFO] [stdout]    |
[INFO] [stdout] 78 | pub struct GitCommitResult {
[INFO] [stdout]    |            ^^^^^^^^^^^^^^^
[INFO] [stdout] 
[INFO] [stdout] 
[INFO] [stdout] warning: struct `GitPushResult` is never constructed
[INFO] [stdout]   --> src/tools/git.rs:87:12
[INFO] [stdout]    |
[INFO] [stdout] 87 | pub struct GitPushResult {
[INFO] [stdout]    |            ^^^^^^^^^^^^^
[INFO] [stdout] 
[INFO] [stdout] 
[INFO] [stdout] warning: struct `NuRunArgs` is never constructed
[INFO] [stdout]   --> src/tools/nushell.rs:14:12
[INFO] [stdout]    |
[INFO] [stdout] 14 | pub struct NuRunArgs {
[INFO] [stdout]    |            ^^^^^^^^^
[INFO] [stdout] 
[INFO] [stdout] 
[INFO] [stdout] warning: struct `NuJsonArgs` is never constructed
[INFO] [stdout]   --> src/tools/nushell.rs:26:12
[INFO] [stdout]    |
[INFO] [stdout] 26 | pub struct NuJsonArgs {
[INFO] [stdout]    |            ^^^^^^^^^^
[INFO] [stdout] 
[INFO] [stdout] 
[INFO] [stdout] warning: struct `NuLsArgs` is never constructed
[INFO] [stdout]   --> src/tools/nushell.rs:48:12
[INFO] [stdout]    |
[INFO] [stdout] 48 | pub struct NuLsArgs {
[INFO] [stdout]    |            ^^^^^^^^
[INFO] [stdout] 
[INFO] [stdout] 
[INFO] [stdout] warning: struct `NuOpenArgs` is never constructed
[INFO] [stdout]   --> src/tools/nushell.rs:61:12
[INFO] [stdout]    |
[INFO] [stdout] 61 | pub struct NuOpenArgs {
[INFO] [stdout]    |            ^^^^^^^^^^
[INFO] [stdout] 
[INFO] [stdout] 
[INFO] [stdout] warning: struct `NuSaveArgs` is never constructed
[INFO] [stdout]   --> src/tools/nushell.rs:72:12
[INFO] [stdout]    |
[INFO] [stdout] 72 | pub struct NuSaveArgs {
[INFO] [stdout]    |            ^^^^^^^^^^
[INFO] [stdout] 
[INFO] [stdout] 
[INFO] [stdout] warning: struct `NuStrContainsArgs` is never constructed
[INFO] [stdout]   --> src/tools/nushell.rs:87:12
[INFO] [stdout]    |
[INFO] [stdout] 87 | pub struct NuStrContainsArgs {
[INFO] [stdout]    |            ^^^^^^^^^^^^^^^^^
[INFO] [stdout] 
[INFO] [stdout] 
[INFO] [stdout] warning: struct `NuStrReplaceArgs` is never constructed
[INFO] [stdout]   --> src/tools/nushell.rs:97:12
[INFO] [stdout]    |
[INFO] [stdout] 97 | pub struct NuStrReplaceArgs {
[INFO] [stdout]    |            ^^^^^^^^^^^^^^^^
[INFO] [stdout] 
[INFO] [stdout] 
[INFO] [stdout] warning: struct `NuPsArgs` is never constructed
[INFO] [stdout]    --> src/tools/nushell.rs:109:12
[INFO] [stdout]     |
[INFO] [stdout] 109 | pub struct NuPsArgs {
[INFO] [stdout]     |            ^^^^^^^^
[INFO] [stdout] 
[INFO] [stdout] 
[INFO] [stdout] warning: struct `NuSysArgs` is never constructed
[INFO] [stdout]    --> src/tools/nushell.rs:117:12
[INFO] [stdout]     |
[INFO] [stdout] 117 | pub struct NuSysArgs {
[INFO] [stdout]     |            ^^^^^^^^^
[INFO] [stdout] 
[INFO] [stdout] 
[INFO] [stdout] warning: struct `NuFindByExtensionArgs` is never constructed
[INFO] [stdout]    --> src/tools/nushell.rs:127:12
[INFO] [stdout]     |
[INFO] [stdout] 127 | pub struct NuFindByExtensionArgs {
[INFO] [stdout]     |            ^^^^^^^^^^^^^^^^^^^^^
[INFO] [stdout] 
[INFO] [stdout] 
[INFO] [stdout] warning: struct `NuRecentFilesArgs` is never constructed
[INFO] [stdout]    --> src/tools/nushell.rs:141:12
[INFO] [stdout]     |
[INFO] [stdout] 141 | pub struct NuRecentFilesArgs {
[INFO] [stdout]     |            ^^^^^^^^^^^^^^^^^
[INFO] [stdout] 
[INFO] [stdout] 
[INFO] [stdout] warning: struct `NuLargeFilesArgs` is never constructed
[INFO] [stdout]    --> src/tools/nushell.rs:153:12
[INFO] [stdout]     |
[INFO] [stdout] 153 | pub struct NuLargeFilesArgs {
[INFO] [stdout]     |            ^^^^^^^^^^^^^^^^
[INFO] [stdout] 
[INFO] [stdout] 
[INFO] [stdout] warning: struct `NuCodeStatsArgs` is never constructed
[INFO] [stdout]    --> src/tools/nushell.rs:165:12
[INFO] [stdout]     |
[INFO] [stdout] 165 | pub struct NuCodeStatsArgs {
[INFO] [stdout]     |            ^^^^^^^^^^^^^^^
[INFO] [stdout] 
[INFO] [stdout] 
[INFO] [stdout] warning: struct `NuGrepStatsArgs` is never constructed
[INFO] [stdout]    --> src/tools/nushell.rs:175:12
[INFO] [stdout]     |
[INFO] [stdout] 175 | pub struct NuGrepStatsArgs {
[INFO] [stdout]     |            ^^^^^^^^^^^^^^^
[INFO] [stdout] 
[INFO] [stdout] 
[INFO] [stdout] warning: struct `NuDirTreeArgs` is never constructed
[INFO] [stdout]    --> src/tools/nushell.rs:189:12
[INFO] [stdout]     |
[INFO] [stdout] 189 | pub struct NuDirTreeArgs {
[INFO] [stdout]     |            ^^^^^^^^^^^^^
[INFO] [stdout] 
[INFO] [stdout] 
[INFO] [stdout] warning: function `shell_escape` is never used
[INFO] [stdout]    --> src/tools/nushell.rs:722:4
[INFO] [stdout]     |
[INFO] [stdout] 722 | fn shell_escape(s: &str) -> String {
[INFO] [stdout]     |    ^^^^^^^^^^^^
[INFO] [stdout] 
[INFO] [stdout] 
[INFO] [stdout] warning: struct `ProcessRunArgs` is never constructed
[INFO] [stdout]   --> src/tools/process.rs:16:12
[INFO] [stdout]    |
[INFO] [stdout] 16 | pub struct ProcessRunArgs {
[INFO] [stdout]    |            ^^^^^^^^^^^^^^
[INFO] [stdout] 
[INFO] [stdout] 
[INFO] [stdout] warning: struct `RuplacerArgs` is never constructed
[INFO] [stdout]   --> src/tools/replace.rs:16:12
[INFO] [stdout]    |
[INFO] [stdout] 16 | pub struct RuplacerArgs {
[INFO] [stdout]    |            ^^^^^^^^^^^^
[INFO] [stdout] 
[INFO] [stdout] 
[INFO] [stdout] warning: struct `RgArgs` is never constructed
[INFO] [stdout]   --> src/tools/search.rs:16:12
[INFO] [stdout]    |
[INFO] [stdout] 16 | pub struct RgArgs {
[INFO] [stdout]    |            ^^^^^^
[INFO] [stdout] 
[INFO] [stdout] 
[INFO] [stdout] warning: struct `FdArgs` is never constructed
[INFO] [stdout]   --> src/tools/search.rs:38:12
[INFO] [stdout]    |
[INFO] [stdout] 38 | pub struct FdArgs {
[INFO] [stdout]    |            ^^^^^^
[INFO] [stdout] 
[INFO] [stdout] 
[INFO] [stderr] warning: unused dependency `time`
[INFO] [stderr]   --> Cargo.toml:19:15
[INFO] [stderr]    |
[INFO] [stderr] 19 | [dependencies.time]
[INFO] [stderr]    |               ^^^^^
[INFO] [stderr]    |
[INFO] [stderr]    = note: `cargo::unused_dependencies` is set to `warn` by default
[INFO] [stderr] help: consider removing the dependency on `time`
[INFO] [stderr] warning: `awful_mcp` (manifest) generated 1 warning
[INFO] [stderr]     Finished `release` profile [optimized] target(s) in 11.99s
[INFO] running `Command { std: "docker" "inspect" "5f0a1f5b24a2de92e8484470b342bc20aede2f1882b45a82edd442b6f3722937", kill_on_drop: false }`
[INFO] running `Command { std: "docker" "exec" "-e" "SOURCE_DIR=/opt/rustwide/workdir" "-e" "CARGO_HOME=/opt/rustwide/cargo-home" "-e" "RUSTUP_HOME=/opt/rustwide/rustup-home" "-e" "CARGO_TARGET_DIR=/opt/rustwide/target" "-e" "CARGO_INCREMENTAL=0" "-e" "RUST_BACKTRACE=full" "-e" "RUSTFLAGS=--cap-lints=warn" "-e" "RUSTDOCFLAGS=--cap-lints=warn" "-w" "/opt/rustwide/workdir" "--user" "0:0" "5f0a1f5b24a2de92e8484470b342bc20aede2f1882b45a82edd442b6f3722937" "/opt/rustwide/cargo-home/bin/cargo" "+1.100.0-beta.1" "test" "--frozen" "--release", kill_on_drop: false }`
[INFO] [stderr] warning: fields `default_cwd` and `nu_path` are never read
[INFO] [stderr]   --> src/main.rs:26:5
[INFO] [stderr]    |
[INFO] [stderr] 24 | pub struct NuServer {
[INFO] [stderr]    |            -------- fields in this struct
[INFO] [stderr] 25 |     tool_router: ToolRouter<Self>,
[INFO] [stderr] 26 |     default_cwd: PathBuf,
[INFO] [stderr]    |     ^^^^^^^^^^^
[INFO] [stderr] 27 |     nu_path: String,
[INFO] [stderr]    |     ^^^^^^^
[INFO] [stderr]    |
[INFO] [stderr]    = note: `NuServer` has a derived impl for the trait `Clone`, but this is intentionally ignored during dead code analysis
[INFO] [stderr]    = note: `#[warn(dead_code)]` (part of `#[warn(unused)]`) on by default
[INFO] [stderr] 
[INFO] [stderr] warning: multiple methods are never used
[INFO] [stderr]    --> src/main.rs:49:8
[INFO] [stderr]     |
[INFO] [stderr]  37 | impl NuServer {
[INFO] [stderr]     | ------------- methods in this implementation
[INFO] [stderr] ...
[INFO] [stderr]  49 |     fn nushell(&self) -> NushellTools {
[INFO] [stderr]     |        ^^^^^^^
[INFO] [stderr] ...
[INFO] [stderr]  53 |     fn process(&self) -> ProcessTools {
[INFO] [stderr]     |        ^^^^^^^
[INFO] [stderr] ...
[INFO] [stderr]  57 |     fn filesystem(&self) -> FilesystemTools {
[INFO] [stderr]     |        ^^^^^^^^^^
[INFO] [stderr] ...
[INFO] [stderr]  61 |     fn search(&self) -> SearchTools {
[INFO] [stderr]     |        ^^^^^^
[INFO] [stderr] ...
[INFO] [stderr]  65 |     fn replace(&self) -> ReplaceTools {
[INFO] [stderr]     |        ^^^^^^^
[INFO] [stderr] ...
[INFO] [stderr]  69 |     fn git(&self) -> GitTools {
[INFO] [stderr]     |        ^^^
[INFO] [stderr] ...
[INFO] [stderr]  73 |     fn cargo(&self) -> CargoTools {
[INFO] [stderr]     |        ^^^^^
[INFO] [stderr] ...
[INFO] [stderr]  77 |     fn ast_grep(&self) -> AstGrepTools {
[INFO] [stderr]     |        ^^^^^^^^
[INFO] [stderr] ...
[INFO] [stderr]  82 |     async fn nu_run(
[INFO] [stderr]     |              ^^^^^^
[INFO] [stderr] ...
[INFO] [stderr]  89 |     async fn nu_json(
[INFO] [stderr]     |              ^^^^^^^
[INFO] [stderr] ...
[INFO] [stderr]  96 |     async fn nu_ls(
[INFO] [stderr]     |              ^^^^^
[INFO] [stderr] ...
[INFO] [stderr] 103 |     async fn nu_open(
[INFO] [stderr]     |              ^^^^^^^
[INFO] [stderr] ...
[INFO] [stderr] 110 |     async fn nu_save(
[INFO] [stderr]     |              ^^^^^^^
[INFO] [stderr] ...
[INFO] [stderr] 117 |     async fn nu_str_contains(
[INFO] [stderr]     |              ^^^^^^^^^^^^^^^
[INFO] [stderr] ...
[INFO] [stderr] 124 |     async fn nu_str_replace(
[INFO] [stderr]     |              ^^^^^^^^^^^^^^
[INFO] [stderr] ...
[INFO] [stderr] 131 |     async fn nu_ps(
[INFO] [stderr]     |              ^^^^^
[INFO] [stderr] ...
[INFO] [stderr] 138 |     async fn nu_sys(
[INFO] [stderr]     |              ^^^^^^
[INFO] [stderr] ...
[INFO] [stderr] 145 |     async fn nu_find_by_extension(
[INFO] [stderr]     |              ^^^^^^^^^^^^^^^^^^^^
[INFO] [stderr] ...
[INFO] [stderr] 152 |     async fn nu_recent_files(
[INFO] [stderr]     |              ^^^^^^^^^^^^^^^
[INFO] [stderr] ...
[INFO] [stderr] 159 |     async fn nu_large_files(
[INFO] [stderr]     |              ^^^^^^^^^^^^^^
[INFO] [stderr] ...
[INFO] [stderr] 166 |     async fn nu_code_stats(
[INFO] [stderr]     |              ^^^^^^^^^^^^^
[INFO] [stderr] ...
[INFO] [stderr] 173 |     async fn nu_grep_stats(
[INFO] [stderr]     |              ^^^^^^^^^^^^^
[INFO] [stderr] ...
[INFO] [stderr] 180 |     async fn nu_dir_tree(
[INFO] [stderr]     |              ^^^^^^^^^^^
[INFO] [stderr] ...
[INFO] [stderr] 188 |     async fn process_run(
[INFO] [stderr]     |              ^^^^^^^^^^^
[INFO] [stderr] ...
[INFO] [stderr] 196 |     async fn fs_read_text(
[INFO] [stderr]     |              ^^^^^^^^^^^^
[INFO] [stderr] ...
[INFO] [stderr] 203 |     async fn fs_write_text(
[INFO] [stderr]     |              ^^^^^^^^^^^^^
[INFO] [stderr] ...
[INFO] [stderr] 210 |     async fn fs_append_text(
[INFO] [stderr]     |              ^^^^^^^^^^^^^^
[INFO] [stderr] ...
[INFO] [stderr] 217 |     async fn fs_list(
[INFO] [stderr]     |              ^^^^^^^
[INFO] [stderr] ...
[INFO] [stderr] 224 |     async fn fs_glob(
[INFO] [stderr]     |              ^^^^^^^
[INFO] [stderr] ...
[INFO] [stderr] 232 |     async fn search_rg(
[INFO] [stderr]     |              ^^^^^^^^^
[INFO] [stderr] ...
[INFO] [stderr] 239 |     async fn search_fd(
[INFO] [stderr]     |              ^^^^^^^^^
[INFO] [stderr] ...
[INFO] [stderr] 247 |     async fn replace_ruplacer(
[INFO] [stderr]     |              ^^^^^^^^^^^^^^^^
[INFO] [stderr] ...
[INFO] [stderr] 255 |     async fn git_status(
[INFO] [stderr]     |              ^^^^^^^^^^
[INFO] [stderr] ...
[INFO] [stderr] 262 |     async fn git_diff(
[INFO] [stderr]     |              ^^^^^^^^
[INFO] [stderr] ...
[INFO] [stderr] 269 |     async fn git_add(
[INFO] [stderr]     |              ^^^^^^^
[INFO] [stderr] ...
[INFO] [stderr] 276 |     async fn git_commit(
[INFO] [stderr]     |              ^^^^^^^^^^
[INFO] [stderr] ...
[INFO] [stderr] 283 |     async fn git_push(
[INFO] [stderr]     |              ^^^^^^^^
[INFO] [stderr] ...
[INFO] [stderr] 291 |     async fn cargo_build(
[INFO] [stderr]     |              ^^^^^^^^^^^
[INFO] [stderr] ...
[INFO] [stderr] 298 |     async fn cargo_test(
[INFO] [stderr]     |              ^^^^^^^^^^
[INFO] [stderr] ...
[INFO] [stderr] 305 |     async fn cargo_fmt(
[INFO] [stderr]     |              ^^^^^^^^^
[INFO] [stderr] ...
[INFO] [stderr] 312 |     async fn cargo_clippy(
[INFO] [stderr]     |              ^^^^^^^^^^^^
[INFO] [stderr] ...
[INFO] [stderr] 320 |     async fn ast_ast_grep(
[INFO] [stderr]     |              ^^^^^^^^^^^^
[INFO] [stderr] 
[INFO] [stderr] warning: struct `AstGrepArgs` is never constructed
[INFO] [stderr]   --> src/tools/ast_grep.rs:16:12
[INFO] [stderr]    |
[INFO] [stderr] 16 | pub struct AstGrepArgs {
[INFO] [stderr]    |            ^^^^^^^^^^^
[INFO] [stderr] 
[INFO] [stderr] warning: struct `CargoArgs` is never constructed
[INFO] [stderr]   --> src/tools/cargo.rs:16:12
[INFO] [stderr]    |
[INFO] [stderr] 16 | pub struct CargoArgs {
[INFO] [stderr]    |            ^^^^^^^^^
[INFO] [stderr] 
[INFO] [stderr] warning: struct `WithCwdAndTimeout` is never constructed
[INFO] [stderr]   --> src/tools/cargo.rs:23:12
[INFO] [stderr]    |
[INFO] [stderr] 23 | pub struct WithCwdAndTimeout {
[INFO] [stderr]    |            ^^^^^^^^^^^^^^^^^
[INFO] [stderr] 
[INFO] [stderr] warning: struct `FsReadArgs` is never constructed
[INFO] [stderr]   --> src/tools/filesystem.rs:16:12
[INFO] [stderr]    |
[INFO] [stderr] 16 | pub struct FsReadArgs {
[INFO] [stderr]    |            ^^^^^^^^^^
[INFO] [stderr] 
[INFO] [stderr] warning: struct `FsWriteArgs` is never constructed
[INFO] [stderr]   --> src/tools/filesystem.rs:21:12
[INFO] [stderr]    |
[INFO] [stderr] 21 | pub struct FsWriteArgs {
[INFO] [stderr]    |            ^^^^^^^^^^^
[INFO] [stderr] 
[INFO] [stderr] warning: struct `FsListArgs` is never constructed
[INFO] [stderr]   --> src/tools/filesystem.rs:27:12
[INFO] [stderr]    |
[INFO] [stderr] 27 | pub struct FsListArgs {
[INFO] [stderr]    |            ^^^^^^^^^^
[INFO] [stderr] 
[INFO] [stderr] warning: struct `FsGlobArgs` is never constructed
[INFO] [stderr]   --> src/tools/filesystem.rs:33:12
[INFO] [stderr]    |
[INFO] [stderr] 33 | pub struct FsGlobArgs {
[INFO] [stderr]    |            ^^^^^^^^^^
[INFO] [stderr] 
[INFO] [stderr] warning: struct `WithCwdAndTimeout` is never constructed
[INFO] [stderr]   --> src/tools/git.rs:16:12
[INFO] [stderr]    |
[INFO] [stderr] 16 | pub struct WithCwdAndTimeout {
[INFO] [stderr]    |            ^^^^^^^^^^^^^^^^^
[INFO] [stderr] 
[INFO] [stderr] warning: struct `GitDiffArgs` is never constructed
[INFO] [stderr]   --> src/tools/git.rs:22:12
[INFO] [stderr]    |
[INFO] [stderr] 22 | pub struct GitDiffArgs {
[INFO] [stderr]    |            ^^^^^^^^^^^
[INFO] [stderr] 
[INFO] [stderr] warning: struct `GitPathsArgs` is never constructed
[INFO] [stderr]   --> src/tools/git.rs:30:12
[INFO] [stderr]    |
[INFO] [stderr] 30 | pub struct GitPathsArgs {
[INFO] [stderr]    |            ^^^^^^^^^^^^
[INFO] [stderr] 
[INFO] [stderr] warning: struct `GitCommitArgs` is never constructed
[INFO] [stderr]   --> src/tools/git.rs:37:12
[INFO] [stderr]    |
[INFO] [stderr] 37 | pub struct GitCommitArgs {
[INFO] [stderr]    |            ^^^^^^^^^^^^^
[INFO] [stderr] 
[INFO] [stderr] warning: struct `GitPushArgs` is never constructed
[INFO] [stderr]   --> src/tools/git.rs:46:12
[INFO] [stderr]    |
[INFO] [stderr] 46 | pub struct GitPushArgs {
[INFO] [stderr]    |            ^^^^^^^^^^^
[INFO] [stderr] 
[INFO] [stderr] warning: struct `GitDiffResult` is never constructed
[INFO] [stderr]   --> src/tools/git.rs:63:12
[INFO] [stderr]    |
[INFO] [stderr] 63 | pub struct GitDiffResult {
[INFO] [stderr]    |            ^^^^^^^^^^^^^
[INFO] [stderr] 
[INFO] [stderr] warning: struct `GitCommitResult` is never constructed
[INFO] [stderr]   --> src/tools/git.rs:78:12
[INFO] [stderr]    |
[INFO] [stderr] 78 | pub struct GitCommitResult {
[INFO] [stderr]    |            ^^^^^^^^^^^^^^^
[INFO] [stderr] 
[INFO] [stderr] warning: struct `GitPushResult` is never constructed
[INFO] [stderr]   --> src/tools/git.rs:87:12
[INFO] [stderr]    |
[INFO] [stderr] 87 | pub struct GitPushResult {
[INFO] [stderr]    |            ^^^^^^^^^^^^^
[INFO] [stderr] 
[INFO] [stderr] warning: struct `NuRunArgs` is never constructed
[INFO] [stderr]   --> src/tools/nushell.rs:14:12
[INFO] [stderr]    |
[INFO] [stderr] 14 | pub struct NuRunArgs {
[INFO] [stderr]    |            ^^^^^^^^^
[INFO] [stderr] 
[INFO] [stderr] warning: struct `NuJsonArgs` is never constructed
[INFO] [stderr]   --> src/tools/nushell.rs:26:12
[INFO] [stderr]    |
[INFO] [stderr] 26 | pub struct NuJsonArgs {
[INFO] [stderr]    |            ^^^^^^^^^^
[INFO] [stderr] 
[INFO] [stderr] warning: struct `NuLsArgs` is never constructed
[INFO] [stderr]   --> src/tools/nushell.rs:48:12
[INFO] [stderr]    |
[INFO] [stderr] 48 | pub struct NuLsArgs {
[INFO] [stderr]    |            ^^^^^^^^
[INFO] [stderr] 
[INFO] [stderr] warning: struct `NuOpenArgs` is never constructed
[INFO] [stderr]   --> src/tools/nushell.rs:61:12
[INFO] [stderr]    |
[INFO] [stderr] 61 | pub struct NuOpenArgs {
[INFO] [stderr]    |            ^^^^^^^^^^
[INFO] [stderr] 
[INFO] [stderr] warning: struct `NuSaveArgs` is never constructed
[INFO] [stderr]   --> src/tools/nushell.rs:72:12
[INFO] [stderr]    |
[INFO] [stderr] 72 | pub struct NuSaveArgs {
[INFO] [stderr]    |            ^^^^^^^^^^
[INFO] [stderr] 
[INFO] [stderr] warning: struct `NuStrContainsArgs` is never constructed
[INFO] [stderr]   --> src/tools/nushell.rs:87:12
[INFO] [stderr]    |
[INFO] [stderr] 87 | pub struct NuStrContainsArgs {
[INFO] [stderr]    |            ^^^^^^^^^^^^^^^^^
[INFO] [stderr] 
[INFO] [stderr] warning: struct `NuStrReplaceArgs` is never constructed
[INFO] [stderr]   --> src/tools/nushell.rs:97:12
[INFO] [stderr]    |
[INFO] [stderr] 97 | pub struct NuStrReplaceArgs {
[INFO] [stderr]    |            ^^^^^^^^^^^^^^^^
[INFO] [stderr] 
[INFO] [stderr] warning: struct `NuPsArgs` is never constructed
[INFO] [stderr]    --> src/tools/nushell.rs:109:12
[INFO] [stderr]     |
[INFO] [stderr] 109 | pub struct NuPsArgs {
[INFO] [stderr]     |            ^^^^^^^^
[INFO] [stderr] 
[INFO] [stderr] warning: struct `NuSysArgs` is never constructed
[INFO] [stderr]    --> src/tools/nushell.rs:117:12
[INFO] [stderr]     |
[INFO] [stderr] 117 | pub struct NuSysArgs {
[INFO] [stderr]     |            ^^^^^^^^^
[INFO] [stderr] 
[INFO] [stderr] warning: struct `NuFindByExtensionArgs` is never constructed
[INFO] [stderr]    --> src/tools/nushell.rs:127:12
[INFO] [stderr]     |
[INFO] [stderr] 127 | pub struct NuFindByExtensionArgs {
[INFO] [stderr]     |            ^^^^^^^^^^^^^^^^^^^^^
[INFO] [stderr] 
[INFO] [stderr] warning: struct `NuRecentFilesArgs` is never constructed
[INFO] [stderr]    --> src/tools/nushell.rs:141:12
[INFO] [stderr]     |
[INFO] [stderr] 141 | pub struct NuRecentFilesArgs {
[INFO] [stderr]     |            ^^^^^^^^^^^^^^^^^
[INFO] [stderr] 
[INFO] [stderr] warning: struct `NuLargeFilesArgs` is never constructed
[INFO] [stderr]    --> src/tools/nushell.rs:153:12
[INFO] [stderr]     |
[INFO] [stderr] 153 | pub struct NuLargeFilesArgs {
[INFO] [stderr]     |            ^^^^^^^^^^^^^^^^
[INFO] [stderr] 
[INFO] [stderr] warning: struct `NuCodeStatsArgs` is never constructed
[INFO] [stderr]    --> src/tools/nushell.rs:165:12
[INFO] [stderr]     |
[INFO] [stderr] 165 | pub struct NuCodeStatsArgs {
[INFO] [stderr]     |            ^^^^^^^^^^^^^^^
[INFO] [stderr] 
[INFO] [stderr] warning: struct `NuGrepStatsArgs` is never constructed
[INFO] [stderr]    --> src/tools/nushell.rs:175:12
[INFO] [stderr]     |
[INFO] [stderr] 175 | pub struct NuGrepStatsArgs {
[INFO] [stderr]     |            ^^^^^^^^^^^^^^^
[INFO] [stderr] 
[INFO] [stderr] warning: struct `NuDirTreeArgs` is never constructed
[INFO] [stderr]    --> src/tools/nushell.rs:189:12
[INFO] [stderr]     |
[INFO] [stderr] 189 | pub struct NuDirTreeArgs {
[INFO] [stderr]     |            ^^^^^^^^^^^^^
[INFO] [stderr] 
[INFO] [stderr] warning: function `shell_escape` is never used
[INFO] [stderr]    --> src/tools/nushell.rs:722:4
[INFO] [stderr]     |
[INFO] [stderr] 722 | fn shell_escape(s: &str) -> String {
[INFO] [stderr]     |    ^^^^^^^^^^^^
[INFO] [stderr] 
[INFO] [stderr] warning: struct `ProcessRunArgs` is never constructed
[INFO] [stderr]   --> src/tools/process.rs:16:12
[INFO] [stderr]    |
[INFO] [stderr] 16 | pub struct ProcessRunArgs {
[INFO] [stderr]    |            ^^^^^^^^^^^^^^
[INFO] [stderr] 
[INFO] [stderr] warning: struct `RuplacerArgs` is never constructed
[INFO] [stderr]   --> src/tools/replace.rs:16:12
[INFO] [stderr]    |
[INFO] [stderr] 16 | pub struct RuplacerArgs {
[INFO] [stderr]    |            ^^^^^^^^^^^^
[INFO] [stderr] 
[INFO] [stderr] warning: struct `RgArgs` is never constructed
[INFO] [stderr]   --> src/tools/search.rs:16:12
[INFO] [stderr]    |
[INFO] [stderr] 16 | pub struct RgArgs {
[INFO] [stderr]    |            ^^^^^^
[INFO] [stderr] 
[INFO] [stderr] warning: struct `FdArgs` is never constructed
[INFO] [stderr]   --> src/tools/search.rs:38:12
[INFO] [stderr]    |
[INFO] [stderr] 38 | pub struct FdArgs {
[INFO] [stderr]    |            ^^^^^^
[INFO] [stderr] 
[INFO] [stderr] warning: `awful_mcp` (bin "awful_mcp" test) generated 37 warnings
[INFO] [stderr] warning: unused dependency `time`
[INFO] [stderr]   --> Cargo.toml:19:15
[INFO] [stderr]    |
[INFO] [stderr] 19 | [dependencies.time]
[INFO] [stderr]    |               ^^^^^
[INFO] [stderr]    |
[INFO] [stderr]    = note: `cargo::unused_dependencies` is set to `warn` by default
[INFO] [stderr] help: consider removing the dependency on `time`
[INFO] [stderr] warning: `awful_mcp` (manifest) generated 1 warning
[INFO] [stderr]     Finished `release` profile [optimized] target(s) in 0.22s
[INFO] [stderr]      Running unittests src/main.rs (/opt/rustwide/target/release/build/awful_mcp/2259fe480489a5bc/out/awful_mcp-2259fe480489a5bc)
[INFO] [stdout] 
[INFO] [stdout] running 45 tests
[INFO] [stdout] test tools::ast_grep::tests::test_ast_grep_typescript ... ok
[INFO] [stdout] test tools::ast_grep::tests::test_ast_grep_with_file_type ... ok
[INFO] [stdout] test tools::ast_grep::tests::test_ast_grep_with_rewrite ... ok
[INFO] [stdout] test tools::ast_grep::tests::test_ast_grep_simple_pattern ... ok
[INFO] [stdout] test tools::ast_grep::tests::test_ast_grep_with_json ... ok
[INFO] [stdout] test tools::filesystem::tests::test_glob_files ... ok
[INFO] [stdout] test tools::git::tests::test_git_add_empty_paths ... ok
[INFO] [stdout] test tools::filesystem::tests::test_read_nonexistent_file ... ok
[INFO] [stdout] test tools::filesystem::tests::test_list_directory ... ok
[INFO] [stdout] test tools::nushell::tests::test_nu_json_invalid_json ... FAILED
[INFO] [stdout] test tools::nushell::tests::test_nu_json_valid_output ... FAILED
[INFO] [stdout] test tools::filesystem::tests::test_write_and_read_text ... ok
[INFO] [stdout] test tools::filesystem::tests::test_append_text ... ok
[INFO] [stdout] test tools::nushell::tests::test_nu_json_with_stderr_allowed ... FAILED
[INFO] [stdout] test tools::nushell::tests::test_nu_json_with_stderr_disallowed ... FAILED
[INFO] [stdout] test tools::nushell::tests::test_nu_run_simple_command ... FAILED
[INFO] [stdout] test tools::nushell::tests::test_nu_run_with_custom_cwd ... FAILED
[INFO] [stdout] test tools::nushell::tests::test_nu_run_failure ... FAILED
[INFO] [stdout] test tools::process::tests::test_process_run_nonexistent_program ... ok
[INFO] [stdout] test tools::nushell::tests::test_nu_run_timeout ... ok
[INFO] [stdout] test tools::nushell::tests::test_nu_run_with_environment_variables ... FAILED
[INFO] [stdout] test tools::process::tests::test_process_run_failure ... ok
[INFO] [stdout] test tools::process::tests::test_process_run_simple_command ... ok
[INFO] [stdout] test tools::process::tests::test_process_run_with_environment_variables ... ok
[INFO] [stdout] test tools::git::tests::test_git_status ... ok
[INFO] [stdout] test tools::replace::tests::test_ruplacer_case_insensitive ... ok
[INFO] [stdout] test tools::replace::tests::test_ruplacer_dry_run ... ok
[INFO] [stdout] test tools::replace::tests::test_ruplacer_with_file_type ... ok
[INFO] [stdout] test tools::replace::tests::test_ruplacer_with_regex ... ok
[INFO] [stdout] test tools::search::tests::test_fd_simple_search ... ok
[INFO] [stdout] test tools::replace::tests::test_ruplacer_word_boundary ... ok
[INFO] [stdout] test tools::search::tests::test_fd_with_max_depth ... FAILED
[INFO] [stdout] test tools::search::tests::test_fd_with_extension ... FAILED
[INFO] [stdout] test tools::process::tests::test_process_run_with_custom_cwd ... ok
[INFO] [stdout] test tools::search::tests::test_fd_with_pattern ... FAILED
[INFO] [stdout] test tools::search::tests::test_fd_with_type_filter ... FAILED
[INFO] [stdout] test tools::search::tests::test_ripgrep_timeout ... ok
[INFO] [stdout] test tools::search::tests::test_ripgrep_with_extra_args ... FAILED
[INFO] [stdout] test tools::search::tests::test_ripgrep_simple_search ... FAILED
[INFO] [stdout] test tools::search::tests::test_ripgrep_with_path ... FAILED
[INFO] [stdout] test tools::process::tests::test_process_run_with_args ... ok
[INFO] [stdout] test tools::process::tests::test_process_run_timeout ... ok
[INFO] [stdout] test tools::cargo::tests::test_cargo_with_extra_args ... ok
[INFO] [stdout] test tools::cargo::tests::test_cargo_build has been running for over 60 seconds
[INFO] [stdout] test tools::cargo::tests::test_cargo_check has been running for over 60 seconds
[INFO] [stdout] test tools::cargo::tests::test_cargo_check ... ok
[INFO] [stdout] test tools::cargo::tests::test_cargo_build ... ok
[INFO] [stdout] 
[INFO] [stdout] failures:
[INFO] [stdout] 
[INFO] [stdout] ---- tools::nushell::tests::test_nu_json_invalid_json stdout ----
[INFO] [stdout] 
[INFO] [stdout] thread 'tools::nushell::tests::test_nu_json_invalid_json' (1912) panicked at src/tools/nushell.rs:808:9:
[INFO] [stdout] assertion failed: result.unwrap_err().to_string().contains("parse error")
[INFO] [stdout] stack backtrace:
[INFO] [stdout]    0:     0x5e38052c3d61 - <<std[617be2ca0a6fd877]::sys::backtrace::BacktraceLock>::print::DisplayBacktrace as core[a373ad73a504971]::fmt::Display>::fmt
[INFO] [stdout]    1:     0x5e38052d95ca - core[a373ad73a504971]::fmt::write
[INFO] [stdout]    2:     0x5e38052c8adc - <alloc[2e1b2a31b91974c5]::vec::Vec<u8> as core[a373ad73a504971]::io::write::Write>::write_fmt
[INFO] [stdout]    3:     0x5e380529d9b6 - std[617be2ca0a6fd877]::panicking::default_hook::{closure#0}
[INFO] [stdout]    4:     0x5e38052bb8e9 - std[617be2ca0a6fd877]::panicking::default_hook
[INFO] [stdout]    5:     0x5e38052233f0 - test[aada8e7e76ba119b]::test_main_inner::{closure#0}
[INFO] [stdout]    6:     0x5e38052bbc12 - std[617be2ca0a6fd877]::panicking::panic_with_hook
[INFO] [stdout]    7:     0x5e380529da94 - std[617be2ca0a6fd877]::panicking::panic_handler::{closure#0}
[INFO] [stdout]    8:     0x5e3805295e09 - std[617be2ca0a6fd877]::sys::backtrace::__rust_end_short_backtrace::<std[617be2ca0a6fd877]::panicking::panic_handler::{closure#0}, !>
[INFO] [stdout]    9:     0x5e380529e86d - __rustc[ea4f61d10b84890b]::rust_begin_unwind
[INFO] [stdout]   10:     0x5e38052d9d2c - core[a373ad73a504971]::panicking::panic_fmt
[INFO] [stdout]   11:     0x5e38052d9cf2 - core[a373ad73a504971]::panicking::panic
[INFO] [stdout]   12:     0x5e38051d968a - awful_mcp[51be1816e216807d]::tools::nushell::tests::test_nu_json_invalid_json::{closure#0}
[INFO] [stdout]   13:     0x5e38052003d3 - <tokio[8e090056ce3b449b]::runtime::scheduler::current_thread::Context>::enter::<core[a373ad73a504971]::task::poll::Poll<()>, <tokio[8e090056ce3b449b]::runtime::scheduler::current_thread::CoreGuard>::block_on<core[a373ad73a504971]::pin::Pin<&mut core[a373ad73a504971]::pin::Pin<&mut dyn core[a373ad73a504971]::future::future::Future<Output = ()>>>>::{closure#0}::{closure#0}>
[INFO] [stdout]   14:     0x5e38051f3a3c - <tokio[8e090056ce3b449b]::runtime::context::scoped::Scoped<tokio[8e090056ce3b449b]::runtime::scheduler::Context>>::set::<<tokio[8e090056ce3b449b]::runtime::scheduler::current_thread::CoreGuard>::enter<<tokio[8e090056ce3b449b]::runtime::scheduler::current_thread::CoreGuard>::block_on<core[a373ad73a504971]::pin::Pin<&mut core[a373ad73a504971]::pin::Pin<&mut dyn core[a373ad73a504971]::future::future::Future<Output = ()>>>>::{closure#0}, core[a373ad73a504971]::option::Option<()>>::{closure#0}, (alloc[2e1b2a31b91974c5]::boxed::Box<tokio[8e090056ce3b449b]::runtime::scheduler::current_thread::Core>, core[a373ad73a504971]::option::Option<()>)>
[INFO] [stdout]   15:     0x5e3805200727 - <tokio[8e090056ce3b449b]::runtime::scheduler::current_thread::CoreGuard>::block_on::<core[a373ad73a504971]::pin::Pin<&mut core[a373ad73a504971]::pin::Pin<&mut dyn core[a373ad73a504971]::future::future::Future<Output = ()>>>>
[INFO] [stdout]   16:     0x5e3805206a00 - tokio[8e090056ce3b449b]::runtime::context::runtime::enter_runtime::<<tokio[8e090056ce3b449b]::runtime::scheduler::current_thread::CurrentThread>::block_on<core[a373ad73a504971]::pin::Pin<&mut dyn core[a373ad73a504971]::future::future::Future<Output = ()>>>::{closure#0}, ()>
[INFO] [stdout]   17:     0x5e38051ef765 - <tokio[8e090056ce3b449b]::runtime::runtime::Runtime>::block_on::<core[a373ad73a504971]::pin::Pin<&mut dyn core[a373ad73a504971]::future::future::Future<Output = ()>>>
[INFO] [stdout]   18:     0x5e38051db76e - <awful_mcp[51be1816e216807d]::tools::nushell::tests::test_nu_json_invalid_json::{closure#0} as core[a373ad73a504971]::ops::function::FnOnce<()>>::call_once
[INFO] [stdout]   19:     0x5e380521683b - test[aada8e7e76ba119b]::__rust_begin_short_backtrace::<core[a373ad73a504971]::result::Result<(), alloc[2e1b2a31b91974c5]::string::String>, fn() -> core[a373ad73a504971]::result::Result<(), alloc[2e1b2a31b91974c5]::string::String>>
[INFO] [stdout]   20:     0x5e3805223a15 - test[aada8e7e76ba119b]::run_test::{closure#0}
[INFO] [stdout]   21:     0x5e380521d304 - std[617be2ca0a6fd877]::sys::backtrace::__rust_begin_short_backtrace::<test[aada8e7e76ba119b]::run_test::{closure#1}, ()>
[INFO] [stdout]   22:     0x5e3805226aa2 - <std[617be2ca0a6fd877]::thread::lifecycle::spawn_unchecked<test[aada8e7e76ba119b]::run_test::{closure#1}, ()>::{closure#1} as core[a373ad73a504971]::ops::function::FnOnce<()>>::call_once::{shim:vtable#0}
[INFO] [stdout]   23:     0x5e38052c324f - <std[617be2ca0a6fd877]::sys::thread::unix::Thread>::new::thread_start
[INFO] [stdout]   24:     0x7de45ed62dfa - <unknown>
[INFO] [stdout]   25:     0x7de45edf63d4 - clone
[INFO] [stdout]   26:                0x0 - <unknown>
[INFO] [stdout] 
[INFO] [stdout] ---- tools::nushell::tests::test_nu_json_valid_output stdout ----
[INFO] [stdout] 
[INFO] [stdout] thread 'tools::nushell::tests::test_nu_json_valid_output' (1915) panicked at src/tools/nushell.rs:795:9:
[INFO] [stdout] assertion failed: result.is_ok()
[INFO] [stdout] stack backtrace:
[INFO] [stdout]    0:     0x5e38052c3d61 - <<std[617be2ca0a6fd877]::sys::backtrace::BacktraceLock>::print::DisplayBacktrace as core[a373ad73a504971]::fmt::Display>::fmt
[INFO] [stdout]    1:     0x5e38052d95ca - core[a373ad73a504971]::fmt::write
[INFO] [stdout]    2:     0x5e38052c8adc - <alloc[2e1b2a31b91974c5]::vec::Vec<u8> as core[a373ad73a504971]::io::write::Write>::write_fmt
[INFO] [stdout]    3:     0x5e380529d9b6 - std[617be2ca0a6fd877]::panicking::default_hook::{closure#0}
[INFO] [stdout]    4:     0x5e38052bb8e9 - std[617be2ca0a6fd877]::panicking::default_hook
[INFO] [stdout]    5:     0x5e38052233f0 - test[aada8e7e76ba119b]::test_main_inner::{closure#0}
[INFO] [stdout]    6:     0x5e38052bbc12 - std[617be2ca0a6fd877]::panicking::panic_with_hook
[INFO] [stdout]    7:     0x5e380529da94 - std[617be2ca0a6fd877]::panicking::panic_handler::{closure#0}
[INFO] [stdout]    8:     0x5e3805295e09 - std[617be2ca0a6fd877]::sys::backtrace::__rust_end_short_backtrace::<std[617be2ca0a6fd877]::panicking::panic_handler::{closure#0}, !>
[INFO] [stdout]    9:     0x5e380529e86d - __rustc[ea4f61d10b84890b]::rust_begin_unwind
[INFO] [stdout]   10:     0x5e38052d9d2c - core[a373ad73a504971]::panicking::panic_fmt
[INFO] [stdout]   11:     0x5e38052d9cf2 - core[a373ad73a504971]::panicking::panic
[INFO] [stdout]   12:     0x5e38051d997a - awful_mcp[51be1816e216807d]::tools::nushell::tests::test_nu_json_valid_output::{closure#0}
[INFO] [stdout]   13:     0x5e38052003d3 - <tokio[8e090056ce3b449b]::runtime::scheduler::current_thread::Context>::enter::<core[a373ad73a504971]::task::poll::Poll<()>, <tokio[8e090056ce3b449b]::runtime::scheduler::current_thread::CoreGuard>::block_on<core[a373ad73a504971]::pin::Pin<&mut core[a373ad73a504971]::pin::Pin<&mut dyn core[a373ad73a504971]::future::future::Future<Output = ()>>>>::{closure#0}::{closure#0}>
[INFO] [stdout]   14:     0x5e38051f3a3c - <tokio[8e090056ce3b449b]::runtime::context::scoped::Scoped<tokio[8e090056ce3b449b]::runtime::scheduler::Context>>::set::<<tokio[8e090056ce3b449b]::runtime::scheduler::current_thread::CoreGuard>::enter<<tokio[8e090056ce3b449b]::runtime::scheduler::current_thread::CoreGuard>::block_on<core[a373ad73a504971]::pin::Pin<&mut core[a373ad73a504971]::pin::Pin<&mut dyn core[a373ad73a504971]::future::future::Future<Output = ()>>>>::{closure#0}, core[a373ad73a504971]::option::Option<()>>::{closure#0}, (alloc[2e1b2a31b91974c5]::boxed::Box<tokio[8e090056ce3b449b]::runtime::scheduler::current_thread::Core>, core[a373ad73a504971]::option::Option<()>)>
[INFO] [stdout]   15:     0x5e3805200727 - <tokio[8e090056ce3b449b]::runtime::scheduler::current_thread::CoreGuard>::block_on::<core[a373ad73a504971]::pin::Pin<&mut core[a373ad73a504971]::pin::Pin<&mut dyn core[a373ad73a504971]::future::future::Future<Output = ()>>>>
[INFO] [stdout]   16:     0x5e3805206a00 - tokio[8e090056ce3b449b]::runtime::context::runtime::enter_runtime::<<tokio[8e090056ce3b449b]::runtime::scheduler::current_thread::CurrentThread>::block_on<core[a373ad73a504971]::pin::Pin<&mut dyn core[a373ad73a504971]::future::future::Future<Output = ()>>>::{closure#0}, ()>
[INFO] [stdout]   17:     0x5e38051ef765 - <tokio[8e090056ce3b449b]::runtime::runtime::Runtime>::block_on::<core[a373ad73a504971]::pin::Pin<&mut dyn core[a373ad73a504971]::future::future::Future<Output = ()>>>
[INFO] [stdout]   18:     0x5e38051db92e - <awful_mcp[51be1816e216807d]::tools::nushell::tests::test_nu_json_valid_output::{closure#0} as core[a373ad73a504971]::ops::function::FnOnce<()>>::call_once
[INFO] [stdout]   19:     0x5e380521683b - test[aada8e7e76ba119b]::__rust_begin_short_backtrace::<core[a373ad73a504971]::result::Result<(), alloc[2e1b2a31b91974c5]::string::String>, fn() -> core[a373ad73a504971]::result::Result<(), alloc[2e1b2a31b91974c5]::string::String>>
[INFO] [stdout]   20:     0x5e3805223a15 - test[aada8e7e76ba119b]::run_test::{closure#0}
[INFO] [stdout]   21:     0x5e380521d304 - std[617be2ca0a6fd877]::sys::backtrace::__rust_begin_short_backtrace::<test[aada8e7e76ba119b]::run_test::{closure#1}, ()>
[INFO] [stdout]   22:     0x5e3805226aa2 - <std[617be2ca0a6fd877]::thread::lifecycle::spawn_unchecked<test[aada8e7e76ba119b]::run_test::{closure#1}, ()>::{closure#1} as core[a373ad73a504971]::ops::function::FnOnce<()>>::call_once::{shim:vtable#0}
[INFO] [stdout]   23:     0x5e38052c324f - <std[617be2ca0a6fd877]::sys::thread::unix::Thread>::new::thread_start
[INFO] [stdout]   24:     0x7de45ed62dfa - <unknown>
[INFO] [stdout]   25:     0x7de45edf63d4 - clone
[INFO] [stdout]   26:                0x0 - <unknown>
[INFO] [stdout] 
[INFO] [stdout] ---- tools::nushell::tests::test_nu_json_with_stderr_allowed stdout ----
[INFO] [stdout] 
[INFO] [stdout] thread 'tools::nushell::tests::test_nu_json_with_stderr_allowed' (1925) panicked at src/tools/nushell.rs:842:9:
[INFO] [stdout] assertion failed: result.is_ok()
[INFO] [stdout] stack backtrace:
[INFO] [stdout]    0:     0x5e38052c3d61 - <<std[617be2ca0a6fd877]::sys::backtrace::BacktraceLock>::print::DisplayBacktrace as core[a373ad73a504971]::fmt::Display>::fmt
[INFO] [stdout]    1:     0x5e38052d95ca - core[a373ad73a504971]::fmt::write
[INFO] [stdout]    2:     0x5e38052c8adc - <alloc[2e1b2a31b91974c5]::vec::Vec<u8> as core[a373ad73a504971]::io::write::Write>::write_fmt
[INFO] [stdout]    3:     0x5e380529d9b6 - std[617be2ca0a6fd877]::panicking::default_hook::{closure#0}
[INFO] [stdout]    4:     0x5e38052bb8e9 - std[617be2ca0a6fd877]::panicking::default_hook
[INFO] [stdout]    5:     0x5e38052233f0 - test[aada8e7e76ba119b]::test_main_inner::{closure#0}
[INFO] [stdout]    6:     0x5e38052bbc12 - std[617be2ca0a6fd877]::panicking::panic_with_hook
[INFO] [stdout]    7:     0x5e380529da94 - std[617be2ca0a6fd877]::panicking::panic_handler::{closure#0}
[INFO] [stdout]    8:     0x5e3805295e09 - std[617be2ca0a6fd877]::sys::backtrace::__rust_end_short_backtrace::<std[617be2ca0a6fd877]::panicking::panic_handler::{closure#0}, !>
[INFO] [stdout]    9:     0x5e380529e86d - __rustc[ea4f61d10b84890b]::rust_begin_unwind
[INFO] [stdout]   10:     0x5e38052d9d2c - core[a373ad73a504971]::panicking::panic_fmt
[INFO] [stdout]   11:     0x5e38052d9cf2 - core[a373ad73a504971]::panicking::panic
[INFO] [stdout]   12:     0x5e38051da669 - awful_mcp[51be1816e216807d]::tools::nushell::tests::test_nu_json_with_stderr_allowed::{closure#0}
[INFO] [stdout]   13:     0x5e38052003d3 - <tokio[8e090056ce3b449b]::runtime::scheduler::current_thread::Context>::enter::<core[a373ad73a504971]::task::poll::Poll<()>, <tokio[8e090056ce3b449b]::runtime::scheduler::current_thread::CoreGuard>::block_on<core[a373ad73a504971]::pin::Pin<&mut core[a373ad73a504971]::pin::Pin<&mut dyn core[a373ad73a504971]::future::future::Future<Output = ()>>>>::{closure#0}::{closure#0}>
[INFO] [stdout]   14:     0x5e38051f3a3c - <tokio[8e090056ce3b449b]::runtime::context::scoped::Scoped<tokio[8e090056ce3b449b]::runtime::scheduler::Context>>::set::<<tokio[8e090056ce3b449b]::runtime::scheduler::current_thread::CoreGuard>::enter<<tokio[8e090056ce3b449b]::runtime::scheduler::current_thread::CoreGuard>::block_on<core[a373ad73a504971]::pin::Pin<&mut core[a373ad73a504971]::pin::Pin<&mut dyn core[a373ad73a504971]::future::future::Future<Output = ()>>>>::{closure#0}, core[a373ad73a504971]::option::Option<()>>::{closure#0}, (alloc[2e1b2a31b91974c5]::boxed::Box<tokio[8e090056ce3b449b]::runtime::scheduler::current_thread::Core>, core[a373ad73a504971]::option::Option<()>)>
[INFO] [stdout]   15:     0x5e3805200727 - <tokio[8e090056ce3b449b]::runtime::scheduler::current_thread::CoreGuard>::block_on::<core[a373ad73a504971]::pin::Pin<&mut core[a373ad73a504971]::pin::Pin<&mut dyn core[a373ad73a504971]::future::future::Future<Output = ()>>>>
[INFO] [stdout]   16:     0x5e3805206a00 - tokio[8e090056ce3b449b]::runtime::context::runtime::enter_runtime::<<tokio[8e090056ce3b449b]::runtime::scheduler::current_thread::CurrentThread>::block_on<core[a373ad73a504971]::pin::Pin<&mut dyn core[a373ad73a504971]::future::future::Future<Output = ()>>>::{closure#0}, ()>
[INFO] [stdout]   17:     0x5e38051ef765 - <tokio[8e090056ce3b449b]::runtime::runtime::Runtime>::block_on::<core[a373ad73a504971]::pin::Pin<&mut dyn core[a373ad73a504971]::future::future::Future<Output = ()>>>
[INFO] [stdout]   18:     0x5e38051dbe0e - <awful_mcp[51be1816e216807d]::tools::nushell::tests::test_nu_json_with_stderr_allowed::{closure#0} as core[a373ad73a504971]::ops::function::FnOnce<()>>::call_once
[INFO] [stdout]   19:     0x5e380521683b - test[aada8e7e76ba119b]::__rust_begin_short_backtrace::<core[a373ad73a504971]::result::Result<(), alloc[2e1b2a31b91974c5]::string::String>, fn() -> core[a373ad73a504971]::result::Result<(), alloc[2e1b2a31b91974c5]::string::String>>
[INFO] [stdout]   20:     0x5e3805223a15 - test[aada8e7e76ba119b]::run_test::{closure#0}
[INFO] [stdout]   21:     0x5e380521d304 - std[617be2ca0a6fd877]::sys::backtrace::__rust_begin_short_backtrace::<test[aada8e7e76ba119b]::run_test::{closure#1}, ()>
[INFO] [stdout]   22:     0x5e3805226aa2 - <std[617be2ca0a6fd877]::thread::lifecycle::spawn_unchecked<test[aada8e7e76ba119b]::run_test::{closure#1}, ()>::{closure#1} as core[a373ad73a504971]::ops::function::FnOnce<()>>::call_once::{shim:vtable#0}
[INFO] [stdout]   23:     0x5e38052c324f - <std[617be2ca0a6fd877]::sys::thread::unix::Thread>::new::thread_start
[INFO] [stdout]   24:     0x7de45ed62dfa - <unknown>
[INFO] [stdout]   25:     0x7de45edf63d4 - clone
[INFO] [stdout]   26:                0x0 - <unknown>
[INFO] [stdout] 
[INFO] [stdout] ---- tools::nushell::tests::test_nu_json_with_stderr_disallowed stdout ----
[INFO] [stdout] 
[INFO] [stdout] thread 'tools::nushell::tests::test_nu_json_with_stderr_disallowed' (1927) panicked at src/tools/nushell.rs:826:9:
[INFO] [stdout] assertion failed: result.unwrap_err().to_string().contains("stderr output")
[INFO] [stdout] stack backtrace:
[INFO] [stdout]    0:     0x5e38052c3d61 - <<std[617be2ca0a6fd877]::sys::backtrace::BacktraceLock>::print::DisplayBacktrace as core[a373ad73a504971]::fmt::Display>::fmt
[INFO] [stdout]    1:     0x5e38052d95ca - core[a373ad73a504971]::fmt::write
[INFO] [stdout]    2:     0x5e38052c8adc - <alloc[2e1b2a31b91974c5]::vec::Vec<u8> as core[a373ad73a504971]::io::write::Write>::write_fmt
[INFO] [stdout]    3:     0x5e380529d9b6 - std[617be2ca0a6fd877]::panicking::default_hook::{closure#0}
[INFO] [stdout]    4:     0x5e38052bb8e9 - std[617be2ca0a6fd877]::panicking::default_hook
[INFO] [stdout]    5:     0x5e38052233f0 - test[aada8e7e76ba119b]::test_main_inner::{closure#0}
[INFO] [stdout]    6:     0x5e38052bbc12 - std[617be2ca0a6fd877]::panicking::panic_with_hook
[INFO] [stdout]    7:     0x5e380529da94 - std[617be2ca0a6fd877]::panicking::panic_handler::{closure#0}
[INFO] [stdout]    8:     0x5e3805295e09 - std[617be2ca0a6fd877]::sys::backtrace::__rust_end_short_backtrace::<std[617be2ca0a6fd877]::panicking::panic_handler::{closure#0}, !>
[INFO] [stdout]    9:     0x5e380529e86d - __rustc[ea4f61d10b84890b]::rust_begin_unwind
[INFO] [stdout]   10:     0x5e38052d9d2c - core[a373ad73a504971]::panicking::panic_fmt
[INFO] [stdout]   11:     0x5e38052d9cf2 - core[a373ad73a504971]::panicking::panic
[INFO] [stdout]   12:     0x5e38051daa60 - awful_mcp[51be1816e216807d]::tools::nushell::tests::test_nu_json_with_stderr_disallowed::{closure#0}
[INFO] [stdout]   13:     0x5e38052003d3 - <tokio[8e090056ce3b449b]::runtime::scheduler::current_thread::Context>::enter::<core[a373ad73a504971]::task::poll::Poll<()>, <tokio[8e090056ce3b449b]::runtime::scheduler::current_thread::CoreGuard>::block_on<core[a373ad73a504971]::pin::Pin<&mut core[a373ad73a504971]::pin::Pin<&mut dyn core[a373ad73a504971]::future::future::Future<Output = ()>>>>::{closure#0}::{closure#0}>
[INFO] [stdout]   14:     0x5e38051f3a3c - <tokio[8e090056ce3b449b]::runtime::context::scoped::Scoped<tokio[8e090056ce3b449b]::runtime::scheduler::Context>>::set::<<tokio[8e090056ce3b449b]::runtime::scheduler::current_thread::CoreGuard>::enter<<tokio[8e090056ce3b449b]::runtime::scheduler::current_thread::CoreGuard>::block_on<core[a373ad73a504971]::pin::Pin<&mut core[a373ad73a504971]::pin::Pin<&mut dyn core[a373ad73a504971]::future::future::Future<Output = ()>>>>::{closure#0}, core[a373ad73a504971]::option::Option<()>>::{closure#0}, (alloc[2e1b2a31b91974c5]::boxed::Box<tokio[8e090056ce3b449b]::runtime::scheduler::current_thread::Core>, core[a373ad73a504971]::option::Option<()>)>
[INFO] [stdout]   15:     0x5e3805200727 - <tokio[8e090056ce3b449b]::runtime::scheduler::current_thread::CoreGuard>::block_on::<core[a373ad73a504971]::pin::Pin<&mut core[a373ad73a504971]::pin::Pin<&mut dyn core[a373ad73a504971]::future::future::Future<Output = ()>>>>
[INFO] [stdout]   16:     0x5e3805206a00 - tokio[8e090056ce3b449b]::runtime::context::runtime::enter_runtime::<<tokio[8e090056ce3b449b]::runtime::scheduler::current_thread::CurrentThread>::block_on<core[a373ad73a504971]::pin::Pin<&mut dyn core[a373ad73a504971]::future::future::Future<Output = ()>>>::{closure#0}, ()>
[INFO] [stdout]   17:     0x5e38051ef765 - <tokio[8e090056ce3b449b]::runtime::runtime::Runtime>::block_on::<core[a373ad73a504971]::pin::Pin<&mut dyn core[a373ad73a504971]::future::future::Future<Output = ()>>>
[INFO] [stdout]   18:     0x5e38051dbfce - <awful_mcp[51be1816e216807d]::tools::nushell::tests::test_nu_json_with_stderr_disallowed::{closure#0} as core[a373ad73a504971]::ops::function::FnOnce<()>>::call_once
[INFO] [stdout]   19:     0x5e380521683b - test[aada8e7e76ba119b]::__rust_begin_short_backtrace::<core[a373ad73a504971]::result::Result<(), alloc[2e1b2a31b91974c5]::string::String>, fn() -> core[a373ad73a504971]::result::Result<(), alloc[2e1b2a31b91974c5]::string::String>>
[INFO] [stdout]   20:     0x5e3805223a15 - test[aada8e7e76ba119b]::run_test::{closure#0}
[INFO] [stdout]   21:     0x5e380521d304 - std[617be2ca0a6fd877]::sys::backtrace::__rust_begin_short_backtrace::<test[aada8e7e76ba119b]::run_test::{closure#1}, ()>
[INFO] [stdout]   22:     0x5e3805226aa2 - <std[617be2ca0a6fd877]::thread::lifecycle::spawn_unchecked<test[aada8e7e76ba119b]::run_test::{closure#1}, ()>::{closure#1} as core[a373ad73a504971]::ops::function::FnOnce<()>>::call_once::{shim:vtable#0}
[INFO] [stdout]   23:     0x5e38052c324f - <std[617be2ca0a6fd877]::sys::thread::unix::Thread>::new::thread_start
[INFO] [stdout]   24:     0x7de45ed62dfa - <unknown>
[INFO] [stdout]   25:     0x7de45edf63d4 - clone
[INFO] [stdout]   26:                0x0 - <unknown>
[INFO] [stdout] 
[INFO] [stdout] ---- tools::nushell::tests::test_nu_run_simple_command stdout ----
[INFO] [stdout] 
[INFO] [stdout] thread 'tools::nushell::tests::test_nu_run_simple_command' (1930) panicked at src/tools/nushell.rs:748:9:
[INFO] [stdout] assertion failed: result.is_ok()
[INFO] [stdout] stack backtrace:
[INFO] [stdout]    0:     0x5e38052c3d61 - <<std[617be2ca0a6fd877]::sys::backtrace::BacktraceLock>::print::DisplayBacktrace as core[a373ad73a504971]::fmt::Display>::fmt
[INFO] [stdout]    1:     0x5e38052d95ca - core[a373ad73a504971]::fmt::write
[INFO] [stdout]    2:     0x5e38052c8adc - <alloc[2e1b2a31b91974c5]::vec::Vec<u8> as core[a373ad73a504971]::io::write::Write>::write_fmt
[INFO] [stdout]    3:     0x5e380529d9b6 - std[617be2ca0a6fd877]::panicking::default_hook::{closure#0}
[INFO] [stdout]    4:     0x5e38052bb8e9 - std[617be2ca0a6fd877]::panicking::default_hook
[INFO] [stdout]    5:     0x5e38052233f0 - test[aada8e7e76ba119b]::test_main_inner::{closure#0}
[INFO] [stdout]    6:     0x5e38052bbc12 - std[617be2ca0a6fd877]::panicking::panic_with_hook
[INFO] [stdout]    7:     0x5e380529da94 - std[617be2ca0a6fd877]::panicking::panic_handler::{closure#0}
[INFO] [stdout]    8:     0x5e3805295e09 - std[617be2ca0a6fd877]::sys::backtrace::__rust_end_short_backtrace::<std[617be2ca0a6fd877]::panicking::panic_handler::{closure#0}, !>
[INFO] [stdout]    9:     0x5e380529e86d - __rustc[ea4f61d10b84890b]::rust_begin_unwind
[INFO] [stdout]   10:     0x5e38052d9d2c - core[a373ad73a504971]::panicking::panic_fmt
[INFO] [stdout]   11:     0x5e38052d9cf2 - core[a373ad73a504971]::panicking::panic
[INFO] [stdout]   12:     0x5e38051d9d73 - awful_mcp[51be1816e216807d]::tools::nushell::tests::test_nu_run_simple_command::{closure#0}
[INFO] [stdout]   13:     0x5e38052003d3 - <tokio[8e090056ce3b449b]::runtime::scheduler::current_thread::Context>::enter::<core[a373ad73a504971]::task::poll::Poll<()>, <tokio[8e090056ce3b449b]::runtime::scheduler::current_thread::CoreGuard>::block_on<core[a373ad73a504971]::pin::Pin<&mut core[a373ad73a504971]::pin::Pin<&mut dyn core[a373ad73a504971]::future::future::Future<Output = ()>>>>::{closure#0}::{closure#0}>
[INFO] [stdout]   14:     0x5e38051f3a3c - <tokio[8e090056ce3b449b]::runtime::context::scoped::Scoped<tokio[8e090056ce3b449b]::runtime::scheduler::Context>>::set::<<tokio[8e090056ce3b449b]::runtime::scheduler::current_thread::CoreGuard>::enter<<tokio[8e090056ce3b449b]::runtime::scheduler::current_thread::CoreGuard>::block_on<core[a373ad73a504971]::pin::Pin<&mut core[a373ad73a504971]::pin::Pin<&mut dyn core[a373ad73a504971]::future::future::Future<Output = ()>>>>::{closure#0}, core[a373ad73a504971]::option::Option<()>>::{closure#0}, (alloc[2e1b2a31b91974c5]::boxed::Box<tokio[8e090056ce3b449b]::runtime::scheduler::current_thread::Core>, core[a373ad73a504971]::option::Option<()>)>
[INFO] [stdout]   15:     0x5e3805200727 - <tokio[8e090056ce3b449b]::runtime::scheduler::current_thread::CoreGuard>::block_on::<core[a373ad73a504971]::pin::Pin<&mut core[a373ad73a504971]::pin::Pin<&mut dyn core[a373ad73a504971]::future::future::Future<Output = ()>>>>
[INFO] [stdout]   16:     0x5e3805206a00 - tokio[8e090056ce3b449b]::runtime::context::runtime::enter_runtime::<<tokio[8e090056ce3b449b]::runtime::scheduler::current_thread::CurrentThread>::block_on<core[a373ad73a504971]::pin::Pin<&mut dyn core[a373ad73a504971]::future::future::Future<Output = ()>>>::{closure#0}, ()>
[INFO] [stdout]   17:     0x5e38051ef765 - <tokio[8e090056ce3b449b]::runtime::runtime::Runtime>::block_on::<core[a373ad73a504971]::pin::Pin<&mut dyn core[a373ad73a504971]::future::future::Future<Output = ()>>>
[INFO] [stdout]   18:     0x5e38051dbaee - <awful_mcp[51be1816e216807d]::tools::nushell::tests::test_nu_run_simple_command::{closure#0} as core[a373ad73a504971]::ops::function::FnOnce<()>>::call_once
[INFO] [stdout]   19:     0x5e380521683b - test[aada8e7e76ba119b]::__rust_begin_short_backtrace::<core[a373ad73a504971]::result::Result<(), alloc[2e1b2a31b91974c5]::string::String>, fn() -> core[a373ad73a504971]::result::Result<(), alloc[2e1b2a31b91974c5]::string::String>>
[INFO] [stdout]   20:     0x5e3805223a15 - test[aada8e7e76ba119b]::run_test::{closure#0}
[INFO] [stdout]   21:     0x5e380521d304 - std[617be2ca0a6fd877]::sys::backtrace::__rust_begin_short_backtrace::<test[aada8e7e76ba119b]::run_test::{closure#1}, ()>
[INFO] [stdout]   22:     0x5e3805226aa2 - <std[617be2ca0a6fd877]::thread::lifecycle::spawn_unchecked<test[aada8e7e76ba119b]::run_test::{closure#1}, ()>::{closure#1} as core[a373ad73a504971]::ops::function::FnOnce<()>>::call_once::{shim:vtable#0}
[INFO] [stdout]   23:     0x5e38052c324f - <std[617be2ca0a6fd877]::sys::thread::unix::Thread>::new::thread_start
[INFO] [stdout]   24:     0x7de45ed62dfa - <unknown>
[INFO] [stdout]   25:     0x7de45edf63d4 - clone
[INFO] [stdout]   26:                0x0 - <unknown>
[INFO] [stdout] 
[INFO] [stdout] ---- tools::nushell::tests::test_nu_run_with_custom_cwd stdout ----
[INFO] [stdout] 
[INFO] [stdout] thread 'tools::nushell::tests::test_nu_run_with_custom_cwd' (1934) panicked at src/tools/nushell.rs:763:9:
[INFO] [stdout] assertion failed: result.is_ok()
[INFO] [stdout] stack backtrace:
[INFO] [stdout]    0:     0x5e38052c3d61 - <<std[617be2ca0a6fd877]::sys::backtrace::BacktraceLock>::print::DisplayBacktrace as core[a373ad73a504971]::fmt::Display>::fmt
[INFO] [stdout]    1:     0x5e38052d95ca - core[a373ad73a504971]::fmt::write
[INFO] [stdout]    2:     0x5e38052c8adc - <alloc[2e1b2a31b91974c5]::vec::Vec<u8> as core[a373ad73a504971]::io::write::Write>::write_fmt
[INFO] [stdout]    3:     0x5e380529d9b6 - std[617be2ca0a6fd877]::panicking::default_hook::{closure#0}
[INFO] [stdout]    4:     0x5e38052bb8e9 - std[617be2ca0a6fd877]::panicking::default_hook
[INFO] [stdout]    5:     0x5e38052233f0 - test[aada8e7e76ba119b]::test_main_inner::{closure#0}
[INFO] [stdout]    6:     0x5e38052bbc12 - std[617be2ca0a6fd877]::panicking::panic_with_hook
[INFO] [stdout]    7:     0x5e380529da94 - std[617be2ca0a6fd877]::panicking::panic_handler::{closure#0}
[INFO] [stdout]    8:     0x5e3805295e09 - std[617be2ca0a6fd877]::sys::backtrace::__rust_end_short_backtrace::<std[617be2ca0a6fd877]::panicking::panic_handler::{closure#0}, !>
[INFO] [stdout]    9:     0x5e380529e86d - __rustc[ea4f61d10b84890b]::rust_begin_unwind
[INFO] [stdout]   10:     0x5e38052d9d2c - core[a373ad73a504971]::panicking::panic_fmt
[INFO] [stdout]   11:     0x5e38052d9cf2 - core[a373ad73a504971]::panicking::panic
[INFO] [stdout]   12:     0x5e38051da2d7 - awful_mcp[51be1816e216807d]::tools::nushell::tests::test_nu_run_with_custom_cwd::{closure#0}
[INFO] [stdout]   13:     0x5e38052003d3 - <tokio[8e090056ce3b449b]::runtime::scheduler::current_thread::Context>::enter::<core[a373ad73a504971]::task::poll::Poll<()>, <tokio[8e090056ce3b449b]::runtime::scheduler::current_thread::CoreGuard>::block_on<core[a373ad73a504971]::pin::Pin<&mut core[a373ad73a504971]::pin::Pin<&mut dyn core[a373ad73a504971]::future::future::Future<Output = ()>>>>::{closure#0}::{closure#0}>
[INFO] [stdout]   14:     0x5e38051f3a3c - <tokio[8e090056ce3b449b]::runtime::context::scoped::Scoped<tokio[8e090056ce3b449b]::runtime::scheduler::Context>>::set::<<tokio[8e090056ce3b449b]::runtime::scheduler::current_thread::CoreGuard>::enter<<tokio[8e090056ce3b449b]::runtime::scheduler::current_thread::CoreGuard>::block_on<core[a373ad73a504971]::pin::Pin<&mut core[a373ad73a504971]::pin::Pin<&mut dyn core[a373ad73a504971]::future::future::Future<Output = ()>>>>::{closure#0}, core[a373ad73a504971]::option::Option<()>>::{closure#0}, (alloc[2e1b2a31b91974c5]::boxed::Box<tokio[8e090056ce3b449b]::runtime::scheduler::current_thread::Core>, core[a373ad73a504971]::option::Option<()>)>
[INFO] [stdout]   15:     0x5e3805200727 - <tokio[8e090056ce3b449b]::runtime::scheduler::current_thread::CoreGuard>::block_on::<core[a373ad73a504971]::pin::Pin<&mut core[a373ad73a504971]::pin::Pin<&mut dyn core[a373ad73a504971]::future::future::Future<Output = ()>>>>
[INFO] [stdout]   16:     0x5e3805206a00 - tokio[8e090056ce3b449b]::runtime::context::runtime::enter_runtime::<<tokio[8e090056ce3b449b]::runtime::scheduler::current_thread::CurrentThread>::block_on<core[a373ad73a504971]::pin::Pin<&mut dyn core[a373ad73a504971]::future::future::Future<Output = ()>>>::{closure#0}, ()>
[INFO] [stdout]   17:     0x5e38051ef765 - <tokio[8e090056ce3b449b]::runtime::runtime::Runtime>::block_on::<core[a373ad73a504971]::pin::Pin<&mut dyn core[a373ad73a504971]::future::future::Future<Output = ()>>>
[INFO] [stdout]   18:     0x5e38051dbcae - <awful_mcp[51be1816e216807d]::tools::nushell::tests::test_nu_run_with_custom_cwd::{closure#0} as core[a373ad73a504971]::ops::function::FnOnce<()>>::call_once
[INFO] [stdout]   19:     0x5e380521683b - test[aada8e7e76ba119b]::__rust_begin_short_backtrace::<core[a373ad73a504971]::result::Result<(), alloc[2e1b2a31b91974c5]::string::String>, fn() -> core[a373ad73a504971]::result::Result<(), alloc[2e1b2a31b91974c5]::string::String>>
[INFO] [stdout]   20:     0x5e3805223a15 - test[aada8e7e76ba119b]::run_test::{closure#0}
[INFO] [stdout]   21:     0x5e380521d304 - std[617be2ca0a6fd877]::sys::backtrace::__rust_begin_short_backtrace::<test[aada8e7e76ba119b]::run_test::{closure#1}, ()>
[INFO] [stdout]   22:     0x5e3805226aa2 - <std[617be2ca0a6fd877]::thread::lifecycle::spawn_unchecked<test[aada8e7e76ba119b]::run_test::{closure#1}, ()>::{closure#1} as core[a373ad73a504971]::ops::function::FnOnce<()>>::call_once::{shim:vtable#0}
[INFO] [stdout]   23:     0x5e38052c324f - <std[617be2ca0a6fd877]::sys::thread::unix::Thread>::new::thread_start
[INFO] [stdout]   24:     0x7de45ed62dfa - <unknown>
[INFO] [stdout]   25:     0x7de45edf63d4 - clone
[INFO] [stdout]   26:                0x0 - <unknown>
[INFO] [stdout] 
[INFO] [stdout] ---- tools::nushell::tests::test_nu_run_failure stdout ----
[INFO] [stdout] 
[INFO] [stdout] thread 'tools::nushell::tests::test_nu_run_failure' (1929) panicked at src/tools/nushell.rs:776:9:
[INFO] [stdout] assertion failed: result.is_ok()
[INFO] [stdout] stack backtrace:
[INFO] [stdout]    0:     0x5e38052c3d61 - <<std[617be2ca0a6fd877]::sys::backtrace::BacktraceLock>::print::DisplayBacktrace as core[a373ad73a504971]::fmt::Display>::fmt
[INFO] [stdout]    1:     0x5e38052d95ca - core[a373ad73a504971]::fmt::write
[INFO] [stdout]    2:     0x5e38052c8adc - <alloc[2e1b2a31b91974c5]::vec::Vec<u8> as core[a373ad73a504971]::io::write::Write>::write_fmt
[INFO] [stdout]    3:     0x5e380529d9b6 - std[617be2ca0a6fd877]::panicking::default_hook::{closure#0}
[INFO] [stdout]    4:     0x5e38052bb8e9 - std[617be2ca0a6fd877]::panicking::default_hook
[INFO] [stdout]    5:     0x5e38052233f0 - test[aada8e7e76ba119b]::test_main_inner::{closure#0}
[INFO] [stdout]    6:     0x5e38052bbc12 - std[617be2ca0a6fd877]::panicking::panic_with_hook
[INFO] [stdout]    7:     0x5e380529da94 - std[617be2ca0a6fd877]::panicking::panic_handler::{closure#0}
[INFO] [stdout]    8:     0x5e3805295e09 - std[617be2ca0a6fd877]::sys::backtrace::__rust_end_short_backtrace::<std[617be2ca0a6fd877]::panicking::panic_handler::{closure#0}, !>
[INFO] [stdout]    9:     0x5e380529e86d - __rustc[ea4f61d10b84890b]::rust_begin_unwind
[INFO] [stdout]   10:     0x5e38052d9d2c - core[a373ad73a504971]::panicking::panic_fmt
[INFO] [stdout]   11:     0x5e38052d9cf2 - core[a373ad73a504971]::panicking::panic
[INFO] [stdout]   12:     0x5e38051d8fb4 - awful_mcp[51be1816e216807d]::tools::nushell::tests::test_nu_run_failure::{closure#0}
[INFO] [stdout]   13:     0x5e38052003d3 - <tokio[8e090056ce3b449b]::runtime::scheduler::current_thread::Context>::enter::<core[a373ad73a504971]::task::poll::Poll<()>, <tokio[8e090056ce3b449b]::runtime::scheduler::current_thread::CoreGuard>::block_on<core[a373ad73a504971]::pin::Pin<&mut core[a373ad73a504971]::pin::Pin<&mut dyn core[a373ad73a504971]::future::future::Future<Output = ()>>>>::{closure#0}::{closure#0}>
[INFO] [stdout]   14:     0x5e38051f3a3c - <tokio[8e090056ce3b449b]::runtime::context::scoped::Scoped<tokio[8e090056ce3b449b]::runtime::scheduler::Context>>::set::<<tokio[8e090056ce3b449b]::runtime::scheduler::current_thread::CoreGuard>::enter<<tokio[8e090056ce3b449b]::runtime::scheduler::current_thread::CoreGuard>::block_on<core[a373ad73a504971]::pin::Pin<&mut core[a373ad73a504971]::pin::Pin<&mut dyn core[a373ad73a504971]::future::future::Future<Output = ()>>>>::{closure#0}, core[a373ad73a504971]::option::Option<()>>::{closure#0}, (alloc[2e1b2a31b91974c5]::boxed::Box<tokio[8e090056ce3b449b]::runtime::scheduler::current_thread::Core>, core[a373ad73a504971]::option::Option<()>)>
[INFO] [stdout]   15:     0x5e3805200727 - <tokio[8e090056ce3b449b]::runtime::scheduler::current_thread::CoreGuard>::block_on::<core[a373ad73a504971]::pin::Pin<&mut core[a373ad73a504971]::pin::Pin<&mut dyn core[a373ad73a504971]::future::future::Future<Output = ()>>>>
[INFO] [stdout]   16:     0x5e3805206a00 - tokio[8e090056ce3b449b]::runtime::context::runtime::enter_runtime::<<tokio[8e090056ce3b449b]::runtime::scheduler::current_thread::CurrentThread>::block_on<core[a373ad73a504971]::pin::Pin<&mut dyn core[a373ad73a504971]::future::future::Future<Output = ()>>>::{closure#0}, ()>
[INFO] [stdout]   17:     0x5e38051ef765 - <tokio[8e090056ce3b449b]::runtime::runtime::Runtime>::block_on::<core[a373ad73a504971]::pin::Pin<&mut dyn core[a373ad73a504971]::future::future::Future<Output = ()>>>
[INFO] [stdout]   18:     0x5e38051db3ee - <awful_mcp[51be1816e216807d]::tools::nushell::tests::test_nu_run_failure::{closure#0} as core[a373ad73a504971]::ops::function::FnOnce<()>>::call_once
[INFO] [stdout]   19:     0x5e380521683b - test[aada8e7e76ba119b]::__rust_begin_short_backtrace::<core[a373ad73a504971]::result::Result<(), alloc[2e1b2a31b91974c5]::string::String>, fn() -> core[a373ad73a504971]::result::Result<(), alloc[2e1b2a31b91974c5]::string::String>>
[INFO] [stdout]   20:     0x5e3805223a15 - test[aada8e7e76ba119b]::run_test::{closure#0}
[INFO] [stdout]   21:     0x5e380521d304 - std[617be2ca0a6fd877]::sys::backtrace::__rust_begin_short_backtrace::<test[aada8e7e76ba119b]::run_test::{closure#1}, ()>
[INFO] [stdout]   22:     0x5e3805226aa2 - <std[617be2ca0a6fd877]::thread::lifecycle::spawn_unchecked<test[aada8e7e76ba119b]::run_test::{closure#1}, ()>::{closure#1} as core[a373ad73a504971]::ops::function::FnOnce<()>>::call_once::{shim:vtable#0}
[INFO] [stdout]   23:     0x5e38052c324f - <std[617be2ca0a6fd877]::sys::thread::unix::Thread>::new::thread_start
[INFO] [stdout]   24:     0x7de45ed62dfa - <unknown>
[INFO] [stdout]   25:     0x7de45edf63d4 - clone
[INFO] [stdout]   26:                0x0 - <unknown>
[INFO] [stdout] 
[INFO] [stdout] ---- tools::nushell::tests::test_nu_run_with_environment_variables stdout ----
[INFO] [stdout] 
[INFO] [stdout] thread 'tools::nushell::tests::test_nu_run_with_environment_variables' (1936) panicked at src/tools/nushell.rs:857:9:
[INFO] [stdout] assertion failed: result.is_ok()
[INFO] [stdout] stack backtrace:
[INFO] [stdout]    0:     0x5e38052c3d61 - <<std[617be2ca0a6fd877]::sys::backtrace::BacktraceLock>::print::DisplayBacktrace as core[a373ad73a504971]::fmt::Display>::fmt
[INFO] [stdout]    1:     0x5e38052d95ca - core[a373ad73a504971]::fmt::write
[INFO] [stdout]    2:     0x5e38052c8adc - <alloc[2e1b2a31b91974c5]::vec::Vec<u8> as core[a373ad73a504971]::io::write::Write>::write_fmt
[INFO] [stdout]    3:     0x5e380529d9b6 - std[617be2ca0a6fd877]::panicking::default_hook::{closure#0}
[INFO] [stdout]    4:     0x5e38052bb8e9 - std[617be2ca0a6fd877]::panicking::default_hook
[INFO] [stdout]    5:     0x5e38052233f0 - test[aada8e7e76ba119b]::test_main_inner::{closure#0}
[INFO] [stdout]    6:     0x5e38052bbc12 - std[617be2ca0a6fd877]::panicking::panic_with_hook
[INFO] [stdout]    7:     0x5e380529da94 - std[617be2ca0a6fd877]::panicking::panic_handler::{closure#0}
[INFO] [stdout]    8:     0x5e3805295e09 - std[617be2ca0a6fd877]::sys::backtrace::__rust_end_short_backtrace::<std[617be2ca0a6fd877]::panicking::panic_handler::{closure#0}, !>
[INFO] [stdout]    9:     0x5e380529e86d - __rustc[ea4f61d10b84890b]::rust_begin_unwind
[INFO] [stdout]   10:     0x5e38052d9d2c - core[a373ad73a504971]::panicking::panic_fmt
[INFO] [stdout]   11:     0x5e38052d9cf2 - core[a373ad73a504971]::panicking::panic
[INFO] [stdout]   12:     0x5e38051dafb9 - awful_mcp[51be1816e216807d]::tools::nushell::tests::test_nu_run_with_environment_variables::{closure#0}
[INFO] [stdout]   13:     0x5e38052003d3 - <tokio[8e090056ce3b449b]::runtime::scheduler::current_thread::Context>::enter::<core[a373ad73a504971]::task::poll::Poll<()>, <tokio[8e090056ce3b449b]::runtime::scheduler::current_thread::CoreGuard>::block_on<core[a373ad73a504971]::pin::Pin<&mut core[a373ad73a504971]::pin::Pin<&mut dyn core[a373ad73a504971]::future::future::Future<Output = ()>>>>::{closure#0}::{closure#0}>
[INFO] [stdout]   14:     0x5e38051f3a3c - <tokio[8e090056ce3b449b]::runtime::context::scoped::Scoped<tokio[8e090056ce3b449b]::runtime::scheduler::Context>>::set::<<tokio[8e090056ce3b449b]::runtime::scheduler::current_thread::CoreGuard>::enter<<tokio[8e090056ce3b449b]::runtime::scheduler::current_thread::CoreGuard>::block_on<core[a373ad73a504971]::pin::Pin<&mut core[a373ad73a504971]::pin::Pin<&mut dyn core[a373ad73a504971]::future::future::Future<Output = ()>>>>::{closure#0}, core[a373ad73a504971]::option::Option<()>>::{closure#0}, (alloc[2e1b2a31b91974c5]::boxed::Box<tokio[8e090056ce3b449b]::runtime::scheduler::current_thread::Core>, core[a373ad73a504971]::option::Option<()>)>
[INFO] [stdout]   15:     0x5e3805200727 - <tokio[8e090056ce3b449b]::runtime::scheduler::current_thread::CoreGuard>::block_on::<core[a373ad73a504971]::pin::Pin<&mut core[a373ad73a504971]::pin::Pin<&mut dyn core[a373ad73a504971]::future::future::Future<Output = ()>>>>
[INFO] [stdout]   16:     0x5e3805206a00 - tokio[8e090056ce3b449b]::runtime::context::runtime::enter_runtime::<<tokio[8e090056ce3b449b]::runtime::scheduler::current_thread::CurrentThread>::block_on<core[a373ad73a504971]::pin::Pin<&mut dyn core[a373ad73a504971]::future::future::Future<Output = ()>>>::{closure#0}, ()>
[INFO] [stdout]   17:     0x5e38051ef765 - <tokio[8e090056ce3b449b]::runtime::runtime::Runtime>::block_on::<core[a373ad73a504971]::pin::Pin<&mut dyn core[a373ad73a504971]::future::future::Future<Output = ()>>>
[INFO] [stdout]   18:     0x5e38051dc18e - <awful_mcp[51be1816e216807d]::tools::nushell::tests::test_nu_run_with_environment_variables::{closure#0} as core[a373ad73a504971]::ops::function::FnOnce<()>>::call_once
[INFO] [stdout]   19:     0x5e380521683b - test[aada8e7e76ba119b]::__rust_begin_short_backtrace::<core[a373ad73a504971]::result::Result<(), alloc[2e1b2a31b91974c5]::string::String>, fn() -> core[a373ad73a504971]::result::Result<(), alloc[2e1b2a31b91974c5]::string::String>>
[INFO] [stdout]   20:     0x5e3805223a15 - test[aada8e7e76ba119b]::run_test::{closure#0}
[INFO] [stdout]   21:     0x5e380521d304 - std[617be2ca0a6fd877]::sys::backtrace::__rust_begin_short_backtrace::<test[aada8e7e76ba119b]::run_test::{closure#1}, ()>
[INFO] [stdout]   22:     0x5e3805226aa2 - <std[617be2ca0a6fd877]::thread::lifecycle::spawn_unchecked<test[aada8e7e76ba119b]::run_test::{closure#1}, ()>::{closure#1} as core[a373ad73a504971]::ops::function::FnOnce<()>>::call_once::{shim:vtable#0}
[INFO] [stdout]   23:     0x5e38052c324f - <std[617be2ca0a6fd877]::sys::thread::unix::Thread>::new::thread_start
[INFO] [stdout]   24:     0x7de45ed62dfa - <unknown>
[INFO] [stderr] error: test failed, to rerun pass `--bin awful_mcp`
[INFO] [stdout]   25:     0x7de45edf63d4 - clone
[INFO] [stdout]   26:                0x0 - <unknown>
[INFO] [stdout] 
[INFO] [stdout] ---- tools::search::tests::test_fd_with_max_depth stdout ----
[INFO] [stdout] 
[INFO] [stdout] thread 'tools::search::tests::test_fd_with_max_depth' (1975) panicked at src/tools/search.rs:461:9:
[INFO] [stdout] assertion failed: result.is_ok()
[INFO] [stdout] stack backtrace:
[INFO] [stdout]    0:     0x5e38052c3d61 - <<std[617be2ca0a6fd877]::sys::backtrace::BacktraceLock>::print::DisplayBacktrace as core[a373ad73a504971]::fmt::Display>::fmt
[INFO] [stdout]    1:     0x5e38052d95ca - core[a373ad73a504971]::fmt::write
[INFO] [stdout]    2:     0x5e38052c8adc - <alloc[2e1b2a31b91974c5]::vec::Vec<u8> as core[a373ad73a504971]::io::write::Write>::write_fmt
[INFO] [stdout]    3:     0x5e380529d9b6 - std[617be2ca0a6fd877]::panicking::default_hook::{closure#0}
[INFO] [stdout]    4:     0x5e38052bb8e9 - std[617be2ca0a6fd877]::panicking::default_hook
[INFO] [stdout]    5:     0x5e38052233f0 - test[aada8e7e76ba119b]::test_main_inner::{closure#0}
[INFO] [stdout]    6:     0x5e38052bbc12 - std[617be2ca0a6fd877]::panicking::panic_with_hook
[INFO] [stdout]    7:     0x5e380529da94 - std[617be2ca0a6fd877]::panicking::panic_handler::{closure#0}
[INFO] [stdout]    8:     0x5e3805295e09 - std[617be2ca0a6fd877]::sys::backtrace::__rust_end_short_backtrace::<std[617be2ca0a6fd877]::panicking::panic_handler::{closure#0}, !>
[INFO] [stdout]    9:     0x5e380529e86d - __rustc[ea4f61d10b84890b]::rust_begin_unwind
[INFO] [stdout]   10:     0x5e38052d9d2c - core[a373ad73a504971]::panicking::panic_fmt
[INFO] [stdout]   11:     0x5e38052d9cf2 - core[a373ad73a504971]::panicking::panic
[INFO] [stdout]   12:     0x5e38051edc81 - awful_mcp[51be1816e216807d]::tools::search::tests::test_fd_with_max_depth::{closure#0}
[INFO] [stdout]   13:     0x5e38052003d3 - <tokio[8e090056ce3b449b]::runtime::scheduler::current_thread::Context>::enter::<core[a373ad73a504971]::task::poll::Poll<()>, <tokio[8e090056ce3b449b]::runtime::scheduler::current_thread::CoreGuard>::block_on<core[a373ad73a504971]::pin::Pin<&mut core[a373ad73a504971]::pin::Pin<&mut dyn core[a373ad73a504971]::future::future::Future<Output = ()>>>>::{closure#0}::{closure#0}>
[INFO] [stdout]   14:     0x5e38051f3a3c - <tokio[8e090056ce3b449b]::runtime::context::scoped::Scoped<tokio[8e090056ce3b449b]::runtime::scheduler::Context>>::set::<<tokio[8e090056ce3b449b]::runtime::scheduler::current_thread::CoreGuard>::enter<<tokio[8e090056ce3b449b]::runtime::scheduler::current_thread::CoreGuard>::block_on<core[a373ad73a504971]::pin::Pin<&mut core[a373ad73a504971]::pin::Pin<&mut dyn core[a373ad73a504971]::future::future::Future<Output = ()>>>>::{closure#0}, core[a373ad73a504971]::option::Option<()>>::{closure#0}, (alloc[2e1b2a31b91974c5]::boxed::Box<tokio[8e090056ce3b449b]::runtime::scheduler::current_thread::Core>, core[a373ad73a504971]::option::Option<()>)>
[INFO] [stdout]   15:     0x5e3805200727 - <tokio[8e090056ce3b449b]::runtime::scheduler::current_thread::CoreGuard>::block_on::<core[a373ad73a504971]::pin::Pin<&mut core[a373ad73a504971]::pin::Pin<&mut dyn core[a373ad73a504971]::future::future::Future<Output = ()>>>>
[INFO] [stdout]   16:     0x5e3805206a00 - tokio[8e090056ce3b449b]::runtime::context::runtime::enter_runtime::<<tokio[8e090056ce3b449b]::runtime::scheduler::current_thread::CurrentThread>::block_on<core[a373ad73a504971]::pin::Pin<&mut dyn core[a373ad73a504971]::future::future::Future<Output = ()>>>::{closure#0}, ()>
[INFO] [stdout]   17:     0x5e38051ef765 - <tokio[8e090056ce3b449b]::runtime::runtime::Runtime>::block_on::<core[a373ad73a504971]::pin::Pin<&mut dyn core[a373ad73a504971]::future::future::Future<Output = ()>>>
[INFO] [stdout]   18:     0x5e38051eef0e - <awful_mcp[51be1816e216807d]::tools::search::tests::test_fd_with_max_depth::{closure#0} as core[a373ad73a504971]::ops::function::FnOnce<()>>::call_once
[INFO] [stdout]   19:     0x5e380521683b - test[aada8e7e76ba119b]::__rust_begin_short_backtrace::<core[a373ad73a504971]::result::Result<(), alloc[2e1b2a31b91974c5]::string::String>, fn() -> core[a373ad73a504971]::result::Result<(), alloc[2e1b2a31b91974c5]::string::String>>
[INFO] [stdout]   20:     0x5e3805223a15 - test[aada8e7e76ba119b]::run_test::{closure#0}
[INFO] [stdout]   21:     0x5e380521d304 - std[617be2ca0a6fd877]::sys::backtrace::__rust_begin_short_backtrace::<test[aada8e7e76ba119b]::run_test::{closure#1}, ()>
[INFO] [stdout]   22:     0x5e3805226aa2 - <std[617be2ca0a6fd877]::thread::lifecycle::spawn_unchecked<test[aada8e7e76ba119b]::run_test::{closure#1}, ()>::{closure#1} as core[a373ad73a504971]::ops::function::FnOnce<()>>::call_once::{shim:vtable#0}
[INFO] [stdout]   23:     0x5e38052c324f - <std[617be2ca0a6fd877]::sys::thread::unix::Thread>::new::thread_start
[INFO] [stdout]   24:     0x7de45ed62dfa - <unknown>
[INFO] [stdout]   25:     0x7de45edf63d4 - clone
[INFO] [stdout]   26:                0x0 - <unknown>
[INFO] [stdout] 
[INFO] [stdout] ---- tools::search::tests::test_fd_with_extension stdout ----
[INFO] [stdout] 
[INFO] [stdout] thread 'tools::search::tests::test_fd_with_extension' (1974) panicked at src/tools/search.rs:438:9:
[INFO] [stdout] assertion failed: result.is_ok()
[INFO] [stdout] stack backtrace:
[INFO] [stdout]    0:     0x5e38052c3d61 - <<std[617be2ca0a6fd877]::sys::backtrace::BacktraceLock>::print::DisplayBacktrace as core[a373ad73a504971]::fmt::Display>::fmt
[INFO] [stdout]    1:     0x5e38052d95ca - core[a373ad73a504971]::fmt::write
[INFO] [stdout]    2:     0x5e38052c8adc - <alloc[2e1b2a31b91974c5]::vec::Vec<u8> as core[a373ad73a504971]::io::write::Write>::write_fmt
[INFO] [stdout]    3:     0x5e380529d9b6 - std[617be2ca0a6fd877]::panicking::default_hook::{closure#0}
[INFO] [stdout]    4:     0x5e38052bb8e9 - std[617be2ca0a6fd877]::panicking::default_hook
[INFO] [stdout]    5:     0x5e38052233f0 - test[aada8e7e76ba119b]::test_main_inner::{closure#0}
[INFO] [stdout]    6:     0x5e38052bbc12 - std[617be2ca0a6fd877]::panicking::panic_with_hook
[INFO] [stdout]    7:     0x5e380529da94 - std[617be2ca0a6fd877]::panicking::panic_handler::{closure#0}
[INFO] [stdout]    8:     0x5e3805295e09 - std[617be2ca0a6fd877]::sys::backtrace::__rust_end_short_backtrace::<std[617be2ca0a6fd877]::panicking::panic_handler::{closure#0}, !>
[INFO] [stdout]    9:     0x5e380529e86d - __rustc[ea4f61d10b84890b]::rust_begin_unwind
[INFO] [stdout]   10:     0x5e38052d9d2c - core[a373ad73a504971]::panicking::panic_fmt
[INFO] [stdout]   11:     0x5e38052d9cf2 - core[a373ad73a504971]::panicking::panic
[INFO] [stdout]   12:     0x5e38051edab4 - awful_mcp[51be1816e216807d]::tools::search::tests::test_fd_with_extension::{closure#0}
[INFO] [stdout]   13:     0x5e38052003d3 - <tokio[8e090056ce3b449b]::runtime::scheduler::current_thread::Context>::enter::<core[a373ad73a504971]::task::poll::Poll<()>, <tokio[8e090056ce3b449b]::runtime::scheduler::current_thread::CoreGuard>::block_on<core[a373ad73a504971]::pin::Pin<&mut core[a373ad73a504971]::pin::Pin<&mut dyn core[a373ad73a504971]::future::future::Future<Output = ()>>>>::{closure#0}::{closure#0}>
[INFO] [stdout]   14:     0x5e38051f3a3c - <tokio[8e090056ce3b449b]::runtime::context::scoped::Scoped<tokio[8e090056ce3b449b]::runtime::scheduler::Context>>::set::<<tokio[8e090056ce3b449b]::runtime::scheduler::current_thread::CoreGuard>::enter<<tokio[8e090056ce3b449b]::runtime::scheduler::current_thread::CoreGuard>::block_on<core[a373ad73a504971]::pin::Pin<&mut core[a373ad73a504971]::pin::Pin<&mut dyn core[a373ad73a504971]::future::future::Future<Output = ()>>>>::{closure#0}, core[a373ad73a504971]::option::Option<()>>::{closure#0}, (alloc[2e1b2a31b91974c5]::boxed::Box<tokio[8e090056ce3b449b]::runtime::scheduler::current_thread::Core>, core[a373ad73a504971]::option::Option<()>)>
[INFO] [stdout]   15:     0x5e3805200727 - <tokio[8e090056ce3b449b]::runtime::scheduler::current_thread::CoreGuard>::block_on::<core[a373ad73a504971]::pin::Pin<&mut core[a373ad73a504971]::pin::Pin<&mut dyn core[a373ad73a504971]::future::future::Future<Output = ()>>>>
[INFO] [stdout]   16:     0x5e3805206a00 - tokio[8e090056ce3b449b]::runtime::context::runtime::enter_runtime::<<tokio[8e090056ce3b449b]::runtime::scheduler::current_thread::CurrentThread>::block_on<core[a373ad73a504971]::pin::Pin<&mut dyn core[a373ad73a504971]::future::future::Future<Output = ()>>>::{closure#0}, ()>
[INFO] [stdout]   17:     0x5e38051ef765 - <tokio[8e090056ce3b449b]::runtime::runtime::Runtime>::block_on::<core[a373ad73a504971]::pin::Pin<&mut dyn core[a373ad73a504971]::future::future::Future<Output = ()>>>
[INFO] [stdout]   18:     0x5e38051eed5e - <awful_mcp[51be1816e216807d]::tools::search::tests::test_fd_with_extension::{closure#0} as core[a373ad73a504971]::ops::function::FnOnce<()>>::call_once
[INFO] [stdout]   19:     0x5e380521683b - test[aada8e7e76ba119b]::__rust_begin_short_backtrace::<core[a373ad73a504971]::result::Result<(), alloc[2e1b2a31b91974c5]::string::String>, fn() -> core[a373ad73a504971]::result::Result<(), alloc[2e1b2a31b91974c5]::string::String>>
[INFO] [stdout]   20:     0x5e3805223a15 - test[aada8e7e76ba119b]::run_test::{closure#0}
[INFO] [stdout]   21:     0x5e380521d304 - std[617be2ca0a6fd877]::sys::backtrace::__rust_begin_short_backtrace::<test[aada8e7e76ba119b]::run_test::{closure#1}, ()>
[INFO] [stdout]   22:     0x5e3805226aa2 - <std[617be2ca0a6fd877]::thread::lifecycle::spawn_unchecked<test[aada8e7e76ba119b]::run_test::{closure#1}, ()>::{closure#1} as core[a373ad73a504971]::ops::function::FnOnce<()>>::call_once::{shim:vtable#0}
[INFO] [stdout]   23:     0x5e38052c324f - <std[617be2ca0a6fd877]::sys::thread::unix::Thread>::new::thread_start
[INFO] [stdout]   24:     0x7de45ed62dfa - <unknown>
[INFO] [stdout]   25:     0x7de45edf63d4 - clone
[INFO] [stdout]   26:                0x0 - <unknown>
[INFO] [stdout] 
[INFO] [stdout] ---- tools::search::tests::test_fd_with_pattern stdout ----
[INFO] [stdout] 
[INFO] [stdout] thread 'tools::search::tests::test_fd_with_pattern' (1976) panicked at src/tools/search.rs:390:9:
[INFO] [stdout] assertion failed: result.is_ok()
[INFO] [stdout] stack backtrace:
[INFO] [stdout]    0:     0x5e38052c3d61 - <<std[617be2ca0a6fd877]::sys::backtrace::BacktraceLock>::print::DisplayBacktrace as core[a373ad73a504971]::fmt::Display>::fmt
[INFO] [stdout]    1:     0x5e38052d95ca - core[a373ad73a504971]::fmt::write
[INFO] [stdout]    2:     0x5e38052c8adc - <alloc[2e1b2a31b91974c5]::vec::Vec<u8> as core[a373ad73a504971]::io::write::Write>::write_fmt
[INFO] [stdout]    3:     0x5e380529d9b6 - std[617be2ca0a6fd877]::panicking::default_hook::{closure#0}
[INFO] [stdout]    4:     0x5e38052bb8e9 - std[617be2ca0a6fd877]::panicking::default_hook
[INFO] [stdout]    5:     0x5e38052233f0 - test[aada8e7e76ba119b]::test_main_inner::{closure#0}
[INFO] [stdout]    6:     0x5e38052bbc12 - std[617be2ca0a6fd877]::panicking::panic_with_hook
[INFO] [stdout]    7:     0x5e380529da94 - std[617be2ca0a6fd877]::panicking::panic_handler::{closure#0}
[INFO] [stdout]    8:     0x5e3805295e09 - std[617be2ca0a6fd877]::sys::backtrace::__rust_end_short_backtrace::<std[617be2ca0a6fd877]::panicking::panic_handler::{closure#0}, !>
[INFO] [stdout]    9:     0x5e380529e86d - __rustc[ea4f61d10b84890b]::rust_begin_unwind
[INFO] [stdout]   10:     0x5e38052d9d2c - core[a373ad73a504971]::panicking::panic_fmt
[INFO] [stdout]   11:     0x5e38052d9cf2 - core[a373ad73a504971]::panicking::panic
[INFO] [stdout]   12:     0x5e38051ed510 - awful_mcp[51be1816e216807d]::tools::search::tests::test_fd_with_pattern::{closure#0}
[INFO] [stdout]   13:     0x5e38052003d3 - <tokio[8e090056ce3b449b]::runtime::scheduler::current_thread::Context>::enter::<core[a373ad73a504971]::task::poll::Poll<()>, <tokio[8e090056ce3b449b]::runtime::scheduler::current_thread::CoreGuard>::block_on<core[a373ad73a504971]::pin::Pin<&mut core[a373ad73a504971]::pin::Pin<&mut dyn core[a373ad73a504971]::future::future::Future<Output = ()>>>>::{closure#0}::{closure#0}>
[INFO] [stdout]   14:     0x5e38051f3a3c - <tokio[8e090056ce3b449b]::runtime::context::scoped::Scoped<tokio[8e090056ce3b449b]::runtime::scheduler::Context>>::set::<<tokio[8e090056ce3b449b]::runtime::scheduler::current_thread::CoreGuard>::enter<<tokio[8e090056ce3b449b]::runtime::scheduler::current_thread::CoreGuard>::block_on<core[a373ad73a504971]::pin::Pin<&mut core[a373ad73a504971]::pin::Pin<&mut dyn core[a373ad73a504971]::future::future::Future<Output = ()>>>>::{closure#0}, core[a373ad73a504971]::option::Option<()>>::{closure#0}, (alloc[2e1b2a31b91974c5]::boxed::Box<tokio[8e090056ce3b449b]::runtime::scheduler::current_thread::Core>, core[a373ad73a504971]::option::Option<()>)>
[INFO] [stdout]   15:     0x5e3805200727 - <tokio[8e090056ce3b449b]::runtime::scheduler::current_thread::CoreGuard>::block_on::<core[a373ad73a504971]::pin::Pin<&mut core[a373ad73a504971]::pin::Pin<&mut dyn core[a373ad73a504971]::future::future::Future<Output = ()>>>>
[INFO] [stdout]   16:     0x5e3805206a00 - tokio[8e090056ce3b449b]::runtime::context::runtime::enter_runtime::<<tokio[8e090056ce3b449b]::runtime::scheduler::current_thread::CurrentThread>::block_on<core[a373ad73a504971]::pin::Pin<&mut dyn core[a373ad73a504971]::future::future::Future<Output = ()>>>::{closure#0}, ()>
[INFO] [stdout]   17:     0x5e38051ef765 - <tokio[8e090056ce3b449b]::runtime::runtime::Runtime>::block_on::<core[a373ad73a504971]::pin::Pin<&mut dyn core[a373ad73a504971]::future::future::Future<Output = ()>>>
[INFO] [stdout]   18:     0x5e38051ee84e - <awful_mcp[51be1816e216807d]::tools::search::tests::test_fd_with_pattern::{closure#0} as core[a373ad73a504971]::ops::function::FnOnce<()>>::call_once
[INFO] [stdout]   19:     0x5e380521683b - test[aada8e7e76ba119b]::__rust_begin_short_backtrace::<core[a373ad73a504971]::result::Result<(), alloc[2e1b2a31b91974c5]::string::String>, fn() -> core[a373ad73a504971]::result::Result<(), alloc[2e1b2a31b91974c5]::string::String>>
[INFO] [stdout]   20:     0x5e3805223a15 - test[aada8e7e76ba119b]::run_test::{closure#0}
[INFO] [stdout]   21:     0x5e380521d304 - std[617be2ca0a6fd877]::sys::backtrace::__rust_begin_short_backtrace::<test[aada8e7e76ba119b]::run_test::{closure#1}, ()>
[INFO] [stdout]   22:     0x5e3805226aa2 - <std[617be2ca0a6fd877]::thread::lifecycle::spawn_unchecked<test[aada8e7e76ba119b]::run_test::{closure#1}, ()>::{closure#1} as core[a373ad73a504971]::ops::function::FnOnce<()>>::call_once::{shim:vtable#0}
[INFO] [stdout]   23:     0x5e38052c324f - <std[617be2ca0a6fd877]::sys::thread::unix::Thread>::new::thread_start
[INFO] [stdout]   24:     0x7de45ed62dfa - <unknown>
[INFO] [stdout]   25:     0x7de45edf63d4 - clone
[INFO] [stdout]   26:                0x0 - <unknown>
[INFO] [stdout] 
[INFO] [stdout] ---- tools::search::tests::test_fd_with_type_filter stdout ----
[INFO] [stdout] 
[INFO] [stdout] thread 'tools::search::tests::test_fd_with_type_filter' (1977) panicked at src/tools/search.rs:415:9:
[INFO] [stdout] assertion failed: result.is_ok()
[INFO] [stdout] stack backtrace:
[INFO] [stdout]    0:     0x5e38052c3d61 - <<std[617be2ca0a6fd877]::sys::backtrace::BacktraceLock>::print::DisplayBacktrace as core[a373ad73a504971]::fmt::Display>::fmt
[INFO] [stdout]    1:     0x5e38052d95ca - core[a373ad73a504971]::fmt::write
[INFO] [stdout]    2:     0x5e38052c8adc - <alloc[2e1b2a31b91974c5]::vec::Vec<u8> as core[a373ad73a504971]::io::write::Write>::write_fmt
[INFO] [stdout]    3:     0x5e380529d9b6 - std[617be2ca0a6fd877]::panicking::default_hook::{closure#0}
[INFO] [stdout]    4:     0x5e38052bb8e9 - std[617be2ca0a6fd877]::panicking::default_hook
[INFO] [stdout]    5:     0x5e38052233f0 - test[aada8e7e76ba119b]::test_main_inner::{closure#0}
[INFO] [stdout]    6:     0x5e38052bbc12 - std[617be2ca0a6fd877]::panicking::panic_with_hook
[INFO] [stdout]    7:     0x5e380529da94 - std[617be2ca0a6fd877]::panicking::panic_handler::{closure#0}
[INFO] [stdout]    8:     0x5e3805295e09 - std[617be2ca0a6fd877]::sys::backtrace::__rust_end_short_backtrace::<std[617be2ca0a6fd877]::panicking::panic_handler::{closure#0}, !>
[INFO] [stdout]    9:     0x5e380529e86d - __rustc[ea4f61d10b84890b]::rust_begin_unwind
[INFO] [stdout]   10:     0x5e38052d9d2c - core[a373ad73a504971]::panicking::panic_fmt
[INFO] [stdout]   11:     0x5e38052d9cf2 - core[a373ad73a504971]::panicking::panic
[INFO] [stdout]   12:     0x5e38051ee27f - awful_mcp[51be1816e216807d]::tools::search::tests::test_fd_with_type_filter::{closure#0}
[INFO] [stdout]   13:     0x5e38052003d3 - <tokio[8e090056ce3b449b]::runtime::scheduler::current_thread::Context>::enter::<core[a373ad73a504971]::task::poll::Poll<()>, <tokio[8e090056ce3b449b]::runtime::scheduler::current_thread::CoreGuard>::block_on<core[a373ad73a504971]::pin::Pin<&mut core[a373ad73a504971]::pin::Pin<&mut dyn core[a373ad73a504971]::future::future::Future<Output = ()>>>>::{closure#0}::{closure#0}>
[INFO] [stdout]   14:     0x5e38051f3a3c - <tokio[8e090056ce3b449b]::runtime::context::scoped::Scoped<tokio[8e090056ce3b449b]::runtime::scheduler::Context>>::set::<<tokio[8e090056ce3b449b]::runtime::scheduler::current_thread::CoreGuard>::enter<<tokio[8e090056ce3b449b]::runtime::scheduler::current_thread::CoreGuard>::block_on<core[a373ad73a504971]::pin::Pin<&mut core[a373ad73a504971]::pin::Pin<&mut dyn core[a373ad73a504971]::future::future::Future<Output = ()>>>>::{closure#0}, core[a373ad73a504971]::option::Option<()>>::{closure#0}, (alloc[2e1b2a31b91974c5]::boxed::Box<tokio[8e090056ce3b449b]::runtime::scheduler::current_thread::Core>, core[a373ad73a504971]::option::Option<()>)>
[INFO] [stdout]   15:     0x5e3805200727 - <tokio[8e090056ce3b449b]::runtime::scheduler::current_thread::CoreGuard>::block_on::<core[a373ad73a504971]::pin::Pin<&mut core[a373ad73a504971]::pin::Pin<&mut dyn core[a373ad73a504971]::future::future::Future<Output = ()>>>>
[INFO] [stdout]   16:     0x5e3805206a00 - tokio[8e090056ce3b449b]::runtime::context::runtime::enter_runtime::<<tokio[8e090056ce3b449b]::runtime::scheduler::current_thread::CurrentThread>::block_on<core[a373ad73a504971]::pin::Pin<&mut dyn core[a373ad73a504971]::future::future::Future<Output = ()>>>::{closure#0}, ()>
[INFO] [stdout]   17:     0x5e38051ef765 - <tokio[8e090056ce3b449b]::runtime::runtime::Runtime>::block_on::<core[a373ad73a504971]::pin::Pin<&mut dyn core[a373ad73a504971]::future::future::Future<Output = ()>>>
[INFO] [stdout]   18:     0x5e38051ef26e - <awful_mcp[51be1816e216807d]::tools::search::tests::test_fd_with_type_filter::{closure#0} as core[a373ad73a504971]::ops::function::FnOnce<()>>::call_once
[INFO] [stdout]   19:     0x5e380521683b - test[aada8e7e76ba119b]::__rust_begin_short_backtrace::<core[a373ad73a504971]::result::Result<(), alloc[2e1b2a31b91974c5]::string::String>, fn() -> core[a373ad73a504971]::result::Result<(), alloc[2e1b2a31b91974c5]::string::String>>
[INFO] [stdout]   20:     0x5e3805223a15 - test[aada8e7e76ba119b]::run_test::{closure#0}
[INFO] [stdout]   21:     0x5e380521d304 - std[617be2ca0a6fd877]::sys::backtrace::__rust_begin_short_backtrace::<test[aada8e7e76ba119b]::run_test::{closure#1}, ()>
[INFO] [stdout]   22:     0x5e3805226aa2 - <std[617be2ca0a6fd877]::thread::lifecycle::spawn_unchecked<test[aada8e7e76ba119b]::run_test::{closure#1}, ()>::{closure#1} as core[a373ad73a504971]::ops::function::FnOnce<()>>::call_once::{shim:vtable#0}
[INFO] [stdout]   23:     0x5e38052c324f - <std[617be2ca0a6fd877]::sys::thread::unix::Thread>::new::thread_start
[INFO] [stdout]   24:     0x7de45ed62dfa - <unknown>
[INFO] [stdout]   25:     0x7de45edf63d4 - clone
[INFO] [stdout]   26:                0x0 - <unknown>
[INFO] [stdout] 
[INFO] [stdout] ---- tools::search::tests::test_ripgrep_with_extra_args stdout ----
[INFO] [stdout] 
[INFO] [stdout] thread 'tools::search::tests::test_ripgrep_with_extra_args' (1980) panicked at src/tools/search.rs:341:9:
[INFO] [stdout] assertion failed: result.is_ok()
[INFO] [stdout] stack backtrace:
[INFO] [stdout]    0:     0x5e38052c3d61 - <<std[617be2ca0a6fd877]::sys::backtrace::BacktraceLock>::print::DisplayBacktrace as core[a373ad73a504971]::fmt::Display>::fmt
[INFO] [stdout]    1:     0x5e38052d95ca - core[a373ad73a504971]::fmt::write
[INFO] [stdout]    2:     0x5e38052c8adc - <alloc[2e1b2a31b91974c5]::vec::Vec<u8> as core[a373ad73a504971]::io::write::Write>::write_fmt
[INFO] [stdout]    3:     0x5e380529d9b6 - std[617be2ca0a6fd877]::panicking::default_hook::{closure#0}
[INFO] [stdout]    4:     0x5e38052bb8e9 - std[617be2ca0a6fd877]::panicking::default_hook
[INFO] [stdout]    5:     0x5e38052233f0 - test[aada8e7e76ba119b]::test_main_inner::{closure#0}
[INFO] [stdout]    6:     0x5e38052bbc12 - std[617be2ca0a6fd877]::panicking::panic_with_hook
[INFO] [stdout]    7:     0x5e380529da94 - std[617be2ca0a6fd877]::panicking::panic_handler::{closure#0}
[INFO] [stdout]    8:     0x5e3805295e09 - std[617be2ca0a6fd877]::sys::backtrace::__rust_end_short_backtrace::<std[617be2ca0a6fd877]::panicking::panic_handler::{closure#0}, !>
[INFO] [stdout]    9:     0x5e380529e86d - __rustc[ea4f61d10b84890b]::rust_begin_unwind
[INFO] [stdout]   10:     0x5e38052d9d2c - core[a373ad73a504971]::panicking::panic_fmt
[INFO] [stdout]   11:     0x5e38052d9cf2 - core[a373ad73a504971]::panicking::panic
[INFO] [stdout]   12:     0x5e38051ee6c1 - awful_mcp[51be1816e216807d]::tools::search::tests::test_ripgrep_with_extra_args::{closure#0}
[INFO] [stdout]   13:     0x5e38052003d3 - <tokio[8e090056ce3b449b]::runtime::scheduler::current_thread::Context>::enter::<core[a373ad73a504971]::task::poll::Poll<()>, <tokio[8e090056ce3b449b]::runtime::scheduler::current_thread::CoreGuard>::block_on<core[a373ad73a504971]::pin::Pin<&mut core[a373ad73a504971]::pin::Pin<&mut dyn core[a373ad73a504971]::future::future::Future<Output = ()>>>>::{closure#0}::{closure#0}>
[INFO] [stdout]   14:     0x5e38051f3a3c - <tokio[8e090056ce3b449b]::runtime::context::scoped::Scoped<tokio[8e090056ce3b449b]::runtime::scheduler::Context>>::set::<<tokio[8e090056ce3b449b]::runtime::scheduler::current_thread::CoreGuard>::enter<<tokio[8e090056ce3b449b]::runtime::scheduler::current_thread::CoreGuard>::block_on<core[a373ad73a504971]::pin::Pin<&mut core[a373ad73a504971]::pin::Pin<&mut dyn core[a373ad73a504971]::future::future::Future<Output = ()>>>>::{closure#0}, core[a373ad73a504971]::option::Option<()>>::{closure#0}, (alloc[2e1b2a31b91974c5]::boxed::Box<tokio[8e090056ce3b449b]::runtime::scheduler::current_thread::Core>, core[a373ad73a504971]::option::Option<()>)>
[INFO] [stdout]   15:     0x5e3805200727 - <tokio[8e090056ce3b449b]::runtime::scheduler::current_thread::CoreGuard>::block_on::<core[a373ad73a504971]::pin::Pin<&mut core[a373ad73a504971]::pin::Pin<&mut dyn core[a373ad73a504971]::future::future::Future<Output = ()>>>>
[INFO] [stdout]   16:     0x5e3805206a00 - tokio[8e090056ce3b449b]::runtime::context::runtime::enter_runtime::<<tokio[8e090056ce3b449b]::runtime::scheduler::current_thread::CurrentThread>::block_on<core[a373ad73a504971]::pin::Pin<&mut dyn core[a373ad73a504971]::future::future::Future<Output = ()>>>::{closure#0}, ()>
[INFO] [stdout]   17:     0x5e38051ef765 - <tokio[8e090056ce3b449b]::runtime::runtime::Runtime>::block_on::<core[a373ad73a504971]::pin::Pin<&mut dyn core[a373ad73a504971]::future::future::Future<Output = ()>>>
[INFO] [stdout]   18:     0x5e38051ef5ce - <awful_mcp[51be1816e216807d]::tools::search::tests::test_ripgrep_with_extra_args::{closure#0} as core[a373ad73a504971]::ops::function::FnOnce<()>>::call_once
[INFO] [stdout]   19:     0x5e380521683b - test[aada8e7e76ba119b]::__rust_begin_short_backtrace::<core[a373ad73a504971]::result::Result<(), alloc[2e1b2a31b91974c5]::string::String>, fn() -> core[a373ad73a504971]::result::Result<(), alloc[2e1b2a31b91974c5]::string::String>>
[INFO] [stdout]   20:     0x5e3805223a15 - test[aada8e7e76ba119b]::run_test::{closure#0}
[INFO] [stdout]   21:     0x5e380521d304 - std[617be2ca0a6fd877]::sys::backtrace::__rust_begin_short_backtrace::<test[aada8e7e76ba119b]::run_test::{closure#1}, ()>
[INFO] [stdout]   22:     0x5e3805226aa2 - <std[617be2ca0a6fd877]::thread::lifecycle::spawn_unchecked<test[aada8e7e76ba119b]::run_test::{closure#1}, ()>::{closure#1} as core[a373ad73a504971]::ops::function::FnOnce<()>>::call_once::{shim:vtable#0}
[INFO] [stdout]   23:     0x5e38052c324f - <std[617be2ca0a6fd877]::sys::thread::unix::Thread>::new::thread_start
[INFO] [stdout]   24:     0x7de45ed62dfa - <unknown>
[INFO] [stdout]   25:     0x7de45edf63d4 - clone
[INFO] [stdout]   26:                0x0 - <unknown>
[INFO] [stdout] 
[INFO] [stdout] ---- tools::search::tests::test_ripgrep_simple_search stdout ----
[INFO] [stdout] 
[INFO] [stdout] thread 'tools::search::tests::test_ripgrep_simple_search' (1978) panicked at src/tools/search.rs:306:9:
[INFO] [stdout] assertion failed: result.is_ok()
[INFO] [stdout] stack backtrace:
[INFO] [stdout]    0:     0x5e38052c3d61 - <<std[617be2ca0a6fd877]::sys::backtrace::BacktraceLock>::print::DisplayBacktrace as core[a373ad73a504971]::fmt::Display>::fmt
[INFO] [stdout]    1:     0x5e38052d95ca - core[a373ad73a504971]::fmt::write
[INFO] [stdout]    2:     0x5e38052c8adc - <alloc[2e1b2a31b91974c5]::vec::Vec<u8> as core[a373ad73a504971]::io::write::Write>::write_fmt
[INFO] [stdout]    3:     0x5e380529d9b6 - std[617be2ca0a6fd877]::panicking::default_hook::{closure#0}
[INFO] [stdout]    4:     0x5e38052bb8e9 - std[617be2ca0a6fd877]::panicking::default_hook
[INFO] [stdout]    5:     0x5e38052233f0 - test[aada8e7e76ba119b]::test_main_inner::{closure#0}
[INFO] [stdout]    6:     0x5e38052bbc12 - std[617be2ca0a6fd877]::panicking::panic_with_hook
[INFO] [stdout]    7:     0x5e380529da94 - std[617be2ca0a6fd877]::panicking::panic_handler::{closure#0}
[INFO] [stdout]    8:     0x5e3805295e09 - std[617be2ca0a6fd877]::sys::backtrace::__rust_end_short_backtrace::<std[617be2ca0a6fd877]::panicking::panic_handler::{closure#0}, !>
[INFO] [stdout]    9:     0x5e380529e86d - __rustc[ea4f61d10b84890b]::rust_begin_unwind
[INFO] [stdout]   10:     0x5e38052d9d2c - core[a373ad73a504971]::panicking::panic_fmt
[INFO] [stdout]   11:     0x5e38052d9cf2 - core[a373ad73a504971]::panicking::panic
[INFO] [stdout]   12:     0x5e38051ee45c - awful_mcp[51be1816e216807d]::tools::search::tests::test_ripgrep_simple_search::{closure#0}
[INFO] [stdout]   13:     0x5e38052003d3 - <tokio[8e090056ce3b449b]::runtime::scheduler::current_thread::Context>::enter::<core[a373ad73a504971]::task::poll::Poll<()>, <tokio[8e090056ce3b449b]::runtime::scheduler::current_thread::CoreGuard>::block_on<core[a373ad73a504971]::pin::Pin<&mut core[a373ad73a504971]::pin::Pin<&mut dyn core[a373ad73a504971]::future::future::Future<Output = ()>>>>::{closure#0}::{closure#0}>
[INFO] [stdout]   14:     0x5e38051f3a3c - <tokio[8e090056ce3b449b]::runtime::context::scoped::Scoped<tokio[8e090056ce3b449b]::runtime::scheduler::Context>>::set::<<tokio[8e090056ce3b449b]::runtime::scheduler::current_thread::CoreGuard>::enter<<tokio[8e090056ce3b449b]::runtime::scheduler::current_thread::CoreGuard>::block_on<core[a373ad73a504971]::pin::Pin<&mut core[a373ad73a504971]::pin::Pin<&mut dyn core[a373ad73a504971]::future::future::Future<Output = ()>>>>::{closure#0}, core[a373ad73a504971]::option::Option<()>>::{closure#0}, (alloc[2e1b2a31b91974c5]::boxed::Box<tokio[8e090056ce3b449b]::runtime::scheduler::current_thread::Core>, core[a373ad73a504971]::option::Option<()>)>
[INFO] [stdout]   15:     0x5e3805200727 - <tokio[8e090056ce3b449b]::runtime::scheduler::current_thread::CoreGuard>::block_on::<core[a373ad73a504971]::pin::Pin<&mut core[a373ad73a504971]::pin::Pin<&mut dyn core[a373ad73a504971]::future::future::Future<Output = ()>>>>
[INFO] [stdout]   16:     0x5e3805206a00 - tokio[8e090056ce3b449b]::runtime::context::runtime::enter_runtime::<<tokio[8e090056ce3b449b]::runtime::scheduler::current_thread::CurrentThread>::block_on<core[a373ad73a504971]::pin::Pin<&mut dyn core[a373ad73a504971]::future::future::Future<Output = ()>>>::{closure#0}, ()>
[INFO] [stdout]   17:     0x5e38051ef765 - <tokio[8e090056ce3b449b]::runtime::runtime::Runtime>::block_on::<core[a373ad73a504971]::pin::Pin<&mut dyn core[a373ad73a504971]::future::future::Future<Output = ()>>>
[INFO] [stdout]   18:     0x5e38051ef41e - <awful_mcp[51be1816e216807d]::tools::search::tests::test_ripgrep_simple_search::{closure#0} as core[a373ad73a504971]::ops::function::FnOnce<()>>::call_once
[INFO] [stdout]   19:     0x5e380521683b - test[aada8e7e76ba119b]::__rust_begin_short_backtrace::<core[a373ad73a504971]::result::Result<(), alloc[2e1b2a31b91974c5]::string::String>, fn() -> core[a373ad73a504971]::result::Result<(), alloc[2e1b2a31b91974c5]::string::String>>
[INFO] [stdout]   20:     0x5e3805223a15 - test[aada8e7e76ba119b]::run_test::{closure#0}
[INFO] [stdout]   21:     0x5e380521d304 - std[617be2ca0a6fd877]::sys::backtrace::__rust_begin_short_backtrace::<test[aada8e7e76ba119b]::run_test::{closure#1}, ()>
[INFO] [stdout]   22:     0x5e3805226aa2 - <std[617be2ca0a6fd877]::thread::lifecycle::spawn_unchecked<test[aada8e7e76ba119b]::run_test::{closure#1}, ()>::{closure#1} as core[a373ad73a504971]::ops::function::FnOnce<()>>::call_once::{shim:vtable#0}
[INFO] [stdout]   23:     0x5e38052c324f - <std[617be2ca0a6fd877]::sys::thread::unix::Thread>::new::thread_start
[INFO] [stdout]   24:     0x7de45ed62dfa - <unknown>
[INFO] [stdout]   25:     0x7de45edf63d4 - clone
[INFO] [stdout]   26:                0x0 - <unknown>
[INFO] [stdout] 
[INFO] [stdout] ---- tools::search::tests::test_ripgrep_with_path stdout ----
[INFO] [stdout] 
[INFO] [stdout] thread 'tools::search::tests::test_ripgrep_with_path' (1981) panicked at src/tools/search.rs:322:9:
[INFO] [stdout] assertion failed: result.is_ok()
[INFO] [stdout] stack backtrace:
[INFO] [stdout]    0:     0x5e38052c3d61 - <<std[617be2ca0a6fd877]::sys::backtrace::BacktraceLock>::print::DisplayBacktrace as core[a373ad73a504971]::fmt::Display>::fmt
[INFO] [stdout]    1:     0x5e38052d95ca - core[a373ad73a504971]::fmt::write
[INFO] [stdout]    2:     0x5e38052c8adc - <alloc[2e1b2a31b91974c5]::vec::Vec<u8> as core[a373ad73a504971]::io::write::Write>::write_fmt
[INFO] [stdout]    3:     0x5e380529d9b6 - std[617be2ca0a6fd877]::panicking::default_hook::{closure#0}
[INFO] [stdout]    4:     0x5e38052bb8e9 - std[617be2ca0a6fd877]::panicking::default_hook
[INFO] [stdout]    5:     0x5e38052233f0 - test[aada8e7e76ba119b]::test_main_inner::{closure#0}
[INFO] [stdout]    6:     0x5e38052bbc12 - std[617be2ca0a6fd877]::panicking::panic_with_hook
[INFO] [stdout]    7:     0x5e380529da94 - std[617be2ca0a6fd877]::panicking::panic_handler::{closure#0}
[INFO] [stdout]    8:     0x5e3805295e09 - std[617be2ca0a6fd877]::sys::backtrace::__rust_end_short_backtrace::<std[617be2ca0a6fd877]::panicking::panic_handler::{closure#0}, !>
[INFO] [stdout]    9:     0x5e380529e86d - __rustc[ea4f61d10b84890b]::rust_begin_unwind
[INFO] [stdout]   10:     0x5e38052d9d2c - core[a373ad73a504971]::panicking::panic_fmt
[INFO] [stdout]   11:     0x5e38052d9cf2 - core[a373ad73a504971]::panicking::panic
[INFO] [stdout]   12:     0x5e38051edfec - awful_mcp[51be1816e216807d]::tools::search::tests::test_ripgrep_with_path::{closure#0}
[INFO] [stdout]   13:     0x5e38052003d3 - <tokio[8e090056ce3b449b]::runtime::scheduler::current_thread::Context>::enter::<core[a373ad73a504971]::task::poll::Poll<()>, <tokio[8e090056ce3b449b]::runtime::scheduler::current_thread::CoreGuard>::block_on<core[a373ad73a504971]::pin::Pin<&mut core[a373ad73a504971]::pin::Pin<&mut dyn core[a373ad73a504971]::future::future::Future<Output = ()>>>>::{closure#0}::{closure#0}>
[INFO] [stdout]   14:     0x5e38051f3a3c - <tokio[8e090056ce3b449b]::runtime::context::scoped::Scoped<tokio[8e090056ce3b449b]::runtime::scheduler::Context>>::set::<<tokio[8e090056ce3b449b]::runtime::scheduler::current_thread::CoreGuard>::enter<<tokio[8e090056ce3b449b]::runtime::scheduler::current_thread::CoreGuard>::block_on<core[a373ad73a504971]::pin::Pin<&mut core[a373ad73a504971]::pin::Pin<&mut dyn core[a373ad73a504971]::future::future::Future<Output = ()>>>>::{closure#0}, core[a373ad73a504971]::option::Option<()>>::{closure#0}, (alloc[2e1b2a31b91974c5]::boxed::Box<tokio[8e090056ce3b449b]::runtime::scheduler::current_thread::Core>, core[a373ad73a504971]::option::Option<()>)>
[INFO] [stdout]   15:     0x5e3805200727 - <tokio[8e090056ce3b449b]::runtime::scheduler::current_thread::CoreGuard>::block_on::<core[a373ad73a504971]::pin::Pin<&mut core[a373ad73a504971]::pin::Pin<&mut dyn core[a373ad73a504971]::future::future::Future<Output = ()>>>>
[INFO] [stdout]   16:     0x5e3805206a00 - tokio[8e090056ce3b449b]::runtime::context::runtime::enter_runtime::<<tokio[8e090056ce3b449b]::runtime::scheduler::current_thread::CurrentThread>::block_on<core[a373ad73a504971]::pin::Pin<&mut dyn core[a373ad73a504971]::future::future::Future<Output = ()>>>::{closure#0}, ()>
[INFO] [stdout]   17:     0x5e38051ef765 - <tokio[8e090056ce3b449b]::runtime::runtime::Runtime>::block_on::<core[a373ad73a504971]::pin::Pin<&mut dyn core[a373ad73a504971]::future::future::Future<Output = ()>>>
[INFO] [stdout]   18:     0x5e38051ef0be - <awful_mcp[51be1816e216807d]::tools::search::tests::test_ripgrep_with_path::{closure#0} as core[a373ad73a504971]::ops::function::FnOnce<()>>::call_once
[INFO] [stdout]   19:     0x5e380521683b - test[aada8e7e76ba119b]::__rust_begin_short_backtrace::<core[a373ad73a504971]::result::Result<(), alloc[2e1b2a31b91974c5]::string::String>, fn() -> core[a373ad73a504971]::result::Result<(), alloc[2e1b2a31b91974c5]::string::String>>
[INFO] [stdout]   20:     0x5e3805223a15 - test[aada8e7e76ba119b]::run_test::{closure#0}
[INFO] [stdout]   21:     0x5e380521d304 - std[617be2ca0a6fd877]::sys::backtrace::__rust_begin_short_backtrace::<test[aada8e7e76ba119b]::run_test::{closure#1}, ()>
[INFO] [stdout]   22:     0x5e3805226aa2 - <std[617be2ca0a6fd877]::thread::lifecycle::spawn_unchecked<test[aada8e7e76ba119b]::run_test::{closure#1}, ()>::{closure#1} as core[a373ad73a504971]::ops::function::FnOnce<()>>::call_once::{shim:vtable#0}
[INFO] [stdout]   23:     0x5e38052c324f - <std[617be2ca0a6fd877]::sys::thread::unix::Thread>::new::thread_start
[INFO] [stdout]   24:     0x7de45ed62dfa - <unknown>
[INFO] [stdout]   25:     0x7de45edf63d4 - clone
[INFO] [stdout]   26:                0x0 - <unknown>
[INFO] [stdout] 
[INFO] [stdout] 
[INFO] [stdout] failures:
[INFO] [stdout]     tools::nushell::tests::test_nu_json_invalid_json
[INFO] [stdout]     tools::nushell::tests::test_nu_json_valid_output
[INFO] [stdout]     tools::nushell::tests::test_nu_json_with_stderr_allowed
[INFO] [stdout]     tools::nushell::tests::test_nu_json_with_stderr_disallowed
[INFO] [stdout]     tools::nushell::tests::test_nu_run_failure
[INFO] [stdout]     tools::nushell::tests::test_nu_run_simple_command
[INFO] [stdout]     tools::nushell::tests::test_nu_run_with_custom_cwd
[INFO] [stdout]     tools::nushell::tests::test_nu_run_with_environment_variables
[INFO] [stdout]     tools::search::tests::test_fd_with_extension
[INFO] [stdout]     tools::search::tests::test_fd_with_max_depth
[INFO] [stdout]     tools::search::tests::test_fd_with_pattern
[INFO] [stdout]     tools::search::tests::test_fd_with_type_filter
[INFO] [stdout]     tools::search::tests::test_ripgrep_simple_search
[INFO] [stdout]     tools::search::tests::test_ripgrep_with_extra_args
[INFO] [stdout]     tools::search::tests::test_ripgrep_with_path
[INFO] [stdout] 
[INFO] [stdout] test result: FAILED. 30 passed; 15 failed; 0 ignored; 0 measured; 0 filtered out; finished in 95.63s
[INFO] [stdout] 
[INFO] running `Command { std: "docker" "inspect" "5f0a1f5b24a2de92e8484470b342bc20aede2f1882b45a82edd442b6f3722937", kill_on_drop: false }`
[INFO] running `Command { std: "docker" "rm" "-f" "5f0a1f5b24a2de92e8484470b342bc20aede2f1882b45a82edd442b6f3722937", kill_on_drop: false }`
[INFO] [stdout] 5f0a1f5b24a2de92e8484470b342bc20aede2f1882b45a82edd442b6f3722937
