[INFO] cloning repository https://github.com/grass-dev-pa/monero-oxide-030
[INFO] running `Command { std: "git" "-c" "credential.helper=" "-c" "credential.helper=/workspace/cargo-home/bin/git-credential-null" "clone" "--bare" "https://github.com/grass-dev-pa/monero-oxide-030" "/workspace/cache/git-repos/https%3A%2F%2Fgithub.com%2Fgrass-dev-pa%2Fmonero-oxide-030", kill_on_drop: false }`
[INFO] [stderr] Cloning into bare repository '/workspace/cache/git-repos/https%3A%2F%2Fgithub.com%2Fgrass-dev-pa%2Fmonero-oxide-030'...
[INFO] running `Command { std: "git" "rev-parse" "HEAD", kill_on_drop: false }`
[INFO] [stdout] 80c0d74e45597639bbb25110236538d35cb181f9
[INFO] testing grass-dev-pa/monero-oxide-030 against 1.100.0-beta.1+cargoflags=--release for beta-release-1.100-2
[INFO] running `Command { std: "git" "clone" "/workspace/cache/git-repos/https%3A%2F%2Fgithub.com%2Fgrass-dev-pa%2Fmonero-oxide-030" "/workspace/builds/worker-5-tc2/source", kill_on_drop: false }`
[INFO] [stderr] Cloning into '/workspace/builds/worker-5-tc2/source'...
[INFO] [stderr] done.
[INFO] removed /workspace/builds/worker-5-tc2/source/rust-toolchain.toml
[INFO] started tweaking git repo https://github.com/grass-dev-pa/monero-oxide-030
[INFO] finished tweaking git repo https://github.com/grass-dev-pa/monero-oxide-030
[INFO] tweaked toml for git repo https://github.com/grass-dev-pa/monero-oxide-030 written to /workspace/builds/worker-5-tc2/source/Cargo.toml
[INFO] validating manifest of git repo https://github.com/grass-dev-pa/monero-oxide-030 on toolchain 1.100.0-beta.1
[INFO] running `Command { std: CARGO_HOME="/workspace/cargo-home" RUSTUP_HOME="/workspace/rustup-home" "/workspace/cargo-home/bin/cargo" "+1.100.0-beta.1" "metadata" "--manifest-path" "Cargo.toml" "--no-deps", kill_on_drop: false }`
[INFO] crate git repo https://github.com/grass-dev-pa/monero-oxide-030 already has a lockfile, it will not be regenerated
[INFO] running `Command { std: CARGO_HOME="/workspace/cargo-home" RUSTUP_HOME="/workspace/rustup-home" "/workspace/cargo-home/bin/cargo" "+1.100.0-beta.1" "fetch" "--manifest-path" "Cargo.toml", kill_on_drop: false }`
[INFO] running `Command { std: "docker" "create" "-v" "/var/lib/crater-agent-workspace/builds/worker-5-tc2/source:/opt/rustwide/workdir:ro,Z" "-v" "/var/lib/crater-agent-workspace/builds/worker-5-tc2/target:/opt/rustwide/target:rw,Z" "-v" "/var/lib/crater-agent-workspace/cargo-home:/opt/rustwide/cargo-home:ro,Z" "-v" "/var/lib/crater-agent-workspace/rustup-home:/opt/rustwide/rustup-home:ro,Z" "-m" "1610612736" "--network" "none" "ghcr.io/rust-lang/crates-build-env/linux@sha256:77db811e55d90add9212f6832c23229e3de5f1c1f9905e8cb07319ea15df73ac" "sleep" "infinity", kill_on_drop: false }`
[INFO] [stdout] 6d0c432b7a5404f1594cb143eb6ea33bb3e1995e964157a4bda612fcfd9e890e
[INFO] running `Command { std: "docker" "start" "6d0c432b7a5404f1594cb143eb6ea33bb3e1995e964157a4bda612fcfd9e890e", kill_on_drop: false }`
[INFO] running `Command { std: "docker" "inspect" "6d0c432b7a5404f1594cb143eb6ea33bb3e1995e964157a4bda612fcfd9e890e", kill_on_drop: false }`
[INFO] running `Command { std: "docker" "exec" "-e" "SOURCE_DIR=/opt/rustwide/workdir" "-e" "CARGO_HOME=/opt/rustwide/cargo-home" "-e" "RUSTUP_HOME=/opt/rustwide/rustup-home" "-e" "CARGO_TARGET_DIR=/opt/rustwide/target" "-w" "/opt/rustwide/workdir" "--user" "0:0" "6d0c432b7a5404f1594cb143eb6ea33bb3e1995e964157a4bda612fcfd9e890e" "/opt/rustwide/cargo-home/bin/cargo" "+1.100.0-beta.1" "metadata" "--no-deps" "--format-version=1", kill_on_drop: false }`
[INFO] running `Command { std: "docker" "inspect" "6d0c432b7a5404f1594cb143eb6ea33bb3e1995e964157a4bda612fcfd9e890e", kill_on_drop: false }`
[INFO] running `Command { std: "docker" "exec" "-e" "SOURCE_DIR=/opt/rustwide/workdir" "-e" "CARGO_HOME=/opt/rustwide/cargo-home" "-e" "RUSTUP_HOME=/opt/rustwide/rustup-home" "-e" "CARGO_TARGET_DIR=/opt/rustwide/target" "-e" "CARGO_INCREMENTAL=0" "-e" "RUST_BACKTRACE=full" "-e" "RUSTFLAGS=--cap-lints=warn" "-e" "RUSTDOCFLAGS=--cap-lints=warn" "-w" "/opt/rustwide/workdir" "--user" "0:0" "6d0c432b7a5404f1594cb143eb6ea33bb3e1995e964157a4bda612fcfd9e890e" "/opt/rustwide/cargo-home/bin/cargo" "+1.100.0-beta.1" "build" "--frozen" "--message-format=json" "--release", kill_on_drop: false }`
[INFO] [stderr]    Compiling proc-macro2 v1.0.105
[INFO] [stderr]    Compiling unicode-ident v1.0.22
[INFO] [stderr]    Compiling quote v1.0.43
[INFO] [stderr]    Compiling typenum v1.19.0
[INFO] [stderr]    Compiling version_check v0.9.5
[INFO] [stderr]    Compiling libc v0.2.180
[INFO] [stderr]    Compiling cfg-if v1.0.4
[INFO] [stderr]    Compiling rustversion v1.0.22
[INFO] [stderr]    Compiling semver v1.0.27
[INFO] [stderr]    Compiling subtle v2.6.1
[INFO] [stderr]    Compiling foldhash v0.2.0
[INFO] [stderr]    Compiling cpufeatures v0.2.17
[INFO] [stderr]    Compiling spin v0.10.0
[INFO] [stderr]    Compiling keccak v0.1.5
[INFO] [stderr]    Compiling hashbrown v0.16.1
[INFO] [stderr]    Compiling crypto-bigint v0.5.5
[INFO] [stderr]    Compiling find-msvc-tools v0.1.8
[INFO] [stderr]    Compiling shlex v1.3.0
[INFO] [stderr]    Compiling thiserror v2.0.17
[INFO] [stderr]    Compiling rustc_version v0.4.1
[INFO] [stderr]    Compiling cc v1.2.53
[INFO] [stderr]    Compiling itoa v1.0.17
[INFO] [stderr]    Compiling pin-project-lite v0.2.16
[INFO] [stderr]    Compiling generic-array v0.14.7
[INFO] [stderr]    Compiling zerocopy v0.8.33
[INFO] [stderr]    Compiling curve25519-dalek v4.1.3
[INFO] [stderr]    Compiling futures-core v0.3.31
[INFO] [stderr]    Compiling bytes v1.11.0
[INFO] [stderr]    Compiling once_cell v1.21.3
[INFO] [stderr]    Compiling untrusted v0.9.0
[INFO] [stderr]    Compiling httparse v1.10.1
[INFO] [stderr]    Compiling pin-utils v0.1.0
[INFO] [stderr]    Compiling rustls v0.23.36
[INFO] [stderr]    Compiling try-lock v0.2.5
[INFO] [stderr]    Compiling serde_core v1.0.228
[INFO] [stderr]    Compiling want v0.3.1
[INFO] [stderr]    Compiling std-shims v0.1.5
[INFO] [stderr]    Compiling monero-io v0.1.0 (/opt/rustwide/workdir/monero-oxide/io)
[INFO] [stderr]    Compiling tracing-core v0.1.36
[INFO] [stderr]    Compiling futures-channel v0.3.31
[INFO] [stderr]    Compiling syn v2.0.114
[INFO] [stderr]    Compiling atomic-waker v1.1.2
[INFO] [stderr]    Compiling hex-literal v1.1.0
[INFO] [stderr]    Compiling hex v0.4.3
[INFO] [stderr]    Compiling smallvec v1.15.1
[INFO] [stderr]    Compiling futures-task v0.3.31
[INFO] [stderr]    Compiling block-buffer v0.10.4
[INFO] [stderr]    Compiling crypto-common v0.1.6
[INFO] [stderr]    Compiling zmij v1.0.14
[INFO] [stderr]    Compiling slab v0.4.11
[INFO] [stderr]    Compiling autocfg v1.5.0
[INFO] [stderr]    Compiling digest v0.10.7
[INFO] [stderr]    Compiling getrandom v0.2.17
[INFO] [stderr]    Compiling sha3 v0.10.8
[INFO] [stderr]    Compiling http v1.4.0
[INFO] [stderr]    Compiling tracing v0.1.44
[INFO] [stderr]    Compiling futures-util v0.3.31
[INFO] [stderr]    Compiling tower-service v0.3.3
[INFO] [stderr]    Compiling ring v0.17.14
[INFO] [stderr]    Compiling rand_core v0.6.4
[INFO] [stderr]    Compiling libm v0.2.15
[INFO] [stderr]    Compiling openssl-probe v0.2.0
[INFO] [stderr]    Compiling monero-primitives v0.1.0 (/opt/rustwide/workdir/monero-oxide/primitives)
[INFO] [stderr]    Compiling monero-base58 v0.1.0 (/opt/rustwide/workdir/monero-oxide/wallet/base58)
[INFO] [stderr]    Compiling serde_json v1.0.149
[INFO] [stderr]    Compiling mio v1.1.1
[INFO] [stderr]    Compiling socket2 v0.6.1
[INFO] [stderr]    Compiling serde v1.0.228
[INFO] [stderr]    Compiling num-traits v0.2.19
[INFO] [stderr]    Compiling memchr v2.7.6
[INFO] [stderr]    Compiling monero-epee v0.2.0 (/opt/rustwide/workdir/monero-oxide/epee)
[INFO] [stderr]    Compiling sha2 v0.10.9
[INFO] [stderr]    Compiling ppv-lite86 v0.2.21
[INFO] [stderr]    Compiling md-5 v0.10.6
[INFO] [stderr]    Compiling monero-oxide-no-std-tests v0.1.0 (/opt/rustwide/workdir/tests/no-std)
[INFO] [stderr]    Compiling rand_chacha v0.3.1
[INFO] [stderr]    Compiling http-body v1.0.1
[INFO] [stderr]    Compiling rand v0.8.5
[INFO] [stderr]    Compiling http-body-util v0.1.3
[INFO] [stderr]    Compiling digest_auth v0.3.1
[INFO] [stderr]    Compiling rand_distr v0.4.3
[INFO] [stderr]    Compiling zeroize_derive v1.4.3
[INFO] [stderr]    Compiling curve25519-dalek-derive v0.1.1
[INFO] [stderr]    Compiling thiserror-impl v2.0.17
[INFO] [stderr]    Compiling tokio-macros v2.6.0
[INFO] [stderr]    Compiling serde_derive v1.0.228
[INFO] [stderr]    Compiling zeroize v1.8.2
[INFO] [stderr]    Compiling rustls-pki-types v1.14.0
[INFO] [stderr]    Compiling tokio v1.49.0
[INFO] [stderr]    Compiling rustls-native-certs v0.8.3
[INFO] [stderr]    Compiling monero-ed25519 v0.1.0 (/opt/rustwide/workdir/monero-oxide/ed25519)
[INFO] [stderr]    Compiling monero-bulletproofs-generators v0.1.0 (/opt/rustwide/workdir/monero-oxide/ringct/bulletproofs/generators)
[INFO] [stderr]    Compiling monero-mlsag v0.1.0 (/opt/rustwide/workdir/monero-oxide/ringct/mlsag)
[INFO] [stderr]    Compiling monero-borromean v0.1.0 (/opt/rustwide/workdir/monero-oxide/ringct/borromean)
[INFO] [stderr]    Compiling monero-clsag v0.1.0 (/opt/rustwide/workdir/monero-oxide/ringct/clsag)
[INFO] [stderr]    Compiling monero-address v0.1.0 (/opt/rustwide/workdir/monero-oxide/wallet/address)
[INFO] [stderr]    Compiling monero-bulletproofs v0.1.0 (/opt/rustwide/workdir/monero-oxide/ringct/bulletproofs)
[INFO] [stderr]    Compiling hyper v1.8.1
[INFO] [stderr]    Compiling hyper-util v0.1.19
[INFO] [stderr]    Compiling rustls-webpki v0.103.9
[INFO] [stderr]    Compiling monero-oxide v0.1.4-alpha (/opt/rustwide/workdir/monero-oxide)
[INFO] [stderr]    Compiling monero-interface v0.1.0 (/opt/rustwide/workdir/monero-oxide/interface)
[INFO] [stdout] warning: this lint expectation is unfulfilled
[INFO] [stdout]    --> monero-oxide/interface/src/provides_blockchain.rs:116:10
[INFO] [stdout]     |
[INFO] [stdout] 116 | #[expect(single_use_lifetimes)] // False positive, this can't be removed
[INFO] [stdout]     |          ^^^^^^^^^^^^^^^^^^^^
[INFO] [stdout]     |
[INFO] [stdout]     = note: `#[warn(unfulfilled_lint_expectations)]` on by default
[INFO] [stdout] 
[INFO] [stdout] 
[INFO] [stderr]    Compiling monero-daemon-rpc v0.1.0 (/opt/rustwide/workdir/monero-oxide/interface/daemon)
[INFO] [stderr]    Compiling monero-wallet v0.1.0 (/opt/rustwide/workdir/monero-oxide/wallet)
[INFO] [stderr]    Compiling tokio-rustls v0.26.4
[INFO] [stderr]    Compiling hyper-rustls v0.27.7
[INFO] [stderr]    Compiling simple-request v0.2.0
[INFO] [stderr]    Compiling monero-simple-request-rpc v0.1.0 (/opt/rustwide/workdir/monero-oxide/interface/daemon/simple-request)
[INFO] [stderr]    Compiling monero-oxide-verify-chain v0.1.0 (/opt/rustwide/workdir/tests/verify-chain)
[INFO] [stderr]     Finished `release` profile [optimized] target(s) in 1m 29s
[INFO] running `Command { std: "docker" "inspect" "6d0c432b7a5404f1594cb143eb6ea33bb3e1995e964157a4bda612fcfd9e890e", kill_on_drop: false }`
[INFO] running `Command { std: "docker" "exec" "-e" "SOURCE_DIR=/opt/rustwide/workdir" "-e" "CARGO_HOME=/opt/rustwide/cargo-home" "-e" "RUSTUP_HOME=/opt/rustwide/rustup-home" "-e" "CARGO_TARGET_DIR=/opt/rustwide/target" "-e" "CARGO_INCREMENTAL=0" "-e" "RUST_BACKTRACE=full" "-e" "RUSTFLAGS=--cap-lints=warn" "-e" "RUSTDOCFLAGS=--cap-lints=warn" "-w" "/opt/rustwide/workdir" "--user" "0:0" "6d0c432b7a5404f1594cb143eb6ea33bb3e1995e964157a4bda612fcfd9e890e" "/opt/rustwide/cargo-home/bin/cargo" "+1.100.0-beta.1" "test" "--frozen" "--no-run" "--message-format=json" "--release", kill_on_drop: false }`
[INFO] [stderr]    Compiling subtle v2.6.1
[INFO] [stderr]    Compiling cfg-if v1.0.4
[INFO] [stderr]    Compiling foldhash v0.2.0
[INFO] [stderr]    Compiling spin v0.10.0
[INFO] [stderr]    Compiling radium v0.7.0
[INFO] [stderr]    Compiling tap v1.0.1
[INFO] [stderr]    Compiling funty v2.0.0
[INFO] [stderr]    Compiling keccak v0.1.5
[INFO] [stderr]    Compiling cpufeatures v0.2.17
[INFO] [stderr]    Compiling typenum v1.19.0
[INFO] [stderr]    Compiling libc v0.2.180
[INFO] [stderr]    Compiling zeroize v1.8.2
[INFO] [stderr]    Compiling curve25519-dalek v4.1.3
[INFO] [stderr]    Compiling thiserror v2.0.17
[INFO] [stderr]    Compiling hex v0.4.3
[INFO] [stderr]    Compiling itoa v1.0.17
[INFO] [stderr]    Compiling hex-literal v1.1.0
[INFO] [stderr]    Compiling serde_core v1.0.228
[INFO] [stderr]    Compiling zerocopy v0.8.33
[INFO] [stderr]    Compiling hashbrown v0.16.1
[INFO] [stderr]    Compiling wyz v0.5.1
[INFO] [stderr]    Compiling zmij v1.0.14
[INFO] [stderr]    Compiling memchr v2.7.6
[INFO] [stderr]    Compiling crypto-bigint v0.5.5
[INFO] [stderr]    Compiling pin-project-lite v0.2.16
[INFO] [stderr]    Compiling once_cell v1.21.3
[INFO] [stderr]    Compiling monero-epee v0.2.0 (/opt/rustwide/workdir/monero-oxide/epee)
[INFO] [stderr]    Compiling bytes v1.11.0
[INFO] [stderr]    Compiling futures-core v0.3.31
[INFO] [stderr]    Compiling rustls-pki-types v1.14.0
[INFO] [stderr]    Compiling untrusted v0.9.0
[INFO] [stderr]    Compiling try-lock v0.2.5
[INFO] [stderr]    Compiling pin-utils v0.1.0
[INFO] [stderr]    Compiling want v0.3.1
[INFO] [stderr]    Compiling futures-channel v0.3.31
[INFO] [stderr]    Compiling generic-array v0.14.7
[INFO] [stderr]    Compiling httparse v1.10.1
[INFO] [stderr]    Compiling tracing-core v0.1.36
[INFO] [stderr]    Compiling futures-task v0.3.31
[INFO] [stderr]    Compiling slab v0.4.11
[INFO] [stderr]    Compiling atomic-waker v1.1.2
[INFO] [stderr]    Compiling bitvec v1.0.1
[INFO] [stderr]    Compiling smallvec v1.15.1
[INFO] [stderr]    Compiling futures-util v0.3.31
[INFO] [stderr]    Compiling tower-service v0.3.3
[INFO] [stderr]    Compiling openssl-probe v0.2.0
[INFO] [stderr]    Compiling rustls-native-certs v0.8.3
[INFO] [stderr]    Compiling std-shims v0.1.5
[INFO] [stderr]    Compiling monero-io v0.1.0 (/opt/rustwide/workdir/monero-oxide/io)
[INFO] [stderr]    Compiling http v1.4.0
[INFO] [stderr]    Compiling tracing v0.1.44
[INFO] [stderr]    Compiling getrandom v0.2.17
[INFO] [stderr]    Compiling mio v1.1.1
[INFO] [stderr]    Compiling socket2 v0.6.1
[INFO] [stderr]    Compiling libm v0.2.15
[INFO] [stderr]    Compiling block-buffer v0.10.4
[INFO] [stderr]    Compiling crypto-common v0.1.6
[INFO] [stderr]    Compiling monero-oxide-no-std-tests v0.1.0 (/opt/rustwide/workdir/tests/no-std)
[INFO] [stderr]    Compiling rand_core v0.6.4
[INFO] [stderr]    Compiling digest v0.10.7
[INFO] [stderr]    Compiling http-body v1.0.1
[INFO] [stderr]    Compiling ring v0.17.14
[INFO] [stderr]    Compiling http-body-util v0.1.3
[INFO] [stderr]    Compiling sha3 v0.10.8
[INFO] [stderr]    Compiling sha2 v0.10.9
[INFO] [stderr]    Compiling tokio v1.49.0
[INFO] [stderr]    Compiling blake2 v0.10.6
[INFO] [stderr]    Compiling md-5 v0.10.6
[INFO] [stderr]    Compiling monero-primitives v0.1.0 (/opt/rustwide/workdir/monero-oxide/primitives)
[INFO] [stderr]    Compiling flexible-transcript v0.3.4
[INFO] [stderr]    Compiling monero-base58 v0.1.0 (/opt/rustwide/workdir/monero-oxide/wallet/base58)
[INFO] [stderr]    Compiling num-traits v0.2.19
[INFO] [stderr]    Compiling ppv-lite86 v0.2.21
[INFO] [stderr]    Compiling rustls-webpki v0.103.9
[INFO] [stderr]    Compiling serde v1.0.228
[INFO] [stderr]    Compiling serde_json v1.0.149
[INFO] [stderr]    Compiling rand_chacha v0.3.1
[INFO] [stderr]    Compiling rand v0.8.5
[INFO] [stderr]    Compiling ff v0.13.1
[INFO] [stderr]    Compiling group v0.13.0
[INFO] [stderr]    Compiling ciphersuite v0.4.2
[INFO] [stderr]    Compiling multiexp v0.4.2
[INFO] [stderr]    Compiling dkg v0.6.1
[INFO] [stderr]    Compiling rustls v0.23.36
[INFO] [stderr]    Compiling schnorr-signatures v0.5.2
[INFO] [stderr]    Compiling dkg-dealer v0.6.0
[INFO] [stderr]    Compiling dkg-recovery v0.6.0
[INFO] [stderr]    Compiling digest_auth v0.3.1
[INFO] [stderr]    Compiling rand_distr v0.4.3
[INFO] [stderr]    Compiling monero-ed25519 v0.1.0 (/opt/rustwide/workdir/monero-oxide/ed25519)
[INFO] [stderr]    Compiling dalek-ff-group v0.5.0
[INFO] [stderr]    Compiling hyper v1.8.1
[INFO] [stderr]    Compiling monero-bulletproofs-generators v0.1.0 (/opt/rustwide/workdir/monero-oxide/ringct/bulletproofs/generators)
[INFO] [stderr]    Compiling monero-mlsag v0.1.0 (/opt/rustwide/workdir/monero-oxide/ringct/mlsag)
[INFO] [stderr]    Compiling monero-clsag v0.1.0 (/opt/rustwide/workdir/monero-oxide/ringct/clsag)
[INFO] [stderr]    Compiling monero-borromean v0.1.0 (/opt/rustwide/workdir/monero-oxide/ringct/borromean)
[INFO] [stderr]    Compiling monero-address v0.1.0 (/opt/rustwide/workdir/monero-oxide/wallet/address)
[INFO] [stderr]    Compiling monero-bulletproofs v0.1.0 (/opt/rustwide/workdir/monero-oxide/ringct/bulletproofs)
[INFO] [stderr]    Compiling hyper-util v0.1.19
[INFO] [stderr]    Compiling modular-frost v0.11.0
[INFO] [stderr]    Compiling tokio-rustls v0.26.4
[INFO] [stderr]    Compiling hyper-rustls v0.27.7
[INFO] [stderr]    Compiling monero-oxide v0.1.4-alpha (/opt/rustwide/workdir/monero-oxide)
[INFO] [stderr]    Compiling simple-request v0.2.0
[INFO] [stderr]    Compiling monero-interface v0.1.0 (/opt/rustwide/workdir/monero-oxide/interface)
[INFO] [stdout] warning: this lint expectation is unfulfilled
[INFO] [stdout]    --> monero-oxide/interface/src/provides_blockchain.rs:116:10
[INFO] [stdout]     |
[INFO] [stdout] 116 | #[expect(single_use_lifetimes)] // False positive, this can't be removed
[INFO] [stdout]     |          ^^^^^^^^^^^^^^^^^^^^
[INFO] [stdout]     |
[INFO] [stdout]     = note: `#[warn(unfulfilled_lint_expectations)]` on by default
[INFO] [stdout] 
[INFO] [stdout] 
[INFO] [stderr]    Compiling monero-daemon-rpc v0.1.0 (/opt/rustwide/workdir/monero-oxide/interface/daemon)
[INFO] [stderr]    Compiling monero-wallet v0.1.0 (/opt/rustwide/workdir/monero-oxide/wallet)
[INFO] [stderr]    Compiling monero-simple-request-rpc v0.1.0 (/opt/rustwide/workdir/monero-oxide/interface/daemon/simple-request)
[INFO] [stderr]    Compiling monero-oxide-verify-chain v0.1.0 (/opt/rustwide/workdir/tests/verify-chain)
[INFO] [stdout] warning: this lint expectation is unfulfilled
[INFO] [stdout]    --> monero-oxide/interface/src/provides_blockchain.rs:116:10
[INFO] [stdout]     |
[INFO] [stdout] 116 | #[expect(single_use_lifetimes)] // False positive, this can't be removed
[INFO] [stdout]     |          ^^^^^^^^^^^^^^^^^^^^
[INFO] [stdout]     |
[INFO] [stdout]     = note: `#[warn(unfulfilled_lint_expectations)]` on by default
[INFO] [stdout] 
[INFO] [stdout] 
[INFO] [stderr]     Finished `release` profile [optimized] target(s) in 3m 04s
[INFO] running `Command { std: "docker" "inspect" "6d0c432b7a5404f1594cb143eb6ea33bb3e1995e964157a4bda612fcfd9e890e", kill_on_drop: false }`
[INFO] running `Command { std: "docker" "exec" "-e" "SOURCE_DIR=/opt/rustwide/workdir" "-e" "CARGO_HOME=/opt/rustwide/cargo-home" "-e" "RUSTUP_HOME=/opt/rustwide/rustup-home" "-e" "CARGO_TARGET_DIR=/opt/rustwide/target" "-e" "CARGO_INCREMENTAL=0" "-e" "RUST_BACKTRACE=full" "-e" "RUSTFLAGS=--cap-lints=warn" "-e" "RUSTDOCFLAGS=--cap-lints=warn" "-w" "/opt/rustwide/workdir" "--user" "0:0" "6d0c432b7a5404f1594cb143eb6ea33bb3e1995e964157a4bda612fcfd9e890e" "/opt/rustwide/cargo-home/bin/cargo" "+1.100.0-beta.1" "test" "--frozen" "--release", kill_on_drop: false }`
[INFO] [stderr] warning: this lint expectation is unfulfilled
[INFO] [stderr]    --> monero-oxide/interface/src/provides_blockchain.rs:116:10
[INFO] [stderr]     |
[INFO] [stderr] 116 | #[expect(single_use_lifetimes)] // False positive, this can't be removed
[INFO] [stderr]     |          ^^^^^^^^^^^^^^^^^^^^
[INFO] [stderr]     |
[INFO] [stderr]     = note: `#[warn(unfulfilled_lint_expectations)]` on by default
[INFO] [stderr] 
[INFO] [stderr] warning: `monero-interface` (lib) generated 1 warning
[INFO] [stderr] warning: `monero-interface` (lib test) generated 1 warning (1 duplicate)
[INFO] [stderr]     Finished `release` profile [optimized] target(s) in 0.35s
[INFO] [stdout] 
[INFO] [stderr]      Running unittests src/lib.rs (/opt/rustwide/target/release/build/monero-address/e47320fe205989e9/out/monero_address-e47320fe205989e9)
[INFO] [stdout] running 6 tests
[INFO] [stdout] test tests::integrated_address ... ok
[INFO] [stdout] test tests::with_payment_id ... ok
[INFO] [stdout] test tests::subaddress ... ok
[INFO] [stdout] test tests::standard_address ... ok
[INFO] [stdout] test tests::featured_vectors ... ok
[INFO] [stderr]      Running unittests src/lib.rs (/opt/rustwide/target/release/build/monero-base58/ac5d50dde37d5377/out/monero_base58-ac5d50dde37d5377)
[INFO] [stdout] test tests::featured ... ok
[INFO] [stdout] 
[INFO] [stdout] test result: ok. 6 passed; 0 failed; 0 ignored; 0 measured; 0 filtered out; finished in 0.32s
[INFO] [stdout] 
[INFO] [stdout] 
[INFO] [stdout] running 4 tests
[INFO] [stdout] test tests::test_encoded_len_for_bytes ... ok
[INFO] [stdout] test tests::base58 ... ok
[INFO] [stdout] test tests::non_canonical ... ok
[INFO] [stdout] test tests::fuzz_base58 ... ok
[INFO] [stdout] 
[INFO] [stdout] test result: ok. 4 passed; 0 failed; 0 ignored; 0 measured; 0 filtered out; finished in 23.25s
[INFO] [stdout] 
[INFO] [stderr]      Running unittests src/lib.rs (/opt/rustwide/target/release/build/monero-borromean/ceb2fdd0852bf5bb/out/monero_borromean-ceb2fdd0852bf5bb)
[INFO] [stdout] 
[INFO] [stderr]      Running unittests src/lib.rs (/opt/rustwide/target/release/build/monero-bulletproofs/f68d33dfbd42df69/out/monero_bulletproofs-f68d33dfbd42df69)
[INFO] [stdout] running 0 tests
[INFO] [stdout] 
[INFO] [stdout] test result: ok. 0 passed; 0 failed; 0 ignored; 0 measured; 0 filtered out; finished in 0.00s
[INFO] [stdout] 
[INFO] [stdout] 
[INFO] [stdout] running 10 tests
[INFO] [stdout] test tests::bulletproofs_max ... ok
[INFO] [stdout] test tests::bulletproofs_plus_max ... ok
[INFO] [stdout] test tests::original::inner_product::test_zero_inner_product ... ok
[INFO] [stdout] test tests::original::bulletproofs_vector ... ok
[INFO] [stdout] test tests::original::inner_product::test_inner_product ... ok
[INFO] [stdout] test tests::plus::weighted_inner_product::test_zero_weighted_inner_product ... ok
[INFO] [stdout] test tests::plus::weighted_inner_product::test_weighted_inner_product ... ok
[INFO] [stdout] test tests::plus::aggregate_range_proof::test_aggregate_range_proof ... ok
[INFO] [stdout] test tests::bulletproofs ... ok
[INFO] [stdout] test tests::bulletproofs_plus ... ok
[INFO] [stderr]      Running unittests src/lib.rs (/opt/rustwide/target/release/build/monero-bulletproofs-generators/aa1ce94da6c8de66/out/monero_bulletproofs_generators-aa1ce94da6c8de66)
[INFO] [stdout] 
[INFO] [stderr]      Running unittests src/lib.rs (/opt/rustwide/target/release/build/monero-clsag/b80d73db495f4bb8/out/monero_clsag-b80d73db495f4bb8)
[INFO] [stdout] test result: ok. 10 passed; 0 failed; 0 ignored; 0 measured; 0 filtered out; finished in 4.71s
[INFO] [stdout] 
[INFO] [stdout] 
[INFO] [stdout] running 0 tests
[INFO] [stdout] 
[INFO] [stdout] test result: ok. 0 passed; 0 failed; 0 ignored; 0 measured; 0 filtered out; finished in 0.00s
[INFO] [stdout] 
[INFO] [stdout] 
[INFO] [stdout] running 1 test
[INFO] [stdout] test tests::clsag ... ok
[INFO] [stderr]      Running unittests src/lib.rs (/opt/rustwide/target/release/build/monero-daemon-rpc/97ac707622539f5e/out/monero_daemon_rpc-97ac707622539f5e)
[INFO] [stdout] 
[INFO] [stdout] test result: ok. 1 passed; 0 failed; 0 ignored; 0 measured; 0 filtered out; finished in 2.07s
[INFO] [stdout] 
[INFO] [stdout] 
[INFO] [stdout] running 0 tests
[INFO] [stdout] 
[INFO] [stderr]      Running unittests src/lib.rs (/opt/rustwide/target/release/build/monero-ed25519/224a9e4fce1ff570/out/monero_ed25519-224a9e4fce1ff570)
[INFO] [stdout] test result: ok. 0 passed; 0 failed; 0 ignored; 0 measured; 0 filtered out; finished in 0.00s
[INFO] [stdout] 
[INFO] [stderr]      Running tests/biased_hash.rs (/opt/rustwide/target/release/build/monero-ed25519/be5949aad42f973d/out/biased_hash-be5949aad42f973d)
[INFO] [stdout] 
[INFO] [stdout] running 0 tests
[INFO] [stdout] 
[INFO] [stdout] test result: ok. 0 passed; 0 failed; 0 ignored; 0 measured; 0 filtered out; finished in 0.00s
[INFO] [stdout] 
[INFO] [stdout] 
[INFO] [stdout] running 1 test
[INFO] [stdout] test biased_hash ... ok
[INFO] [stdout] 
[INFO] [stdout] test result: ok. 1 passed; 0 failed; 0 ignored; 0 measured; 0 filtered out; finished in 0.02s
[INFO] [stdout] 
[INFO] [stderr]      Running tests/constants.rs (/opt/rustwide/target/release/build/monero-ed25519/e4b7b8c31293bd89/out/constants-e4b7b8c31293bd89)
[INFO] [stdout] 
[INFO] [stdout] running 1 test
[INFO] [stdout] test constants ... ok
[INFO] [stderr]      Running tests/decompress.rs (/opt/rustwide/target/release/build/monero-ed25519/248f88e65efeab6f/out/decompress-248f88e65efeab6f)
[INFO] [stdout] 
[INFO] [stdout] test result: ok. 1 passed; 0 failed; 0 ignored; 0 measured; 0 filtered out; finished in 0.00s
[INFO] [stdout] 
[INFO] [stdout] 
[INFO] [stdout] running 1 test
[INFO] [stderr]      Running tests/hex.rs (/opt/rustwide/target/release/build/monero-ed25519/c529a9895cff1439/out/hex-c529a9895cff1439)
[INFO] [stdout] test decompress ... ok
[INFO] [stdout] 
[INFO] [stdout] test result: ok. 1 passed; 0 failed; 0 ignored; 0 measured; 0 filtered out; finished in 0.01s
[INFO] [stdout] 
[INFO] [stdout] 
[INFO] [stdout] running 0 tests
[INFO] [stdout] 
[INFO] [stdout] test result: ok. 0 passed; 0 failed; 0 ignored; 0 measured; 0 filtered out; finished in 0.00s
[INFO] [stdout] 
[INFO] [stderr]      Running tests/unreduced_scalar.rs (/opt/rustwide/target/release/build/monero-ed25519/6155be0d6d6c2882/out/unreduced_scalar-6155be0d6d6c2882)
[INFO] [stdout] 
[INFO] [stdout] running 1 test
[INFO] [stdout] test recover_scalars ... ok
[INFO] [stdout] 
[INFO] [stdout] test result: ok. 1 passed; 0 failed; 0 ignored; 0 measured; 0 filtered out; finished in 0.00s
[INFO] [stdout] 
[INFO] [stderr]      Running unittests src/lib.rs (/opt/rustwide/target/release/build/monero-epee/62e7241487012418/out/monero_epee-62e7241487012418)
[INFO] [stdout] 
[INFO] [stdout] running 0 tests
[INFO] [stdout] 
[INFO] [stdout] test result: ok. 0 passed; 0 failed; 0 ignored; 0 measured; 0 filtered out; finished in 0.00s
[INFO] [stdout] 
[INFO] [stderr]      Running unittests src/lib.rs (/opt/rustwide/target/release/build/monero-interface/43d0cd1c9ff8cfcb/out/monero_interface-43d0cd1c9ff8cfcb)
[INFO] [stdout] 
[INFO] [stdout] running 0 tests
[INFO] [stdout] 
[INFO] [stdout] test result: ok. 0 passed; 0 failed; 0 ignored; 0 measured; 0 filtered out; finished in 0.00s
[INFO] [stdout] 
[INFO] [stderr]      Running unittests src/lib.rs (/opt/rustwide/target/release/build/monero-io/f76145c3f2174088/out/monero_io-f76145c3f2174088)
[INFO] [stdout] 
[INFO] [stdout] running 0 tests
[INFO] [stdout] 
[INFO] [stdout] test result: ok. 0 passed; 0 failed; 0 ignored; 0 measured; 0 filtered out; finished in 0.00s
[INFO] [stdout] 
[INFO] [stderr]      Running unittests src/lib.rs (/opt/rustwide/target/release/build/monero-mlsag/479b222e989df759/out/monero_mlsag-479b222e989df759)
[INFO] [stdout] 
[INFO] [stdout] running 0 tests
[INFO] [stdout] 
[INFO] [stdout] test result: ok. 0 passed; 0 failed; 0 ignored; 0 measured; 0 filtered out; finished in 0.00s
[INFO] [stdout] 
[INFO] [stderr]      Running unittests src/lib.rs (/opt/rustwide/target/release/build/monero-oxide/4a682be6d808b317/out/monero_oxide-4a682be6d808b317)
[INFO] [stdout] 
[INFO] [stdout] running 7 tests
[INFO] [stdout] test tests::transaction::hash ... ok
[INFO] [stdout] test tests::transaction::signature_hash ... ok
[INFO] [stdout] test tests::transaction::parse ... ok
[INFO] [stdout] test tests::merkle::block_202612 ... ok
[INFO] [stdout] test tests::transaction::pruned_with_prunable ... ok
[INFO] [stdout] test tests::transaction::clsag ... ok
[INFO] [stdout] test tests::merkle::merkle ... ok
[INFO] [stdout] 
[INFO] [stdout] test result: ok. 7 passed; 0 failed; 0 ignored; 0 measured; 0 filtered out; finished in 0.32s
[INFO] [stdout] 
[INFO] [stderr]      Running tests/tests.rs (/opt/rustwide/target/release/build/monero-oxide/56cc571412d21d04/out/tests-56cc571412d21d04)
[INFO] [stdout] 
[INFO] [stdout] running 1 test
[INFO] [stdout] test test ... ok
[INFO] [stdout] 
[INFO] [stdout] test result: ok. 1 passed; 0 failed; 0 ignored; 0 measured; 0 filtered out; finished in 0.01s
[INFO] [stdout] 
[INFO] [stderr]      Running unittests src/lib.rs (/opt/rustwide/target/release/build/monero-oxide-no-std-tests/b3886f20ff423ffb/out/monero_oxide_no_std_tests-b3886f20ff423ffb)
[INFO] [stderr]      Running unittests src/main.rs (/opt/rustwide/target/release/build/monero-oxide-verify-chain/a94cd1dc115083da/out/monero_oxide_verify_chain-a94cd1dc115083da)
[INFO] [stdout] 
[INFO] [stdout] running 0 tests
[INFO] [stdout] 
[INFO] [stdout] test result: ok. 0 passed; 0 failed; 0 ignored; 0 measured; 0 filtered out; finished in 0.00s
[INFO] [stdout] 
[INFO] [stdout] 
[INFO] [stdout] running 0 tests
[INFO] [stdout] 
[INFO] [stdout] test result: ok. 0 passed; 0 failed; 0 ignored; 0 measured; 0 filtered out; finished in 0.00s
[INFO] [stdout] 
[INFO] [stderr]      Running unittests src/lib.rs (/opt/rustwide/target/release/build/monero-primitives/045cb760e9038d5b/out/monero_primitives-045cb760e9038d5b)
[INFO] [stdout] 
[INFO] [stdout] running 0 tests
[INFO] [stdout] 
[INFO] [stdout] test result: ok. 0 passed; 0 failed; 0 ignored; 0 measured; 0 filtered out; finished in 0.00s
[INFO] [stdout] 
[INFO] [stderr]      Running unittests src/lib.rs (/opt/rustwide/target/release/build/monero-simple-request-rpc/8bd2ece5d807ce35/out/monero_simple_request_rpc-8bd2ece5d807ce35)
[INFO] [stdout] 
[INFO] [stdout] running 0 tests
[INFO] [stdout] 
[INFO] [stdout] test result: ok. 0 passed; 0 failed; 0 ignored; 0 measured; 0 filtered out; finished in 0.00s
[INFO] [stdout] 
[INFO] [stderr]      Running tests/tests.rs (/opt/rustwide/target/release/build/monero-simple-request-rpc/25c234641afb48ab/out/tests-25c234641afb48ab)
[INFO] [stdout] 
[INFO] [stdout] running 4 tests
[INFO] [stdout] test test_blockchain ... FAILED
[INFO] [stdout] test test_block_hash_for_non_existent_block ... FAILED
[INFO] [stdout] test test_fee_rates ... FAILED
[INFO] [stdout] test test_decoys ... FAILED
[INFO] [stdout] 
[INFO] [stdout] failures:
[INFO] [stdout] 
[INFO] [stdout] ---- test_blockchain stdout ----
[INFO] [stdout] 
[INFO] [stdout] thread 'test_blockchain' (5004) panicked at monero-oxide/interface/daemon/simple-request/tests/tests.rs:20:89:
[INFO] [stdout] called `Result::unwrap()` on an `Err` value: InterfaceError("ConnectionError(ConnectError(\"tcp connect error\", 127.0.0.1:18081, Os { code: 111, kind: ConnectionRefused, message: \"Connection refused\" }))")
[INFO] [stdout] stack backtrace:
[INFO] [stdout]    0:     0x5bdb3e21c4c1 - <<std[617be2ca0a6fd877]::sys::backtrace::BacktraceLock>::print::DisplayBacktrace as core[a373ad73a504971]::fmt::Display>::fmt
[INFO] [stdout]    1:     0x5bdb3e23222a - core[a373ad73a504971]::fmt::write
[INFO] [stdout]    2:     0x5bdb3e220ecc - <alloc[2e1b2a31b91974c5]::vec::Vec<u8> as core[a373ad73a504971]::io::write::Write>::write_fmt
[INFO] [stdout]    3:     0x5bdb3e1f7326 - std[617be2ca0a6fd877]::panicking::default_hook::{closure#0}
[INFO] [stdout]    4:     0x5bdb3e2142a9 - std[617be2ca0a6fd877]::panicking::default_hook
[INFO] [stdout]    5:     0x5bdb3e05d840 - test[aada8e7e76ba119b]::test_main_inner::{closure#0}
[INFO] [stdout]    6:     0x5bdb3e2145d2 - std[617be2ca0a6fd877]::panicking::panic_with_hook
[INFO] [stdout]    7:     0x5bdb3e1f73d2 - std[617be2ca0a6fd877]::panicking::panic_handler::{closure#0}
[INFO] [stdout]    8:     0x5bdb3e1eff99 - std[617be2ca0a6fd877]::sys::backtrace::__rust_end_short_backtrace::<std[617be2ca0a6fd877]::panicking::panic_handler::{closure#0}, !>
[INFO] [stdout]    9:     0x5bdb3e1f81cd - __rustc[ea4f61d10b84890b]::rust_begin_unwind
[INFO] [stdout]   10:     0x5bdb3e23298c - core[a373ad73a504971]::panicking::panic_fmt
[INFO] [stdout]   11:     0x5bdb3e232762 - core[a373ad73a504971]::result::unwrap_failed
[INFO] [stdout]   12:     0x5bdb3dfc8dc5 - tests[c15c3ed4499f6e48]::test_blockchain::{closure#0}
[INFO] [stdout]   13:     0x5bdb3e028433 - <tokio[d88a7e01fedf032f]::runtime::scheduler::current_thread::Context>::enter::<core[a373ad73a504971]::task::poll::Poll<()>, <tokio[d88a7e01fedf032f]::runtime::scheduler::current_thread::CoreGuard>::block_on<core[a373ad73a504971]::pin::Pin<&mut core[a373ad73a504971]::pin::Pin<&mut dyn core[a373ad73a504971]::future::future::Future<Output = ()>>>>::{closure#0}::{closure#0}>
[INFO] [stdout]   14:     0x5bdb3e041a3c - <tokio[d88a7e01fedf032f]::runtime::context::scoped::Scoped<tokio[d88a7e01fedf032f]::runtime::scheduler::Context>>::set::<<tokio[d88a7e01fedf032f]::runtime::scheduler::current_thread::CoreGuard>::enter<<tokio[d88a7e01fedf032f]::runtime::scheduler::current_thread::CoreGuard>::block_on<core[a373ad73a504971]::pin::Pin<&mut core[a373ad73a504971]::pin::Pin<&mut dyn core[a373ad73a504971]::future::future::Future<Output = ()>>>>::{closure#0}, core[a373ad73a504971]::option::Option<()>>::{closure#0}, (alloc[2e1b2a31b91974c5]::boxed::Box<tokio[d88a7e01fedf032f]::runtime::scheduler::current_thread::Core>, core[a373ad73a504971]::option::Option<()>)>
[INFO] [stdout]   15:     0x5bdb3e028847 - <tokio[d88a7e01fedf032f]::runtime::scheduler::current_thread::CoreGuard>::block_on::<core[a373ad73a504971]::pin::Pin<&mut core[a373ad73a504971]::pin::Pin<&mut dyn core[a373ad73a504971]::future::future::Future<Output = ()>>>>
[INFO] [stdout]   16:     0x5bdb3e04e0e7 - tokio[d88a7e01fedf032f]::runtime::context::runtime::enter_runtime::<<tokio[d88a7e01fedf032f]::runtime::scheduler::current_thread::CurrentThread>::block_on<core[a373ad73a504971]::pin::Pin<&mut dyn core[a373ad73a504971]::future::future::Future<Output = ()>>>::{closure#0}, ()>
[INFO] [stdout]   17:     0x5bdb3e0415f5 - <tokio[d88a7e01fedf032f]::runtime::runtime::Runtime>::block_on::<core[a373ad73a504971]::pin::Pin<&mut dyn core[a373ad73a504971]::future::future::Future<Output = ()>>>
[INFO] [stdout]   18:     0x5bdb3dfd6b8d - <tests[c15c3ed4499f6e48]::test_blockchain::{closure#0} as core[a373ad73a504971]::ops::function::FnOnce<()>>::call_once
[INFO] [stdout]   19:     0x5bdb3e050c8b - test[aada8e7e76ba119b]::__rust_begin_short_backtrace::<core[a373ad73a504971]::result::Result<(), alloc[2e1b2a31b91974c5]::string::String>, fn() -> core[a373ad73a504971]::result::Result<(), alloc[2e1b2a31b91974c5]::string::String>>
[INFO] [stdout]   20:     0x5bdb3e05de65 - test[aada8e7e76ba119b]::run_test::{closure#0}
[INFO] [stdout]   21:     0x5bdb3e057754 - std[617be2ca0a6fd877]::sys::backtrace::__rust_begin_short_backtrace::<test[aada8e7e76ba119b]::run_test::{closure#1}, ()>
[INFO] [stdout]   22:     0x5bdb3e060ef2 - <std[617be2ca0a6fd877]::thread::lifecycle::spawn_unchecked<test[aada8e7e76ba119b]::run_test::{closure#1}, ()>::{closure#1} as core[a373ad73a504971]::ops::function::FnOnce<()>>::call_once::{shim:vtable#0}
[INFO] [stdout]   23:     0x5bdb3e21b96f - <std[617be2ca0a6fd877]::sys::thread::unix::Thread>::new::thread_start
[INFO] [stdout]   24:     0x7168d00ecdfa - <unknown>
[INFO] [stdout]   25:     0x7168d01803d4 - clone
[INFO] [stdout]   26:                0x0 - <unknown>
[INFO] [stdout] 
[INFO] [stdout] ---- test_block_hash_for_non_existent_block stdout ----
[INFO] [stdout] 
[INFO] [stdout] thread 'test_block_hash_for_non_existent_block' (5003) panicked at monero-oxide/interface/daemon/simple-request/tests/tests.rs:177:89:
[INFO] [stdout] called `Result::unwrap()` on an `Err` value: InterfaceError("ConnectionError(ConnectError(\"tcp connect error\", 127.0.0.1:18081, Os { code: 111, kind: ConnectionRefused, message: \"Connection refused\" }))")
[INFO] [stdout] stack backtrace:
[INFO] [stdout]    0:     0x5bdb3e21c4c1 - <<std[617be2ca0a6fd877]::sys::backtrace::BacktraceLock>::print::DisplayBacktrace as core[a373ad73a504971]::fmt::Display>::fmt
[INFO] [stdout]    1:     0x5bdb3e23222a - core[a373ad73a504971]::fmt::write
[INFO] [stdout]    2:     0x5bdb3e220ecc - <alloc[2e1b2a31b91974c5]::vec::Vec<u8> as core[a373ad73a504971]::io::write::Write>::write_fmt
[INFO] [stdout]    3:     0x5bdb3e1f7326 - std[617be2ca0a6fd877]::panicking::default_hook::{closure#0}
[INFO] [stdout]    4:     0x5bdb3e2142a9 - std[617be2ca0a6fd877]::panicking::default_hook
[INFO] [stdout]    5:     0x5bdb3e05d840 - test[aada8e7e76ba119b]::test_main_inner::{closure#0}
[INFO] [stdout]    6:     0x5bdb3e2145d2 - std[617be2ca0a6fd877]::panicking::panic_with_hook
[INFO] [stdout]    7:     0x5bdb3e1f73d2 - std[617be2ca0a6fd877]::panicking::panic_handler::{closure#0}
[INFO] [stdout]    8:     0x5bdb3e1eff99 - std[617be2ca0a6fd877]::sys::backtrace::__rust_end_short_backtrace::<std[617be2ca0a6fd877]::panicking::panic_handler::{closure#0}, !>
[INFO] [stdout]    9:     0x5bdb3e1f81cd - __rustc[ea4f61d10b84890b]::rust_begin_unwind
[INFO] [stdout]   10:     0x5bdb3e23298c - core[a373ad73a504971]::panicking::panic_fmt
[INFO] [stdout]   11:     0x5bdb3e232762 - core[a373ad73a504971]::result::unwrap_failed
[INFO] [stdout]   12:     0x5bdb3dfca4bd - tests[c15c3ed4499f6e48]::test_block_hash_for_non_existent_block::{closure#0}
[INFO] [stdout]   13:     0x5bdb3e028433 - <tokio[d88a7e01fedf032f]::runtime::scheduler::current_thread::Context>::enter::<core[a373ad73a504971]::task::poll::Poll<()>, <tokio[d88a7e01fedf032f]::runtime::scheduler::current_thread::CoreGuard>::block_on<core[a373ad73a504971]::pin::Pin<&mut core[a373ad73a504971]::pin::Pin<&mut dyn core[a373ad73a504971]::future::future::Future<Output = ()>>>>::{closure#0}::{closure#0}>
[INFO] [stdout]   14:     0x5bdb3e041a3c - <tokio[d88a7e01fedf032f]::runtime::context::scoped::Scoped<tokio[d88a7e01fedf032f]::runtime::scheduler::Context>>::set::<<tokio[d88a7e01fedf032f]::runtime::scheduler::current_thread::CoreGuard>::enter<<tokio[d88a7e01fedf032f]::runtime::scheduler::current_thread::CoreGuard>::block_on<core[a373ad73a504971]::pin::Pin<&mut core[a373ad73a504971]::pin::Pin<&mut dyn core[a373ad73a504971]::future::future::Future<Output = ()>>>>::{closure#0}, core[a373ad73a504971]::option::Option<()>>::{closure#0}, (alloc[2e1b2a31b91974c5]::boxed::Box<tokio[d88a7e01fedf032f]::runtime::scheduler::current_thread::Core>, core[a373ad73a504971]::option::Option<()>)>
[INFO] [stdout]   15:     0x5bdb3e028847 - <tokio[d88a7e01fedf032f]::runtime::scheduler::current_thread::CoreGuard>::block_on::<core[a373ad73a504971]::pin::Pin<&mut core[a373ad73a504971]::pin::Pin<&mut dyn core[a373ad73a504971]::future::future::Future<Output = ()>>>>
[INFO] [stdout]   16:     0x5bdb3e04e0e7 - tokio[d88a7e01fedf032f]::runtime::context::runtime::enter_runtime::<<tokio[d88a7e01fedf032f]::runtime::scheduler::current_thread::CurrentThread>::block_on<core[a373ad73a504971]::pin::Pin<&mut dyn core[a373ad73a504971]::future::future::Future<Output = ()>>>::{closure#0}, ()>
[INFO] [stdout]   17:     0x5bdb3e0415f5 - <tokio[d88a7e01fedf032f]::runtime::runtime::Runtime>::block_on::<core[a373ad73a504971]::pin::Pin<&mut dyn core[a373ad73a504971]::future::future::Future<Output = ()>>>
[INFO] [stdout]   18:     0x5bdb3dfd6ced - <tests[c15c3ed4499f6e48]::test_block_hash_for_non_existent_block::{closure#0} as core[a373ad73a504971]::ops::function::FnOnce<()>>::call_once
[INFO] [stdout]   19:     0x5bdb3e050c8b - test[aada8e7e76ba119b]::__rust_begin_short_backtrace::<core[a373ad73a504971]::result::Result<(), alloc[2e1b2a31b91974c5]::string::String>, fn() -> core[a373ad73a504971]::result::Result<(), alloc[2e1b2a31b91974c5]::string::String>>
[INFO] [stdout]   20:     0x5bdb3e05de65 - test[aada8e7e76ba119b]::run_test::{closure#0}
[INFO] [stdout]   21:     0x5bdb3e057754 - std[617be2ca0a6fd877]::sys::backtrace::__rust_begin_short_backtrace::<test[aada8e7e76ba119b]::run_test::{closure#1}, ()>
[INFO] [stdout]   22:     0x5bdb3e060ef2 - <std[617be2ca0a6fd877]::thread::lifecycle::spawn_unchecked<test[aada8e7e76ba119b]::run_test::{closure#1}, ()>::{closure#1} as core[a373ad73a504971]::ops::function::FnOnce<()>>::call_once::{shim:vtable#0}
[INFO] [stdout]   23:     0x5bdb3e21b96f - <std[617be2ca0a6fd877]::sys::thread::unix::Thread>::new::thread_start
[INFO] [stdout]   24:     0x7168d00ecdfa - <unknown>
[INFO] [stdout]   25:     0x7168d01803d4 - clone
[INFO] [stdout]   26:                0x0 - <unknown>
[INFO] [stdout] 
[INFO] [stdout] ---- test_fee_rates stdout ----
[INFO] [stdout] 
[INFO] [stdout] thread 'test_fee_rates' (5006) panicked at monero-oxide/interface/daemon/simple-request/tests/tests.rs:74:89:
[INFO] [stdout] called `Result::unwrap()` on an `Err` value: InterfaceError("ConnectionError(ConnectError(\"tcp connect error\", 127.0.0.1:18081, Os { code: 111, kind: ConnectionRefused, message: \"Connection refused\" }))")
[INFO] [stdout] stack backtrace:
[INFO] [stdout]    0:     0x5bdb3e21c4c1 - <<std[617be2ca0a6fd877]::sys::backtrace::BacktraceLock>::print::DisplayBacktrace as core[a373ad73a504971]::fmt::Display>::fmt
[INFO] [stdout]    1:     0x5bdb3e23222a - core[a373ad73a504971]::fmt::write
[INFO] [stdout]    2:     0x5bdb3e220ecc - <alloc[2e1b2a31b91974c5]::vec::Vec<u8> as core[a373ad73a504971]::io::write::Write>::write_fmt
[INFO] [stdout]    3:     0x5bdb3e1f7326 - std[617be2ca0a6fd877]::panicking::default_hook::{closure#0}
[INFO] [stdout]    4:     0x5bdb3e2142a9 - std[617be2ca0a6fd877]::panicking::default_hook
[INFO] [stdout]    5:     0x5bdb3e05d840 - test[aada8e7e76ba119b]::test_main_inner::{closure#0}
[INFO] [stdout]    6:     0x5bdb3e2145d2 - std[617be2ca0a6fd877]::panicking::panic_with_hook
[INFO] [stdout]    7:     0x5bdb3e1f73d2 - std[617be2ca0a6fd877]::panicking::panic_handler::{closure#0}
[INFO] [stdout]    8:     0x5bdb3e1eff99 - std[617be2ca0a6fd877]::sys::backtrace::__rust_end_short_backtrace::<std[617be2ca0a6fd877]::panicking::panic_handler::{closure#0}, !>
[INFO] [stdout]    9:     0x5bdb3e1f81cd - __rustc[ea4f61d10b84890b]::rust_begin_unwind
[INFO] [stdout]   10:     0x5bdb3e23298c - core[a373ad73a504971]::panicking::panic_fmt
[INFO] [stdout]   11:     0x5bdb3e232762 - core[a373ad73a504971]::result::unwrap_failed
[INFO] [stdout]   12:     0x5bdb3dfc7f76 - tests[c15c3ed4499f6e48]::test_fee_rates::{closure#0}
[INFO] [stdout]   13:     0x5bdb3e028433 - <tokio[d88a7e01fedf032f]::runtime::scheduler::current_thread::Context>::enter::<core[a373ad73a504971]::task::poll::Poll<()>, <tokio[d88a7e01fedf032f]::runtime::scheduler::current_thread::CoreGuard>::block_on<core[a373ad73a504971]::pin::Pin<&mut core[a373ad73a504971]::pin::Pin<&mut dyn core[a373ad73a504971]::future::future::Future<Output = ()>>>>::{closure#0}::{closure#0}>
[INFO] [stdout]   14:     0x5bdb3e041a3c - <tokio[d88a7e01fedf032f]::runtime::context::scoped::Scoped<tokio[d88a7e01fedf032f]::runtime::scheduler::Context>>::set::<<tokio[d88a7e01fedf032f]::runtime::scheduler::current_thread::CoreGuard>::enter<<tokio[d88a7e01fedf032f]::runtime::scheduler::current_thread::CoreGuard>::block_on<core[a373ad73a504971]::pin::Pin<&mut core[a373ad73a504971]::pin::Pin<&mut dyn core[a373ad73a504971]::future::future::Future<Output = ()>>>>::{closure#0}, core[a373ad73a504971]::option::Option<()>>::{closure#0}, (alloc[2e1b2a31b91974c5]::boxed::Box<tokio[d88a7e01fedf032f]::runtime::scheduler::current_thread::Core>, core[a373ad73a504971]::option::Option<()>)>
[INFO] [stdout]   15:     0x5bdb3e028847 - <tokio[d88a7e01fedf032f]::runtime::scheduler::current_thread::CoreGuard>::block_on::<core[a373ad73a504971]::pin::Pin<&mut core[a373ad73a504971]::pin::Pin<&mut dyn core[a373ad73a504971]::future::future::Future<Output = ()>>>>
[INFO] [stdout]   16:     0x5bdb3e04e0e7 - tokio[d88a7e01fedf032f]::runtime::context::runtime::enter_runtime::<<tokio[d88a7e01fedf032f]::runtime::scheduler::current_thread::CurrentThread>::block_on<core[a373ad73a504971]::pin::Pin<&mut dyn core[a373ad73a504971]::future::future::Future<Output = ()>>>::{closure#0}, ()>
[INFO] [stdout]   17:     0x5bdb3e0415f5 - <tokio[d88a7e01fedf032f]::runtime::runtime::Runtime>::block_on::<core[a373ad73a504971]::pin::Pin<&mut dyn core[a373ad73a504971]::future::future::Future<Output = ()>>>
[INFO] [stdout]   18:     0x5bdb3dfd6a2d - <tests[c15c3ed4499f6e48]::test_fee_rates::{closure#0} as core[a373ad73a504971]::ops::function::FnOnce<()>>::call_once
[INFO] [stdout]   19:     0x5bdb3e050c8b - test[aada8e7e76ba119b]::__rust_begin_short_backtrace::<core[a373ad73a504971]::result::Result<(), alloc[2e1b2a31b91974c5]::string::String>, fn() -> core[a373ad73a504971]::result::Result<(), alloc[2e1b2a31b91974c5]::string::String>>
[INFO] [stdout]   20:     0x5bdb3e05de65 - test[aada8e7e76ba119b]::run_test::{closure#0}
[INFO] [stdout]   21:     0x5bdb3e057754 - std[617be2ca0a6fd877]::sys::backtrace::__rust_begin_short_backtrace::<test[aada8e7e76ba119b]::run_test::{closure#1}, ()>
[INFO] [stdout]   22:     0x5bdb3e060ef2 - <std[617be2ca0a6fd877]::thread::lifecycle::spawn_unchecked<test[aada8e7e76ba119b]::run_test::{closure#1}, ()>::{closure#1} as core[a373ad73a504971]::ops::function::FnOnce<()>>::call_once::{shim:vtable#0}
[INFO] [stdout]   23:     0x5bdb3e21b96f - <std[617be2ca0a6fd877]::sys::thread::unix::Thread>::new::thread_start
[INFO] [stdout]   24:     0x7168d00ecdfa - <unknown>
[INFO] [stdout]   25:     0x7168d01803d4 - clone
[INFO] [stdout]   26:                0x0 - <unknown>
[INFO] [stdout] 
[INFO] [stdout] ---- test_decoys stdout ----
[INFO] [stdout] 
[INFO] [stdout] thread 'test_decoys' (5005) panicked at monero-oxide/interface/daemon/simple-request/tests/tests.rs:86:89:
[INFO] [stdout] called `Result::unwrap()` on an `Err` value: InterfaceError("ConnectionError(ConnectError(\"tcp connect error\", 127.0.0.1:18081, Os { code: 111, kind: ConnectionRefused, message: \"Connection refused\" }))")
[INFO] [stdout] stack backtrace:
[INFO] [stdout]    0:     0x5bdb3e21c4c1 - <<std[617be2ca0a6fd877]::sys::backtrace::BacktraceLock>::print::DisplayBacktrace as core[a373ad73a504971]::fmt::Display>::fmt
[INFO] [stdout]    1:     0x5bdb3e23222a - core[a373ad73a504971]::fmt::write
[INFO] [stdout]    2:     0x5bdb3e220ecc - <alloc[2e1b2a31b91974c5]::vec::Vec<u8> as core[a373ad73a504971]::io::write::Write>::write_fmt
[INFO] [stdout]    3:     0x5bdb3e1f7326 - std[617be2ca0a6fd877]::panicking::default_hook::{closure#0}
[INFO] [stdout]    4:     0x5bdb3e2142a9 - std[617be2ca0a6fd877]::panicking::default_hook
[INFO] [stdout]    5:     0x5bdb3e05d840 - test[aada8e7e76ba119b]::test_main_inner::{closure#0}
[INFO] [stdout]    6:     0x5bdb3e2145d2 - std[617be2ca0a6fd877]::panicking::panic_with_hook
[INFO] [stdout]    7:     0x5bdb3e1f73d2 - std[617be2ca0a6fd877]::panicking::panic_handler::{closure#0}
[INFO] [stdout]    8:     0x5bdb3e1eff99 - std[617be2ca0a6fd877]::sys::backtrace::__rust_end_short_backtrace::<std[617be2ca0a6fd877]::panicking::panic_handler::{closure#0}, !>
[INFO] [stdout]    9:     0x5bdb3e1f81cd - __rustc[ea4f61d10b84890b]::rust_begin_unwind
[INFO] [stdout]   10:     0x5bdb3e23298c - core[a373ad73a504971]::panicking::panic_fmt
[INFO] [stdout]   11:     0x5bdb3e232762 - core[a373ad73a504971]::result::unwrap_failed
[INFO] [stdout]   12:     0x5bdb3dfc6df3 - tests[c15c3ed4499f6e48]::test_decoys::{closure#0}
[INFO] [stdout]   13:     0x5bdb3e028433 - <tokio[d88a7e01fedf032f]::runtime::scheduler::current_thread::Context>::enter::<core[a373ad73a504971]::task::poll::Poll<()>, <tokio[d88a7e01fedf032f]::runtime::scheduler::current_thread::CoreGuard>::block_on<core[a373ad73a504971]::pin::Pin<&mut core[a373ad73a504971]::pin::Pin<&mut dyn core[a373ad73a504971]::future::future::Future<Output = ()>>>>::{closure#0}::{closure#0}>
[INFO] [stdout]   14:     0x5bdb3e041a3c - <tokio[d88a7e01fedf032f]::runtime::context::scoped::Scoped<tokio[d88a7e01fedf032f]::runtime::scheduler::Context>>::set::<<tokio[d88a7e01fedf032f]::runtime::scheduler::current_thread::CoreGuard>::enter<<tokio[d88a7e01fedf032f]::runtime::scheduler::current_thread::CoreGuard>::block_on<core[a373ad73a504971]::pin::Pin<&mut core[a373ad73a504971]::pin::Pin<&mut dyn core[a373ad73a504971]::future::future::Future<Output = ()>>>>::{closure#0}, core[a373ad73a504971]::option::Option<()>>::{closure#0}, (alloc[2e1b2a31b91974c5]::boxed::Box<tokio[d88a7e01fedf032f]::runtime::scheduler::current_thread::Core>, core[a373ad73a504971]::option::Option<()>)>
[INFO] [stdout]   15:     0x5bdb3e028847 - <tokio[d88a7e01fedf032f]::runtime::scheduler::current_thread::CoreGuard>::block_on::<core[a373ad73a504971]::pin::Pin<&mut core[a373ad73a504971]::pin::Pin<&mut dyn core[a373ad73a504971]::future::future::Future<Output = ()>>>>
[INFO] [stdout]   16:     0x5bdb3e04e0e7 - tokio[d88a7e01fedf032f]::runtime::context::runtime::enter_runtime::<<tokio[d88a7e01fedf032f]::runtime::scheduler::current_thread::CurrentThread>::block_on<core[a373ad73a504971]::pin::Pin<&mut dyn core[a373ad73a504971]::future::future::Future<Output = ()>>>::{closure#0}, ()>
[INFO] [stdout]   17:     0x5bdb3e0415f5 - <tokio[d88a7e01fedf032f]::runtime::runtime::Runtime>::block_on::<core[a373ad73a504971]::pin::Pin<&mut dyn core[a373ad73a504971]::future::future::Future<Output = ()>>>
[INFO] [stdout]   18:     0x5bdb3dfd68cd - <tests[c15c3ed4499f6e48]::test_decoys::{closure#0} as core[a373ad73a504971]::ops::function::FnOnce<()>>::call_once
[INFO] [stdout]   19:     0x5bdb3e050c8b - test[aada8e7e76ba119b]::__rust_begin_short_backtrace::<core[a373ad73a504971]::result::Result<(), alloc[2e1b2a31b91974c5]::string::String>, fn() -> core[a373ad73a504971]::result::Result<(), alloc[2e1b2a31b91974c5]::string::String>>
[INFO] [stdout]   20:     0x5bdb3e05de65 - test[aada8e7e76ba119b]::run_test::{closure#0}
[INFO] [stdout]   21:     0x5bdb3e057754 - std[617be2ca0a6fd877]::sys::backtrace::__rust_begin_short_backtrace::<test[aada8e7e76ba119b]::run_test::{closure#1}, ()>
[INFO] [stdout]   22:     0x5bdb3e060ef2 - <std[617be2ca0a6fd877]::thread::lifecycle::spawn_unchecked<test[aada8e7e76ba119b]::run_test::{closure#1}, ()>::{closure#1} as core[a373ad73a504971]::ops::function::FnOnce<()>>::call_once::{shim:vtable#0}
[INFO] [stdout]   23:     0x5bdb3e21b96f - <std[617be2ca0a6fd877]::sys::thread::unix::Thread>::new::thread_start
[INFO] [stdout]   24:     0x7168d00ecdfa - <unknown>
[INFO] [stdout]   25:     0x7168d01803d4 - clone
[INFO] [stdout]   26:                0x0 - <unknown>
[INFO] [stdout] 
[INFO] [stdout] 
[INFO] [stdout] failures:
[INFO] [stdout]     test_block_hash_for_non_existent_block
[INFO] [stdout]     test_blockchain
[INFO] [stdout]     test_decoys
[INFO] [stdout]     test_fee_rates
[INFO] [stdout] 
[INFO] [stdout] test result: FAILED. 0 passed; 4 failed; 0 ignored; 0 measured; 0 filtered out; finished in 0.17s
[INFO] [stdout] 
[INFO] [stderr] error: test failed, to rerun pass `-p monero-simple-request-rpc --test tests`
[INFO] running `Command { std: "docker" "inspect" "6d0c432b7a5404f1594cb143eb6ea33bb3e1995e964157a4bda612fcfd9e890e", kill_on_drop: false }`
[INFO] running `Command { std: "docker" "rm" "-f" "6d0c432b7a5404f1594cb143eb6ea33bb3e1995e964157a4bda612fcfd9e890e", kill_on_drop: false }`
[INFO] [stdout] 6d0c432b7a5404f1594cb143eb6ea33bb3e1995e964157a4bda612fcfd9e890e
