[INFO] cloning repository https://github.com/grass-dev-pa/monero-oxide-019
[INFO] running `Command { std: "git" "-c" "credential.helper=" "-c" "credential.helper=/workspace/cargo-home/bin/git-credential-null" "clone" "--bare" "https://github.com/grass-dev-pa/monero-oxide-019" "/workspace/cache/git-repos/https%3A%2F%2Fgithub.com%2Fgrass-dev-pa%2Fmonero-oxide-019", kill_on_drop: false }`
[INFO] [stderr] Cloning into bare repository '/workspace/cache/git-repos/https%3A%2F%2Fgithub.com%2Fgrass-dev-pa%2Fmonero-oxide-019'...
[INFO] running `Command { std: "git" "rev-parse" "HEAD", kill_on_drop: false }`
[INFO] [stdout] 612c495866903861756972f3fc3c1bc2cf75118b
[INFO] testing grass-dev-pa/monero-oxide-019 against 1.99.0-beta.8+cargoflags=--release for beta-release-1.100-2
[INFO] running `Command { std: "git" "clone" "/workspace/cache/git-repos/https%3A%2F%2Fgithub.com%2Fgrass-dev-pa%2Fmonero-oxide-019" "/workspace/builds/worker-7-tc1/source", kill_on_drop: false }`
[INFO] [stderr] Cloning into '/workspace/builds/worker-7-tc1/source'...
[INFO] [stderr] done.
[INFO] removed /workspace/builds/worker-7-tc1/source/rust-toolchain.toml
[INFO] started tweaking git repo https://github.com/grass-dev-pa/monero-oxide-019
[INFO] finished tweaking git repo https://github.com/grass-dev-pa/monero-oxide-019
[INFO] tweaked toml for git repo https://github.com/grass-dev-pa/monero-oxide-019 written to /workspace/builds/worker-7-tc1/source/Cargo.toml
[INFO] validating manifest of git repo https://github.com/grass-dev-pa/monero-oxide-019 on toolchain 1.99.0-beta.8
[INFO] running `Command { std: CARGO_HOME="/workspace/cargo-home" RUSTUP_HOME="/workspace/rustup-home" "/workspace/cargo-home/bin/cargo" "+1.99.0-beta.8" "metadata" "--manifest-path" "Cargo.toml" "--no-deps", kill_on_drop: false }`
[INFO] crate git repo https://github.com/grass-dev-pa/monero-oxide-019 already has a lockfile, it will not be regenerated
[INFO] running `Command { std: CARGO_HOME="/workspace/cargo-home" RUSTUP_HOME="/workspace/rustup-home" "/workspace/cargo-home/bin/cargo" "+1.99.0-beta.8" "fetch" "--manifest-path" "Cargo.toml", kill_on_drop: false }`
[INFO] [stderr]     Updating crates.io index
[INFO] [stderr]  Downloading crates ...
[INFO] [stderr]   Downloaded zmij v1.0.14
[INFO] [stderr]   Downloaded std-shims v0.1.5
[INFO] [stderr]   Downloaded simple-request v0.2.0
[INFO] [stderr]   Downloaded dkg-dealer v0.6.0
[INFO] [stderr]   Downloaded find-msvc-tools v0.1.8
[INFO] [stderr]   Downloaded schnorr-signatures v0.5.2
[INFO] [stderr]   Downloaded dalek-ff-group v0.5.0
[INFO] [stderr]   Downloaded multiexp v0.4.2
[INFO] [stderr]   Downloaded ciphersuite v0.4.2
[INFO] [stderr]   Downloaded dkg v0.6.1
[INFO] [stderr]   Downloaded digest_auth v0.3.1
[INFO] [stderr]   Downloaded dalek-ff-group v0.4.6
[INFO] [stderr]   Downloaded flexible-transcript v0.3.4
[INFO] [stderr]   Downloaded minimal-ed448 v0.4.2
[INFO] [stderr]   Downloaded cc v1.2.53
[INFO] [stderr]   Downloaded modular-frost v0.11.0
[INFO] [stderr]   Downloaded dkg-recovery v0.6.0
[INFO] running `Command { std: "docker" "create" "-v" "/var/lib/crater-agent-workspace/builds/worker-7-tc1/source:/opt/rustwide/workdir:ro,Z" "-v" "/var/lib/crater-agent-workspace/builds/worker-7-tc1/target:/opt/rustwide/target:rw,Z" "-v" "/var/lib/crater-agent-workspace/cargo-home:/opt/rustwide/cargo-home:ro,Z" "-v" "/var/lib/crater-agent-workspace/rustup-home:/opt/rustwide/rustup-home:ro,Z" "-m" "1610612736" "--network" "none" "ghcr.io/rust-lang/crates-build-env/linux@sha256:77db811e55d90add9212f6832c23229e3de5f1c1f9905e8cb07319ea15df73ac" "sleep" "infinity", kill_on_drop: false }`
[INFO] [stdout] b0418a76459a3ca9ea8ac883ae00ab4da8ae000cfd9ec42243a2d4d4e21495eb
[INFO] running `Command { std: "docker" "start" "b0418a76459a3ca9ea8ac883ae00ab4da8ae000cfd9ec42243a2d4d4e21495eb", kill_on_drop: false }`
[INFO] running `Command { std: "docker" "inspect" "b0418a76459a3ca9ea8ac883ae00ab4da8ae000cfd9ec42243a2d4d4e21495eb", kill_on_drop: false }`
[INFO] running `Command { std: "docker" "exec" "-e" "SOURCE_DIR=/opt/rustwide/workdir" "-e" "CARGO_HOME=/opt/rustwide/cargo-home" "-e" "RUSTUP_HOME=/opt/rustwide/rustup-home" "-e" "CARGO_TARGET_DIR=/opt/rustwide/target" "-w" "/opt/rustwide/workdir" "--user" "0:0" "b0418a76459a3ca9ea8ac883ae00ab4da8ae000cfd9ec42243a2d4d4e21495eb" "/opt/rustwide/cargo-home/bin/cargo" "+1.99.0-beta.8" "metadata" "--no-deps" "--format-version=1", kill_on_drop: false }`
[INFO] running `Command { std: "docker" "inspect" "b0418a76459a3ca9ea8ac883ae00ab4da8ae000cfd9ec42243a2d4d4e21495eb", kill_on_drop: false }`
[INFO] running `Command { std: "docker" "exec" "-e" "SOURCE_DIR=/opt/rustwide/workdir" "-e" "CARGO_HOME=/opt/rustwide/cargo-home" "-e" "RUSTUP_HOME=/opt/rustwide/rustup-home" "-e" "CARGO_TARGET_DIR=/opt/rustwide/target" "-e" "CARGO_INCREMENTAL=0" "-e" "RUST_BACKTRACE=full" "-e" "RUSTFLAGS=--cap-lints=warn" "-e" "RUSTDOCFLAGS=--cap-lints=warn" "-w" "/opt/rustwide/workdir" "--user" "0:0" "b0418a76459a3ca9ea8ac883ae00ab4da8ae000cfd9ec42243a2d4d4e21495eb" "/opt/rustwide/cargo-home/bin/cargo" "+1.99.0-beta.8" "build" "--frozen" "--message-format=json" "--release", kill_on_drop: false }`
[INFO] [stderr]    Compiling proc-macro2 v1.0.105
[INFO] [stderr]    Compiling unicode-ident v1.0.22
[INFO] [stderr]    Compiling quote v1.0.43
[INFO] [stderr]    Compiling typenum v1.19.0
[INFO] [stderr]    Compiling version_check v0.9.5
[INFO] [stderr]    Compiling libc v0.2.180
[INFO] [stderr]    Compiling cfg-if v1.0.4
[INFO] [stderr]    Compiling rustversion v1.0.22
[INFO] [stderr]    Compiling semver v1.0.27
[INFO] [stderr]    Compiling subtle v2.6.1
[INFO] [stderr]    Compiling foldhash v0.2.0
[INFO] [stderr]    Compiling spin v0.10.0
[INFO] [stderr]    Compiling keccak v0.1.5
[INFO] [stderr]    Compiling cpufeatures v0.2.17
[INFO] [stderr]    Compiling hashbrown v0.16.1
[INFO] [stderr]    Compiling crypto-bigint v0.5.5
[INFO] [stderr]    Compiling generic-array v0.14.7
[INFO] [stderr]    Compiling find-msvc-tools v0.1.8
[INFO] [stderr]    Compiling thiserror v2.0.17
[INFO] [stderr]    Compiling rustc_version v0.4.1
[INFO] [stderr]    Compiling shlex v1.3.0
[INFO] [stderr]    Compiling pin-project-lite v0.2.16
[INFO] [stderr]    Compiling itoa v1.0.17
[INFO] [stderr]    Compiling zerocopy v0.8.33
[INFO] [stderr]    Compiling cc v1.2.53
[INFO] [stderr]    Compiling bytes v1.11.0
[INFO] [stderr]    Compiling curve25519-dalek v4.1.3
[INFO] [stderr]    Compiling once_cell v1.21.3
[INFO] [stderr]    Compiling futures-core v0.3.31
[INFO] [stderr]    Compiling untrusted v0.9.0
[INFO] [stderr]    Compiling std-shims v0.1.5
[INFO] [stderr]    Compiling httparse v1.10.1
[INFO] [stderr]    Compiling monero-io v0.1.0 (/opt/rustwide/workdir/monero-oxide/io)
[INFO] [stderr]    Compiling pin-utils v0.1.0
[INFO] [stderr]    Compiling try-lock v0.2.5
[INFO] [stderr]    Compiling syn v2.0.114
[INFO] [stderr]    Compiling rustls v0.23.36
[INFO] [stderr]    Compiling serde_core v1.0.228
[INFO] [stderr]    Compiling want v0.3.1
[INFO] [stderr]    Compiling tracing-core v0.1.36
[INFO] [stderr]    Compiling futures-channel v0.3.31
[INFO] [stderr]    Compiling hex v0.4.3
[INFO] [stderr]    Compiling futures-task v0.3.31
[INFO] [stderr]    Compiling http v1.4.0
[INFO] [stderr]    Compiling hex-literal v1.1.0
[INFO] [stderr]    Compiling smallvec v1.15.1
[INFO] [stderr]    Compiling atomic-waker v1.1.2
[INFO] [stderr]    Compiling slab v0.4.11
[INFO] [stderr]    Compiling zmij v1.0.14
[INFO] [stderr]    Compiling tracing v0.1.44
[INFO] [stderr]    Compiling futures-util v0.3.31
[INFO] [stderr]    Compiling openssl-probe v0.2.0
[INFO] [stderr]    Compiling getrandom v0.2.17
[INFO] [stderr]    Compiling serde_json v1.0.149
[INFO] [stderr]    Compiling serde v1.0.228
[INFO] [stderr]    Compiling autocfg v1.5.0
[INFO] [stderr]    Compiling libm v0.2.15
[INFO] [stderr]    Compiling tower-service v0.3.3
[INFO] [stderr]    Compiling rand_core v0.6.4
[INFO] [stderr]    Compiling monero-epee v0.2.0 (/opt/rustwide/workdir/monero-oxide/epee)
[INFO] [stderr]    Compiling memchr v2.7.6
[INFO] [stderr]    Compiling monero-oxide-no-std-tests v0.1.0 (/opt/rustwide/workdir/tests/no-std)
[INFO] [stderr]    Compiling socket2 v0.6.1
[INFO] [stderr]    Compiling mio v1.1.1
[INFO] [stderr]    Compiling block-buffer v0.10.4
[INFO] [stderr]    Compiling crypto-common v0.1.6
[INFO] [stderr]    Compiling ring v0.17.14
[INFO] [stderr]    Compiling digest v0.10.7
[INFO] [stderr]    Compiling num-traits v0.2.19
[INFO] [stderr]    Compiling sha3 v0.10.8
[INFO] [stderr]    Compiling md-5 v0.10.6
[INFO] [stderr]    Compiling sha2 v0.10.9
[INFO] [stderr]    Compiling http-body v1.0.1
[INFO] [stderr]    Compiling http-body-util v0.1.3
[INFO] [stderr]    Compiling monero-primitives v0.1.0 (/opt/rustwide/workdir/monero-oxide/primitives)
[INFO] [stderr]    Compiling monero-base58 v0.1.0 (/opt/rustwide/workdir/monero-oxide/wallet/base58)
[INFO] [stderr]    Compiling ppv-lite86 v0.2.21
[INFO] [stderr]    Compiling rand_chacha v0.3.1
[INFO] [stderr]    Compiling rand v0.8.5
[INFO] [stderr]    Compiling digest_auth v0.3.1
[INFO] [stderr]    Compiling rand_distr v0.4.3
[INFO] [stderr]    Compiling zeroize_derive v1.4.3
[INFO] [stderr]    Compiling curve25519-dalek-derive v0.1.1
[INFO] [stderr]    Compiling thiserror-impl v2.0.17
[INFO] [stderr]    Compiling tokio-macros v2.6.0
[INFO] [stderr]    Compiling serde_derive v1.0.228
[INFO] [stderr]    Compiling zeroize v1.8.2
[INFO] [stderr]    Compiling tokio v1.49.0
[INFO] [stderr]    Compiling rustls-pki-types v1.14.0
[INFO] [stderr]    Compiling rustls-native-certs v0.8.3
[INFO] [stderr]    Compiling monero-ed25519 v0.1.0 (/opt/rustwide/workdir/monero-oxide/ed25519)
[INFO] [stderr]    Compiling monero-bulletproofs-generators v0.1.0 (/opt/rustwide/workdir/monero-oxide/ringct/bulletproofs/generators)
[INFO] [stderr]    Compiling monero-bulletproofs v0.1.0 (/opt/rustwide/workdir/monero-oxide/ringct/bulletproofs)
[INFO] [stderr]    Compiling monero-mlsag v0.1.0 (/opt/rustwide/workdir/monero-oxide/ringct/mlsag)
[INFO] [stderr]    Compiling monero-borromean v0.1.0 (/opt/rustwide/workdir/monero-oxide/ringct/borromean)
[INFO] [stderr]    Compiling monero-clsag v0.1.0 (/opt/rustwide/workdir/monero-oxide/ringct/clsag)
[INFO] [stderr]    Compiling monero-address v0.1.0 (/opt/rustwide/workdir/monero-oxide/wallet/address)
[INFO] [stderr]    Compiling hyper v1.8.1
[INFO] [stderr]    Compiling hyper-util v0.1.19
[INFO] [stderr]    Compiling rustls-webpki v0.103.9
[INFO] [stderr]    Compiling monero-oxide v0.1.4-alpha (/opt/rustwide/workdir/monero-oxide)
[INFO] [stderr]    Compiling monero-interface v0.1.0 (/opt/rustwide/workdir/monero-oxide/interface)
[INFO] [stdout] warning: this lint expectation is unfulfilled
[INFO] [stdout]    --> monero-oxide/interface/src/provides_blockchain.rs:116:10
[INFO] [stdout]     |
[INFO] [stdout] 116 | #[expect(single_use_lifetimes)] // False positive, this can't be removed
[INFO] [stdout]     |          ^^^^^^^^^^^^^^^^^^^^
[INFO] [stdout]     |
[INFO] [stdout]     = note: `#[warn(unfulfilled_lint_expectations)]` on by default
[INFO] [stdout] 
[INFO] [stdout] 
[INFO] [stderr]    Compiling monero-daemon-rpc v0.1.0 (/opt/rustwide/workdir/monero-oxide/interface/daemon)
[INFO] [stderr]    Compiling monero-wallet v0.1.0 (/opt/rustwide/workdir/monero-oxide/wallet)
[INFO] [stderr]    Compiling tokio-rustls v0.26.4
[INFO] [stderr]    Compiling hyper-rustls v0.27.7
[INFO] [stderr]    Compiling simple-request v0.2.0
[INFO] [stderr]    Compiling monero-simple-request-rpc v0.1.0 (/opt/rustwide/workdir/monero-oxide/interface/daemon/simple-request)
[INFO] [stderr]    Compiling monero-oxide-verify-chain v0.1.0 (/opt/rustwide/workdir/tests/verify-chain)
[INFO] [stderr]     Finished `release` profile [optimized] target(s) in 1m 28s
[INFO] running `Command { std: "docker" "inspect" "b0418a76459a3ca9ea8ac883ae00ab4da8ae000cfd9ec42243a2d4d4e21495eb", kill_on_drop: false }`
[INFO] running `Command { std: "docker" "exec" "-e" "SOURCE_DIR=/opt/rustwide/workdir" "-e" "CARGO_HOME=/opt/rustwide/cargo-home" "-e" "RUSTUP_HOME=/opt/rustwide/rustup-home" "-e" "CARGO_TARGET_DIR=/opt/rustwide/target" "-e" "CARGO_INCREMENTAL=0" "-e" "RUST_BACKTRACE=full" "-e" "RUSTFLAGS=--cap-lints=warn" "-e" "RUSTDOCFLAGS=--cap-lints=warn" "-w" "/opt/rustwide/workdir" "--user" "0:0" "b0418a76459a3ca9ea8ac883ae00ab4da8ae000cfd9ec42243a2d4d4e21495eb" "/opt/rustwide/cargo-home/bin/cargo" "+1.99.0-beta.8" "test" "--frozen" "--no-run" "--message-format=json" "--release", kill_on_drop: false }`
[INFO] [stderr]    Compiling subtle v2.6.1
[INFO] [stderr]    Compiling cfg-if v1.0.4
[INFO] [stderr]    Compiling foldhash v0.2.0
[INFO] [stderr]    Compiling spin v0.10.0
[INFO] [stderr]    Compiling radium v0.7.0
[INFO] [stderr]    Compiling tap v1.0.1
[INFO] [stderr]    Compiling funty v2.0.0
[INFO] [stderr]    Compiling keccak v0.1.5
[INFO] [stderr]    Compiling cpufeatures v0.2.17
[INFO] [stderr]    Compiling libc v0.2.180
[INFO] [stderr]    Compiling typenum v1.19.0
[INFO] [stderr]    Compiling curve25519-dalek v4.1.3
[INFO] [stderr]    Compiling zeroize v1.8.2
[INFO] [stderr]    Compiling thiserror v2.0.17
[INFO] [stderr]    Compiling hex v0.4.3
[INFO] [stderr]    Compiling itoa v1.0.17
[INFO] [stderr]    Compiling wyz v0.5.1
[INFO] [stderr]    Compiling hex-literal v1.1.0
[INFO] [stderr]    Compiling serde_core v1.0.228
[INFO] [stderr]    Compiling zmij v1.0.14
[INFO] [stderr]    Compiling crypto-bigint v0.5.5
[INFO] [stderr]    Compiling zerocopy v0.8.33
[INFO] [stderr]    Compiling pin-project-lite v0.2.16
[INFO] [stderr]    Compiling hashbrown v0.16.1
[INFO] [stderr]    Compiling memchr v2.7.6
[INFO] [stderr]    Compiling futures-core v0.3.31
[INFO] [stderr]    Compiling bytes v1.11.0
[INFO] [stderr]    Compiling once_cell v1.21.3
[INFO] [stderr]    Compiling monero-epee v0.2.0 (/opt/rustwide/workdir/monero-oxide/epee)
[INFO] [stderr]    Compiling rustls-pki-types v1.14.0
[INFO] [stderr]    Compiling untrusted v0.9.0
[INFO] [stderr]    Compiling try-lock v0.2.5
[INFO] [stderr]    Compiling pin-utils v0.1.0
[INFO] [stderr]    Compiling tracing-core v0.1.36
[INFO] [stderr]    Compiling httparse v1.10.1
[INFO] [stderr]    Compiling futures-channel v0.3.31
[INFO] [stderr]    Compiling want v0.3.1
[INFO] [stderr]    Compiling slab v0.4.11
[INFO] [stderr]    Compiling atomic-waker v1.1.2
[INFO] [stderr]    Compiling futures-task v0.3.31
[INFO] [stderr]    Compiling smallvec v1.15.1
[INFO] [stderr]    Compiling openssl-probe v0.2.0
[INFO] [stderr]    Compiling generic-array v0.14.7
[INFO] [stderr]    Compiling bitvec v1.0.1
[INFO] [stderr]    Compiling futures-util v0.3.31
[INFO] [stderr]    Compiling getrandom v0.2.17
[INFO] [stderr]    Compiling rand_core v0.6.4
[INFO] [stderr]    Compiling socket2 v0.6.1
[INFO] [stderr]    Compiling mio v1.1.1
[INFO] [stderr]    Compiling http v1.4.0
[INFO] [stderr]    Compiling std-shims v0.1.5
[INFO] [stderr]    Compiling monero-io v0.1.0 (/opt/rustwide/workdir/monero-oxide/io)
[INFO] [stderr]    Compiling ring v0.17.14
[INFO] [stderr]    Compiling tracing v0.1.44
[INFO] [stderr]    Compiling tower-service v0.3.3
[INFO] [stderr]    Compiling rustls-native-certs v0.8.3
[INFO] [stderr]    Compiling libm v0.2.15
[INFO] [stderr]    Compiling tokio v1.49.0
[INFO] [stderr]    Compiling monero-oxide-no-std-tests v0.1.0 (/opt/rustwide/workdir/tests/no-std)
[INFO] [stderr]    Compiling block-buffer v0.10.4
[INFO] [stderr]    Compiling crypto-common v0.1.6
[INFO] [stderr]    Compiling digest v0.10.7
[INFO] [stderr]    Compiling sha3 v0.10.8
[INFO] [stderr]    Compiling blake2 v0.10.6
[INFO] [stderr]    Compiling sha2 v0.10.9
[INFO] [stderr]    Compiling md-5 v0.10.6
[INFO] [stderr]    Compiling monero-primitives v0.1.0 (/opt/rustwide/workdir/monero-oxide/primitives)
[INFO] [stderr]    Compiling monero-base58 v0.1.0 (/opt/rustwide/workdir/monero-oxide/wallet/base58)
[INFO] [stderr]    Compiling flexible-transcript v0.3.4
[INFO] [stderr]    Compiling num-traits v0.2.19
[INFO] [stderr]    Compiling ppv-lite86 v0.2.21
[INFO] [stderr]    Compiling rustls-webpki v0.103.9
[INFO] [stderr]    Compiling http-body v1.0.1
[INFO] [stderr]    Compiling serde v1.0.228
[INFO] [stderr]    Compiling serde_json v1.0.149
[INFO] [stderr]    Compiling http-body-util v0.1.3
[INFO] [stderr]    Compiling rand_chacha v0.3.1
[INFO] [stderr]    Compiling rand v0.8.5
[INFO] [stderr]    Compiling rustls v0.23.36
[INFO] [stderr]    Compiling digest_auth v0.3.1
[INFO] [stderr]    Compiling rand_distr v0.4.3
[INFO] [stderr]    Compiling ff v0.13.1
[INFO] [stderr]    Compiling group v0.13.0
[INFO] [stderr]    Compiling ciphersuite v0.4.2
[INFO] [stderr]    Compiling multiexp v0.4.2
[INFO] [stderr]    Compiling dkg v0.6.1
[INFO] [stderr]    Compiling schnorr-signatures v0.5.2
[INFO] [stderr]    Compiling dkg-dealer v0.6.0
[INFO] [stderr]    Compiling dkg-recovery v0.6.0
[INFO] [stderr]    Compiling hyper v1.8.1
[INFO] [stderr]    Compiling monero-ed25519 v0.1.0 (/opt/rustwide/workdir/monero-oxide/ed25519)
[INFO] [stderr]    Compiling dalek-ff-group v0.5.0
[INFO] [stderr]    Compiling modular-frost v0.11.0
[INFO] [stderr]    Compiling hyper-util v0.1.19
[INFO] [stderr]    Compiling monero-bulletproofs-generators v0.1.0 (/opt/rustwide/workdir/monero-oxide/ringct/bulletproofs/generators)
[INFO] [stderr]    Compiling monero-borromean v0.1.0 (/opt/rustwide/workdir/monero-oxide/ringct/borromean)
[INFO] [stderr]    Compiling monero-bulletproofs v0.1.0 (/opt/rustwide/workdir/monero-oxide/ringct/bulletproofs)
[INFO] [stderr]    Compiling monero-clsag v0.1.0 (/opt/rustwide/workdir/monero-oxide/ringct/clsag)
[INFO] [stderr]    Compiling monero-mlsag v0.1.0 (/opt/rustwide/workdir/monero-oxide/ringct/mlsag)
[INFO] [stderr]    Compiling monero-address v0.1.0 (/opt/rustwide/workdir/monero-oxide/wallet/address)
[INFO] [stderr]    Compiling tokio-rustls v0.26.4
[INFO] [stderr]    Compiling hyper-rustls v0.27.7
[INFO] [stderr]    Compiling simple-request v0.2.0
[INFO] [stderr]    Compiling monero-oxide v0.1.4-alpha (/opt/rustwide/workdir/monero-oxide)
[INFO] [stderr]    Compiling monero-interface v0.1.0 (/opt/rustwide/workdir/monero-oxide/interface)
[INFO] [stdout] warning: this lint expectation is unfulfilled
[INFO] [stdout]    --> monero-oxide/interface/src/provides_blockchain.rs:116:10
[INFO] [stdout]     |
[INFO] [stdout] 116 | #[expect(single_use_lifetimes)] // False positive, this can't be removed
[INFO] [stdout]     |          ^^^^^^^^^^^^^^^^^^^^
[INFO] [stdout]     |
[INFO] [stdout]     = note: `#[warn(unfulfilled_lint_expectations)]` on by default
[INFO] [stdout] 
[INFO] [stdout] 
[INFO] [stderr]    Compiling monero-daemon-rpc v0.1.0 (/opt/rustwide/workdir/monero-oxide/interface/daemon)
[INFO] [stderr]    Compiling monero-wallet v0.1.0 (/opt/rustwide/workdir/monero-oxide/wallet)
[INFO] [stderr]    Compiling monero-simple-request-rpc v0.1.0 (/opt/rustwide/workdir/monero-oxide/interface/daemon/simple-request)
[INFO] [stderr]    Compiling monero-oxide-verify-chain v0.1.0 (/opt/rustwide/workdir/tests/verify-chain)
[INFO] [stdout] warning: this lint expectation is unfulfilled
[INFO] [stdout]    --> monero-oxide/interface/src/provides_blockchain.rs:116:10
[INFO] [stdout]     |
[INFO] [stdout] 116 | #[expect(single_use_lifetimes)] // False positive, this can't be removed
[INFO] [stdout]     |          ^^^^^^^^^^^^^^^^^^^^
[INFO] [stdout]     |
[INFO] [stdout]     = note: `#[warn(unfulfilled_lint_expectations)]` on by default
[INFO] [stdout] 
[INFO] [stdout] 
[INFO] [stderr]     Finished `release` profile [optimized] target(s) in 2m 53s
[INFO] running `Command { std: "docker" "inspect" "b0418a76459a3ca9ea8ac883ae00ab4da8ae000cfd9ec42243a2d4d4e21495eb", kill_on_drop: false }`
[INFO] running `Command { std: "docker" "exec" "-e" "SOURCE_DIR=/opt/rustwide/workdir" "-e" "CARGO_HOME=/opt/rustwide/cargo-home" "-e" "RUSTUP_HOME=/opt/rustwide/rustup-home" "-e" "CARGO_TARGET_DIR=/opt/rustwide/target" "-e" "CARGO_INCREMENTAL=0" "-e" "RUST_BACKTRACE=full" "-e" "RUSTFLAGS=--cap-lints=warn" "-e" "RUSTDOCFLAGS=--cap-lints=warn" "-w" "/opt/rustwide/workdir" "--user" "0:0" "b0418a76459a3ca9ea8ac883ae00ab4da8ae000cfd9ec42243a2d4d4e21495eb" "/opt/rustwide/cargo-home/bin/cargo" "+1.99.0-beta.8" "test" "--frozen" "--release", kill_on_drop: false }`
[INFO] [stderr] warning: this lint expectation is unfulfilled
[INFO] [stderr]    --> monero-oxide/interface/src/provides_blockchain.rs:116:10
[INFO] [stderr]     |
[INFO] [stderr] 116 | #[expect(single_use_lifetimes)] // False positive, this can't be removed
[INFO] [stderr]     |          ^^^^^^^^^^^^^^^^^^^^
[INFO] [stderr]     |
[INFO] [stderr]     = note: `#[warn(unfulfilled_lint_expectations)]` on by default
[INFO] [stderr] 
[INFO] [stderr] warning: `monero-interface` (lib) generated 1 warning
[INFO] [stderr] warning: `monero-interface` (lib test) generated 1 warning (1 duplicate)
[INFO] [stderr]     Finished `release` profile [optimized] target(s) in 0.28s
[INFO] [stderr]      Running unittests src/lib.rs (/opt/rustwide/target/release/deps/monero_address-e47320fe205989e9)
[INFO] [stdout] 
[INFO] [stdout] running 6 tests
[INFO] [stdout] test tests::subaddress ... ok
[INFO] [stdout] test tests::integrated_address ... ok
[INFO] [stdout] test tests::with_payment_id ... ok
[INFO] [stdout] test tests::standard_address ... ok
[INFO] [stdout] test tests::featured_vectors ... ok
[INFO] [stdout] test tests::featured ... ok
[INFO] [stderr]      Running unittests src/lib.rs (/opt/rustwide/target/release/deps/monero_base58-ac5d50dde37d5377)
[INFO] [stdout] 
[INFO] [stdout] test result: ok. 6 passed; 0 failed; 0 ignored; 0 measured; 0 filtered out; finished in 0.29s
[INFO] [stdout] 
[INFO] [stdout] 
[INFO] [stdout] running 4 tests
[INFO] [stdout] test tests::test_encoded_len_for_bytes ... ok
[INFO] [stdout] test tests::non_canonical ... ok
[INFO] [stdout] test tests::base58 ... ok
[INFO] [stdout] test tests::fuzz_base58 ... ok
[INFO] [stderr]      Running unittests src/lib.rs (/opt/rustwide/target/release/deps/monero_borromean-ceb2fdd0852bf5bb)
[INFO] [stdout] 
[INFO] [stdout] test result: ok. 4 passed; 0 failed; 0 ignored; 0 measured; 0 filtered out; finished in 23.29s
[INFO] [stdout] 
[INFO] [stdout] 
[INFO] [stdout] running 0 tests
[INFO] [stdout] 
[INFO] [stderr]      Running unittests src/lib.rs (/opt/rustwide/target/release/deps/monero_bulletproofs-f68d33dfbd42df69)
[INFO] [stdout] test result: ok. 0 passed; 0 failed; 0 ignored; 0 measured; 0 filtered out; finished in 0.00s
[INFO] [stdout] 
[INFO] [stdout] 
[INFO] [stdout] running 10 tests
[INFO] [stdout] test tests::bulletproofs_max ... ok
[INFO] [stdout] test tests::bulletproofs_plus_max ... ok
[INFO] [stdout] test tests::plus::weighted_inner_product::test_zero_weighted_inner_product ... ok
[INFO] [stdout] test tests::original::inner_product::test_zero_inner_product ... ok
[INFO] [stdout] test tests::original::bulletproofs_vector ... ok
[INFO] [stdout] test tests::plus::weighted_inner_product::test_weighted_inner_product ... ok
[INFO] [stdout] test tests::original::inner_product::test_inner_product ... ok
[INFO] [stdout] test tests::plus::aggregate_range_proof::test_aggregate_range_proof ... ok
[INFO] [stdout] test tests::bulletproofs_plus ... ok
[INFO] [stdout] test tests::bulletproofs ... ok
[INFO] [stdout] 
[INFO] [stdout] test result: ok. 10 passed; 0 failed; 0 ignored; 0 measured; 0 filtered out; finished in 4.30s
[INFO] [stdout] 
[INFO] [stderr]      Running unittests src/lib.rs (/opt/rustwide/target/release/deps/monero_bulletproofs_generators-aa1ce94da6c8de66)
[INFO] [stdout] 
[INFO] [stdout] running 0 tests
[INFO] [stdout] 
[INFO] [stdout] test result: ok. 0 passed; 0 failed; 0 ignored; 0 measured; 0 filtered out; finished in 0.00s
[INFO] [stdout] 
[INFO] [stderr]      Running unittests src/lib.rs (/opt/rustwide/target/release/deps/monero_clsag-b80d73db495f4bb8)
[INFO] [stdout] 
[INFO] [stdout] running 1 test
[INFO] [stdout] test tests::clsag ... ok
[INFO] [stdout] 
[INFO] [stdout] test result: ok. 1 passed; 0 failed; 0 ignored; 0 measured; 0 filtered out; finished in 2.19s
[INFO] [stdout] 
[INFO] [stderr]      Running unittests src/lib.rs (/opt/rustwide/target/release/deps/monero_daemon_rpc-97ac707622539f5e)
[INFO] [stdout] 
[INFO] [stderr]      Running unittests src/lib.rs (/opt/rustwide/target/release/deps/monero_ed25519-224a9e4fce1ff570)
[INFO] [stdout] running 0 tests
[INFO] [stderr]      Running tests/biased_hash.rs (/opt/rustwide/target/release/deps/biased_hash-be5949aad42f973d)
[INFO] [stdout] 
[INFO] [stdout] test result: ok. 0 passed; 0 failed; 0 ignored; 0 measured; 0 filtered out; finished in 0.00s
[INFO] [stdout] 
[INFO] [stdout] 
[INFO] [stdout] running 0 tests
[INFO] [stdout] 
[INFO] [stdout] test result: ok. 0 passed; 0 failed; 0 ignored; 0 measured; 0 filtered out; finished in 0.00s
[INFO] [stdout] 
[INFO] [stdout] 
[INFO] [stdout] running 1 test
[INFO] [stdout] test biased_hash ... ok
[INFO] [stdout] 
[INFO] [stdout] test result: ok. 1 passed; 0 failed; 0 ignored; 0 measured; 0 filtered out; finished in 0.03s
[INFO] [stdout] 
[INFO] [stderr]      Running tests/constants.rs (/opt/rustwide/target/release/deps/constants-e4b7b8c31293bd89)
[INFO] [stdout] 
[INFO] [stdout] running 1 test
[INFO] [stdout] test constants ... ok
[INFO] [stdout] 
[INFO] [stdout] test result: ok. 1 passed; 0 failed; 0 ignored; 0 measured; 0 filtered out; finished in 0.00s
[INFO] [stdout] 
[INFO] [stderr]      Running tests/decompress.rs (/opt/rustwide/target/release/deps/decompress-248f88e65efeab6f)
[INFO] [stdout] 
[INFO] [stdout] running 1 test
[INFO] [stdout] test decompress ... ok
[INFO] [stdout] 
[INFO] [stdout] test result: ok. 1 passed; 0 failed; 0 ignored; 0 measured; 0 filtered out; finished in 0.01s
[INFO] [stdout] 
[INFO] [stderr]      Running tests/hex.rs (/opt/rustwide/target/release/deps/hex-c529a9895cff1439)
[INFO] [stderr]      Running tests/unreduced_scalar.rs (/opt/rustwide/target/release/deps/unreduced_scalar-6155be0d6d6c2882)
[INFO] [stdout] 
[INFO] [stdout] running 0 tests
[INFO] [stdout] 
[INFO] [stdout] test result: ok. 0 passed; 0 failed; 0 ignored; 0 measured; 0 filtered out; finished in 0.00s
[INFO] [stdout] 
[INFO] [stdout] 
[INFO] [stdout] running 1 test
[INFO] [stdout] test recover_scalars ... ok
[INFO] [stdout] 
[INFO] [stdout] test result: ok. 1 passed; 0 failed; 0 ignored; 0 measured; 0 filtered out; finished in 0.00s
[INFO] [stdout] 
[INFO] [stderr]      Running unittests src/lib.rs (/opt/rustwide/target/release/deps/monero_epee-62e7241487012418)
[INFO] [stdout] 
[INFO] [stdout] running 0 tests
[INFO] [stdout] 
[INFO] [stdout] test result: ok. 0 passed; 0 failed; 0 ignored; 0 measured; 0 filtered out; finished in 0.00s
[INFO] [stdout] 
[INFO] [stderr]      Running unittests src/lib.rs (/opt/rustwide/target/release/deps/monero_interface-43d0cd1c9ff8cfcb)
[INFO] [stdout] 
[INFO] [stdout] running 0 tests
[INFO] [stdout] 
[INFO] [stdout] test result: ok. 0 passed; 0 failed; 0 ignored; 0 measured; 0 filtered out; finished in 0.00s
[INFO] [stdout] 
[INFO] [stderr]      Running unittests src/lib.rs (/opt/rustwide/target/release/deps/monero_io-f76145c3f2174088)
[INFO] [stdout] 
[INFO] [stdout] running 0 tests
[INFO] [stderr]      Running unittests src/lib.rs (/opt/rustwide/target/release/deps/monero_mlsag-479b222e989df759)
[INFO] [stderr]      Running unittests src/lib.rs (/opt/rustwide/target/release/deps/monero_oxide-4a682be6d808b317)
[INFO] [stdout] 
[INFO] [stdout] test result: ok. 0 passed; 0 failed; 0 ignored; 0 measured; 0 filtered out; finished in 0.00s
[INFO] [stdout] 
[INFO] [stdout] 
[INFO] [stdout] running 0 tests
[INFO] [stdout] 
[INFO] [stdout] test result: ok. 0 passed; 0 failed; 0 ignored; 0 measured; 0 filtered out; finished in 0.00s
[INFO] [stdout] 
[INFO] [stdout] 
[INFO] [stdout] running 7 tests
[INFO] [stdout] test tests::transaction::pruned_with_prunable ... ok
[INFO] [stdout] test tests::transaction::signature_hash ... ok
[INFO] [stdout] test tests::transaction::parse ... ok
[INFO] [stdout] test tests::merkle::block_202612 ... ok
[INFO] [stdout] test tests::transaction::hash ... ok
[INFO] [stdout] test tests::transaction::clsag ... ok
[INFO] [stderr]      Running tests/tests.rs (/opt/rustwide/target/release/deps/tests-56cc571412d21d04)
[INFO] [stdout] test tests::merkle::merkle ... ok
[INFO] [stdout] 
[INFO] [stdout] test result: ok. 7 passed; 0 failed; 0 ignored; 0 measured; 0 filtered out; finished in 0.35s
[INFO] [stdout] 
[INFO] [stdout] 
[INFO] [stdout] running 1 test
[INFO] [stderr]      Running unittests src/lib.rs (/opt/rustwide/target/release/deps/monero_oxide_no_std_tests-b3886f20ff423ffb)
[INFO] [stdout] test test ... ok
[INFO] [stdout] 
[INFO] [stdout] test result: ok. 1 passed; 0 failed; 0 ignored; 0 measured; 0 filtered out; finished in 0.00s
[INFO] [stdout] 
[INFO] [stderr]      Running unittests src/main.rs (/opt/rustwide/target/release/deps/monero_oxide_verify_chain-a94cd1dc115083da)
[INFO] [stdout] 
[INFO] [stdout] running 0 tests
[INFO] [stdout] 
[INFO] [stdout] test result: ok. 0 passed; 0 failed; 0 ignored; 0 measured; 0 filtered out; finished in 0.00s
[INFO] [stdout] 
[INFO] [stdout] 
[INFO] [stderr]      Running unittests src/lib.rs (/opt/rustwide/target/release/deps/monero_primitives-045cb760e9038d5b)
[INFO] [stdout] running 0 tests
[INFO] [stdout] 
[INFO] [stdout] test result: ok. 0 passed; 0 failed; 0 ignored; 0 measured; 0 filtered out; finished in 0.00s
[INFO] [stdout] 
[INFO] [stderr]      Running unittests src/lib.rs (/opt/rustwide/target/release/deps/monero_simple_request_rpc-8bd2ece5d807ce35)
[INFO] [stdout] 
[INFO] [stdout] running 0 tests
[INFO] [stdout] 
[INFO] [stdout] test result: ok. 0 passed; 0 failed; 0 ignored; 0 measured; 0 filtered out; finished in 0.00s
[INFO] [stdout] 
[INFO] [stdout] 
[INFO] [stdout] running 0 tests
[INFO] [stdout] 
[INFO] [stdout] test result: ok. 0 passed; 0 failed; 0 ignored; 0 measured; 0 filtered out; finished in 0.00s
[INFO] [stdout] 
[INFO] [stderr]      Running tests/tests.rs (/opt/rustwide/target/release/deps/tests-25c234641afb48ab)
[INFO] [stdout] 
[INFO] [stdout] running 4 tests
[INFO] [stdout] test test_blockchain ... FAILED
[INFO] [stdout] test test_decoys ... FAILED
[INFO] [stdout] test test_fee_rates ... FAILED
[INFO] [stderr] error: test failed, to rerun pass `-p monero-simple-request-rpc --test tests`
[INFO] [stdout] test test_block_hash_for_non_existent_block ... FAILED
[INFO] [stdout] 
[INFO] [stdout] failures:
[INFO] [stdout] 
[INFO] [stdout] ---- test_blockchain stdout ----
[INFO] [stdout] 
[INFO] [stdout] thread 'test_blockchain' (5001) panicked at monero-oxide/interface/daemon/simple-request/tests/tests.rs:20:89:
[INFO] [stdout] called `Result::unwrap()` on an `Err` value: InterfaceError("ConnectionError(ConnectError(\"tcp connect error\", 127.0.0.1:18081, Os { code: 111, kind: ConnectionRefused, message: \"Connection refused\" }))")
[INFO] [stdout] stack backtrace:
[INFO] [stdout]    0:     0x57eb96733b31 - <<std[70759c8f55707aa4]::sys::backtrace::BacktraceLock>::print::DisplayBacktrace as core[df12db4294e9bfd3]::fmt::Display>::fmt
[INFO] [stdout]    1:     0x57eb96749b2a - core[df12db4294e9bfd3]::fmt::write
[INFO] [stdout]    2:     0x57eb967387bc - <alloc[2182bb758b4b3781]::vec::Vec<u8> as core[df12db4294e9bfd3]::io::write::Write>::write_fmt
[INFO] [stdout]    3:     0x57eb9670ea86 - std[70759c8f55707aa4]::panicking::default_hook::{closure#0}
[INFO] [stdout]    4:     0x57eb9672b949 - std[70759c8f55707aa4]::panicking::default_hook
[INFO] [stdout]    5:     0x57eb965797b0 - test[9d35eded1c95d3be]::test_main_inner::<test[9d35eded1c95d3be]::test_main_static::{closure#0}>::{closure#0}
[INFO] [stdout]    6:     0x57eb9672bc72 - std[70759c8f55707aa4]::panicking::panic_with_hook
[INFO] [stdout]    7:     0x57eb9670eb32 - std[70759c8f55707aa4]::panicking::panic_handler::{closure#0}
[INFO] [stdout]    8:     0x57eb96707769 - std[70759c8f55707aa4]::sys::backtrace::__rust_end_short_backtrace::<std[70759c8f55707aa4]::panicking::panic_handler::{closure#0}, !>
[INFO] [stdout]    9:     0x57eb9670f91d - __rustc[8fa7c3cbc660c2b3]::rust_begin_unwind
[INFO] [stdout]   10:     0x57eb9674a28c - core[df12db4294e9bfd3]::panicking::panic_fmt
[INFO] [stdout]   11:     0x57eb9674a062 - core[df12db4294e9bfd3]::result::unwrap_failed
[INFO] [stdout]   12:     0x57eb964e4d45 - tests[3ce1cf5a501293ec]::test_blockchain::{closure#0}
[INFO] [stdout]   13:     0x57eb96535523 - <tokio[ed5660e424b0dd7f]::runtime::scheduler::current_thread::Context>::enter::<core[df12db4294e9bfd3]::task::poll::Poll<()>, <tokio[ed5660e424b0dd7f]::runtime::scheduler::current_thread::CoreGuard>::block_on<core[df12db4294e9bfd3]::pin::Pin<&mut core[df12db4294e9bfd3]::pin::Pin<&mut dyn core[df12db4294e9bfd3]::future::future::Future<Output = ()>>>>::{closure#0}::{closure#0}>
[INFO] [stdout]   14:     0x57eb9653d74c - <tokio[ed5660e424b0dd7f]::runtime::context::scoped::Scoped<tokio[ed5660e424b0dd7f]::runtime::scheduler::Context>>::set::<<tokio[ed5660e424b0dd7f]::runtime::scheduler::current_thread::CoreGuard>::enter<<tokio[ed5660e424b0dd7f]::runtime::scheduler::current_thread::CoreGuard>::block_on<core[df12db4294e9bfd3]::pin::Pin<&mut core[df12db4294e9bfd3]::pin::Pin<&mut dyn core[df12db4294e9bfd3]::future::future::Future<Output = ()>>>>::{closure#0}, core[df12db4294e9bfd3]::option::Option<()>>::{closure#0}, (alloc[2182bb758b4b3781]::boxed::Box<tokio[ed5660e424b0dd7f]::runtime::scheduler::current_thread::Core>, core[df12db4294e9bfd3]::option::Option<()>)>
[INFO] [stdout]   15:     0x57eb96535977 - <tokio[ed5660e424b0dd7f]::runtime::scheduler::current_thread::CoreGuard>::block_on::<core[df12db4294e9bfd3]::pin::Pin<&mut core[df12db4294e9bfd3]::pin::Pin<&mut dyn core[df12db4294e9bfd3]::future::future::Future<Output = ()>>>>
[INFO] [stdout]   16:     0x57eb96524b4d - tokio[ed5660e424b0dd7f]::runtime::context::runtime::enter_runtime::<<tokio[ed5660e424b0dd7f]::runtime::scheduler::current_thread::CurrentThread>::block_on<core[df12db4294e9bfd3]::pin::Pin<&mut dyn core[df12db4294e9bfd3]::future::future::Future<Output = ()>>>::{closure#0}, ()>
[INFO] [stdout]   17:     0x57eb965217ae - <tokio[ed5660e424b0dd7f]::runtime::runtime::Runtime>::block_on::<core[df12db4294e9bfd3]::pin::Pin<&mut dyn core[df12db4294e9bfd3]::future::future::Future<Output = ()>>>
[INFO] [stdout]   18:     0x57eb964f2abd - <tests[3ce1cf5a501293ec]::test_blockchain::{closure#0} as core[df12db4294e9bfd3]::ops::function::FnOnce<()>>::call_once
[INFO] [stdout]   19:     0x57eb9656ca9b - test[9d35eded1c95d3be]::__rust_begin_short_backtrace::<core[df12db4294e9bfd3]::result::Result<(), alloc[2182bb758b4b3781]::string::String>, fn() -> core[df12db4294e9bfd3]::result::Result<(), alloc[2182bb758b4b3781]::string::String>>
[INFO] [stdout]   20:     0x57eb9657a105 - test[9d35eded1c95d3be]::run_test::{closure#0}
[INFO] [stdout]   21:     0x57eb965739c4 - std[70759c8f55707aa4]::sys::backtrace::__rust_begin_short_backtrace::<test[9d35eded1c95d3be]::run_test::{closure#1}, ()>
[INFO] [stdout]   22:     0x57eb9657d262 - <std[70759c8f55707aa4]::thread::lifecycle::spawn_unchecked<test[9d35eded1c95d3be]::run_test::{closure#1}, ()>::{closure#1} as core[df12db4294e9bfd3]::ops::function::FnOnce<()>>::call_once::{shim:vtable#0}
[INFO] [stdout]   23:     0x57eb96733059 - <std[70759c8f55707aa4]::sys::thread::unix::Thread>::new::thread_start
[INFO] [stdout]   24:     0x7c8e0677bdfa - <unknown>
[INFO] [stdout]   25:     0x7c8e0680f3d4 - clone
[INFO] [stdout]   26:                0x0 - <unknown>
[INFO] [stdout] 
[INFO] [stdout] ---- test_decoys stdout ----
[INFO] [stdout] 
[INFO] [stdout] thread 'test_decoys' (5002) panicked at monero-oxide/interface/daemon/simple-request/tests/tests.rs:86:89:
[INFO] [stdout] called `Result::unwrap()` on an `Err` value: InterfaceError("ConnectionError(ConnectError(\"tcp connect error\", 127.0.0.1:18081, Os { code: 111, kind: ConnectionRefused, message: \"Connection refused\" }))")
[INFO] [stdout] stack backtrace:
[INFO] [stdout]    0:     0x57eb96733b31 - <<std[70759c8f55707aa4]::sys::backtrace::BacktraceLock>::print::DisplayBacktrace as core[df12db4294e9bfd3]::fmt::Display>::fmt
[INFO] [stdout]    1:     0x57eb96749b2a - core[df12db4294e9bfd3]::fmt::write
[INFO] [stdout]    2:     0x57eb967387bc - <alloc[2182bb758b4b3781]::vec::Vec<u8> as core[df12db4294e9bfd3]::io::write::Write>::write_fmt
[INFO] [stdout]    3:     0x57eb9670ea86 - std[70759c8f55707aa4]::panicking::default_hook::{closure#0}
[INFO] [stdout]    4:     0x57eb9672b949 - std[70759c8f55707aa4]::panicking::default_hook
[INFO] [stdout]    5:     0x57eb965797b0 - test[9d35eded1c95d3be]::test_main_inner::<test[9d35eded1c95d3be]::test_main_static::{closure#0}>::{closure#0}
[INFO] [stdout]    6:     0x57eb9672bc72 - std[70759c8f55707aa4]::panicking::panic_with_hook
[INFO] [stdout]    7:     0x57eb9670eb32 - std[70759c8f55707aa4]::panicking::panic_handler::{closure#0}
[INFO] [stdout]    8:     0x57eb96707769 - std[70759c8f55707aa4]::sys::backtrace::__rust_end_short_backtrace::<std[70759c8f55707aa4]::panicking::panic_handler::{closure#0}, !>
[INFO] [stdout]    9:     0x57eb9670f91d - __rustc[8fa7c3cbc660c2b3]::rust_begin_unwind
[INFO] [stdout]   10:     0x57eb9674a28c - core[df12db4294e9bfd3]::panicking::panic_fmt
[INFO] [stdout]   11:     0x57eb9674a062 - core[df12db4294e9bfd3]::result::unwrap_failed
[INFO] [stdout]   12:     0x57eb964e2d73 - tests[3ce1cf5a501293ec]::test_decoys::{closure#0}
[INFO] [stdout]   13:     0x57eb96535523 - <tokio[ed5660e424b0dd7f]::runtime::scheduler::current_thread::Context>::enter::<core[df12db4294e9bfd3]::task::poll::Poll<()>, <tokio[ed5660e424b0dd7f]::runtime::scheduler::current_thread::CoreGuard>::block_on<core[df12db4294e9bfd3]::pin::Pin<&mut core[df12db4294e9bfd3]::pin::Pin<&mut dyn core[df12db4294e9bfd3]::future::future::Future<Output = ()>>>>::{closure#0}::{closure#0}>
[INFO] [stdout]   14:     0x57eb9653d74c - <tokio[ed5660e424b0dd7f]::runtime::context::scoped::Scoped<tokio[ed5660e424b0dd7f]::runtime::scheduler::Context>>::set::<<tokio[ed5660e424b0dd7f]::runtime::scheduler::current_thread::CoreGuard>::enter<<tokio[ed5660e424b0dd7f]::runtime::scheduler::current_thread::CoreGuard>::block_on<core[df12db4294e9bfd3]::pin::Pin<&mut core[df12db4294e9bfd3]::pin::Pin<&mut dyn core[df12db4294e9bfd3]::future::future::Future<Output = ()>>>>::{closure#0}, core[df12db4294e9bfd3]::option::Option<()>>::{closure#0}, (alloc[2182bb758b4b3781]::boxed::Box<tokio[ed5660e424b0dd7f]::runtime::scheduler::current_thread::Core>, core[df12db4294e9bfd3]::option::Option<()>)>
[INFO] [stdout]   15:     0x57eb96535977 - <tokio[ed5660e424b0dd7f]::runtime::scheduler::current_thread::CoreGuard>::block_on::<core[df12db4294e9bfd3]::pin::Pin<&mut core[df12db4294e9bfd3]::pin::Pin<&mut dyn core[df12db4294e9bfd3]::future::future::Future<Output = ()>>>>
[INFO] [stdout]   16:     0x57eb96524b4d - tokio[ed5660e424b0dd7f]::runtime::context::runtime::enter_runtime::<<tokio[ed5660e424b0dd7f]::runtime::scheduler::current_thread::CurrentThread>::block_on<core[df12db4294e9bfd3]::pin::Pin<&mut dyn core[df12db4294e9bfd3]::future::future::Future<Output = ()>>>::{closure#0}, ()>
[INFO] [stdout]   17:     0x57eb965217ae - <tokio[ed5660e424b0dd7f]::runtime::runtime::Runtime>::block_on::<core[df12db4294e9bfd3]::pin::Pin<&mut dyn core[df12db4294e9bfd3]::future::future::Future<Output = ()>>>
[INFO] [stdout]   18:     0x57eb964f27fd - <tests[3ce1cf5a501293ec]::test_decoys::{closure#0} as core[df12db4294e9bfd3]::ops::function::FnOnce<()>>::call_once
[INFO] [stdout]   19:     0x57eb9656ca9b - test[9d35eded1c95d3be]::__rust_begin_short_backtrace::<core[df12db4294e9bfd3]::result::Result<(), alloc[2182bb758b4b3781]::string::String>, fn() -> core[df12db4294e9bfd3]::result::Result<(), alloc[2182bb758b4b3781]::string::String>>
[INFO] [stdout]   20:     0x57eb9657a105 - test[9d35eded1c95d3be]::run_test::{closure#0}
[INFO] [stdout]   21:     0x57eb965739c4 - std[70759c8f55707aa4]::sys::backtrace::__rust_begin_short_backtrace::<test[9d35eded1c95d3be]::run_test::{closure#1}, ()>
[INFO] [stdout]   22:     0x57eb9657d262 - <std[70759c8f55707aa4]::thread::lifecycle::spawn_unchecked<test[9d35eded1c95d3be]::run_test::{closure#1}, ()>::{closure#1} as core[df12db4294e9bfd3]::ops::function::FnOnce<()>>::call_once::{shim:vtable#0}
[INFO] [stdout]   23:     0x57eb96733059 - <std[70759c8f55707aa4]::sys::thread::unix::Thread>::new::thread_start
[INFO] [stdout]   24:     0x7c8e0677bdfa - <unknown>
[INFO] [stdout]   25:     0x7c8e0680f3d4 - clone
[INFO] [stdout]   26:                0x0 - <unknown>
[INFO] [stdout] 
[INFO] [stdout] ---- test_fee_rates stdout ----
[INFO] [stdout] 
[INFO] [stdout] thread 'test_fee_rates' (5003) panicked at monero-oxide/interface/daemon/simple-request/tests/tests.rs:74:89:
[INFO] [stdout] called `Result::unwrap()` on an `Err` value: InterfaceError("ConnectionError(ConnectError(\"tcp connect error\", 127.0.0.1:18081, Os { code: 111, kind: ConnectionRefused, message: \"Connection refused\" }))")
[INFO] [stdout] stack backtrace:
[INFO] [stdout]    0:     0x57eb96733b31 - <<std[70759c8f55707aa4]::sys::backtrace::BacktraceLock>::print::DisplayBacktrace as core[df12db4294e9bfd3]::fmt::Display>::fmt
[INFO] [stdout]    1:     0x57eb96749b2a - core[df12db4294e9bfd3]::fmt::write
[INFO] [stdout]    2:     0x57eb967387bc - <alloc[2182bb758b4b3781]::vec::Vec<u8> as core[df12db4294e9bfd3]::io::write::Write>::write_fmt
[INFO] [stdout]    3:     0x57eb9670ea86 - std[70759c8f55707aa4]::panicking::default_hook::{closure#0}
[INFO] [stdout]    4:     0x57eb9672b949 - std[70759c8f55707aa4]::panicking::default_hook
[INFO] [stdout]    5:     0x57eb965797b0 - test[9d35eded1c95d3be]::test_main_inner::<test[9d35eded1c95d3be]::test_main_static::{closure#0}>::{closure#0}
[INFO] [stdout]    6:     0x57eb9672bc72 - std[70759c8f55707aa4]::panicking::panic_with_hook
[INFO] [stdout]    7:     0x57eb9670eb32 - std[70759c8f55707aa4]::panicking::panic_handler::{closure#0}
[INFO] [stdout]    8:     0x57eb96707769 - std[70759c8f55707aa4]::sys::backtrace::__rust_end_short_backtrace::<std[70759c8f55707aa4]::panicking::panic_handler::{closure#0}, !>
[INFO] [stdout]    9:     0x57eb9670f91d - __rustc[8fa7c3cbc660c2b3]::rust_begin_unwind
[INFO] [stdout]   10:     0x57eb9674a28c - core[df12db4294e9bfd3]::panicking::panic_fmt
[INFO] [stdout]   11:     0x57eb9674a062 - core[df12db4294e9bfd3]::result::unwrap_failed
[INFO] [stdout]   12:     0x57eb964e3ef6 - tests[3ce1cf5a501293ec]::test_fee_rates::{closure#0}
[INFO] [stdout]   13:     0x57eb96535523 - <tokio[ed5660e424b0dd7f]::runtime::scheduler::current_thread::Context>::enter::<core[df12db4294e9bfd3]::task::poll::Poll<()>, <tokio[ed5660e424b0dd7f]::runtime::scheduler::current_thread::CoreGuard>::block_on<core[df12db4294e9bfd3]::pin::Pin<&mut core[df12db4294e9bfd3]::pin::Pin<&mut dyn core[df12db4294e9bfd3]::future::future::Future<Output = ()>>>>::{closure#0}::{closure#0}>
[INFO] [stdout]   14:     0x57eb9653d74c - <tokio[ed5660e424b0dd7f]::runtime::context::scoped::Scoped<tokio[ed5660e424b0dd7f]::runtime::scheduler::Context>>::set::<<tokio[ed5660e424b0dd7f]::runtime::scheduler::current_thread::CoreGuard>::enter<<tokio[ed5660e424b0dd7f]::runtime::scheduler::current_thread::CoreGuard>::block_on<core[df12db4294e9bfd3]::pin::Pin<&mut core[df12db4294e9bfd3]::pin::Pin<&mut dyn core[df12db4294e9bfd3]::future::future::Future<Output = ()>>>>::{closure#0}, core[df12db4294e9bfd3]::option::Option<()>>::{closure#0}, (alloc[2182bb758b4b3781]::boxed::Box<tokio[ed5660e424b0dd7f]::runtime::scheduler::current_thread::Core>, core[df12db4294e9bfd3]::option::Option<()>)>
[INFO] [stdout]   15:     0x57eb96535977 - <tokio[ed5660e424b0dd7f]::runtime::scheduler::current_thread::CoreGuard>::block_on::<core[df12db4294e9bfd3]::pin::Pin<&mut core[df12db4294e9bfd3]::pin::Pin<&mut dyn core[df12db4294e9bfd3]::future::future::Future<Output = ()>>>>
[INFO] [stdout]   16:     0x57eb96524b4d - tokio[ed5660e424b0dd7f]::runtime::context::runtime::enter_runtime::<<tokio[ed5660e424b0dd7f]::runtime::scheduler::current_thread::CurrentThread>::block_on<core[df12db4294e9bfd3]::pin::Pin<&mut dyn core[df12db4294e9bfd3]::future::future::Future<Output = ()>>>::{closure#0}, ()>
[INFO] [stdout]   17:     0x57eb965217ae - <tokio[ed5660e424b0dd7f]::runtime::runtime::Runtime>::block_on::<core[df12db4294e9bfd3]::pin::Pin<&mut dyn core[df12db4294e9bfd3]::future::future::Future<Output = ()>>>
[INFO] [stdout]   18:     0x57eb964f295d - <tests[3ce1cf5a501293ec]::test_fee_rates::{closure#0} as core[df12db4294e9bfd3]::ops::function::FnOnce<()>>::call_once
[INFO] [stdout]   19:     0x57eb9656ca9b - test[9d35eded1c95d3be]::__rust_begin_short_backtrace::<core[df12db4294e9bfd3]::result::Result<(), alloc[2182bb758b4b3781]::string::String>, fn() -> core[df12db4294e9bfd3]::result::Result<(), alloc[2182bb758b4b3781]::string::String>>
[INFO] [stdout]   20:     0x57eb9657a105 - test[9d35eded1c95d3be]::run_test::{closure#0}
[INFO] [stdout]   21:     0x57eb965739c4 - std[70759c8f55707aa4]::sys::backtrace::__rust_begin_short_backtrace::<test[9d35eded1c95d3be]::run_test::{closure#1}, ()>
[INFO] [stdout]   22:     0x57eb9657d262 - <std[70759c8f55707aa4]::thread::lifecycle::spawn_unchecked<test[9d35eded1c95d3be]::run_test::{closure#1}, ()>::{closure#1} as core[df12db4294e9bfd3]::ops::function::FnOnce<()>>::call_once::{shim:vtable#0}
[INFO] [stdout]   23:     0x57eb96733059 - <std[70759c8f55707aa4]::sys::thread::unix::Thread>::new::thread_start
[INFO] [stdout]   24:     0x7c8e0677bdfa - <unknown>
[INFO] [stdout]   25:     0x7c8e0680f3d4 - clone
[INFO] [stdout]   26:                0x0 - <unknown>
[INFO] [stdout] 
[INFO] [stdout] ---- test_block_hash_for_non_existent_block stdout ----
[INFO] [stdout] 
[INFO] [stdout] thread 'test_block_hash_for_non_existent_block' (5000) panicked at monero-oxide/interface/daemon/simple-request/tests/tests.rs:177:89:
[INFO] [stdout] called `Result::unwrap()` on an `Err` value: InterfaceError("ConnectionError(ConnectError(\"tcp connect error\", 127.0.0.1:18081, Os { code: 111, kind: ConnectionRefused, message: \"Connection refused\" }))")
[INFO] [stdout] stack backtrace:
[INFO] [stdout]    0:     0x57eb96733b31 - <<std[70759c8f55707aa4]::sys::backtrace::BacktraceLock>::print::DisplayBacktrace as core[df12db4294e9bfd3]::fmt::Display>::fmt
[INFO] [stdout]    1:     0x57eb96749b2a - core[df12db4294e9bfd3]::fmt::write
[INFO] [stdout]    2:     0x57eb967387bc - <alloc[2182bb758b4b3781]::vec::Vec<u8> as core[df12db4294e9bfd3]::io::write::Write>::write_fmt
[INFO] [stdout]    3:     0x57eb9670ea86 - std[70759c8f55707aa4]::panicking::default_hook::{closure#0}
[INFO] [stdout]    4:     0x57eb9672b949 - std[70759c8f55707aa4]::panicking::default_hook
[INFO] [stdout]    5:     0x57eb965797b0 - test[9d35eded1c95d3be]::test_main_inner::<test[9d35eded1c95d3be]::test_main_static::{closure#0}>::{closure#0}
[INFO] [stdout]    6:     0x57eb9672bc72 - std[70759c8f55707aa4]::panicking::panic_with_hook
[INFO] [stdout]    7:     0x57eb9670eb32 - std[70759c8f55707aa4]::panicking::panic_handler::{closure#0}
[INFO] [stdout]    8:     0x57eb96707769 - std[70759c8f55707aa4]::sys::backtrace::__rust_end_short_backtrace::<std[70759c8f55707aa4]::panicking::panic_handler::{closure#0}, !>
[INFO] [stdout]    9:     0x57eb9670f91d - __rustc[8fa7c3cbc660c2b3]::rust_begin_unwind
[INFO] [stdout]   10:     0x57eb9674a28c - core[df12db4294e9bfd3]::panicking::panic_fmt
[INFO] [stdout]   11:     0x57eb9674a062 - core[df12db4294e9bfd3]::result::unwrap_failed
[INFO] [stdout]   12:     0x57eb964e643d - tests[3ce1cf5a501293ec]::test_block_hash_for_non_existent_block::{closure#0}
[INFO] [stdout]   13:     0x57eb96535523 - <tokio[ed5660e424b0dd7f]::runtime::scheduler::current_thread::Context>::enter::<core[df12db4294e9bfd3]::task::poll::Poll<()>, <tokio[ed5660e424b0dd7f]::runtime::scheduler::current_thread::CoreGuard>::block_on<core[df12db4294e9bfd3]::pin::Pin<&mut core[df12db4294e9bfd3]::pin::Pin<&mut dyn core[df12db4294e9bfd3]::future::future::Future<Output = ()>>>>::{closure#0}::{closure#0}>
[INFO] [stdout]   14:     0x57eb9653d74c - <tokio[ed5660e424b0dd7f]::runtime::context::scoped::Scoped<tokio[ed5660e424b0dd7f]::runtime::scheduler::Context>>::set::<<tokio[ed5660e424b0dd7f]::runtime::scheduler::current_thread::CoreGuard>::enter<<tokio[ed5660e424b0dd7f]::runtime::scheduler::current_thread::CoreGuard>::block_on<core[df12db4294e9bfd3]::pin::Pin<&mut core[df12db4294e9bfd3]::pin::Pin<&mut dyn core[df12db4294e9bfd3]::future::future::Future<Output = ()>>>>::{closure#0}, core[df12db4294e9bfd3]::option::Option<()>>::{closure#0}, (alloc[2182bb758b4b3781]::boxed::Box<tokio[ed5660e424b0dd7f]::runtime::scheduler::current_thread::Core>, core[df12db4294e9bfd3]::option::Option<()>)>
[INFO] [stdout]   15:     0x57eb96535977 - <tokio[ed5660e424b0dd7f]::runtime::scheduler::current_thread::CoreGuard>::block_on::<core[df12db4294e9bfd3]::pin::Pin<&mut core[df12db4294e9bfd3]::pin::Pin<&mut dyn core[df12db4294e9bfd3]::future::future::Future<Output = ()>>>>
[INFO] [stdout]   16:     0x57eb96524b4d - tokio[ed5660e424b0dd7f]::runtime::context::runtime::enter_runtime::<<tokio[ed5660e424b0dd7f]::runtime::scheduler::current_thread::CurrentThread>::block_on<core[df12db4294e9bfd3]::pin::Pin<&mut dyn core[df12db4294e9bfd3]::future::future::Future<Output = ()>>>::{closure#0}, ()>
[INFO] [stdout]   17:     0x57eb965217ae - <tokio[ed5660e424b0dd7f]::runtime::runtime::Runtime>::block_on::<core[df12db4294e9bfd3]::pin::Pin<&mut dyn core[df12db4294e9bfd3]::future::future::Future<Output = ()>>>
[INFO] [stdout]   18:     0x57eb964f2c1d - <tests[3ce1cf5a501293ec]::test_block_hash_for_non_existent_block::{closure#0} as core[df12db4294e9bfd3]::ops::function::FnOnce<()>>::call_once
[INFO] [stdout]   19:     0x57eb9656ca9b - test[9d35eded1c95d3be]::__rust_begin_short_backtrace::<core[df12db4294e9bfd3]::result::Result<(), alloc[2182bb758b4b3781]::string::String>, fn() -> core[df12db4294e9bfd3]::result::Result<(), alloc[2182bb758b4b3781]::string::String>>
[INFO] [stdout]   20:     0x57eb9657a105 - test[9d35eded1c95d3be]::run_test::{closure#0}
[INFO] [stdout]   21:     0x57eb965739c4 - std[70759c8f55707aa4]::sys::backtrace::__rust_begin_short_backtrace::<test[9d35eded1c95d3be]::run_test::{closure#1}, ()>
[INFO] [stdout]   22:     0x57eb9657d262 - <std[70759c8f55707aa4]::thread::lifecycle::spawn_unchecked<test[9d35eded1c95d3be]::run_test::{closure#1}, ()>::{closure#1} as core[df12db4294e9bfd3]::ops::function::FnOnce<()>>::call_once::{shim:vtable#0}
[INFO] [stdout]   23:     0x57eb96733059 - <std[70759c8f55707aa4]::sys::thread::unix::Thread>::new::thread_start
[INFO] [stdout]   24:     0x7c8e0677bdfa - <unknown>
[INFO] [stdout]   25:     0x7c8e0680f3d4 - clone
[INFO] [stdout]   26:                0x0 - <unknown>
[INFO] [stdout] 
[INFO] [stdout] 
[INFO] [stdout] failures:
[INFO] [stdout]     test_block_hash_for_non_existent_block
[INFO] [stdout]     test_blockchain
[INFO] [stdout]     test_decoys
[INFO] [stdout]     test_fee_rates
[INFO] [stdout] 
[INFO] [stdout] test result: FAILED. 0 passed; 4 failed; 0 ignored; 0 measured; 0 filtered out; finished in 0.21s
[INFO] [stdout] 
[INFO] running `Command { std: "docker" "inspect" "b0418a76459a3ca9ea8ac883ae00ab4da8ae000cfd9ec42243a2d4d4e21495eb", kill_on_drop: false }`
[INFO] running `Command { std: "docker" "rm" "-f" "b0418a76459a3ca9ea8ac883ae00ab4da8ae000cfd9ec42243a2d4d4e21495eb", kill_on_drop: false }`
[INFO] [stdout] b0418a76459a3ca9ea8ac883ae00ab4da8ae000cfd9ec42243a2d4d4e21495eb
