[INFO] cloning repository https://github.com/gramidt/vibe-card-empire
[INFO] running `Command { std: "git" "-c" "credential.helper=" "-c" "credential.helper=/workspace/cargo-home/bin/git-credential-null" "clone" "--bare" "https://github.com/gramidt/vibe-card-empire" "/workspace/cache/git-repos/https%3A%2F%2Fgithub.com%2Fgramidt%2Fvibe-card-empire", kill_on_drop: false }`
[INFO] [stderr] Cloning into bare repository '/workspace/cache/git-repos/https%3A%2F%2Fgithub.com%2Fgramidt%2Fvibe-card-empire'...
[INFO] running `Command { std: "git" "rev-parse" "HEAD", kill_on_drop: false }`
[INFO] [stdout] 591b7138277ddcd454b4362ad83d96f4eb72b7d4
[INFO] testing gramidt/vibe-card-empire against 1.100.0-beta.1+cargoflags=--release for beta-release-1.100-2
[INFO] running `Command { std: "git" "clone" "/workspace/cache/git-repos/https%3A%2F%2Fgithub.com%2Fgramidt%2Fvibe-card-empire" "/workspace/builds/worker-1-tc2/source", kill_on_drop: false }`
[INFO] [stderr] Cloning into '/workspace/builds/worker-1-tc2/source'...
[INFO] [stderr] done.
[INFO] started tweaking git repo https://github.com/gramidt/vibe-card-empire
[INFO] finished tweaking git repo https://github.com/gramidt/vibe-card-empire
[INFO] tweaked toml for git repo https://github.com/gramidt/vibe-card-empire written to /workspace/builds/worker-1-tc2/source/Cargo.toml
[INFO] validating manifest of git repo https://github.com/gramidt/vibe-card-empire on toolchain 1.100.0-beta.1
[INFO] running `Command { std: CARGO_HOME="/workspace/cargo-home" RUSTUP_HOME="/workspace/rustup-home" "/workspace/cargo-home/bin/cargo" "+1.100.0-beta.1" "metadata" "--manifest-path" "Cargo.toml" "--no-deps", kill_on_drop: false }`
[INFO] crate git repo https://github.com/gramidt/vibe-card-empire already has a lockfile, it will not be regenerated
[INFO] running `Command { std: CARGO_HOME="/workspace/cargo-home" RUSTUP_HOME="/workspace/rustup-home" "/workspace/cargo-home/bin/cargo" "+1.100.0-beta.1" "fetch" "--manifest-path" "Cargo.toml", kill_on_drop: false }`
[INFO] running `Command { std: "docker" "create" "-v" "/var/lib/crater-agent-workspace/builds/worker-1-tc2/source:/opt/rustwide/workdir:ro,Z" "-v" "/var/lib/crater-agent-workspace/builds/worker-1-tc2/target:/opt/rustwide/target:rw,Z" "-v" "/var/lib/crater-agent-workspace/cargo-home:/opt/rustwide/cargo-home:ro,Z" "-v" "/var/lib/crater-agent-workspace/rustup-home:/opt/rustwide/rustup-home:ro,Z" "-m" "1610612736" "--network" "none" "ghcr.io/rust-lang/crates-build-env/linux@sha256:77db811e55d90add9212f6832c23229e3de5f1c1f9905e8cb07319ea15df73ac" "sleep" "infinity", kill_on_drop: false }`
[INFO] [stdout] 73f0f1ff009f036a14a597a9431f44ad67d410a9ca328be2a59d77ddf0bb5450
[INFO] running `Command { std: "docker" "start" "73f0f1ff009f036a14a597a9431f44ad67d410a9ca328be2a59d77ddf0bb5450", kill_on_drop: false }`
[INFO] running `Command { std: "docker" "inspect" "73f0f1ff009f036a14a597a9431f44ad67d410a9ca328be2a59d77ddf0bb5450", kill_on_drop: false }`
[INFO] running `Command { std: "docker" "exec" "-e" "SOURCE_DIR=/opt/rustwide/workdir" "-e" "CARGO_HOME=/opt/rustwide/cargo-home" "-e" "RUSTUP_HOME=/opt/rustwide/rustup-home" "-e" "CARGO_TARGET_DIR=/opt/rustwide/target" "-w" "/opt/rustwide/workdir" "--user" "0:0" "73f0f1ff009f036a14a597a9431f44ad67d410a9ca328be2a59d77ddf0bb5450" "/opt/rustwide/cargo-home/bin/cargo" "+1.100.0-beta.1" "metadata" "--no-deps" "--format-version=1", kill_on_drop: false }`
[INFO] running `Command { std: "docker" "inspect" "73f0f1ff009f036a14a597a9431f44ad67d410a9ca328be2a59d77ddf0bb5450", kill_on_drop: false }`
[INFO] running `Command { std: "docker" "exec" "-e" "SOURCE_DIR=/opt/rustwide/workdir" "-e" "CARGO_HOME=/opt/rustwide/cargo-home" "-e" "RUSTUP_HOME=/opt/rustwide/rustup-home" "-e" "CARGO_TARGET_DIR=/opt/rustwide/target" "-e" "CARGO_INCREMENTAL=0" "-e" "RUST_BACKTRACE=full" "-e" "RUSTFLAGS=--cap-lints=warn" "-e" "RUSTDOCFLAGS=--cap-lints=warn" "-w" "/opt/rustwide/workdir" "--user" "0:0" "73f0f1ff009f036a14a597a9431f44ad67d410a9ca328be2a59d77ddf0bb5450" "/opt/rustwide/cargo-home/bin/cargo" "+1.100.0-beta.1" "build" "--frozen" "--message-format=json" "--release", kill_on_drop: false }`
[INFO] [stderr]    Compiling proc-macro2 v1.0.95
[INFO] [stderr]    Compiling libc v0.2.174
[INFO] [stderr]    Compiling rustversion v1.0.21
[INFO] [stderr]    Compiling autocfg v1.5.0
[INFO] [stderr]    Compiling signal-hook v0.3.18
[INFO] [stderr]    Compiling cfg-if v1.0.1
[INFO] [stderr]    Compiling parking_lot_core v0.9.11
[INFO] [stderr]    Compiling strsim v0.11.1
[INFO] [stderr]    Compiling log v0.4.27
[INFO] [stderr]    Compiling bitflags v2.9.1
[INFO] [stderr]    Compiling ident_case v1.0.1
[INFO] [stderr]    Compiling fnv v1.0.7
[INFO] [stderr]    Compiling smallvec v1.15.1
[INFO] [stderr]    Compiling unicode-segmentation v1.12.0
[INFO] [stderr]    Compiling lock_api v0.4.13
[INFO] [stderr]    Compiling rustix v0.38.44
[INFO] [stderr]    Compiling instability v0.3.9
[INFO] [stderr]    Compiling rustix v1.0.8
[INFO] [stderr]    Compiling itoa v1.0.15
[INFO] [stderr]    Compiling convert_case v0.7.1
[INFO] [stderr]    Compiling equivalent v1.0.2
[INFO] [stderr]    Compiling heck v0.5.0
[INFO] [stderr]    Compiling ryu v1.0.20
[INFO] [stderr]    Compiling foldhash v0.1.5
[INFO] [stderr]    Compiling allocator-api2 v0.2.21
[INFO] [stderr]    Compiling quote v1.0.40
[INFO] [stderr]    Compiling linux-raw-sys v0.4.15
[INFO] [stderr]    Compiling either v1.15.0
[INFO] [stderr]    Compiling paste v1.0.15
[INFO] [stderr]    Compiling syn v2.0.104
[INFO] [stderr]    Compiling castaway v0.2.4
[INFO] [stderr]    Compiling itertools v0.13.0
[INFO] [stderr]    Compiling serde_json v1.0.142
[INFO] [stderr]    Compiling litrs v0.4.2
[INFO] [stderr]    Compiling indoc v2.0.6
[INFO] [stderr]    Compiling signal-hook-registry v1.4.5
[INFO] [stderr]    Compiling mio v1.0.4
[INFO] [stderr]    Compiling parking_lot v0.12.4
[INFO] [stderr]    Compiling hashbrown v0.15.4
[INFO] [stderr]    Compiling signal-hook-mio v0.2.4
[INFO] [stderr]    Compiling linux-raw-sys v0.9.4
[INFO] [stderr]    Compiling unicode-width v0.1.14
[INFO] [stderr]    Compiling crossterm v0.28.1
[INFO] [stderr]    Compiling document-features v0.2.11
[INFO] [stderr]    Compiling lru v0.12.5
[INFO] [stderr]    Compiling compact_str v0.8.1
[INFO] [stderr]    Compiling memchr v2.7.5
[INFO] [stderr]    Compiling cassowary v0.3.0
[INFO] [stderr]    Compiling unicode-width v0.2.0
[INFO] [stderr]    Compiling unicode-truncate v1.1.0
[INFO] [stderr]    Compiling darling_core v0.20.11
[INFO] [stderr]    Compiling derive_more-impl v2.0.1
[INFO] [stderr]    Compiling serde_derive v1.0.219
[INFO] [stderr]    Compiling strum_macros v0.26.4
[INFO] [stderr]    Compiling derive_more v2.0.1
[INFO] [stderr]    Compiling crossterm v0.29.0
[INFO] [stderr]    Compiling strum v0.26.3
[INFO] [stderr]    Compiling darling_macro v0.20.11
[INFO] [stderr]    Compiling darling v0.20.11
[INFO] [stderr]    Compiling ratatui v0.29.0
[INFO] [stderr]    Compiling serde v1.0.219
[INFO] [stderr]    Compiling gametime v0.1.0 (/opt/rustwide/workdir)
[INFO] [stdout] warning: unused imports: `Cell`, `Row`, and `Table`
[INFO] [stdout]   --> src/main.rs:11:58
[INFO] [stdout]    |
[INFO] [stdout] 11 |     widgets::{Block, Borders, List, ListItem, Paragraph, Table, Row, Cell, Wrap},
[INFO] [stdout]    |                                                          ^^^^^  ^^^  ^^^^
[INFO] [stdout]    |
[INFO] [stdout]    = note: `#[warn(unused_imports)]` (part of `#[warn(unused)]`) on by default
[INFO] [stdout] 
[INFO] [stdout] 
[INFO] [stdout] warning: unused variable: `cash`
[INFO] [stdout]     --> src/main.rs:1131:22
[INFO] [stdout]      |
[INFO] [stdout] 1131 |                 let (cash, reputation, modifiers) = event.apply_choice(0); // Default to first choice
[INFO] [stdout]      |                      ^^^^ help: if this is intentional, prefix it with an underscore: `_cash`
[INFO] [stdout]      |
[INFO] [stdout]      = note: `#[warn(unused_variables)]` (part of `#[warn(unused)]`) on by default
[INFO] [stdout] 
[INFO] [stdout] 
[INFO] [stdout] warning: unused variable: `reputation`
[INFO] [stdout]     --> src/main.rs:1131:28
[INFO] [stdout]      |
[INFO] [stdout] 1131 |                 let (cash, reputation, modifiers) = event.apply_choice(0); // Default to first choice
[INFO] [stdout]      |                            ^^^^^^^^^^ help: if this is intentional, prefix it with an underscore: `_reputation`
[INFO] [stdout] 
[INFO] [stdout] 
[INFO] [stdout] warning: unused variable: `cash`
[INFO] [stdout]     --> src/main.rs:1150:22
[INFO] [stdout]      |
[INFO] [stdout] 1150 |                 let (cash, reputation, modifiers) = new_event.apply_choice(0);
[INFO] [stdout]      |                      ^^^^ help: if this is intentional, prefix it with an underscore: `_cash`
[INFO] [stdout] 
[INFO] [stdout] 
[INFO] [stdout] warning: unused variable: `reputation`
[INFO] [stdout]     --> src/main.rs:1150:28
[INFO] [stdout]      |
[INFO] [stdout] 1150 |                 let (cash, reputation, modifiers) = new_event.apply_choice(0);
[INFO] [stdout]      |                            ^^^^^^^^^^ help: if this is intentional, prefix it with an underscore: `_reputation`
[INFO] [stdout] 
[INFO] [stdout] 
[INFO] [stdout] warning: variants `Warning`, `DayChange`, and `Navigation` are never constructed
[INFO] [stdout]   --> src/main.rs:29:5
[INFO] [stdout]    |
[INFO] [stdout] 24 | enum SoundType {
[INFO] [stdout]    |      --------- variants in this enum
[INFO] [stdout] ...
[INFO] [stdout] 29 |     Warning,       // Expiration warning
[INFO] [stdout]    |     ^^^^^^^
[INFO] [stdout] ...
[INFO] [stdout] 32 |     DayChange,     // New day begins
[INFO] [stdout]    |     ^^^^^^^^^
[INFO] [stdout] 33 |     Paused,        // Game paused
[INFO] [stdout] 34 |     Navigation,    // Menu navigation (subtle)
[INFO] [stdout]    |     ^^^^^^^^^^
[INFO] [stdout]    |
[INFO] [stdout]    = note: `SoundType` has derived impls for the traits `Clone` and `Debug`, but these are intentionally ignored during dead code analysis
[INFO] [stdout]    = note: `#[warn(dead_code)]` (part of `#[warn(unused)]`) on by default
[INFO] [stdout] 
[INFO] [stdout] 
[INFO] [stdout] warning: methods `potential_profit` and `is_expiring_soon` are never used
[INFO] [stdout]    --> src/main.rs:146:8
[INFO] [stdout]     |
[INFO] [stdout] 124 | impl GiftCard {
[INFO] [stdout]     | ------------- methods in this implementation
[INFO] [stdout] ...
[INFO] [stdout] 146 |     fn potential_profit(&self) -> i32 {
[INFO] [stdout]     |        ^^^^^^^^^^^^^^^^
[INFO] [stdout] ...
[INFO] [stdout] 150 |     fn is_expiring_soon(&self) -> bool {
[INFO] [stdout]     |        ^^^^^^^^^^^^^^^^
[INFO] [stdout] 
[INFO] [stdout] 
[INFO] [stdout] warning: method `is_expired` is never used
[INFO] [stdout]    --> src/main.rs:562:8
[INFO] [stdout]     |
[INFO] [stdout] 549 | impl MarketEvent {
[INFO] [stdout]     | ---------------- method in this implementation
[INFO] [stdout] ...
[INFO] [stdout] 562 |     fn is_expired(&self) -> bool {
[INFO] [stdout]     |        ^^^^^^^^^^
[INFO] [stdout] 
[INFO] [stdout] 
[INFO] [stdout] warning: method `update_progress` is never used
[INFO] [stdout]    --> src/main.rs:747:8
[INFO] [stdout]     |
[INFO] [stdout] 733 | impl Achievement {
[INFO] [stdout]     | ---------------- method in this implementation
[INFO] [stdout] ...
[INFO] [stdout] 747 |     fn update_progress(&mut self, new_progress: u32) -> bool {
[INFO] [stdout]     |        ^^^^^^^^^^^^^^^
[INFO] [stdout] 
[INFO] [stdout] 
[INFO] [stdout] warning: method `record_event_survival` is never used
[INFO] [stdout]    --> src/main.rs:928:8
[INFO] [stdout]     |
[INFO] [stdout] 773 | impl AchievementTracker {
[INFO] [stdout]     | ----------------------- method in this implementation
[INFO] [stdout] ...
[INFO] [stdout] 928 |     fn record_event_survival(&mut self, day: u32, activities: &mut Vec<String>) {
[INFO] [stdout]     |        ^^^^^^^^^^^^^^^^^^^^^
[INFO] [stdout] 
[INFO] [stdout] 
[INFO] [stdout] warning: methods `get_active_choice_event`, `get_total_price_multiplier`, `get_total_demand_multiplier`, `has_reputation_protection`, and `get_active_modifiers` are never used
[INFO] [stdout]     --> src/main.rs:1323:8
[INFO] [stdout]      |
[INFO] [stdout] 1103 | impl RandomEventManager {
[INFO] [stdout]      | ----------------------- methods in this implementation
[INFO] [stdout] ...
[INFO] [stdout] 1323 |     fn get_active_choice_event(&self) -> Option<&RandomEvent> {
[INFO] [stdout]      |        ^^^^^^^^^^^^^^^^^^^^^^^
[INFO] [stdout] ...
[INFO] [stdout] 1331 |     fn get_total_price_multiplier(&self) -> f32 {
[INFO] [stdout]      |        ^^^^^^^^^^^^^^^^^^^^^^^^^^
[INFO] [stdout] ...
[INFO] [stdout] 1337 |     fn get_total_demand_multiplier(&self) -> f32 {
[INFO] [stdout]      |        ^^^^^^^^^^^^^^^^^^^^^^^^^^^
[INFO] [stdout] ...
[INFO] [stdout] 1343 |     fn has_reputation_protection(&self) -> bool {
[INFO] [stdout]      |        ^^^^^^^^^^^^^^^^^^^^^^^^^
[INFO] [stdout] ...
[INFO] [stdout] 1348 |     fn get_active_modifiers(&self) -> &[TempModifier] {
[INFO] [stdout]      |        ^^^^^^^^^^^^^^^^^^^^
[INFO] [stdout] 
[INFO] [stdout] 
[INFO] [stdout] warning: methods `total_inventory_cost` and `expiring_items_count` are never used
[INFO] [stdout]     --> src/main.rs:1520:8
[INFO] [stdout]      |
[INFO] [stdout] 1353 | impl GameData {
[INFO] [stdout]      | ------------- methods in this implementation
[INFO] [stdout] ...
[INFO] [stdout] 1520 |     fn total_inventory_cost(&self) -> u32 {
[INFO] [stdout]      |        ^^^^^^^^^^^^^^^^^^^^
[INFO] [stdout] ...
[INFO] [stdout] 1528 |     fn expiring_items_count(&self) -> usize {
[INFO] [stdout]      |        ^^^^^^^^^^^^^^^^^^^^
[INFO] [stdout] 
[INFO] [stdout] 
[INFO] [stderr]     Finished `release` profile [optimized] target(s) in 1m 09s
[INFO] running `Command { std: "docker" "inspect" "73f0f1ff009f036a14a597a9431f44ad67d410a9ca328be2a59d77ddf0bb5450", kill_on_drop: false }`
[INFO] running `Command { std: "docker" "exec" "-e" "SOURCE_DIR=/opt/rustwide/workdir" "-e" "CARGO_HOME=/opt/rustwide/cargo-home" "-e" "RUSTUP_HOME=/opt/rustwide/rustup-home" "-e" "CARGO_TARGET_DIR=/opt/rustwide/target" "-e" "CARGO_INCREMENTAL=0" "-e" "RUST_BACKTRACE=full" "-e" "RUSTFLAGS=--cap-lints=warn" "-e" "RUSTDOCFLAGS=--cap-lints=warn" "-w" "/opt/rustwide/workdir" "--user" "0:0" "73f0f1ff009f036a14a597a9431f44ad67d410a9ca328be2a59d77ddf0bb5450" "/opt/rustwide/cargo-home/bin/cargo" "+1.100.0-beta.1" "test" "--frozen" "--no-run" "--message-format=json" "--release", kill_on_drop: false }`
[INFO] [stderr]    Compiling gametime v0.1.0 (/opt/rustwide/workdir)
[INFO] [stdout] warning: unused imports: `Cell`, `Row`, and `Table`
[INFO] [stdout]   --> src/main.rs:11:58
[INFO] [stdout]    |
[INFO] [stdout] 11 |     widgets::{Block, Borders, List, ListItem, Paragraph, Table, Row, Cell, Wrap},
[INFO] [stdout]    |                                                          ^^^^^  ^^^  ^^^^
[INFO] [stdout]    |
[INFO] [stdout]    = note: `#[warn(unused_imports)]` (part of `#[warn(unused)]`) on by default
[INFO] [stdout] 
[INFO] [stdout] 
[INFO] [stdout] warning: unused variable: `cash`
[INFO] [stdout]     --> src/main.rs:1131:22
[INFO] [stdout]      |
[INFO] [stdout] 1131 |                 let (cash, reputation, modifiers) = event.apply_choice(0); // Default to first choice
[INFO] [stdout]      |                      ^^^^ help: if this is intentional, prefix it with an underscore: `_cash`
[INFO] [stdout]      |
[INFO] [stdout]      = note: `#[warn(unused_variables)]` (part of `#[warn(unused)]`) on by default
[INFO] [stdout] 
[INFO] [stdout] 
[INFO] [stdout] warning: unused variable: `reputation`
[INFO] [stdout]     --> src/main.rs:1131:28
[INFO] [stdout]      |
[INFO] [stdout] 1131 |                 let (cash, reputation, modifiers) = event.apply_choice(0); // Default to first choice
[INFO] [stdout]      |                            ^^^^^^^^^^ help: if this is intentional, prefix it with an underscore: `_reputation`
[INFO] [stdout] 
[INFO] [stdout] 
[INFO] [stdout] warning: unused variable: `cash`
[INFO] [stdout]     --> src/main.rs:1150:22
[INFO] [stdout]      |
[INFO] [stdout] 1150 |                 let (cash, reputation, modifiers) = new_event.apply_choice(0);
[INFO] [stdout]      |                      ^^^^ help: if this is intentional, prefix it with an underscore: `_cash`
[INFO] [stdout] 
[INFO] [stdout] 
[INFO] [stdout] warning: unused variable: `reputation`
[INFO] [stdout]     --> src/main.rs:1150:28
[INFO] [stdout]      |
[INFO] [stdout] 1150 |                 let (cash, reputation, modifiers) = new_event.apply_choice(0);
[INFO] [stdout]      |                            ^^^^^^^^^^ help: if this is intentional, prefix it with an underscore: `_reputation`
[INFO] [stdout] 
[INFO] [stdout] 
[INFO] [stdout] warning: variants `Warning`, `DayChange`, and `Navigation` are never constructed
[INFO] [stdout]   --> src/main.rs:29:5
[INFO] [stdout]    |
[INFO] [stdout] 24 | enum SoundType {
[INFO] [stdout]    |      --------- variants in this enum
[INFO] [stdout] ...
[INFO] [stdout] 29 |     Warning,       // Expiration warning
[INFO] [stdout]    |     ^^^^^^^
[INFO] [stdout] ...
[INFO] [stdout] 32 |     DayChange,     // New day begins
[INFO] [stdout]    |     ^^^^^^^^^
[INFO] [stdout] 33 |     Paused,        // Game paused
[INFO] [stdout] 34 |     Navigation,    // Menu navigation (subtle)
[INFO] [stdout]    |     ^^^^^^^^^^
[INFO] [stdout]    |
[INFO] [stdout]    = note: `SoundType` has derived impls for the traits `Clone` and `Debug`, but these are intentionally ignored during dead code analysis
[INFO] [stdout]    = note: `#[warn(dead_code)]` (part of `#[warn(unused)]`) on by default
[INFO] [stdout] 
[INFO] [stdout] 
[INFO] [stdout] warning: method `is_expired` is never used
[INFO] [stdout]    --> src/main.rs:562:8
[INFO] [stdout]     |
[INFO] [stdout] 549 | impl MarketEvent {
[INFO] [stdout]     | ---------------- method in this implementation
[INFO] [stdout] ...
[INFO] [stdout] 562 |     fn is_expired(&self) -> bool {
[INFO] [stdout]     |        ^^^^^^^^^^
[INFO] [stdout] 
[INFO] [stdout] 
[INFO] [stdout] warning: method `update_progress` is never used
[INFO] [stdout]    --> src/main.rs:747:8
[INFO] [stdout]     |
[INFO] [stdout] 733 | impl Achievement {
[INFO] [stdout]     | ---------------- method in this implementation
[INFO] [stdout] ...
[INFO] [stdout] 747 |     fn update_progress(&mut self, new_progress: u32) -> bool {
[INFO] [stdout]     |        ^^^^^^^^^^^^^^^
[INFO] [stdout] 
[INFO] [stdout] 
[INFO] [stdout] warning: method `record_event_survival` is never used
[INFO] [stdout]    --> src/main.rs:928:8
[INFO] [stdout]     |
[INFO] [stdout] 773 | impl AchievementTracker {
[INFO] [stdout]     | ----------------------- method in this implementation
[INFO] [stdout] ...
[INFO] [stdout] 928 |     fn record_event_survival(&mut self, day: u32, activities: &mut Vec<String>) {
[INFO] [stdout]     |        ^^^^^^^^^^^^^^^^^^^^^
[INFO] [stdout] 
[INFO] [stdout] 
[INFO] [stdout] warning: methods `get_active_choice_event`, `get_total_price_multiplier`, `get_total_demand_multiplier`, `has_reputation_protection`, and `get_active_modifiers` are never used
[INFO] [stdout]     --> src/main.rs:1323:8
[INFO] [stdout]      |
[INFO] [stdout] 1103 | impl RandomEventManager {
[INFO] [stdout]      | ----------------------- methods in this implementation
[INFO] [stdout] ...
[INFO] [stdout] 1323 |     fn get_active_choice_event(&self) -> Option<&RandomEvent> {
[INFO] [stdout]      |        ^^^^^^^^^^^^^^^^^^^^^^^
[INFO] [stdout] ...
[INFO] [stdout] 1331 |     fn get_total_price_multiplier(&self) -> f32 {
[INFO] [stdout]      |        ^^^^^^^^^^^^^^^^^^^^^^^^^^
[INFO] [stdout] ...
[INFO] [stdout] 1337 |     fn get_total_demand_multiplier(&self) -> f32 {
[INFO] [stdout]      |        ^^^^^^^^^^^^^^^^^^^^^^^^^^^
[INFO] [stdout] ...
[INFO] [stdout] 1343 |     fn has_reputation_protection(&self) -> bool {
[INFO] [stdout]      |        ^^^^^^^^^^^^^^^^^^^^^^^^^
[INFO] [stdout] ...
[INFO] [stdout] 1348 |     fn get_active_modifiers(&self) -> &[TempModifier] {
[INFO] [stdout]      |        ^^^^^^^^^^^^^^^^^^^^
[INFO] [stdout] 
[INFO] [stdout] 
[INFO] [stdout] warning: methods `total_inventory_cost` and `expiring_items_count` are never used
[INFO] [stdout]     --> src/main.rs:1520:8
[INFO] [stdout]      |
[INFO] [stdout] 1353 | impl GameData {
[INFO] [stdout]      | ------------- methods in this implementation
[INFO] [stdout] ...
[INFO] [stdout] 1520 |     fn total_inventory_cost(&self) -> u32 {
[INFO] [stdout]      |        ^^^^^^^^^^^^^^^^^^^^
[INFO] [stdout] ...
[INFO] [stdout] 1528 |     fn expiring_items_count(&self) -> usize {
[INFO] [stdout]      |        ^^^^^^^^^^^^^^^^^^^^
[INFO] [stdout] 
[INFO] [stdout] 
[INFO] [stderr]     Finished `release` profile [optimized] target(s) in 6.74s
[INFO] running `Command { std: "docker" "inspect" "73f0f1ff009f036a14a597a9431f44ad67d410a9ca328be2a59d77ddf0bb5450", kill_on_drop: false }`
[INFO] running `Command { std: "docker" "exec" "-e" "SOURCE_DIR=/opt/rustwide/workdir" "-e" "CARGO_HOME=/opt/rustwide/cargo-home" "-e" "RUSTUP_HOME=/opt/rustwide/rustup-home" "-e" "CARGO_TARGET_DIR=/opt/rustwide/target" "-e" "CARGO_INCREMENTAL=0" "-e" "RUST_BACKTRACE=full" "-e" "RUSTFLAGS=--cap-lints=warn" "-e" "RUSTDOCFLAGS=--cap-lints=warn" "-w" "/opt/rustwide/workdir" "--user" "0:0" "73f0f1ff009f036a14a597a9431f44ad67d410a9ca328be2a59d77ddf0bb5450" "/opt/rustwide/cargo-home/bin/cargo" "+1.100.0-beta.1" "test" "--frozen" "--release", kill_on_drop: false }`
[INFO] [stderr] warning: unused imports: `Cell`, `Row`, and `Table`
[INFO] [stderr]   --> src/main.rs:11:58
[INFO] [stderr]    |
[INFO] [stderr] 11 |     widgets::{Block, Borders, List, ListItem, Paragraph, Table, Row, Cell, Wrap},
[INFO] [stderr]    |                                                          ^^^^^  ^^^  ^^^^
[INFO] [stderr]    |
[INFO] [stderr]    = note: `#[warn(unused_imports)]` (part of `#[warn(unused)]`) on by default
[INFO] [stderr] 
[INFO] [stderr] warning: unused variable: `cash`
[INFO] [stderr]     --> src/main.rs:1131:22
[INFO] [stderr]      |
[INFO] [stderr] 1131 |                 let (cash, reputation, modifiers) = event.apply_choice(0); // Default to first choice
[INFO] [stderr]      |                      ^^^^ help: if this is intentional, prefix it with an underscore: `_cash`
[INFO] [stderr]      |
[INFO] [stderr]      = note: `#[warn(unused_variables)]` (part of `#[warn(unused)]`) on by default
[INFO] [stderr] 
[INFO] [stderr] warning: unused variable: `reputation`
[INFO] [stderr]     --> src/main.rs:1131:28
[INFO] [stderr]      |
[INFO] [stderr] 1131 |                 let (cash, reputation, modifiers) = event.apply_choice(0); // Default to first choice
[INFO] [stderr]      |                            ^^^^^^^^^^ help: if this is intentional, prefix it with an underscore: `_reputation`
[INFO] [stderr] 
[INFO] [stderr] warning: unused variable: `cash`
[INFO] [stderr]     --> src/main.rs:1150:22
[INFO] [stderr]      |
[INFO] [stderr] 1150 |                 let (cash, reputation, modifiers) = new_event.apply_choice(0);
[INFO] [stderr]      |                      ^^^^ help: if this is intentional, prefix it with an underscore: `_cash`
[INFO] [stderr] 
[INFO] [stderr] warning: unused variable: `reputation`
[INFO] [stderr]     --> src/main.rs:1150:28
[INFO] [stderr]      |
[INFO] [stderr] 1150 |                 let (cash, reputation, modifiers) = new_event.apply_choice(0);
[INFO] [stderr]      |                            ^^^^^^^^^^ help: if this is intentional, prefix it with an underscore: `_reputation`
[INFO] [stderr] 
[INFO] [stderr] warning: variants `Warning`, `DayChange`, and `Navigation` are never constructed
[INFO] [stderr]   --> src/main.rs:29:5
[INFO] [stderr]    |
[INFO] [stderr] 24 | enum SoundType {
[INFO] [stderr]    |      --------- variants in this enum
[INFO] [stderr] ...
[INFO] [stderr] 29 |     Warning,       // Expiration warning
[INFO] [stderr]    |     ^^^^^^^
[INFO] [stderr] ...
[INFO] [stderr] 32 |     DayChange,     // New day begins
[INFO] [stderr]    |     ^^^^^^^^^
[INFO] [stderr] 33 |     Paused,        // Game paused
[INFO] [stderr] 34 |     Navigation,    // Menu navigation (subtle)
[INFO] [stderr]    |     ^^^^^^^^^^
[INFO] [stderr]    |
[INFO] [stderr]    = note: `SoundType` has derived impls for the traits `Clone` and `Debug`, but these are intentionally ignored during dead code analysis
[INFO] [stderr]    = note: `#[warn(dead_code)]` (part of `#[warn(unused)]`) on by default
[INFO] [stderr] 
[INFO] [stderr] warning: method `is_expired` is never used
[INFO] [stderr]    --> src/main.rs:562:8
[INFO] [stderr]     |
[INFO] [stderr] 549 | impl MarketEvent {
[INFO] [stderr]     | ---------------- method in this implementation
[INFO] [stderr] ...
[INFO] [stderr] 562 |     fn is_expired(&self) -> bool {
[INFO] [stderr]     |        ^^^^^^^^^^
[INFO] [stderr] 
[INFO] [stderr] warning: method `update_progress` is never used
[INFO] [stderr]    --> src/main.rs:747:8
[INFO] [stderr]     |
[INFO] [stderr] 733 | impl Achievement {
[INFO] [stderr]     | ---------------- method in this implementation
[INFO] [stderr] ...
[INFO] [stderr] 747 |     fn update_progress(&mut self, new_progress: u32) -> bool {
[INFO] [stderr]     |        ^^^^^^^^^^^^^^^
[INFO] [stderr] 
[INFO] [stderr] warning: method `record_event_survival` is never used
[INFO] [stderr]    --> src/main.rs:928:8
[INFO] [stderr]     |
[INFO] [stderr] 773 | impl AchievementTracker {
[INFO] [stderr]     | ----------------------- method in this implementation
[INFO] [stderr] ...
[INFO] [stderr] 928 |     fn record_event_survival(&mut self, day: u32, activities: &mut Vec<String>) {
[INFO] [stderr]     |        ^^^^^^^^^^^^^^^^^^^^^
[INFO] [stderr] 
[INFO] [stderr] warning: methods `get_active_choice_event`, `get_total_price_multiplier`, `get_total_demand_multiplier`, `has_reputation_protection`, and `get_active_modifiers` are never used
[INFO] [stderr]     --> src/main.rs:1323:8
[INFO] [stderr]      |
[INFO] [stderr] 1103 | impl RandomEventManager {
[INFO] [stderr]      | ----------------------- methods in this implementation
[INFO] [stderr] ...
[INFO] [stderr] 1323 |     fn get_active_choice_event(&self) -> Option<&RandomEvent> {
[INFO] [stderr]      |        ^^^^^^^^^^^^^^^^^^^^^^^
[INFO] [stderr] ...
[INFO] [stderr] 1331 |     fn get_total_price_multiplier(&self) -> f32 {
[INFO] [stderr]      |        ^^^^^^^^^^^^^^^^^^^^^^^^^^
[INFO] [stderr] ...
[INFO] [stderr] 1337 |     fn get_total_demand_multiplier(&self) -> f32 {
[INFO] [stderr]      |        ^^^^^^^^^^^^^^^^^^^^^^^^^^^
[INFO] [stderr] ...
[INFO] [stderr] 1343 |     fn has_reputation_protection(&self) -> bool {
[INFO] [stderr]      |        ^^^^^^^^^^^^^^^^^^^^^^^^^
[INFO] [stderr] ...
[INFO] [stderr] 1348 |     fn get_active_modifiers(&self) -> &[TempModifier] {
[INFO] [stderr]      |        ^^^^^^^^^^^^^^^^^^^^
[INFO] [stderr] 
[INFO] [stderr] warning: methods `total_inventory_cost` and `expiring_items_count` are never used
[INFO] [stderr]     --> src/main.rs:1520:8
[INFO] [stderr]      |
[INFO] [stderr] 1353 | impl GameData {
[INFO] [stderr]      | ------------- methods in this implementation
[INFO] [stderr] ...
[INFO] [stderr] 1520 |     fn total_inventory_cost(&self) -> u32 {
[INFO] [stderr]      |        ^^^^^^^^^^^^^^^^^^^^
[INFO] [stderr] ...
[INFO] [stderr] 1528 |     fn expiring_items_count(&self) -> usize {
[INFO] [stderr]      |        ^^^^^^^^^^^^^^^^^^^^
[INFO] [stderr] 
[INFO] [stderr] warning: `gametime` (bin "gametime" test) generated 11 warnings (run `cargo fix --bin "gametime" -p gametime --tests` to apply 5 suggestions)
[INFO] [stderr]     Finished `release` profile [optimized] target(s) in 0.14s
[INFO] [stderr]      Running unittests src/main.rs (/opt/rustwide/target/release/build/gametime/a1e80632f75e706e/out/gametime-a1e80632f75e706e)
[INFO] [stdout] 
[INFO] [stdout] running 14 tests
[INFO] [stdout] test tests::test_achievement_system ... ok
[INFO] [stdout] test tests::test_game_data_initialization ... ok
[INFO] [stdout] test tests::test_gift_card_pricing ... ok
[INFO] [stdout] test tests::test_order_fulfillment ... ok
[INFO] [stdout] test tests::test_order_fulfillment_failure ... ok
[INFO] [stdout] test tests::test_reputation_affects_pricing ... ok
[INFO] [stderr] error: test failed, to rerun pass `--bin gametime`
[INFO] [stdout] test tests::test_app_initialization ... ok
[INFO] [stdout] test tests::test_analytics_tracking ... ok
[INFO] [stdout] test tests::test_time_progression ... ok
[INFO] [stdout] test tests::test_purchase_mechanics ... ok
[INFO] [stdout] test tests::test_reputation_system ... ok
[INFO] [stdout] test tests::test_seasonal_market_system ... ok
[INFO] [stdout] test tests::test_customer_order_system ... ok
[INFO] [stdout] test tests::test_save_load_functionality ... FAILED
[INFO] [stdout] 
[INFO] [stdout] failures:
[INFO] [stdout] 
[INFO] [stdout] ---- tests::test_save_load_functionality stdout ----
[INFO] [stdout] 
[INFO] [stdout] thread 'tests::test_save_load_functionality' (1251) panicked at src/main.rs:3820:9:
[INFO] [stdout] assertion failed: save_result.is_ok()
[INFO] [stdout] stack backtrace:
[INFO] [stdout]    0:     0x57ecbef2ec21 - <<std[617be2ca0a6fd877]::sys::backtrace::BacktraceLock>::print::DisplayBacktrace as core[a373ad73a504971]::fmt::Display>::fmt
[INFO] [stdout]    1:     0x57ecbef43eaa - core[a373ad73a504971]::fmt::write
[INFO] [stdout]    2:     0x57ecbef32eec - <alloc[2e1b2a31b91974c5]::vec::Vec<u8> as core[a373ad73a504971]::io::write::Write>::write_fmt
[INFO] [stdout]    3:     0x57ecbef0aa66 - std[617be2ca0a6fd877]::panicking::default_hook::{closure#0}
[INFO] [stdout]    4:     0x57ecbef26c99 - std[617be2ca0a6fd877]::panicking::default_hook
[INFO] [stdout]    5:     0x57ecbeec0ef0 - test[aada8e7e76ba119b]::test_main_inner::{closure#0}
[INFO] [stdout]    6:     0x57ecbef26e52 - std[617be2ca0a6fd877]::panicking::panic_with_hook
[INFO] [stdout]    7:     0x57ecbef0ab44 - std[617be2ca0a6fd877]::panicking::panic_handler::{closure#0}
[INFO] [stdout]    8:     0x57ecbef035b9 - std[617be2ca0a6fd877]::sys::backtrace::__rust_end_short_backtrace::<std[617be2ca0a6fd877]::panicking::panic_handler::{closure#0}, !>
[INFO] [stdout]    9:     0x57ecbef0b71d - __rustc[ea4f61d10b84890b]::rust_begin_unwind
[INFO] [stdout]   10:     0x57ecbef445dc - core[a373ad73a504971]::panicking::panic_fmt
[INFO] [stdout]   11:     0x57ecbef445a2 - core[a373ad73a504971]::panicking::panic
[INFO] [stdout]   12:     0x57ecbeeae1d6 - <gametime[9b266ce5ba1e2032]::tests::test_save_load_functionality::{closure#0} as core[a373ad73a504971]::ops::function::FnOnce<()>>::call_once
[INFO] [stdout]   13:     0x57ecbeeb433b - test[aada8e7e76ba119b]::__rust_begin_short_backtrace::<core[a373ad73a504971]::result::Result<(), alloc[2e1b2a31b91974c5]::string::String>, fn() -> core[a373ad73a504971]::result::Result<(), alloc[2e1b2a31b91974c5]::string::String>>
[INFO] [stdout]   14:     0x57ecbeec1515 - test[aada8e7e76ba119b]::run_test::{closure#0}
[INFO] [stdout]   15:     0x57ecbeebae04 - std[617be2ca0a6fd877]::sys::backtrace::__rust_begin_short_backtrace::<test[aada8e7e76ba119b]::run_test::{closure#1}, ()>
[INFO] [stdout]   16:     0x57ecbeec45a2 - <std[617be2ca0a6fd877]::thread::lifecycle::spawn_unchecked<test[aada8e7e76ba119b]::run_test::{closure#1}, ()>::{closure#1} as core[a373ad73a504971]::ops::function::FnOnce<()>>::call_once::{shim:vtable#0}
[INFO] [stdout]   17:     0x57ecbef2df3f - <std[617be2ca0a6fd877]::sys::thread::unix::Thread>::new::thread_start
[INFO] [stdout]   18:     0x7ce095c0ddfa - <unknown>
[INFO] [stdout]   19:     0x7ce095ca13d4 - clone
[INFO] [stdout]   20:                0x0 - <unknown>
[INFO] [stdout] 
[INFO] [stdout] 
[INFO] [stdout] failures:
[INFO] [stdout]     tests::test_save_load_functionality
[INFO] [stdout] 
[INFO] [stdout] test result: FAILED. 13 passed; 1 failed; 0 ignored; 0 measured; 0 filtered out; finished in 0.01s
[INFO] [stdout] 
[INFO] running `Command { std: "docker" "inspect" "73f0f1ff009f036a14a597a9431f44ad67d410a9ca328be2a59d77ddf0bb5450", kill_on_drop: false }`
[INFO] running `Command { std: "docker" "rm" "-f" "73f0f1ff009f036a14a597a9431f44ad67d410a9ca328be2a59d77ddf0bb5450", kill_on_drop: false }`
[INFO] [stdout] 73f0f1ff009f036a14a597a9431f44ad67d410a9ca328be2a59d77ddf0bb5450
